[INFO] cloning repository https://github.com/loveJesus/rsword-chirho
[INFO] running `Command { std: "git" "-c" "credential.helper=" "-c" "credential.helper=/workspace/cargo-home/bin/git-credential-null" "clone" "--bare" "https://github.com/loveJesus/rsword-chirho" "/workspace/cache/git-repos/https%3A%2F%2Fgithub.com%2FloveJesus%2Frsword-chirho", kill_on_drop: false }`
[INFO] [stderr] Cloning into bare repository '/workspace/cache/git-repos/https%3A%2F%2Fgithub.com%2FloveJesus%2Frsword-chirho'...
[INFO] running `Command { std: "git" "rev-parse" "HEAD", kill_on_drop: false }`
[INFO] [stdout] 3b475ce7d051e8a2e0ae77e96c5e8b52380dfc46
[INFO] testing loveJesus/rsword-chirho against 1.98.0-beta.1 for beta-1.98-2
[INFO] running `Command { std: "git" "clone" "/workspace/cache/git-repos/https%3A%2F%2Fgithub.com%2FloveJesus%2Frsword-chirho" "/workspace/builds/worker-3-tc2/source", kill_on_drop: false }`
[INFO] [stderr] Cloning into '/workspace/builds/worker-3-tc2/source'...
[INFO] [stderr] done.
[INFO] started tweaking git repo https://github.com/loveJesus/rsword-chirho
[INFO] finished tweaking git repo https://github.com/loveJesus/rsword-chirho
[INFO] tweaked toml for git repo https://github.com/loveJesus/rsword-chirho written to /workspace/builds/worker-3-tc2/source/Cargo.toml
[INFO] validating manifest of git repo https://github.com/loveJesus/rsword-chirho on toolchain 1.98.0-beta.1
[INFO] running `Command { std: CARGO_HOME="/workspace/cargo-home" RUSTUP_HOME="/workspace/rustup-home" "/workspace/cargo-home/bin/cargo" "+1.98.0-beta.1" "metadata" "--manifest-path" "Cargo.toml" "--no-deps", kill_on_drop: false }`
[INFO] crate git repo https://github.com/loveJesus/rsword-chirho already has a lockfile, it will not be regenerated
[INFO] running `Command { std: CARGO_HOME="/workspace/cargo-home" RUSTUP_HOME="/workspace/rustup-home" "/workspace/cargo-home/bin/cargo" "+1.98.0-beta.1" "fetch" "--manifest-path" "Cargo.toml", kill_on_drop: false }`
[INFO] [stderr]     Blocking waiting for file lock on package cache
[INFO] [stderr]     Blocking waiting for file lock on package cache
[INFO] running `Command { std: "docker" "create" "-v" "/var/lib/crater-agent-workspace/builds/worker-3-tc2/source:/opt/rustwide/workdir:ro,Z" "-v" "/var/lib/crater-agent-workspace/builds/worker-3-tc2/target:/opt/rustwide/target:rw,Z" "-v" "/var/lib/crater-agent-workspace/cargo-home:/opt/rustwide/cargo-home:ro,Z" "-v" "/var/lib/crater-agent-workspace/rustup-home:/opt/rustwide/rustup-home:ro,Z" "-m" "1610612736" "--network" "none" "ghcr.io/rust-lang/crates-build-env/linux@sha256:3d5ced03c013a94a2f102a4510f48a6e9184255caf5fd8244f58017bde7f5210" "sleep" "infinity", kill_on_drop: false }`
[INFO] [stdout] 0fd8d162357b5f654042cf365fb8b640710165263ff29a0ba0da8b64878e8231
[INFO] running `Command { std: "docker" "start" "0fd8d162357b5f654042cf365fb8b640710165263ff29a0ba0da8b64878e8231", kill_on_drop: false }`
[INFO] running `Command { std: "docker" "inspect" "0fd8d162357b5f654042cf365fb8b640710165263ff29a0ba0da8b64878e8231", kill_on_drop: false }`
[INFO] running `Command { std: "docker" "exec" "-e" "SOURCE_DIR=/opt/rustwide/workdir" "-e" "CARGO_HOME=/opt/rustwide/cargo-home" "-e" "RUSTUP_HOME=/opt/rustwide/rustup-home" "-e" "CARGO_TARGET_DIR=/opt/rustwide/target" "-w" "/opt/rustwide/workdir" "--user" "0:0" "0fd8d162357b5f654042cf365fb8b640710165263ff29a0ba0da8b64878e8231" "/opt/rustwide/cargo-home/bin/cargo" "+1.98.0-beta.1" "metadata" "--no-deps" "--format-version=1", kill_on_drop: false }`
[INFO] running `Command { std: "docker" "inspect" "0fd8d162357b5f654042cf365fb8b640710165263ff29a0ba0da8b64878e8231", kill_on_drop: false }`
[INFO] running `Command { std: "docker" "exec" "-e" "SOURCE_DIR=/opt/rustwide/workdir" "-e" "CARGO_HOME=/opt/rustwide/cargo-home" "-e" "RUSTUP_HOME=/opt/rustwide/rustup-home" "-e" "CARGO_TARGET_DIR=/opt/rustwide/target" "-e" "CARGO_INCREMENTAL=0" "-e" "RUST_BACKTRACE=full" "-e" "RUSTFLAGS=--cap-lints=warn" "-e" "RUSTDOCFLAGS=--cap-lints=warn" "-w" "/opt/rustwide/workdir" "--user" "0:0" "0fd8d162357b5f654042cf365fb8b640710165263ff29a0ba0da8b64878e8231" "/opt/rustwide/cargo-home/bin/cargo" "+1.98.0-beta.1" "build" "--frozen" "--message-format=json", kill_on_drop: false }`
[INFO] [stderr]    Compiling quote v1.0.44
[INFO] [stderr]    Compiling libc v0.2.180
[INFO] [stderr]    Compiling find-msvc-tools v0.1.8
[INFO] [stderr]    Compiling pkg-config v0.3.32
[INFO] [stderr]    Compiling itoa v1.0.17
[INFO] [stderr]    Compiling stable_deref_trait v1.2.1
[INFO] [stderr]    Compiling serde_core v1.0.228
[INFO] [stderr]    Compiling memchr v2.7.6
[INFO] [stderr]    Compiling pin-project-lite v0.2.16
[INFO] [stderr]    Compiling bytes v1.11.0
[INFO] [stderr]    Compiling bitflags v2.10.0
[INFO] [stderr]    Compiling proc-macro2 v1.0.106
[INFO] [stderr]    Compiling futures-core v0.3.31
[INFO] [stderr]    Compiling serde v1.0.228
[INFO] [stderr]    Compiling log v0.4.29
[INFO] [stderr]    Compiling futures-sink v0.3.31
[INFO] [stderr]    Compiling typenum v1.19.0
[INFO] [stderr]    Compiling slab v0.4.11
[INFO] [stderr]    Compiling rustix v1.1.3
[INFO] [stderr]    Compiling linux-raw-sys v0.11.0
[INFO] [stderr]    Compiling futures-io v0.3.31
[INFO] [stderr]    Compiling futures-task v0.3.31
[INFO] [stderr]    Compiling zerocopy v0.8.35
[INFO] [stderr]    Compiling regex-syntax v0.8.8
[INFO] [stderr]    Compiling libm v0.2.16
[INFO] [stderr]    Compiling zstd-safe v7.2.4
[INFO] [stderr]    Compiling num-conv v0.2.0
[INFO] [stderr]    Compiling hashbrown v0.16.1
[INFO] [stderr]    Compiling crunchy v0.2.4
[INFO] [stderr]    Compiling syn v2.0.114
[INFO] [stderr]    Compiling num-traits v0.2.19
[INFO] [stderr]    Compiling icu_properties_data v2.1.2
[INFO] [stderr]    Compiling http v1.4.0
[INFO] [stderr]    Compiling getrandom v0.3.4
[INFO] [stderr]    Compiling rustversion v1.0.22
[INFO] [stderr]    Compiling aho-corasick v1.1.4
[INFO] [stderr]    Compiling ownedbytes v0.9.0
[INFO] [stderr]    Compiling tracing-core v0.1.36
[INFO] [stderr]    Compiling prettyplease v0.2.37
[INFO] [stderr]    Compiling openssl v0.10.75
[INFO] [stderr]    Compiling indexmap v2.13.0
[INFO] [stderr]    Compiling jobserver v0.1.34
[INFO] [stderr]    Compiling getrandom v0.2.17
[INFO] [stderr]    Compiling errno v0.3.14
[INFO] [stderr]    Compiling parking_lot_core v0.9.12
[INFO] [stderr]    Compiling signal-hook-registry v1.4.8
[INFO] [stderr]    Compiling mio v1.1.1
[INFO] [stderr]    Compiling cc v1.2.54
[INFO] [stderr]    Compiling generic-array v0.14.7
[INFO] [stderr]    Compiling parking_lot v0.12.5
[INFO] [stderr]    Compiling socket2 v0.6.2
[INFO] [stderr]    Compiling rand_core v0.6.4
[INFO] [stderr]    Compiling http-body v1.0.1
[INFO] [stderr]    Compiling zmij v1.0.17
[INFO] [stderr]    Compiling simd-adler32 v0.3.8
[INFO] [stderr]    Compiling crypto-common v0.1.7
[INFO] [stderr]    Compiling block-buffer v0.10.4
[INFO] [stderr]    Compiling digest v0.10.7
[INFO] [stderr]    Compiling tracing v0.1.44
[INFO] [stderr]    Compiling bitpacking v0.9.3
[INFO] [stderr]    Compiling serde_json v1.0.149
[INFO] [stderr]    Compiling native-tls v0.2.14
[INFO] [stderr]    Compiling deranged v0.5.5
[INFO] [stderr]    Compiling regex-automata v0.4.13
[INFO] [stderr]    Compiling utf8-ranges v1.0.5
[INFO] [stderr]    Compiling miniz_oxide v0.8.9
[INFO] [stderr]    Compiling tantivy-fst v0.5.0
[INFO] [stderr]    Compiling tantivy-bitpacker v0.9.0
[INFO] [stderr]    Compiling inout v0.1.4
[INFO] [stderr]    Compiling itertools v0.14.0
[INFO] [stderr]    Compiling futures-channel v0.3.31
[INFO] [stderr]    Compiling openssl-probe v0.1.6
[INFO] [stderr]    Compiling rustls v0.23.36
[INFO] [stderr]    Compiling murmurhash32 v0.3.1
[INFO] [stderr]    Compiling anstream v0.6.21
[INFO] [stderr]    Compiling crc v3.4.0
[INFO] [stderr]    Compiling nom v7.1.3
[INFO] [stderr]    Compiling cipher v0.4.4
[INFO] [stderr]    Compiling flate2 v1.1.8
[INFO] [stderr]    Compiling hmac v0.12.1
[INFO] [stderr]    Compiling sync_wrapper v1.0.2
[INFO] [stderr]    Compiling fastrand v2.3.0
[INFO] [stderr]    Compiling bumpalo v3.19.1
[INFO] [stderr]    Compiling zstd-sys v2.0.16+zstd.1.5.7
[INFO] [stderr]    Compiling openssl-sys v0.9.111
[INFO] [stderr]    Compiling ring v0.17.14
[INFO] [stderr]    Compiling bzip2-sys v0.1.13+1.0.8
[INFO] [stderr]    Compiling synstructure v0.13.2
[INFO] [stderr]    Compiling ppv-lite86 v0.2.21
[INFO] [stderr]    Compiling darling_core v0.23.0
[INFO] [stderr]    Compiling lzma-sys v0.1.20
[INFO] [stderr]    Compiling ipnet v2.11.0
[INFO] [stderr]    Compiling rand_chacha v0.3.1
[INFO] [stderr]    Compiling downcast-rs v2.0.2
[INFO] [stderr]    Compiling zip v2.4.2
[INFO] [stderr]    Compiling time v0.3.46
[INFO] [stderr]    Compiling rand v0.8.5
[INFO] [stderr]    Compiling fastdivide v0.4.2
[INFO] [stderr]    Compiling xz2 v0.1.7
[INFO] [stderr]    Compiling tempfile v3.24.0
[INFO] [stderr]    Compiling zopfli v0.8.3
[INFO] [stderr]    Compiling pbkdf2 v0.12.2
[INFO] [stderr]    Compiling aes v0.8.4
[INFO] [stderr]    Compiling lzma-rs v0.3.0
[INFO] [stderr]    Compiling lru v0.12.5
[INFO] [stderr]    Compiling bzip2 v0.5.2
[INFO] [stderr]    Compiling sha1 v0.10.6
[INFO] [stderr]    Compiling rand_distr v0.4.3
[INFO] [stderr]    Compiling arc-swap v1.8.0
[INFO] [stderr]    Compiling regex v1.12.2
[INFO] [stderr]    Compiling xattr v1.6.1
[INFO] [stderr]    Compiling terminal_size v0.4.3
[INFO] [stderr]    Compiling fs4 v0.13.1
[INFO] [stderr]    Compiling uuid v1.20.0
[INFO] [stderr]    Compiling zerofrom-derive v0.1.6
[INFO] [stderr]    Compiling serde_derive v1.0.228
[INFO] [stderr]    Compiling yoke-derive v0.8.1
[INFO] [stderr]    Compiling displaydoc v0.2.5
[INFO] [stderr]    Compiling zerovec-derive v0.11.2
[INFO] [stderr]    Compiling tokio-macros v2.6.0
[INFO] [stderr]    Compiling futures-macro v0.3.31
[INFO] [stderr]    Compiling zeroize_derive v1.4.3
[INFO] [stderr]    Compiling async-trait v0.1.89
[INFO] [stderr]    Compiling openssl-macros v0.1.1
[INFO] [stderr]    Compiling thiserror-impl v2.0.18
[INFO] [stderr]    Compiling http-body-util v0.1.3
[INFO] [stderr]    Compiling ureq-proto v0.5.3
[INFO] [stderr]    Compiling tokio v1.49.0
[INFO] [stderr]    Compiling futures-util v0.3.31
[INFO] [stderr]    Compiling zeroize v1.8.2
[INFO] [stderr]    Compiling darling_macro v0.23.0
[INFO] [stderr]    Compiling filetime v0.2.27
[INFO] [stderr]    Compiling rustls-pki-types v1.14.0
[INFO] [stderr]    Compiling memmap2 v0.9.9
[INFO] [stderr]    Compiling crossbeam-channel v0.5.15
[INFO] [stderr]    Compiling measure_time v0.9.0
[INFO] [stderr]    Compiling darling v0.23.0
[INFO] [stderr]    Compiling encoding_rs v0.8.35
[INFO] [stderr]    Compiling bon-macros v3.8.2
[INFO] [stderr]    Compiling zerofrom v0.1.6
[INFO] [stderr]    Compiling lz4_flex v0.11.5
[INFO] [stderr]    Compiling iri-string v0.7.10
[INFO] [stderr]    Compiling yoke v0.8.1
[INFO] [stderr]    Compiling webpki-roots v1.0.5
[INFO] [stderr]    Compiling ryu v1.0.22
[INFO] [stderr]    Compiling zerovec v0.11.5
[INFO] [stderr]    Compiling zerotrie v0.2.3
[INFO] [stderr]    Compiling census v0.4.2
[INFO] [stderr]    Compiling htmlescape v0.3.1
[INFO] [stderr]    Compiling clap_lex v0.7.7
[INFO] [stderr]    Compiling levenshtein_automata v0.2.1
[INFO] [stderr]    Compiling oneshot v0.1.13
[INFO] [stderr]    Compiling constant_time_eq v0.3.1
[INFO] [stderr]    Compiling deflate64 v0.1.10
[INFO] [stderr]    Compiling clap_derive v4.5.55
[INFO] [stderr]    Compiling clap_builder v4.5.55
[INFO] [stderr]    Compiling tinystr v0.8.2
[INFO] [stderr]    Compiling potential_utf v0.1.4
[INFO] [stderr]    Compiling thiserror v2.0.18
[INFO] [stderr]    Compiling tar v0.4.44
[INFO] [stderr]    Compiling icu_collections v2.1.1
[INFO] [stderr]    Compiling icu_locale_core v2.1.1
[INFO] [stderr]    Compiling env_filter v0.1.4
[INFO] [stderr]    Compiling quick-xml v0.37.5
[INFO] [stderr]    Compiling jiff v0.2.18
[INFO] [stderr]    Compiling glob v0.3.3
[INFO] [stderr]    Compiling icu_provider v2.1.1
[INFO] [stderr]    Compiling tantivy-common v0.10.0
[INFO] [stderr]    Compiling tantivy-query-grammar v0.25.0
[INFO] [stderr]    Compiling rust-stemmers v1.2.0
[INFO] [stderr]    Compiling icu_normalizer v2.1.1
[INFO] [stderr]    Compiling icu_properties v2.1.2
[INFO] [stderr]    Compiling sketches-ddsketch v0.3.0
[INFO] [stderr]    Compiling hyperloglogplus v0.4.1
[INFO] [stderr]    Compiling tantivy-tokenizer-api v0.6.0
[INFO] [stderr]    Compiling serde_urlencoded v0.7.1
[INFO] [stderr]    Compiling tantivy-stacker v0.6.0
[INFO] [stderr]    Compiling bon v3.8.2
[INFO] [stderr]    Compiling clap v4.5.55
[INFO] [stderr]    Compiling idna_adapter v1.2.1
[INFO] [stderr]    Compiling idna v1.1.0
[INFO] [stderr]    Compiling tokio-util v0.7.18
[INFO] [stderr]    Compiling tokio-native-tls v0.3.1
[INFO] [stderr]    Compiling tower v0.5.3
[INFO] [stderr]    Compiling url v2.5.8
[INFO] [stderr]    Compiling rustls-webpki v0.103.9
[INFO] [stderr]    Compiling h2 v0.4.13
[INFO] [stderr]    Compiling tower-http v0.6.8
[INFO] [stderr]    Compiling zstd v0.13.3
[INFO] [stderr]    Compiling tantivy-sstable v0.6.0
[INFO] [stderr]    Compiling env_logger v0.11.8
[INFO] [stderr]    Compiling tantivy-columnar v0.6.0
[INFO] [stderr]    Compiling hyper v1.8.1
[INFO] [stderr]    Compiling tantivy v0.25.0
[INFO] [stderr]    Compiling hyper-util v0.1.19
[INFO] [stderr]    Compiling ureq v3.1.4
[INFO] [stderr]    Compiling hyper-tls v0.6.0
[INFO] [stderr]    Compiling reqwest v0.12.28
[INFO] [stderr]    Compiling rsword_chirho v0.3.0 (/opt/rustwide/workdir/crates/rsword_chirho)
[INFO] [stderr]    Compiling sword_tools_chirho v0.3.0 (/opt/rustwide/workdir/crates/sword_tools_chirho)
[INFO] [stdout] error[E0061]: this function takes 3 arguments but 2 arguments were supplied
[INFO] [stdout]   --> crates/sword_tools_chirho/src/bin/imp2ld_chirho.rs:74:9
[INFO] [stdout]    |
[INFO] [stdout] 74 |         RawStrChirho::open_chirho(&args_chirho.output_path_chirho, basename_chirho)?
[INFO] [stdout]    |         ^^^^^^^^^^^^^^^^^^^^^^^^^-------------------------------------------------- argument #3 of type `bool` is missing
[INFO] [stdout]    |
[INFO] [stdout] note: associated function defined here
[INFO] [stdout]   --> crates/rsword_chirho/src/storage_chirho/raw_str_chirho.rs:63:12
[INFO] [stdout]    |
[INFO] [stdout] 63 |     pub fn open_chirho<P: AsRef<Path>>(
[INFO] [stdout]    |            ^^^^^^^^^^^
[INFO] [stdout] help: provide the argument
[INFO] [stdout]    |
[INFO] [stdout] 74 |         RawStrChirho::open_chirho(&args_chirho.output_path_chirho, basename_chirho, /* bool */)?
[INFO] [stdout]    |                                                                                   ++++++++++++
[INFO] [stdout] 
[INFO] [stdout] 
[INFO] [stdout] error[E0061]: this function takes 3 arguments but 2 arguments were supplied
[INFO] [stdout]   --> crates/sword_tools_chirho/src/bin/imp2ld_chirho.rs:76:9
[INFO] [stdout]    |
[INFO] [stdout] 76 |         RawStrChirho::create_chirho(&args_chirho.output_path_chirho, basename_chirho)?
[INFO] [stdout]    |         ^^^^^^^^^^^^^^^^^^^^^^^^^^^-------------------------------------------------- argument #3 of type `bool` is missing
[INFO] [stdout]    |
[INFO] [stdout] note: associated function defined here
[INFO] [stdout]   --> crates/rsword_chirho/src/storage_chirho/raw_str_chirho.rs:89:12
[INFO] [stdout]    |
[INFO] [stdout] 89 |     pub fn create_chirho<P: AsRef<Path>>(
[INFO] [stdout]    |            ^^^^^^^^^^^^^
[INFO] [stdout] help: provide the argument
[INFO] [stdout]    |
[INFO] [stdout] 76 |         RawStrChirho::create_chirho(&args_chirho.output_path_chirho, basename_chirho, /* bool */)?
[INFO] [stdout]    |                                                                                     ++++++++++++
[INFO] [stdout] 
[INFO] [stdout] 
[INFO] [stdout] error[E0061]: this function takes 3 arguments but 2 arguments were supplied
[INFO] [stdout]   --> crates/sword_tools_chirho/src/bin/imp2gbs_chirho.rs:65:30
[INFO] [stdout]    |
[INFO] [stdout] 65 |     let mut storage_chirho = RawStrChirho::create_chirho(&args_chirho.output_path_chirho, basename_chirho)?;
[INFO] [stdout]    |                              ^^^^^^^^^^^^^^^^^^^^^^^^^^^-------------------------------------------------- argument #3 of type `bool` is missing
[INFO] [stdout]    |
[INFO] [stdout] note: associated function defined here
[INFO] [stdout]   --> crates/rsword_chirho/src/storage_chirho/raw_str_chirho.rs:89:12
[INFO] [stdout]    |
[INFO] [stdout] 89 |     pub fn create_chirho<P: AsRef<Path>>(
[INFO] [stdout]    |            ^^^^^^^^^^^^^
[INFO] [stdout] help: provide the argument
[INFO] [stdout]    |
[INFO] [stdout] 65 |     let mut storage_chirho = RawStrChirho::create_chirho(&args_chirho.output_path_chirho, basename_chirho, /* bool */)?;
[INFO] [stdout]    |                                                                                                          ++++++++++++
[INFO] [stdout] 
[INFO] [stdout] 
[INFO] [stdout] error[E0061]: this function takes 3 arguments but 2 arguments were supplied
[INFO] [stdout]   --> crates/sword_tools_chirho/src/bin/tei2mod_chirho.rs:77:30
[INFO] [stdout]    |
[INFO] [stdout] 77 |     let mut storage_chirho = RawStrChirho::create_chirho(&args_chirho.output_path_chirho, basename_chirho)?;
[INFO] [stdout]    |                              ^^^^^^^^^^^^^^^^^^^^^^^^^^^-------------------------------------------------- argument #3 of type `bool` is missing
[INFO] [stdout]    |
[INFO] [stdout] note: associated function defined here
[INFO] [stdout]   --> crates/rsword_chirho/src/storage_chirho/raw_str_chirho.rs:89:12
[INFO] [stdout]    |
[INFO] [stdout] 89 |     pub fn create_chirho<P: AsRef<Path>>(
[INFO] [stdout]    |            ^^^^^^^^^^^^^
[INFO] [stdout] help: provide the argument
[INFO] [stdout]    |
[INFO] [stdout] 77 |     let mut storage_chirho = RawStrChirho::create_chirho(&args_chirho.output_path_chirho, basename_chirho, /* bool */)?;
[INFO] [stdout]    |                                                                                                          ++++++++++++
[INFO] [stdout] 
[INFO] [stdout] 
[INFO] [stdout] For more information about this error, try `rustc --explain E0061`.
[INFO] [stdout] 
[INFO] [stdout] For more information about this error, try `rustc --explain E0061`.
[INFO] [stdout] 
[INFO] [stdout] For more information about this error, try `rustc --explain E0061`.
[INFO] [stdout] 
[INFO] [stderr] error: could not compile `sword_tools_chirho` (bin "imp2gbs_chirho") due to 1 previous error
[INFO] [stderr] warning: build failed, waiting for other jobs to finish...
[INFO] [stderr] error: could not compile `sword_tools_chirho` (bin "imp2ld_chirho") due to 2 previous errors
[INFO] [stderr] error: could not compile `sword_tools_chirho` (bin "tei2mod_chirho") due to 1 previous error
[INFO] [stderr] error: could not compile `sword_tools_chirho` (bin "modvalidate_chirho")
[INFO] [stderr] 
[INFO] [stderr] Caused by:
[INFO] [stderr]   process didn't exit successfully: `/opt/rustwide/rustup-home/toolchains/1.98.0-beta.1-x86_64-unknown-linux-gnu/bin/rustc --crate-name modvalidate_chirho --edition=2021 crates/sword_tools_chirho/src/bin/modvalidate_chirho.rs --error-format=json --json=diagnostic-rendered-ansi,artifacts,future-incompat --crate-type bin --emit=dep-info,link -C embed-bitcode=no -C debuginfo=2 --check-cfg 'cfg(docsrs,test)' --check-cfg 'cfg(feature, values())' -C metadata=ae431fcf9fae0d13 -C extra-filename=-b17a68b654e6c3d2 --out-dir /opt/rustwide/target/debug/deps -L dependency=/opt/rustwide/target/debug/deps --extern anyhow=/opt/rustwide/target/debug/deps/libanyhow-4342eda19ce54c8e.rlib --extern clap=/opt/rustwide/target/debug/deps/libclap-8d4360464a9f9088.rlib --extern env_logger=/opt/rustwide/target/debug/deps/libenv_logger-27c467f0e86676c9.rlib --extern glob=/opt/rustwide/target/debug/deps/libglob-7748687a416caec7.rlib --extern log=/opt/rustwide/target/debug/deps/liblog-b262261d47bd2eba.rlib --extern quick_xml=/opt/rustwide/target/debug/deps/libquick_xml-66334cc89a377838.rlib --extern reqwest=/opt/rustwide/target/debug/deps/libreqwest-2a27d9184a924c56.rlib --extern rsword_chirho=/opt/rustwide/target/debug/deps/librsword_chirho-569bbc355440873f.rlib --extern serde_json=/opt/rustwide/target/debug/deps/libserde_json-01c61f99aaa9bfc6.rlib --extern tokio=/opt/rustwide/target/debug/deps/libtokio-4193765719691bad.rlib --cap-lints=warn -L native=/opt/rustwide/target/debug/build/bzip2-sys-f8c20de2e99dc540/out/lib -L native=/opt/rustwide/target/debug/build/zstd-sys-6582d8943eee6bee/out -L native=/opt/rustwide/target/debug/build/ring-cbbbcd262627bf8f/out -L native=/usr/lib/x86_64-linux-gnu` (signal: 9, SIGKILL: kill)
[INFO] [stdout] error: linking with `cc` failed: exit status: 1
[INFO] [stdout]   |
[INFO] [stdout]   = note:  "cc" "-m64" "/opt/rustwide/target/debug/deps/rustcv0EQsd/symbols.o" "<2 object files omitted>" "-Wl,--as-needed" "-Wl,-Bstatic" "/opt/rustwide/target/debug/deps/{libenv_logger-27c467f0e86676c9,libjiff-52967b5f5c4e4a75,libenv_filter-fcb8fa82ae77adfb,librsword_chirho-569bbc355440873f,libureq-847c3b968d7f0df8,libwebpki_roots-8e28e0d90ee2d7d1,librustls-40b875a47175f0dc,libwebpki-f1f0f27b634ff593,libring-6de722d416776e02,libgetrandom-e6656e2f703a06c2,libuntrusted-b2f816886faf2178,librustls_pki_types-1a23cc98ea1d307a,libpercent_encoding-fa055ecaa1e57cfa,libutf8-f4341c3c7568480d,libureq_proto-546b8dfb59e54c35,libhttparse-8c9b827b8f345444,libhttp-a4484436616bd9d7,libbytes-3529dc27cc7678fe,libzip-8036cf24309e2f3c,libdeflate64-0f187fdf49a4e609,libpbkdf2-f6e95262c1ddb389,libzopfli-7f416a78674c252b,libbumpalo-391d7bdb6235cd31,liblzma_rs-bd5e7313e2e1b912,libcrc-25688e51664257b1,libcrc_catalog-5af10f2bf5720cb5,libindexmap-f006485b143d2676,libhashbrown-25abce2d85979e8d,libaes-b9b5347c2cfb173f,libcipher-4828da6f67b57446,libinout-1d1fb26a44a5b26f,libzeroize-6c36317cffcedcfe,libsha1-470390a6d99a0bb7,libcpufeatures-e04321643d03190d,libhmac-741d575b19be3fc6,libdigest-55f2c16e3612c500,libsubtle-2ae6a7038b9a0630,libblock_buffer-ceb5bfb4b62e5dc4,libcrypto_common-56b940ef3ee0385e,libgeneric_array-3399f74876fb1fa9,libtypenum-973adb5204d6e560,libconstant_time_eq-efbf8da8f259d1ea,libxz2-22b391469d8f1379,liblzma_sys-da58e006046b71f1,libbzip2-796169da0a16f3ec,libbzip2_sys-661324c52c6b0baf,libquick_xml-66334cc89a377838,libtar-407d549b1d468a89,libxattr-fae0162b4d4dc5d2,libfiletime-abcc191895a3ce8d,libwalkdir-7cc6f300a6f0bf06,libsame_file-ff49545450c0b63c,libtantivy-de134ef4864c9c86,libsketches_ddsketch-7035baaa2a69ba25,liboneshot-ba859060751fb3d0,libbon-f882a63b8e86ee92,libcensus-10133b0f3f8ab67c,libhtmlescape-ad2c4b6e7b98740e,libarc_swap-19f0b0b4b5e5f930,liblz4_flex-a66baac87ba58b94,liblru-3af40d5519ef5719,libhashbrown-621f4a290160b487,libfoldhash-07f233db1c671507,libequivalent-6a754676e6af62ae,liballocator_api2-8d9c1e895dea53bd,libbase64-32787b0325ea6df8,liblevenshtein_automata-5f4ba674f3f72912,libuuid-2737c83a354d7478,libtempfile-cda4df2d5f6e8672,libgetrandom-91149b52fa57329f,libfastrand-751bcde24b8aa073,libmemmap2-f9b7c68f9a7e848f,liblibc-11f5a30dc24875fb,libfs4-3f6c3560f3069bb5,libhyperloglogplus-2666311036c41ef0,librust_stemmers-41aa800d5b8a88bc,libcrossbeam_channel-c975edaf87631b25,libtantivy_tokenizer_api-4b60f60b78d63dbe,librayon-cddd5520333a5540,librayon_core-e986c1d1845fe6c3,libcrossbeam_deque-e71c6317821167fb,libcrossbeam_epoch-5fdcd5978a9f0010,libcrossbeam_utils-f696a08ab1e94e7a,libmeasure_time-51bdd656a78e23a7,libsmallvec-bc3128fdd57228fc,libfnv-79e2cbfbe03dcd16,libonce_cell-e9252a7b5119f3eb,librustc_hash-ca4219e344ea5da0,libtantivy_query_grammar-99a75551676ec760,libnom-e3768c88045296be,libtantivy_columnar-14a51dea6c8743cd,libtantivy_stacker-b0e44f2c6b307b67,libmurmurhash32-73d30aad1614ccb1,libfastdivide-8b4a84d480e6f58f,libdowncast_rs-473f3e6c03f1080a,libtantivy_sstable-408535c33b51badf,libtantivy_bitpacker-422475c627ee021c,libbitpacking-e98d431596049c3c,libitertools-ab9447b3f188acc5,libeither-e5ea87bd27ac73a9,libfutures_util-b6e48d8f6595135f,libfutures_io-59d0071c9258d69f,libslab-5629529544b2a983,libpin_project_lite-72bf04572caa1c84,libfutures_sink-ae1eb2d060de53a2,libfutures_task-e09ab7898221cb97,libpin_utils-3860774ad9b215b5,libfutures_core-3b920243fce8fec0,libzstd-82aa24d47c37c910,libzstd_safe-c06dcf3b9188d89c,libzstd_sys-e238689b0d97f32a,libtantivy_fst-f507b2c16e4c6f6f,libutf8_ranges-1b945f0f2a9ee30e,libtantivy_common-23f9b87ff886e653,libtime-2e16420b519be4f1,libtime_core-031b6ab885a7634b,libnum_conv-9ace8b7f2a214982,libderanged-15c647dd4226919a,libpowerfmt-f6019a2766e431f7,libserde-51df7c35c2702d79,libownedbytes-14d54059abdb46ac,libstable_deref_trait-8f5d1ea34607785b,libbyteorder-8f59b6d1bfdaa844,liblog-b262261d47bd2eba,libserde_json-01c61f99aaa9bfc6,libitoa-f3a70a1441f7f89b,libzmij-34a01a2cf8ae07a5,libserde_core-21f22ac7b803fb0e,libregex-44bb0522d5fdbd94,libregex_automata-0d9978e6096b8fb3,libaho_corasick-583cc3b49db1d510,libmemchr-9be7e24c0cc6f173,libregex_syntax-21c69862a9074e56,libflate2-0adca06aed6f7be4,libminiz_oxide-8b6d66ef714d4135,libsimd_adler32-b2c74f931714790c,libcrc32fast-77160f4e25d6fc25,libcfg_if-83060ec5685761ae,libthiserror-908fdc8b08195e45,libclap-8d4360464a9f9088,libclap_builder-5ca5a6dde5dec8a1,libterminal_size-e9a9d4a09c185afc,librustix-b04f9765034d25e7,libbitflags-9362e66b8880981a,liblinux_raw_sys-7c0af75954695899,libstrsim-4d1ed08a123238dc,libanstream-8abea42649d55d0c,libanstyle_query-635080b1d6343734,libis_terminal_polyfill-3ca4268cb2568267,libcolorchoice-8e2615b3451b028d,libanstyle_parse-2b179629a907e4e4,libutf8parse-92d0158219063202,libclap_lex-3d90c62a36aac03c,libanstyle-fe219cdab7346aa5}.rlib" "<sysroot>/lib/rustlib/x86_64-unknown-linux-gnu/lib/{libstd-*,libpanic_unwind-*,libobject-*,libmemchr-*,libaddr2line-*,libgimli-*,libcfg_if-*,librustc_demangle-*,libstd_detect-*,libhashbrown-*,librustc_std_workspace_alloc-*,libminiz_oxide-*,libadler2-*,libunwind-*,liblibc-*,librustc_std_workspace_core-*,liballoc-*,libcore-*,libcompiler_builtins-*}.rlib" "-Wl,-Bdynamic" "-llzma" "-lgcc_s" "-lutil" "-lrt" "-lpthread" "-lm" "-ldl" "-lc" "-L" "/opt/rustwide/target/debug/deps/rustcv0EQsd/raw-dylibs" "-B<sysroot>/lib/rustlib/x86_64-unknown-linux-gnu/bin/gcc-ld" "-fuse-ld=lld" "-Wl,--eh-frame-hdr" "-Wl,-z,noexecstack" "-L" "/opt/rustwide/target/debug/build/bzip2-sys-f8c20de2e99dc540/out/lib" "-L" "/opt/rustwide/target/debug/build/zstd-sys-6582d8943eee6bee/out" "-L" "/opt/rustwide/target/debug/build/ring-cbbbcd262627bf8f/out" "-L" "/usr/lib/x86_64-linux-gnu" "-L" "<sysroot>/lib/rustlib/x86_64-unknown-linux-gnu/lib" "-o" "/opt/rustwide/target/debug/deps/modinfo_chirho-17b35ffe706c97b1" "-Wl,--gc-sections" "-pie" "-Wl,-z,relro,-z,now" "-nodefaultlibs"
[INFO] [stdout]   = note: some arguments are omitted. use `--verbose` to show all linker arguments
[INFO] [stdout]   = note: collect2: fatal error: ld terminated with signal 9 [Killed]
[INFO] [stdout]           compilation terminated.
[INFO] [stdout]           
[INFO] [stdout] 
[INFO] [stdout] 
[INFO] [stderr] error: could not compile `sword_tools_chirho` (bin "modinfo_chirho") due to 1 previous error
[INFO] [stdout] error: linking with `cc` failed: exit status: 1
[INFO] [stdout]   |
[INFO] [stdout]   = note:  "cc" "-m64" "/opt/rustwide/target/debug/deps/rustcSTZcPY/symbols.o" "<2 object files omitted>" "-Wl,--as-needed" "-Wl,-Bstatic" "/opt/rustwide/target/debug/deps/{libenv_logger-27c467f0e86676c9,libjiff-52967b5f5c4e4a75,libenv_filter-fcb8fa82ae77adfb,librsword_chirho-569bbc355440873f,libureq-847c3b968d7f0df8,libwebpki_roots-8e28e0d90ee2d7d1,librustls-40b875a47175f0dc,libwebpki-f1f0f27b634ff593,libring-6de722d416776e02,libgetrandom-e6656e2f703a06c2,libuntrusted-b2f816886faf2178,librustls_pki_types-1a23cc98ea1d307a,libpercent_encoding-fa055ecaa1e57cfa,libutf8-f4341c3c7568480d,libureq_proto-546b8dfb59e54c35,libhttparse-8c9b827b8f345444,libhttp-a4484436616bd9d7,libbytes-3529dc27cc7678fe,libzip-8036cf24309e2f3c,libdeflate64-0f187fdf49a4e609,libpbkdf2-f6e95262c1ddb389,libzopfli-7f416a78674c252b,libbumpalo-391d7bdb6235cd31,liblzma_rs-bd5e7313e2e1b912,libcrc-25688e51664257b1,libcrc_catalog-5af10f2bf5720cb5,libindexmap-f006485b143d2676,libhashbrown-25abce2d85979e8d,libaes-b9b5347c2cfb173f,libcipher-4828da6f67b57446,libinout-1d1fb26a44a5b26f,libzeroize-6c36317cffcedcfe,libsha1-470390a6d99a0bb7,libcpufeatures-e04321643d03190d,libhmac-741d575b19be3fc6,libdigest-55f2c16e3612c500,libsubtle-2ae6a7038b9a0630,libblock_buffer-ceb5bfb4b62e5dc4,libcrypto_common-56b940ef3ee0385e,libgeneric_array-3399f74876fb1fa9,libtypenum-973adb5204d6e560,libconstant_time_eq-efbf8da8f259d1ea,libxz2-22b391469d8f1379,liblzma_sys-da58e006046b71f1,libbzip2-796169da0a16f3ec,libbzip2_sys-661324c52c6b0baf,libquick_xml-66334cc89a377838,libtar-407d549b1d468a89,libxattr-fae0162b4d4dc5d2,libfiletime-abcc191895a3ce8d,libwalkdir-7cc6f300a6f0bf06,libsame_file-ff49545450c0b63c,libtantivy-de134ef4864c9c86,libsketches_ddsketch-7035baaa2a69ba25,liboneshot-ba859060751fb3d0,libbon-f882a63b8e86ee92,libcensus-10133b0f3f8ab67c,libhtmlescape-ad2c4b6e7b98740e,libarc_swap-19f0b0b4b5e5f930,liblz4_flex-a66baac87ba58b94,liblru-3af40d5519ef5719,libhashbrown-621f4a290160b487,libfoldhash-07f233db1c671507,libequivalent-6a754676e6af62ae,liballocator_api2-8d9c1e895dea53bd,libbase64-32787b0325ea6df8,liblevenshtein_automata-5f4ba674f3f72912,libuuid-2737c83a354d7478,libtempfile-cda4df2d5f6e8672,libgetrandom-91149b52fa57329f,libfastrand-751bcde24b8aa073,libmemmap2-f9b7c68f9a7e848f,liblibc-11f5a30dc24875fb,libfs4-3f6c3560f3069bb5,libhyperloglogplus-2666311036c41ef0,librust_stemmers-41aa800d5b8a88bc,libcrossbeam_channel-c975edaf87631b25,libtantivy_tokenizer_api-4b60f60b78d63dbe,librayon-cddd5520333a5540,librayon_core-e986c1d1845fe6c3,libcrossbeam_deque-e71c6317821167fb,libcrossbeam_epoch-5fdcd5978a9f0010,libcrossbeam_utils-f696a08ab1e94e7a,libmeasure_time-51bdd656a78e23a7,libsmallvec-bc3128fdd57228fc,libfnv-79e2cbfbe03dcd16,libonce_cell-e9252a7b5119f3eb,librustc_hash-ca4219e344ea5da0,libtantivy_query_grammar-99a75551676ec760,libnom-e3768c88045296be,libtantivy_columnar-14a51dea6c8743cd,libtantivy_stacker-b0e44f2c6b307b67,libmurmurhash32-73d30aad1614ccb1,libfastdivide-8b4a84d480e6f58f,libdowncast_rs-473f3e6c03f1080a,libtantivy_sstable-408535c33b51badf,libtantivy_bitpacker-422475c627ee021c,libbitpacking-e98d431596049c3c,libitertools-ab9447b3f188acc5,libeither-e5ea87bd27ac73a9,libfutures_util-b6e48d8f6595135f,libfutures_io-59d0071c9258d69f,libslab-5629529544b2a983,libpin_project_lite-72bf04572caa1c84,libfutures_sink-ae1eb2d060de53a2,libfutures_task-e09ab7898221cb97,libpin_utils-3860774ad9b215b5,libfutures_core-3b920243fce8fec0,libzstd-82aa24d47c37c910,libzstd_safe-c06dcf3b9188d89c,libzstd_sys-e238689b0d97f32a,libtantivy_fst-f507b2c16e4c6f6f,libutf8_ranges-1b945f0f2a9ee30e,libtantivy_common-23f9b87ff886e653,libtime-2e16420b519be4f1,libtime_core-031b6ab885a7634b,libnum_conv-9ace8b7f2a214982,libderanged-15c647dd4226919a,libpowerfmt-f6019a2766e431f7,libserde-51df7c35c2702d79,libownedbytes-14d54059abdb46ac,libstable_deref_trait-8f5d1ea34607785b,libbyteorder-8f59b6d1bfdaa844,liblog-b262261d47bd2eba,libserde_json-01c61f99aaa9bfc6,libitoa-f3a70a1441f7f89b,libzmij-34a01a2cf8ae07a5,libserde_core-21f22ac7b803fb0e,libregex-44bb0522d5fdbd94,libregex_automata-0d9978e6096b8fb3,libaho_corasick-583cc3b49db1d510,libmemchr-9be7e24c0cc6f173,libregex_syntax-21c69862a9074e56,libflate2-0adca06aed6f7be4,libminiz_oxide-8b6d66ef714d4135,libsimd_adler32-b2c74f931714790c,libcrc32fast-77160f4e25d6fc25,libcfg_if-83060ec5685761ae,libthiserror-908fdc8b08195e45,libclap-8d4360464a9f9088,libclap_builder-5ca5a6dde5dec8a1,libterminal_size-e9a9d4a09c185afc,librustix-b04f9765034d25e7,libbitflags-9362e66b8880981a,liblinux_raw_sys-7c0af75954695899,libstrsim-4d1ed08a123238dc,libanstream-8abea42649d55d0c,libanstyle_query-635080b1d6343734,libis_terminal_polyfill-3ca4268cb2568267,libcolorchoice-8e2615b3451b028d,libanstyle_parse-2b179629a907e4e4,libutf8parse-92d0158219063202,libclap_lex-3d90c62a36aac03c,libanstyle-fe219cdab7346aa5}.rlib" "<sysroot>/lib/rustlib/x86_64-unknown-linux-gnu/lib/{libstd-*,libpanic_unwind-*,libobject-*,libmemchr-*,libaddr2line-*,libgimli-*,libcfg_if-*,librustc_demangle-*,libstd_detect-*,libhashbrown-*,librustc_std_workspace_alloc-*,libminiz_oxide-*,libadler2-*,libunwind-*,liblibc-*,librustc_std_workspace_core-*,liballoc-*,libcore-*,libcompiler_builtins-*}.rlib" "-Wl,-Bdynamic" "-llzma" "-lgcc_s" "-lutil" "-lrt" "-lpthread" "-lm" "-ldl" "-lc" "-L" "/opt/rustwide/target/debug/deps/rustcSTZcPY/raw-dylibs" "-B<sysroot>/lib/rustlib/x86_64-unknown-linux-gnu/bin/gcc-ld" "-fuse-ld=lld" "-Wl,--eh-frame-hdr" "-Wl,-z,noexecstack" "-L" "/opt/rustwide/target/debug/build/bzip2-sys-f8c20de2e99dc540/out/lib" "-L" "/opt/rustwide/target/debug/build/zstd-sys-6582d8943eee6bee/out" "-L" "/opt/rustwide/target/debug/build/ring-cbbbcd262627bf8f/out" "-L" "/usr/lib/x86_64-linux-gnu" "-L" "<sysroot>/lib/rustlib/x86_64-unknown-linux-gnu/lib" "-o" "/opt/rustwide/target/debug/deps/installmgr_chirho-bcd374ae9b067ae6" "-Wl,--gc-sections" "-pie" "-Wl,-z,relro,-z,now" "-nodefaultlibs"
[INFO] [stdout]   = note: some arguments are omitted. use `--verbose` to show all linker arguments
[INFO] [stdout]   = note: collect2: fatal error: ld terminated with signal 9 [Killed]
[INFO] [stdout]           compilation terminated.
[INFO] [stdout]           
[INFO] [stdout] 
[INFO] [stdout] 
[INFO] [stderr] error: could not compile `sword_tools_chirho` (bin "installmgr_chirho") due to 1 previous error
[INFO] running `Command { std: "docker" "inspect" "0fd8d162357b5f654042cf365fb8b640710165263ff29a0ba0da8b64878e8231", kill_on_drop: false }`
[INFO] running `Command { std: "docker" "rm" "-f" "0fd8d162357b5f654042cf365fb8b640710165263ff29a0ba0da8b64878e8231", kill_on_drop: false }`
[INFO] [stdout] 0fd8d162357b5f654042cf365fb8b640710165263ff29a0ba0da8b64878e8231
