[INFO] cloning repository https://github.com/loonghao/msvc-kit
[INFO] running `Command { std: "git" "-c" "credential.helper=" "-c" "credential.helper=/workspace/cargo-home/bin/git-credential-null" "clone" "--bare" "https://github.com/loonghao/msvc-kit" "/workspace/cache/git-repos/https%3A%2F%2Fgithub.com%2Floonghao%2Fmsvc-kit", kill_on_drop: false }`
[INFO] [stderr] Cloning into bare repository '/workspace/cache/git-repos/https%3A%2F%2Fgithub.com%2Floonghao%2Fmsvc-kit'...
[INFO] running `Command { std: "git" "rev-parse" "HEAD", kill_on_drop: false }`
[INFO] [stdout] 303bfd95749d2279f30f685b2aaccc9e3f1a4aec
[INFO] testing loonghao/msvc-kit against 1.97.0-beta.6 for beta-1.98-2
[INFO] running `Command { std: "git" "clone" "/workspace/cache/git-repos/https%3A%2F%2Fgithub.com%2Floonghao%2Fmsvc-kit" "/workspace/builds/worker-0-tc1/source", kill_on_drop: false }`
[INFO] [stderr] Cloning into '/workspace/builds/worker-0-tc1/source'...
[INFO] [stderr] done.
[INFO] started tweaking git repo https://github.com/loonghao/msvc-kit
[INFO] finished tweaking git repo https://github.com/loonghao/msvc-kit
[INFO] tweaked toml for git repo https://github.com/loonghao/msvc-kit written to /workspace/builds/worker-0-tc1/source/Cargo.toml
[INFO] validating manifest of git repo https://github.com/loonghao/msvc-kit on toolchain 1.97.0-beta.6
[INFO] running `Command { std: CARGO_HOME="/workspace/cargo-home" RUSTUP_HOME="/workspace/rustup-home" "/workspace/cargo-home/bin/cargo" "+1.97.0-beta.6" "metadata" "--manifest-path" "Cargo.toml" "--no-deps", kill_on_drop: false }`
[INFO] crate git repo https://github.com/loonghao/msvc-kit already has a lockfile, it will not be regenerated
[INFO] running `Command { std: CARGO_HOME="/workspace/cargo-home" RUSTUP_HOME="/workspace/rustup-home" "/workspace/cargo-home/bin/cargo" "+1.97.0-beta.6" "fetch" "--manifest-path" "Cargo.toml", kill_on_drop: false }`
[INFO] [stderr]     Updating crates.io index
[INFO] [stderr]  Downloading crates ...
[INFO] [stderr]   Downloaded winreg v0.56.0
[INFO] [stderr]   Downloaded value-trait v0.12.1
[INFO] [stderr]   Downloaded futures-timer v3.0.4
[INFO] [stderr]   Downloaded halfbrown v0.4.0
[INFO] [stderr]   Downloaded simd-json v0.17.0
[INFO] [stderr]   Downloaded openssl-sys v0.9.116
[INFO] [stderr]   Downloaded mockito v1.7.2
[INFO] [stderr]   Downloaded directories v6.0.0
[INFO] [stderr]   Downloaded cab v0.6.0
[INFO] [stderr]   Downloaded lzxd v0.2.6
[INFO] [stderr]   Downloaded axoprocess v0.2.1
[INFO] [stderr]   Downloaded axotag v0.3.0
[INFO] [stderr]   Downloaded homedir v0.3.6
[INFO] [stderr]   Downloaded askama_macros v0.16.0
[INFO] [stderr]   Downloaded axoupdater v0.10.0
[INFO] [stderr]   Downloaded askama v0.16.0
[INFO] [stderr]   Downloaded redb v4.1.0
[INFO] [stderr]   Downloaded askama_parser v0.16.0
[INFO] [stderr]   Downloaded axoasset v2.0.1
[INFO] [stderr]   Downloaded web-sys v0.3.99
[INFO] [stderr]   Downloaded openssl v0.10.80
[INFO] [stderr]   Downloaded askama_derive v0.16.0
[INFO] running `Command { std: "docker" "create" "-v" "/var/lib/crater-agent-workspace/builds/worker-0-tc1/source:/opt/rustwide/workdir:ro,Z" "-v" "/var/lib/crater-agent-workspace/builds/worker-0-tc1/target:/opt/rustwide/target:rw,Z" "-v" "/var/lib/crater-agent-workspace/cargo-home:/opt/rustwide/cargo-home:ro,Z" "-v" "/var/lib/crater-agent-workspace/rustup-home:/opt/rustwide/rustup-home:ro,Z" "-m" "1610612736" "--network" "none" "ghcr.io/rust-lang/crates-build-env/linux@sha256:3d5ced03c013a94a2f102a4510f48a6e9184255caf5fd8244f58017bde7f5210" "sleep" "infinity", kill_on_drop: false }`
[INFO] [stdout] 8e67219191ead8a5233ea9eaac4a0d4ddfe2556b259c803d7e4d059b5a5c6f16
[INFO] running `Command { std: "docker" "start" "8e67219191ead8a5233ea9eaac4a0d4ddfe2556b259c803d7e4d059b5a5c6f16", kill_on_drop: false }`
[INFO] running `Command { std: "docker" "inspect" "8e67219191ead8a5233ea9eaac4a0d4ddfe2556b259c803d7e4d059b5a5c6f16", kill_on_drop: false }`
[INFO] running `Command { std: "docker" "exec" "-e" "SOURCE_DIR=/opt/rustwide/workdir" "-e" "CARGO_HOME=/opt/rustwide/cargo-home" "-e" "RUSTUP_HOME=/opt/rustwide/rustup-home" "-e" "CARGO_TARGET_DIR=/opt/rustwide/target" "-w" "/opt/rustwide/workdir" "--user" "0:0" "8e67219191ead8a5233ea9eaac4a0d4ddfe2556b259c803d7e4d059b5a5c6f16" "/opt/rustwide/cargo-home/bin/cargo" "+1.97.0-beta.6" "metadata" "--no-deps" "--format-version=1", kill_on_drop: false }`
[INFO] running `Command { std: "docker" "inspect" "8e67219191ead8a5233ea9eaac4a0d4ddfe2556b259c803d7e4d059b5a5c6f16", kill_on_drop: false }`
[INFO] running `Command { std: "docker" "exec" "-e" "SOURCE_DIR=/opt/rustwide/workdir" "-e" "CARGO_HOME=/opt/rustwide/cargo-home" "-e" "RUSTUP_HOME=/opt/rustwide/rustup-home" "-e" "CARGO_TARGET_DIR=/opt/rustwide/target" "-e" "CARGO_INCREMENTAL=0" "-e" "RUST_BACKTRACE=full" "-e" "RUSTFLAGS=--cap-lints=warn" "-e" "RUSTDOCFLAGS=--cap-lints=warn" "-w" "/opt/rustwide/workdir" "--user" "0:0" "8e67219191ead8a5233ea9eaac4a0d4ddfe2556b259c803d7e4d059b5a5c6f16" "/opt/rustwide/cargo-home/bin/cargo" "+1.97.0-beta.6" "build" "--frozen" "--message-format=json", kill_on_drop: false }`
[INFO] [stderr]    Compiling shlex v2.0.1
[INFO] [stderr]    Compiling log v0.4.32
[INFO] [stderr]    Compiling http v1.4.2
[INFO] [stderr]    Compiling parking_lot_core v0.9.12
[INFO] [stderr]    Compiling mio v1.2.1
[INFO] [stderr]    Compiling socket2 v0.6.4
[INFO] [stderr]    Compiling num-traits v0.2.19
[INFO] [stderr]    Compiling openssl v0.10.80
[INFO] [stderr]    Compiling displaydoc v0.2.6
[INFO] [stderr]    Compiling bitflags v2.13.0
[INFO] [stderr]    Compiling serde v1.0.228
[INFO] [stderr]    Compiling zerofrom v0.1.8
[INFO] [stderr]    Compiling simd-adler32 v0.3.9
[INFO] [stderr]    Compiling native-tls v0.2.18
[INFO] [stderr]    Compiling tracing v0.1.44
[INFO] [stderr]    Compiling serde_json v1.0.150
[INFO] [stderr]    Compiling yoke v0.8.3
[INFO] [stderr]    Compiling cc v1.2.63
[INFO] [stderr]    Compiling foldhash v0.2.0
[INFO] [stderr]    Compiling ref-cast v1.0.25
[INFO] [stderr]    Compiling libm v0.2.16
[INFO] [stderr]    Compiling zlib-rs v0.6.3
[INFO] [stderr]    Compiling zerovec v0.11.6
[INFO] [stderr]    Compiling parking_lot v0.12.5
[INFO] [stderr]    Compiling hashbrown v0.16.1
[INFO] [stderr]    Compiling miniz_oxide v0.8.9
[INFO] [stderr]    Compiling portable-atomic v1.13.1
[INFO] [stderr]    Compiling deranged v0.5.8
[INFO] [stderr]    Compiling ref-cast-impl v1.0.25
[INFO] [stderr]    Compiling tokio v1.52.3
[INFO] [stderr]    Compiling zerotrie v0.2.4
[INFO] [stderr]    Compiling bumpalo v3.20.3
[INFO] [stderr]    Compiling time-core v0.1.8
[INFO] [stderr]    Compiling winnow v1.0.3
[INFO] [stderr]    Compiling console v0.16.3
[INFO] [stderr]    Compiling tinystr v0.8.3
[INFO] [stderr]    Compiling potential_utf v0.1.5
[INFO] [stderr]    Compiling float-cmp v0.10.0
[INFO] [stderr]    Compiling icu_locale_core v2.2.0
[INFO] [stderr]    Compiling icu_collections v2.2.0
[INFO] [stderr]    Compiling http-body v1.0.1
[INFO] [stderr]    Compiling zopfli v0.8.3
[INFO] [stderr]    Compiling halfbrown v0.4.0
[INFO] [stderr]    Compiling clap_builder v4.6.0
[INFO] [stderr]    Compiling http-body-util v0.1.3
[INFO] [stderr]    Compiling toml_parser v1.1.2+spec-1.1.0
[INFO] [stderr]    Compiling tracing-log v0.2.0
[INFO] [stderr]    Compiling toml_datetime v1.1.1+spec-1.1.0
[INFO] [stderr]    Compiling value-trait v0.12.1
[INFO] [stderr]    Compiling serde_spanned v1.1.1
[INFO] [stderr]    Compiling simdutf8 v0.1.5
[INFO] [stderr]    Compiling toml_writer v1.1.1+spec-1.1.0
[INFO] [stderr]    Compiling unit-prefix v0.5.2
[INFO] [stderr]    Compiling lzxd v0.2.6
[INFO] [stderr]    Compiling openssl-sys v0.9.116
[INFO] [stderr]    Compiling typed-path v0.12.3
[INFO] [stderr]    Compiling toml v1.1.2+spec-1.1.0
[INFO] [stderr]    Compiling indicatif v0.18.4
[INFO] [stderr]    Compiling tracing-subscriber v0.3.23
[INFO] [stderr]    Compiling chrono v0.4.45
[INFO] [stderr]    Compiling simd-json v0.17.0
[INFO] [stderr]    Compiling time v0.3.47
[INFO] [stderr]    Compiling directories v6.0.0
[INFO] [stderr]    Compiling async-trait v0.1.89
[INFO] [stderr]    Compiling icu_provider v2.2.0
[INFO] [stderr]    Compiling icu_normalizer v2.2.0
[INFO] [stderr]    Compiling icu_properties v2.2.0
[INFO] [stderr]    Compiling humansize v2.1.3
[INFO] [stderr]    Compiling clap v4.6.1
[INFO] [stderr]    Compiling idna_adapter v1.2.2
[INFO] [stderr]    Compiling idna v1.1.0
[INFO] [stderr]    Compiling url v2.5.8
[INFO] [stderr]    Compiling flate2 v1.1.9
[INFO] [stderr]    Compiling cab v0.6.0
[INFO] [stderr]    Compiling zip v8.6.0
[INFO] [stderr]    Compiling hyper v1.10.1
[INFO] [stderr]    Compiling tower v0.5.3
[INFO] [stderr]    Compiling tokio-util v0.7.18
[INFO] [stderr]    Compiling tokio-native-tls v0.3.1
[INFO] [stderr]    Compiling tower-http v0.6.11
[INFO] [stderr]    Compiling hyper-util v0.1.20
[INFO] [stderr]    Compiling hyper-tls v0.6.0
[INFO] [stderr]    Compiling reqwest v0.13.4
[INFO] [stderr]    Compiling msvc-kit v0.2.15 (/opt/rustwide/workdir)
[INFO] [stdout] error[E0432]: unresolved import `sha2`
[INFO] [stdout]  --> src/downloader/hash.rs:7:5
[INFO] [stdout]   |
[INFO] [stdout] 7 | use sha2::{Digest, Sha256};
[INFO] [stdout]   |     ^^^^ use of unresolved module or unlinked crate `sha2`
[INFO] [stdout]   |
[INFO] [stdout]   = help: if you wanted to use a crate named `sha2`, use `cargo add sha2` to add it to your `Cargo.toml`
[INFO] [stdout] 
[INFO] [stdout] 
[INFO] [stdout] error[E0432]: unresolved import `futures`
[INFO] [stdout]  --> src/downloader/cache.rs:9:5
[INFO] [stdout]   |
[INFO] [stdout] 9 | use futures::StreamExt;
[INFO] [stdout]   |     ^^^^^^^ use of unresolved module or unlinked crate `futures`
[INFO] [stdout]   |
[INFO] [stdout]   = help: if you wanted to use a crate named `futures`, use `cargo add futures` to add it to your `Cargo.toml`
[INFO] [stdout] 
[INFO] [stdout] 
[INFO] [stdout] error[E0432]: unresolved import `sha2`
[INFO] [stdout]   --> src/downloader/cache.rs:13:5
[INFO] [stdout]    |
[INFO] [stdout] 13 | use sha2::{Digest, Sha256};
[INFO] [stdout]    |     ^^^^ use of unresolved module or unlinked crate `sha2`
[INFO] [stdout]    |
[INFO] [stdout]    = help: if you wanted to use a crate named `sha2`, use `cargo add sha2` to add it to your `Cargo.toml`
[INFO] [stdout] 
[INFO] [stdout] 
[INFO] [stdout] error[E0432]: unresolved import `futures`
[INFO] [stdout]   --> src/downloader/common.rs:10:5
[INFO] [stdout]    |
[INFO] [stdout] 10 | use futures::{stream, StreamExt};
[INFO] [stdout]    |     ^^^^^^^ use of unresolved module or unlinked crate `futures`
[INFO] [stdout]    |
[INFO] [stdout]    = help: if you wanted to use a crate named `futures`, use `cargo add futures` to add it to your `Cargo.toml`
[INFO] [stdout] 
[INFO] [stdout] 
[INFO] [stdout] error[E0432]: unresolved import `sha2`
[INFO] [stdout]   --> src/downloader/common.rs:12:5
[INFO] [stdout]    |
[INFO] [stdout] 12 | use sha2::{Digest, Sha256};
[INFO] [stdout]    |     ^^^^ use of unresolved module or unlinked crate `sha2`
[INFO] [stdout]    |
[INFO] [stdout]    = help: if you wanted to use a crate named `sha2`, use `cargo add sha2` to add it to your `Cargo.toml`
[INFO] [stdout] 
[INFO] [stdout] 
[INFO] [stdout] error[E0432]: unresolved import `redb`
[INFO] [stdout]  --> src/downloader/index.rs:5:5
[INFO] [stdout]   |
[INFO] [stdout] 5 | use redb::{Database, ReadableDatabase, ReadableTable, ReadableTableMetadata, TableDefinition};
[INFO] [stdout]   |     ^^^^ use of unresolved module or unlinked crate `redb`
[INFO] [stdout]   |
[INFO] [stdout]   = help: if you wanted to use a crate named `redb`, use `cargo add redb` to add it to your `Cargo.toml`
[INFO] [stdout] 
[INFO] [stdout] 
[INFO] [stdout] error[E0432]: unresolved import `futures`
[INFO] [stdout]  --> src/installer/mod.rs:5:5
[INFO] [stdout]   |
[INFO] [stdout] 5 | use futures::{stream, StreamExt};
[INFO] [stdout]   |     ^^^^^^^ use of unresolved module or unlinked crate `futures`
[INFO] [stdout]   |
[INFO] [stdout]   = help: if you wanted to use a crate named `futures`, use `cargo add futures` to add it to your `Cargo.toml`
[INFO] [stdout] 
[INFO] [stdout] 
[INFO] [stdout] error[E0432]: unresolved import `sha2`
[INFO] [stdout]  --> src/installer/mod.rs:8:5
[INFO] [stdout]   |
[INFO] [stdout] 8 | use sha2::{Digest, Sha256};
[INFO] [stdout]   |     ^^^^ use of unresolved module or unlinked crate `sha2`
[INFO] [stdout]   |
[INFO] [stdout]   = help: if you wanted to use a crate named `sha2`, use `cargo add sha2` to add it to your `Cargo.toml`
[INFO] [stdout] 
[INFO] [stdout] 
[INFO] [stdout] error[E0432]: unresolved import `askama`
[INFO] [stdout]   --> src/scripts/mod.rs:20:5
[INFO] [stdout]    |
[INFO] [stdout] 20 | use askama::Template;
[INFO] [stdout]    |     ^^^^^^ use of unresolved module or unlinked crate `askama`
[INFO] [stdout]    |
[INFO] [stdout]    = help: if you wanted to use a crate named `askama`, use `cargo add askama` to add it to your `Cargo.toml`
[INFO] [stdout] 
[INFO] [stdout] 
[INFO] [stdout] error: cannot find attribute `template` in this scope
[INFO] [stdout]    --> src/scripts/mod.rs:185:3
[INFO] [stdout]     |
[INFO] [stdout] 185 | #[template(path = "setup.bat.txt")]
[INFO] [stdout]     |   ^^^^^^^^
[INFO] [stdout] 
[INFO] [stdout] 
[INFO] [stdout] error: cannot find attribute `template` in this scope
[INFO] [stdout]    --> src/scripts/mod.rs:196:3
[INFO] [stdout]     |
[INFO] [stdout] 196 | #[template(path = "setup.ps1.txt")]
[INFO] [stdout]     |   ^^^^^^^^
[INFO] [stdout] 
[INFO] [stdout] 
[INFO] [stdout] error: cannot find attribute `template` in this scope
[INFO] [stdout]    --> src/scripts/mod.rs:207:3
[INFO] [stdout]     |
[INFO] [stdout] 207 | #[template(path = "setup.sh.txt")]
[INFO] [stdout]     |   ^^^^^^^^
[INFO] [stdout] 
[INFO] [stdout] 
[INFO] [stdout] error: cannot find attribute `template` in this scope
[INFO] [stdout]    --> src/scripts/mod.rs:218:3
[INFO] [stdout]     |
[INFO] [stdout] 218 | #[template(path = "readme.txt")]
[INFO] [stdout]     |   ^^^^^^^^
[INFO] [stdout] 
[INFO] [stdout] 
[INFO] [stdout] error[E0433]: cannot find module or crate `bincode` in this scope
[INFO] [stdout]    --> src/downloader/index.rs:143:25
[INFO] [stdout]     |
[INFO] [stdout] 143 |                         bincode::serde::decode_from_slice(val.value(), bincode::config::standard())
[INFO] [stdout]     |                         ^^^^^^^ use of unresolved module or unlinked crate `bincode`
[INFO] [stdout]     |
[INFO] [stdout]     = help: if you wanted to use a crate named `bincode`, use `cargo add bincode` to add it to your `Cargo.toml`
[INFO] [stdout] 
[INFO] [stdout] 
[INFO] [stdout] error[E0433]: cannot find module or crate `bincode` in this scope
[INFO] [stdout]    --> src/downloader/index.rs:143:72
[INFO] [stdout]     |
[INFO] [stdout] 143 |                         bincode::serde::decode_from_slice(val.value(), bincode::config::standard())
[INFO] [stdout]     |                                                                        ^^^^^^^ use of unresolved module or unlinked crate `bincode`
[INFO] [stdout]     |
[INFO] [stdout]     = help: if you wanted to use a crate named `bincode`, use `cargo add bincode` to add it to your `Cargo.toml`
[INFO] [stdout] 
[INFO] [stdout] 
[INFO] [stdout] error[E0433]: cannot find module or crate `bincode` in this scope
[INFO] [stdout]    --> src/downloader/index.rs:192:21
[INFO] [stdout]     |
[INFO] [stdout] 192 |                     bincode::serde::decode_from_slice(&bytes, bincode::config::standard())
[INFO] [stdout]     |                     ^^^^^^^ use of unresolved module or unlinked crate `bincode`
[INFO] [stdout]     |
[INFO] [stdout]     = help: if you wanted to use a crate named `bincode`, use `cargo add bincode` to add it to your `Cargo.toml`
[INFO] [stdout] 
[INFO] [stdout] 
[INFO] [stdout] error[E0433]: cannot find module or crate `bincode` in this scope
[INFO] [stdout]    --> src/downloader/index.rs:192:63
[INFO] [stdout]     |
[INFO] [stdout] 192 |                     bincode::serde::decode_from_slice(&bytes, bincode::config::standard())
[INFO] [stdout]     |                                                               ^^^^^^^ use of unresolved module or unlinked crate `bincode`
[INFO] [stdout]     |
[INFO] [stdout]     = help: if you wanted to use a crate named `bincode`, use `cargo add bincode` to add it to your `Cargo.toml`
[INFO] [stdout] 
[INFO] [stdout] 
[INFO] [stdout] error[E0433]: cannot find module or crate `bincode` in this scope
[INFO] [stdout]    --> src/downloader/index.rs:216:29
[INFO] [stdout]     |
[INFO] [stdout] 216 |                 let bytes = bincode::serde::encode_to_vec(&entry, bincode::config::standard())
[INFO] [stdout]     |                             ^^^^^^^ use of unresolved module or unlinked crate `bincode`
[INFO] [stdout]     |
[INFO] [stdout]     = help: if you wanted to use a crate named `bincode`, use `cargo add bincode` to add it to your `Cargo.toml`
[INFO] [stdout] 
[INFO] [stdout] 
[INFO] [stdout] error[E0433]: cannot find module or crate `bincode` in this scope
[INFO] [stdout]    --> src/downloader/index.rs:216:67
[INFO] [stdout]     |
[INFO] [stdout] 216 |                 let bytes = bincode::serde::encode_to_vec(&entry, bincode::config::standard())
[INFO] [stdout]     |                                                                   ^^^^^^^ use of unresolved module or unlinked crate `bincode`
[INFO] [stdout]     |
[INFO] [stdout]     = help: if you wanted to use a crate named `bincode`, use `cargo add bincode` to add it to your `Cargo.toml`
[INFO] [stdout] 
[INFO] [stdout] 
[INFO] [stdout] error[E0599]: no method named `next` found for opaque type `impl Stream<Item = Result<Bytes, Error>>` in the current scope
[INFO] [stdout]    --> src/downloader/cache.rs:283:35
[INFO] [stdout]     |
[INFO] [stdout] 283 |     while let Some(item) = stream.next().await {
[INFO] [stdout]     |                                   ^^^^
[INFO] [stdout]     |
[INFO] [stdout]    ::: /opt/rustwide/cargo-home/registry/src/index.crates.io-1949cf8c6b5b557f/futures-util-0.3.32/src/stream/stream/mod.rs:273:8
[INFO] [stdout]     |
[INFO] [stdout] 273 |     fn next(&mut self) -> Next<'_, Self>
[INFO] [stdout]     |        ---- the method is available for `impl futures_core::stream::Stream<Item = std::result::Result<bytes::bytes::Bytes, reqwest::Error>>` here
[INFO] [stdout]     |
[INFO] [stdout]     = help: items from traits can only be used if the trait is in scope
[INFO] [stdout]     = note: the full name for the type has been written to '/opt/rustwide/target/debug/deps/msvc_kit-31b51bba5dd1de7b.long-type-11152317430708648173.txt'
[INFO] [stdout]     = note: consider using `--verbose` to print the full type name to the console
[INFO] [stdout] help: trait `StreamExt` which provides `next` is implemented but not in scope; perhaps you want to import it
[INFO] [stdout]     |
[INFO] [stdout]   6 + use futures_util::stream::stream::StreamExt;
[INFO] [stdout]     |
[INFO] [stdout] help: there is a method `try_next` with a similar name
[INFO] [stdout]     |
[INFO] [stdout] 283 |     while let Some(item) = stream.try_next().await {
[INFO] [stdout]     |                                   ++++
[INFO] [stdout] 
[INFO] [stdout] 
[INFO] [stdout] error[E0599]: no method named `next` found for opaque type `impl Stream<Item = Result<Bytes, Error>>` in the current scope
[INFO] [stdout]    --> src/downloader/common.rs:591:39
[INFO] [stdout]     |
[INFO] [stdout] 591 |         while let Some(item) = stream.next().await {
[INFO] [stdout]     |                                       ^^^^
[INFO] [stdout]     |
[INFO] [stdout]    ::: /opt/rustwide/cargo-home/registry/src/index.crates.io-1949cf8c6b5b557f/futures-util-0.3.32/src/stream/stream/mod.rs:273:8
[INFO] [stdout]     |
[INFO] [stdout] 273 |     fn next(&mut self) -> Next<'_, Self>
[INFO] [stdout]     |        ---- the method is available for `impl futures_core::stream::Stream<Item = std::result::Result<bytes::bytes::Bytes, reqwest::Error>>` here
[INFO] [stdout]     |
[INFO] [stdout]     = help: items from traits can only be used if the trait is in scope
[INFO] [stdout]     = note: the full name for the type has been written to '/opt/rustwide/target/debug/deps/msvc_kit-31b51bba5dd1de7b.long-type-11152317430708648173.txt'
[INFO] [stdout]     = note: consider using `--verbose` to print the full type name to the console
[INFO] [stdout] help: trait `StreamExt` which provides `next` is implemented but not in scope; perhaps you want to import it
[INFO] [stdout]     |
[INFO] [stdout]   3 + use futures_util::stream::stream::StreamExt;
[INFO] [stdout]     |
[INFO] [stdout] help: there is a method `try_next` with a similar name
[INFO] [stdout]     |
[INFO] [stdout] 591 |         while let Some(item) = stream.try_next().await {
[INFO] [stdout]     |                                       ++++
[INFO] [stdout] 
[INFO] [stdout] 
[INFO] [stdout] error[E0277]: the size for values of type `[u8]` cannot be known at compilation time
[INFO] [stdout]    --> src/downloader/common.rs:593:20
[INFO] [stdout]     |
[INFO] [stdout] 593 |                 Ok(chunk) => {
[INFO] [stdout]     |                    ^^^^^ doesn't have a size known at compile-time
[INFO] [stdout]     |
[INFO] [stdout]     = help: the trait `Sized` is not implemented for `[u8]`
[INFO] [stdout]     = note: all local variables must have a statically known size
[INFO] [stdout] 
[INFO] [stdout] 
[INFO] [stdout] error[E0277]: the size for values of type `[u8]` cannot be known at compilation time
[INFO] [stdout]    --> src/downloader/common.rs:593:17
[INFO] [stdout]     |
[INFO] [stdout] 593 |                 Ok(chunk) => {
[INFO] [stdout]     |                 ^^^^^^^^^ doesn't have a size known at compile-time
[INFO] [stdout]     |
[INFO] [stdout]     = help: the trait `Sized` is not implemented for `[u8]`
[INFO] [stdout] note: required by a bound in `Ok`
[INFO] [stdout]    --> /rustc/b2282dd5646a57d570fc86fbe8df0e8826665ef6/library/core/src/result.rs:561:4
[INFO] [stdout] 
[INFO] [stdout] 
[INFO] [stdout] error[E0277]: the size for values of type `[u8]` cannot be known at compilation time
[INFO] [stdout]    --> src/downloader/common.rs:599:17
[INFO] [stdout]     |
[INFO] [stdout] 599 |                 Err(e) => {
[INFO] [stdout]     |                 ^^^^^^ doesn't have a size known at compile-time
[INFO] [stdout]     |
[INFO] [stdout]     = help: the trait `Sized` is not implemented for `[u8]`
[INFO] [stdout] note: required by a bound in `Err`
[INFO] [stdout]    --> /rustc/b2282dd5646a57d570fc86fbe8df0e8826665ef6/library/core/src/result.rs:566:4
[INFO] [stdout] 
[INFO] [stdout] 
[INFO] [stdout] error[E0277]: the size for values of type `[u8]` cannot be known at compilation time
[INFO] [stdout]    --> src/downloader/common.rs:591:46
[INFO] [stdout]     |
[INFO] [stdout] 591 |         while let Some(item) = stream.next().await {
[INFO] [stdout]     |                                              ^^^^^ doesn't have a size known at compile-time
[INFO] [stdout]     |
[INFO] [stdout]     = help: the trait `Sized` is not implemented for `[u8]`
[INFO] [stdout] note: required by an implicit `Sized` bound in `std::result::Result`
[INFO] [stdout]    --> /rustc/b2282dd5646a57d570fc86fbe8df0e8826665ef6/library/core/src/result.rs:557:0
[INFO] [stdout] 
[INFO] [stdout] 
[INFO] [stdout] error[E0433]: cannot find module or crate `hex` in this scope
[INFO] [stdout]    --> src/downloader/common.rs:628:29
[INFO] [stdout]     |
[INFO] [stdout] 628 |         let computed_hash = hex::encode(hasher.finalize());
[INFO] [stdout]     |                             ^^^ use of unresolved module or unlinked crate `hex`
[INFO] [stdout]     |
[INFO] [stdout]     = help: if you wanted to use a crate named `hex`, use `cargo add hex` to add it to your `Cargo.toml`
[INFO] [stdout] 
[INFO] [stdout] 
[INFO] [stdout] error[E0433]: cannot find module or crate `hex` in this scope
[INFO] [stdout]   --> src/downloader/hash.rs:53:8
[INFO] [stdout]    |
[INFO] [stdout] 53 |     Ok(hex::encode(result))
[INFO] [stdout]    |        ^^^ use of unresolved module or unlinked crate `hex`
[INFO] [stdout]    |
[INFO] [stdout]    = help: if you wanted to use a crate named `hex`, use `cargo add hex` to add it to your `Cargo.toml`
[INFO] [stdout] 
[INFO] [stdout] 
[INFO] [stdout] error[E0433]: cannot find module or crate `hex` in this scope
[INFO] [stdout]    --> src/installer/mod.rs:140:23
[INFO] [stdout]     |
[INFO] [stdout] 140 |     let fingerprint = hex::encode(hasher.finalize());
[INFO] [stdout]     |                       ^^^ use of unresolved module or unlinked crate `hex`
[INFO] [stdout]     |
[INFO] [stdout]     = help: if you wanted to use a crate named `hex`, use `cargo add hex` to add it to your `Cargo.toml`
[INFO] [stdout] 
[INFO] [stdout] 
[INFO] [stdout] error[E0277]: the size for values of type `[u8]` cannot be known at compilation time
[INFO] [stdout]    --> src/installer/mod.rs:209:15
[INFO] [stdout]     |
[INFO] [stdout] 209 |         .map(|file| {
[INFO] [stdout]     |               ^^^^ doesn't have a size known at compile-time
[INFO] [stdout]     |
[INFO] [stdout]     = help: within `Path`, the trait `Sized` is not implemented for `[u8]`
[INFO] [stdout] note: required because it appears within the type `Path`
[INFO] [stdout]    --> /rustc/b2282dd5646a57d570fc86fbe8df0e8826665ef6/library/std/src/path.rs:2357:11
[INFO] [stdout]     = note: all function arguments must have a statically known size
[INFO] [stdout] 
[INFO] [stdout] 
[INFO] [stdout] error[E0277]: the size for values of type `[u8]` cannot be known at compilation time
[INFO] [stdout]    --> src/installer/mod.rs:239:17
[INFO] [stdout]     |
[INFO] [stdout] 239 |                 Ok(file)
[INFO] [stdout]     |                 ^^^^^^^^ doesn't have a size known at compile-time
[INFO] [stdout]     |
[INFO] [stdout]     = help: within `Path`, the trait `Sized` is not implemented for `[u8]`
[INFO] [stdout] note: required because it appears within the type `Path`
[INFO] [stdout]    --> /rustc/b2282dd5646a57d570fc86fbe8df0e8826665ef6/library/std/src/path.rs:2357:11
[INFO] [stdout] note: required by an implicit `Sized` bound in `std::result::Result`
[INFO] [stdout]    --> /rustc/b2282dd5646a57d570fc86fbe8df0e8826665ef6/library/core/src/result.rs:557:0
[INFO] [stdout] 
[INFO] [stdout] 
[INFO] [stdout] error[E0277]: `?` couldn't convert the error: `[u8]: Sized` is not satisfied
[INFO] [stdout]    --> src/installer/mod.rs:222:79
[INFO] [stdout]     |
[INFO] [stdout] 222 |                 extract_package_with_progress(&file, &target_dir, false).await?;
[INFO] [stdout]     |                 --------------------------------------------------------------^ doesn't have a size known at compile-time
[INFO] [stdout]     |                 |
[INFO] [stdout]     |                 this can't be annotated with `?` because it has type `Result<_, MsvcKitError>`
[INFO] [stdout]     |
[INFO] [stdout]     = help: within `Path`, the trait `Sized` is not implemented for `[u8]`
[INFO] [stdout]     = note: the question mark operation (`?`) implicitly performs a conversion on the error value using the `From` trait
[INFO] [stdout] note: required because it appears within the type `Path`
[INFO] [stdout]    --> /rustc/b2282dd5646a57d570fc86fbe8df0e8826665ef6/library/std/src/path.rs:2357:11
[INFO] [stdout] 
[INFO] [stdout] 
[INFO] [stdout] error[E0433]: cannot find module or crate `hex` in this scope
[INFO] [stdout]   --> src/downloader/cache.rs:50:5
[INFO] [stdout]    |
[INFO] [stdout] 50 |     hex::encode(h.finalize())
[INFO] [stdout]    |     ^^^ use of unresolved module or unlinked crate `hex`
[INFO] [stdout]    |
[INFO] [stdout]    = help: if you wanted to use a crate named `hex`, use `cargo add hex` to add it to your `Cargo.toml`
[INFO] [stdout] 
[INFO] [stdout] 
[INFO] [stdout] error[E0433]: cannot find module or crate `hex` in this scope
[INFO] [stdout]   --> src/downloader/hash.rs:70:5
[INFO] [stdout]    |
[INFO] [stdout] 70 |     hex::encode(hasher.finalize())
[INFO] [stdout]    |     ^^^ use of unresolved module or unlinked crate `hex`
[INFO] [stdout]    |
[INFO] [stdout]    = help: if you wanted to use a crate named `hex`, use `cargo add hex` to add it to your `Cargo.toml`
[INFO] [stdout] 
[INFO] [stdout] 
[INFO] [stdout] error[E0599]: no method named `render` found for struct `CmdScriptTemplate<'a>` in the current scope
[INFO] [stdout]    --> src/scripts/mod.rs:346:10
[INFO] [stdout]     |
[INFO] [stdout] 186 |   struct CmdScriptTemplate<'a> {
[INFO] [stdout]     |   ---------------------------- method `render` not found for this struct
[INFO] [stdout] ...
[INFO] [stdout] 345 |       let rendered = template
[INFO] [stdout]     |  ____________________-
[INFO] [stdout] 346 | |         .render()
[INFO] [stdout]     | |         -^^^^^^ method not found in `CmdScriptTemplate<'_>`
[INFO] [stdout]     | |_________|
[INFO] [stdout]     |
[INFO] [stdout] 
[INFO] [stdout] 
[INFO] [stdout] error[E0599]: no method named `render` found for struct `PowerShellScriptTemplate<'a>` in the current scope
[INFO] [stdout]    --> src/scripts/mod.rs:379:10
[INFO] [stdout]     |
[INFO] [stdout] 197 |   struct PowerShellScriptTemplate<'a> {
[INFO] [stdout]     |   ----------------------------------- method `render` not found for this struct
[INFO] [stdout] ...
[INFO] [stdout] 378 |       let rendered = template
[INFO] [stdout]     |  ____________________-
[INFO] [stdout] 379 | |         .render()
[INFO] [stdout]     | |         -^^^^^^ method not found in `PowerShellScriptTemplate<'_>`
[INFO] [stdout]     | |_________|
[INFO] [stdout]     |
[INFO] [stdout] 
[INFO] [stdout] 
[INFO] [stdout] error[E0599]: no method named `render` found for struct `BashScriptTemplate<'a>` in the current scope
[INFO] [stdout]    --> src/scripts/mod.rs:410:10
[INFO] [stdout]     |
[INFO] [stdout] 208 |   struct BashScriptTemplate<'a> {
[INFO] [stdout]     |   ----------------------------- method `render` not found for this struct
[INFO] [stdout] ...
[INFO] [stdout] 409 |       let rendered = template
[INFO] [stdout]     |  ____________________-
[INFO] [stdout] 410 | |         .render()
[INFO] [stdout]     | |         -^^^^^^ method not found in `BashScriptTemplate<'_>`
[INFO] [stdout]     | |_________|
[INFO] [stdout]     |
[INFO] [stdout] 
[INFO] [stdout] 
[INFO] [stdout] error[E0599]: no method named `render` found for struct `ReadmeTemplate<'a>` in the current scope
[INFO] [stdout]    --> src/scripts/mod.rs:442:10
[INFO] [stdout]     |
[INFO] [stdout] 219 |   struct ReadmeTemplate<'a> {
[INFO] [stdout]     |   ------------------------- method `render` not found for this struct
[INFO] [stdout] ...
[INFO] [stdout] 441 | /     template
[INFO] [stdout] 442 | |         .render()
[INFO] [stdout]     | |         -^^^^^^ method not found in `ReadmeTemplate<'_>`
[INFO] [stdout]     | |_________|
[INFO] [stdout]     |
[INFO] [stdout] 
[INFO] [stdout] 
[INFO] [stdout] Some errors have detailed explanations: E0277, E0432, E0433, E0599.
[INFO] [stdout] 
[INFO] [stdout] For more information about an error, try `rustc --explain E0277`.
[INFO] [stdout] 
[INFO] [stderr] error: could not compile `msvc-kit` (lib) due to 37 previous errors
[INFO] running `Command { std: "docker" "inspect" "8e67219191ead8a5233ea9eaac4a0d4ddfe2556b259c803d7e4d059b5a5c6f16", kill_on_drop: false }`
[INFO] running `Command { std: "docker" "rm" "-f" "8e67219191ead8a5233ea9eaac4a0d4ddfe2556b259c803d7e4d059b5a5c6f16", kill_on_drop: false }`
[INFO] [stdout] 8e67219191ead8a5233ea9eaac4a0d4ddfe2556b259c803d7e4d059b5a5c6f16
