[INFO] cloning repository https://github.com/lokaimoma/whip
[INFO] running `Command { std: "git" "-c" "credential.helper=" "-c" "credential.helper=/workspace/cargo-home/bin/git-credential-null" "clone" "--bare" "https://github.com/lokaimoma/whip" "/workspace/cache/git-repos/https%3A%2F%2Fgithub.com%2Flokaimoma%2Fwhip", kill_on_drop: false }`
[INFO] [stderr] Cloning into bare repository '/workspace/cache/git-repos/https%3A%2F%2Fgithub.com%2Flokaimoma%2Fwhip'...
[INFO] running `Command { std: "git" "rev-parse" "HEAD", kill_on_drop: false }`
[INFO] [stdout] de1ccd3596ef18ca20a541e432aeea014408e503
[INFO] testing lokaimoma/whip against 1.97.0-beta.6 for beta-1.98-2
[INFO] running `Command { std: "git" "clone" "/workspace/cache/git-repos/https%3A%2F%2Fgithub.com%2Flokaimoma%2Fwhip" "/workspace/builds/worker-3-tc1/source", kill_on_drop: false }`
[INFO] [stderr] Cloning into '/workspace/builds/worker-3-tc1/source'...
[INFO] [stderr] done.
[INFO] started tweaking git repo https://github.com/lokaimoma/whip
[INFO] finished tweaking git repo https://github.com/lokaimoma/whip
[INFO] tweaked toml for git repo https://github.com/lokaimoma/whip written to /workspace/builds/worker-3-tc1/source/Cargo.toml
[INFO] validating manifest of git repo https://github.com/lokaimoma/whip on toolchain 1.97.0-beta.6
[INFO] running `Command { std: CARGO_HOME="/workspace/cargo-home" RUSTUP_HOME="/workspace/rustup-home" "/workspace/cargo-home/bin/cargo" "+1.97.0-beta.6" "metadata" "--manifest-path" "Cargo.toml" "--no-deps", kill_on_drop: false }`
[INFO] crate git repo https://github.com/lokaimoma/whip already has a lockfile, it will not be regenerated
[INFO] running `Command { std: CARGO_HOME="/workspace/cargo-home" RUSTUP_HOME="/workspace/rustup-home" "/workspace/cargo-home/bin/cargo" "+1.97.0-beta.6" "fetch" "--manifest-path" "Cargo.toml", kill_on_drop: false }`
[INFO] [stderr] warning: virtual workspace defaulting to `resolver = "1"` despite one or more workspace members being on edition 2021 which implies `resolver = "2"`
[INFO] [stderr]   |
[INFO] [stderr]   = note: to keep the current resolver, specify `workspace.resolver = "1"` in the workspace root's manifest
[INFO] [stderr]   = note: to use the edition 2021 resolver, specify `workspace.resolver = "2"` in the workspace root's manifest
[INFO] [stderr]   = note: for more details see https://doc.rust-lang.org/cargo/reference/resolver.html#resolver-versions
[INFO] [stderr]     Updating crates.io index
[INFO] [stderr]  Downloading crates ...
[INFO] [stderr]   Downloaded unicode-ident v1.0.0
[INFO] [stderr]   Downloaded quote v1.0.18
[INFO] [stderr]   Downloaded proc-macro2 v1.0.39
[INFO] [stderr]   Downloaded wasm-bindgen-macro v0.2.80
[INFO] [stderr]   Downloaded wasm-bindgen-shared v0.2.80
[INFO] [stderr]   Downloaded pin-project-internal v1.0.11
[INFO] [stderr]   Downloaded async-trait v0.1.56
[INFO] [stderr]   Downloaded rustls-pemfile v1.0.0
[INFO] [stderr]   Downloaded crc-catalog v2.1.0
[INFO] [stderr]   Downloaded once_cell v1.12.0
[INFO] [stderr]   Downloaded wasm-bindgen-futures v0.4.30
[INFO] [stderr]   Downloaded cpufeatures v0.2.2
[INFO] [stderr]   Downloaded sqlx-rt v0.6.0
[INFO] [stderr]   Downloaded crc v3.0.0
[INFO] [stderr]   Downloaded block-buffer v0.10.2
[INFO] [stderr]   Downloaded redox_users v0.3.5
[INFO] [stderr]   Downloaded wasm-bindgen-macro-support v0.2.80
[INFO] [stderr]   Downloaded tokio-stream v0.1.9
[INFO] [stderr]   Downloaded stringprep v0.1.2
[INFO] [stderr]   Downloaded atoi v1.0.0
[INFO] [stderr]   Downloaded sqlformat v0.1.8
[INFO] [stderr]   Downloaded terminal_size v0.1.17
[INFO] [stderr]   Downloaded sqlx-macros v0.6.0
[INFO] [stderr]   Downloaded hashlink v0.8.0
[INFO] [stderr]   Downloaded tokio-rustls v0.23.4
[INFO] [stderr]   Downloaded rust-argon2 v0.8.3
[INFO] [stderr]   Downloaded clap_derive v3.2.15
[INFO] [stderr]   Downloaded wasm-bindgen-backend v0.2.80
[INFO] [stderr]   Downloaded sha2 v0.10.2
[INFO] [stderr]   Downloaded indexmap v1.8.2
[INFO] [stderr]   Downloaded console v0.15.1
[INFO] [stderr]   Downloaded openssl-sys v0.9.74
[INFO] [stderr]   Downloaded digest v0.10.3
[INFO] [stderr]   Downloaded syn v1.0.96
[INFO] [stderr]   Downloaded blake2b_simd v0.5.11
[INFO] [stderr]   Downloaded os_str_bytes v6.2.0
[INFO] [stderr]   Downloaded serde v1.0.137
[INFO] [stderr]   Downloaded indicatif v0.17.0
[INFO] [stderr]   Downloaded js-sys v0.3.57
[INFO] [stderr]   Downloaded futures-intrusive v0.4.0
[INFO] [stderr]   Downloaded pin-project v1.0.11
[INFO] [stderr]   Downloaded textwrap v0.15.0
[INFO] [stderr]   Downloaded mio v0.8.3
[INFO] [stderr]   Downloaded sqlx v0.6.0
[INFO] [stderr]   Downloaded serde_json v1.0.81
[INFO] [stderr]   Downloaded unicode-normalization v0.1.19
[INFO] [stderr]   Downloaded chrono v0.4.19
[INFO] [stderr]   Downloaded reqwest v0.11.10
[INFO] [stderr]   Downloaded wasm-bindgen v0.2.80
[INFO] [stderr]   Downloaded hyper v0.14.19
[INFO] [stderr]   Downloaded clap v3.2.16
[INFO] [stderr]   Downloaded openssl v0.10.40
[INFO] [stderr]   Downloaded webpki-roots v0.22.4
[INFO] [stderr]   Downloaded rustls v0.20.6
[INFO] [stderr]   Downloaded sqlx-core v0.6.0
[INFO] [stderr]   Downloaded tokio v1.19.2
[INFO] [stderr]   Downloaded web-sys v0.3.57
[INFO] [stderr]   Downloaded csv v1.1.6
[INFO] [stderr]   Downloaded libsqlite3-sys v0.24.2
[INFO] running `Command { std: "docker" "create" "-v" "/var/lib/crater-agent-workspace/builds/worker-3-tc1/source:/opt/rustwide/workdir:ro,Z" "-v" "/var/lib/crater-agent-workspace/builds/worker-3-tc1/target:/opt/rustwide/target:rw,Z" "-v" "/var/lib/crater-agent-workspace/cargo-home:/opt/rustwide/cargo-home:ro,Z" "-v" "/var/lib/crater-agent-workspace/rustup-home:/opt/rustwide/rustup-home:ro,Z" "-m" "1610612736" "--network" "none" "ghcr.io/rust-lang/crates-build-env/linux@sha256:3d5ced03c013a94a2f102a4510f48a6e9184255caf5fd8244f58017bde7f5210" "sleep" "infinity", kill_on_drop: false }`
[INFO] [stdout] 129ba9f046b529fdbb4a53146ca2530801c234e73b146156851159a91f90c85e
[INFO] running `Command { std: "docker" "start" "129ba9f046b529fdbb4a53146ca2530801c234e73b146156851159a91f90c85e", kill_on_drop: false }`
[INFO] running `Command { std: "docker" "inspect" "129ba9f046b529fdbb4a53146ca2530801c234e73b146156851159a91f90c85e", kill_on_drop: false }`
[INFO] running `Command { std: "docker" "exec" "-e" "SOURCE_DIR=/opt/rustwide/workdir" "-e" "CARGO_HOME=/opt/rustwide/cargo-home" "-e" "RUSTUP_HOME=/opt/rustwide/rustup-home" "-e" "CARGO_TARGET_DIR=/opt/rustwide/target" "-w" "/opt/rustwide/workdir" "--user" "0:0" "129ba9f046b529fdbb4a53146ca2530801c234e73b146156851159a91f90c85e" "/opt/rustwide/cargo-home/bin/cargo" "+1.97.0-beta.6" "metadata" "--no-deps" "--format-version=1", kill_on_drop: false }`
[INFO] running `Command { std: "docker" "inspect" "129ba9f046b529fdbb4a53146ca2530801c234e73b146156851159a91f90c85e", kill_on_drop: false }`
[INFO] running `Command { std: "docker" "exec" "-e" "SOURCE_DIR=/opt/rustwide/workdir" "-e" "CARGO_HOME=/opt/rustwide/cargo-home" "-e" "RUSTUP_HOME=/opt/rustwide/rustup-home" "-e" "CARGO_TARGET_DIR=/opt/rustwide/target" "-e" "CARGO_INCREMENTAL=0" "-e" "RUST_BACKTRACE=full" "-e" "RUSTFLAGS=--cap-lints=warn" "-e" "RUSTDOCFLAGS=--cap-lints=warn" "-w" "/opt/rustwide/workdir" "--user" "0:0" "129ba9f046b529fdbb4a53146ca2530801c234e73b146156851159a91f90c85e" "/opt/rustwide/cargo-home/bin/cargo" "+1.97.0-beta.6" "build" "--frozen" "--message-format=json", kill_on_drop: false }`
[INFO] [stderr] warning: virtual workspace defaulting to `resolver = "1"` despite one or more workspace members being on edition 2021 which implies `resolver = "2"`
[INFO] [stderr]   |
[INFO] [stderr]   = note: to keep the current resolver, specify `workspace.resolver = "1"` in the workspace root's manifest
[INFO] [stderr]   = note: to use the edition 2021 resolver, specify `workspace.resolver = "2"` in the workspace root's manifest
[INFO] [stderr]   = note: for more details see https://doc.rust-lang.org/cargo/reference/resolver.html#resolver-versions
[INFO] [stderr]    Compiling libc v0.2.126
[INFO] [stderr]    Compiling proc-macro2 v1.0.39
[INFO] [stderr]    Compiling unicode-ident v1.0.0
[INFO] [stderr]    Compiling syn v1.0.96
[INFO] [stderr]    Compiling once_cell v1.12.0
[INFO] [stderr]    Compiling cc v1.0.73
[INFO] [stderr]    Compiling futures-core v0.3.21
[INFO] [stderr]    Compiling bytes v1.1.0
[INFO] [stderr]    Compiling futures-sink v0.3.21
[INFO] [stderr]    Compiling futures-task v0.3.21
[INFO] [stderr]    Compiling futures-channel v0.3.21
[INFO] [stderr]    Compiling futures-util v0.3.21
[INFO] [stderr]    Compiling indexmap v1.8.2
[INFO] [stderr]    Compiling futures-io v0.3.21
[INFO] [stderr]    Compiling slab v0.4.6
[INFO] [stderr]    Compiling itoa v1.0.2
[INFO] [stderr]    Compiling spin v0.5.2
[INFO] [stderr]    Compiling hashbrown v0.11.2
[INFO] [stderr]    Compiling untrusted v0.7.1
[INFO] [stderr]    Compiling generic-array v0.14.5
[INFO] [stderr]    Compiling lock_api v0.4.7
[INFO] [stderr]    Compiling matches v0.1.9
[INFO] [stderr]    Compiling unicode-normalization v0.1.19
[INFO] [stderr]    Compiling num-traits v0.2.15
[INFO] [stderr]    Compiling serde v1.0.137
[INFO] [stderr]    Compiling form_urlencoded v1.0.1
[INFO] [stderr]    Compiling tracing-core v0.1.26
[INFO] [stderr]    Compiling openssl v0.10.40
[INFO] [stderr]    Compiling parking_lot_core v0.8.5
[INFO] [stderr]    Compiling rustls v0.20.6
[INFO] [stderr]    Compiling instant v0.1.12
[INFO] [stderr]    Compiling num-integer v0.1.45
[INFO] [stderr]    Compiling crossbeam-utils v0.8.11
[INFO] [stderr]    Compiling http v0.2.8
[INFO] [stderr]    Compiling httparse v1.7.1
[INFO] [stderr]    Compiling smallvec v1.9.0
[INFO] [stderr]    Compiling vcpkg v0.2.15
[INFO] [stderr]    Compiling try-lock v0.2.3
[INFO] [stderr]    Compiling either v1.7.0
[INFO] [stderr]    Compiling tracing v0.1.34
[INFO] [stderr]    Compiling crossbeam-queue v0.3.6
[INFO] [stderr]    Compiling quote v1.0.18
[INFO] [stderr]    Compiling unicode-segmentation v1.9.0
[INFO] [stderr]    Compiling ryu v1.0.10
[INFO] [stderr]    Compiling itertools v0.10.3
[INFO] [stderr]    Compiling nom v7.1.1
[INFO] [stderr]    Compiling want v0.3.0
[INFO] [stderr]    Compiling idna v0.2.3
[INFO] [stderr]    Compiling heck v0.4.0
[INFO] [stderr]    Compiling http-body v0.4.5
[INFO] [stderr]    Compiling spin v0.9.4
[INFO] [stderr]    Compiling proc-macro-error-attr v1.0.4
[INFO] [stderr]    Compiling block-buffer v0.10.2
[INFO] [stderr]    Compiling mio v0.8.3
[INFO] [stderr]    Compiling socket2 v0.4.4
[INFO] [stderr]    Compiling num_cpus v1.13.1
[INFO] [stderr]    Compiling ring v0.16.20
[INFO] [stderr]    Compiling openssl-sys v0.9.74
[INFO] [stderr]    Compiling getrandom v0.2.7
[INFO] [stderr]    Compiling ahash v0.7.6
[INFO] [stderr]    Compiling url v2.2.2
[INFO] [stderr]    Compiling crypto-common v0.1.6
[INFO] [stderr]    Compiling parking_lot v0.11.2
[INFO] [stderr]    Compiling libsqlite3-sys v0.24.2
[INFO] [stderr]    Compiling time v0.1.44
[INFO] [stderr]    Compiling digest v0.10.3
[INFO] [stderr]    Compiling native-tls v0.2.10
[INFO] [stderr]    Compiling tower-service v0.3.1
[INFO] [stderr]    Compiling hashbrown v0.12.3
[INFO] [stderr]    Compiling cpufeatures v0.2.2
[INFO] [stderr]    Compiling crc-catalog v2.1.0
[INFO] [stderr]    Compiling unicode_categories v0.1.1
[INFO] [stderr]    Compiling sha2 v0.10.2
[INFO] [stderr]    Compiling crc v3.0.0
[INFO] [stderr]    Compiling chrono v0.4.19
[INFO] [stderr]    Compiling futures-intrusive v0.4.0
[INFO] [stderr]    Compiling atoi v1.0.0
[INFO] [stderr]    Compiling stringprep v0.1.2
[INFO] [stderr]    Compiling rustls-pemfile v1.0.0
[INFO] [stderr]    Compiling proc-macro-error v1.0.4
[INFO] [stderr]    Compiling sqlformat v0.1.8
[INFO] [stderr]    Compiling event-listener v2.5.2
[INFO] [stderr]    Compiling paste v1.0.7
[INFO] [stderr]    Compiling hex v0.4.3
[INFO] [stderr]    Compiling dotenv v0.15.0
[INFO] [stderr]    Compiling unicode-width v0.1.9
[INFO] [stderr]    Compiling hashlink v0.8.0
[INFO] [stderr]    Compiling ipnet v2.5.0
[INFO] [stderr]    Compiling regex-automata v0.1.10
[INFO] [stderr]    Compiling async-trait v0.1.56
[INFO] [stderr]    Compiling atty v0.2.14
[INFO] [stderr]    Compiling terminal_size v0.1.17
[INFO] [stderr]    Compiling dirs v1.0.5
[INFO] [stderr]    Compiling csv-core v0.1.10
[INFO] [stderr]    Compiling os_str_bytes v6.2.0
[INFO] [stderr]    Compiling itoa v0.4.8
[INFO] [stderr]    Compiling console v0.15.1
[INFO] [stderr]    Compiling encode_unicode v0.3.6
[INFO] [stderr]    Compiling term v0.5.2
[INFO] [stderr]    Compiling strsim v0.10.0
[INFO] [stderr]    Compiling clap_lex v0.2.4
[INFO] [stderr]    Compiling textwrap v0.15.0
[INFO] [stderr]    Compiling number_prefix v0.4.0
[INFO] [stderr]    Compiling termcolor v1.1.3
[INFO] [stderr]    Compiling indicatif v0.17.0
[INFO] [stderr]    Compiling serde_urlencoded v0.7.1
[INFO] [stderr]    Compiling bstr v0.2.17
[INFO] [stderr]    Compiling csv v1.1.6
[INFO] [stderr]    Compiling tokio-macros v1.8.0
[INFO] [stderr]    Compiling futures-macro v0.3.21
[INFO] [stderr]    Compiling openssl-macros v0.1.0
[INFO] [stderr]    Compiling pin-project-internal v1.0.11
[INFO] [stderr]    Compiling thiserror-impl v1.0.31
[INFO] [stderr]    Compiling clap_derive v3.2.15
[INFO] [stderr]    Compiling prettytable-rs v0.8.0
[INFO] [stderr]    Compiling tokio v1.19.2
[INFO] [stderr]    Compiling pin-project v1.0.11
[INFO] [stderr]    Compiling flume v0.10.14
[INFO] [stderr]    Compiling thiserror v1.0.31
[INFO] [stderr]    Compiling webpki v0.22.0
[INFO] [stderr]    Compiling sct v0.7.0
[INFO] [stderr]    Compiling webpki-roots v0.22.4
[INFO] [stderr]    Compiling clap v3.2.16
[INFO] [stderr]    Compiling futures-executor v0.3.21
[INFO] [stderr]    Compiling tokio-util v0.7.3
[INFO] [stderr]    Compiling tokio-rustls v0.23.4
[INFO] [stderr]    Compiling tokio-native-tls v0.3.0
[INFO] [stderr]    Compiling tokio-stream v0.1.9
[INFO] [stderr]    Compiling tokio-util v0.6.10
[INFO] [stderr]    Compiling futures v0.3.21
[INFO] [stderr]    Compiling sqlx-rt v0.6.0
[INFO] [stderr]    Compiling h2 v0.3.13
[INFO] [stderr]    Compiling hyper v0.14.19
[INFO] [stderr]    Compiling sqlx-core v0.6.0
[INFO] [stderr]    Compiling hyper-tls v0.5.0
[INFO] [stderr]    Compiling reqwest v0.11.10
[INFO] [stderr]    Compiling whip-core v0.1.0 (/opt/rustwide/workdir/whip-core)
[INFO] [stderr]    Compiling sqlx-macros v0.6.0
[INFO] [stderr]    Compiling sqlx v0.6.0
[INFO] [stderr]    Compiling whip-persistance v0.1.0 (/opt/rustwide/workdir/whip-persistance)
[INFO] [stdout] error: error returned from database: unable to open database file
[INFO] [stdout]   --> whip-persistance/src/queries.rs:24:26
[INFO] [stdout]    |
[INFO] [stdout] 24 | ... = sqlx::query!(r#"Insert Into Download_Task (fi...age_completed, today, task.meta.content_type)
[INFO] [stdout]    |       ^^^^^^^^^^^^^^^^^^^^^^^^^^^^^^^^^^^^^^^^^^^^^...^^^^^^^^^^^^^^^^^^^^^^^^^^^^^^^^^^^^^^^^^^^^^
[INFO] [stdout]    |
[INFO] [stdout]    = note: this error originates in the macro `$crate::sqlx_macros::expand_query` which comes from the expansion of the macro `sqlx::query` (in Nightly builds, run with -Z macro-backtrace for more info)
[INFO] [stdout] 
[INFO] [stdout] 
[INFO] [stdout] error: error returned from database: unable to open database file
[INFO] [stdout]   --> whip-persistance/src/queries.rs:48:45
[INFO] [stdout]    |
[INFO] [stdout] 48 |   ...   if let Ok(download_task_entities) = sqlx::query!(
[INFO] [stdout]    |  ___________________________________________^
[INFO] [stdout] 49 | | ...       r#"SELECT * FROM Download_Task WHERE percentage_completed >= ?1 and percentage_completed <= ?2"#, lower_limit, upper_limit
[INFO] [stdout] 50 | | ...   )
[INFO] [stdout]    | |_______^
[INFO] [stdout]    |
[INFO] [stdout]    = note: this error originates in the macro `$crate::sqlx_macros::expand_query` which comes from the expansion of the macro `sqlx::query` (in Nightly builds, run with -Z macro-backtrace for more info)
[INFO] [stdout] 
[INFO] [stdout] 
[INFO] [stdout] error: error returned from database: unable to open database file
[INFO] [stdout]   --> whip-persistance/src/queries.rs:76:13
[INFO] [stdout]    |
[INFO] [stdout] 76 |             sqlx::query!(r#"SELECT * FROM Download_Task WHERE id = ?1"#, id)
[INFO] [stdout]    |             ^^^^^^^^^^^^^^^^^^^^^^^^^^^^^^^^^^^^^^^^^^^^^^^^^^^^^^^^^^^^^^^^
[INFO] [stdout]    |
[INFO] [stdout]    = note: this error originates in the macro `$crate::sqlx_macros::expand_query` which comes from the expansion of the macro `sqlx::query` (in Nightly builds, run with -Z macro-backtrace for more info)
[INFO] [stdout] 
[INFO] [stdout] 
[INFO] [stdout] error: error returned from database: unable to open database file
[INFO] [stdout]    --> whip-persistance/src/queries.rs:105:13
[INFO] [stdout]     |
[INFO] [stdout] 105 |             sqlx::query!(r#"SELECT * FROM Download_Task WHERE file_url = ?1"#, url)
[INFO] [stdout]     |             ^^^^^^^^^^^^^^^^^^^^^^^^^^^^^^^^^^^^^^^^^^^^^^^^^^^^^^^^^^^^^^^^^^^^^^^
[INFO] [stdout]     |
[INFO] [stdout]     = note: this error originates in the macro `$crate::sqlx_macros::expand_query` which comes from the expansion of the macro `sqlx::query` (in Nightly builds, run with -Z macro-backtrace for more info)
[INFO] [stdout] 
[INFO] [stdout] 
[INFO] [stdout] error: error returned from database: unable to open database file
[INFO] [stdout]    --> whip-persistance/src/queries.rs:136:12
[INFO] [stdout]     |
[INFO] [stdout] 136 | ...if sqlx::query!("UPDATE Download_Task SET file_name=?1, file_url=?2, file_size=?3, percentage_completed=?4, final_file_path=?5 WHERE id = ?6", task.file_name, task.file_url, file_size, task.percentage_completed, task.final_file_path, id).ex...
[INFO] [stdout]     |       ^^^^^^^^^^^^^^^^^^^^^^^^^^^^^^^^^^^^^^^^^^^^^^^^^^^^^^^^^^^^^^^^^^^^^^^^^^^^^^^^^^^^^^^^^^^^^^^^^^^^^^^^^^^^^^^^^^^^^^^^^^^^^^^^^^^^^^^^^^^^^^^^^^^^^^^^^^^^^^^^^^^^^^^^^^^^^^^^^^^^^^^^^^^^^^^^^^^^^^^^^^^^^^^^^^^^^^^^^^^^^^^^^^^^^^^^^^
[INFO] [stdout]     |
[INFO] [stdout]     = note: this error originates in the macro `$crate::sqlx_macros::expand_query` which comes from the expansion of the macro `sqlx::query` (in Nightly builds, run with -Z macro-backtrace for more info)
[INFO] [stdout] 
[INFO] [stdout] 
[INFO] [stdout] error: error returned from database: unable to open database file
[INFO] [stdout]    --> whip-persistance/src/queries.rs:145:25
[INFO] [stdout]     |
[INFO] [stdout] 145 |         if let Err(e) = sqlx::query!("DELETE FROM Download_Task WHERE id = ?1", id)
[INFO] [stdout]     |                         ^^^^^^^^^^^^^^^^^^^^^^^^^^^^^^^^^^^^^^^^^^^^^^^^^^^^^^^^^^^
[INFO] [stdout]     |
[INFO] [stdout]     = note: this error originates in the macro `$crate::sqlx_macros::expand_query` which comes from the expansion of the macro `sqlx::query` (in Nightly builds, run with -Z macro-backtrace for more info)
[INFO] [stdout] 
[INFO] [stdout] 
[INFO] [stderr] error: could not compile `whip-persistance` (lib) due to 6 previous errors
[INFO] running `Command { std: "docker" "inspect" "129ba9f046b529fdbb4a53146ca2530801c234e73b146156851159a91f90c85e", kill_on_drop: false }`
[INFO] running `Command { std: "docker" "rm" "-f" "129ba9f046b529fdbb4a53146ca2530801c234e73b146156851159a91f90c85e", kill_on_drop: false }`
[INFO] [stdout] 129ba9f046b529fdbb4a53146ca2530801c234e73b146156851159a91f90c85e
