[INFO] cloning repository https://github.com/lockbook/lf-rs
[INFO] running `Command { std: "git" "-c" "credential.helper=" "-c" "credential.helper=/workspace/cargo-home/bin/git-credential-null" "clone" "--bare" "https://github.com/lockbook/lf-rs" "/workspace/cache/git-repos/https%3A%2F%2Fgithub.com%2Flockbook%2Flf-rs", kill_on_drop: false }`
[INFO] [stderr] Cloning into bare repository '/workspace/cache/git-repos/https%3A%2F%2Fgithub.com%2Flockbook%2Flf-rs'...
[INFO] running `Command { std: "git" "rev-parse" "HEAD", kill_on_drop: false }`
[INFO] [stdout] 1e37bac08f964c0ec336abbcb2bcbcbf26404a93
[INFO] testing lockbook/lf-rs against 1.97.0-beta.6 for beta-1.98-2
[INFO] running `Command { std: "git" "clone" "/workspace/cache/git-repos/https%3A%2F%2Fgithub.com%2Flockbook%2Flf-rs" "/workspace/builds/worker-6-tc1/source", kill_on_drop: false }`
[INFO] [stderr] Cloning into '/workspace/builds/worker-6-tc1/source'...
[INFO] [stderr] done.
[INFO] started tweaking git repo https://github.com/lockbook/lf-rs
[INFO] finished tweaking git repo https://github.com/lockbook/lf-rs
[INFO] tweaked toml for git repo https://github.com/lockbook/lf-rs written to /workspace/builds/worker-6-tc1/source/Cargo.toml
[INFO] validating manifest of git repo https://github.com/lockbook/lf-rs on toolchain 1.97.0-beta.6
[INFO] running `Command { std: CARGO_HOME="/workspace/cargo-home" RUSTUP_HOME="/workspace/rustup-home" "/workspace/cargo-home/bin/cargo" "+1.97.0-beta.6" "metadata" "--manifest-path" "Cargo.toml" "--no-deps", kill_on_drop: false }`
[INFO] crate git repo https://github.com/lockbook/lf-rs already has a lockfile, it will not be regenerated
[INFO] running `Command { std: CARGO_HOME="/workspace/cargo-home" RUSTUP_HOME="/workspace/rustup-home" "/workspace/cargo-home/bin/cargo" "+1.97.0-beta.6" "fetch" "--manifest-path" "Cargo.toml", kill_on_drop: false }`
[INFO] [stderr]     Updating crates.io index
[INFO] [stderr]  Downloading crates ...
[INFO] [stderr]   Downloaded pulse v0.5.3
[INFO] [stderr]   Downloaded diff-struct v0.5.3
[INFO] [stderr]   Downloaded time v0.1.45
[INFO] [stderr]   Downloaded diff_derive v0.2.3
[INFO] [stderr]   Downloaded wasi v0.10.0+wasi-snapshot-preview1
[INFO] [stderr]   Downloaded proc-macro2 v1.0.93
[INFO] [stderr]   Downloaded atom v0.4.0
[INFO] [stderr]   Downloaded atom v0.3.6
[INFO] [stderr]   Downloaded syn v2.0.96
[INFO] running `Command { std: "docker" "create" "-v" "/var/lib/crater-agent-workspace/builds/worker-6-tc1/source:/opt/rustwide/workdir:ro,Z" "-v" "/var/lib/crater-agent-workspace/builds/worker-6-tc1/target:/opt/rustwide/target:rw,Z" "-v" "/var/lib/crater-agent-workspace/cargo-home:/opt/rustwide/cargo-home:ro,Z" "-v" "/var/lib/crater-agent-workspace/rustup-home:/opt/rustwide/rustup-home:ro,Z" "-m" "1610612736" "--network" "none" "ghcr.io/rust-lang/crates-build-env/linux@sha256:3d5ced03c013a94a2f102a4510f48a6e9184255caf5fd8244f58017bde7f5210" "sleep" "infinity", kill_on_drop: false }`
[INFO] [stdout] 59bd56455194fc9ef999a78bdd96ed4ebfb2b7c0df3d34844c696fa7d312b80b
[INFO] running `Command { std: "docker" "start" "59bd56455194fc9ef999a78bdd96ed4ebfb2b7c0df3d34844c696fa7d312b80b", kill_on_drop: false }`
[INFO] running `Command { std: "docker" "inspect" "59bd56455194fc9ef999a78bdd96ed4ebfb2b7c0df3d34844c696fa7d312b80b", kill_on_drop: false }`
[INFO] running `Command { std: "docker" "exec" "-e" "SOURCE_DIR=/opt/rustwide/workdir" "-e" "CARGO_HOME=/opt/rustwide/cargo-home" "-e" "RUSTUP_HOME=/opt/rustwide/rustup-home" "-e" "CARGO_TARGET_DIR=/opt/rustwide/target" "-w" "/opt/rustwide/workdir" "--user" "0:0" "59bd56455194fc9ef999a78bdd96ed4ebfb2b7c0df3d34844c696fa7d312b80b" "/opt/rustwide/cargo-home/bin/cargo" "+1.97.0-beta.6" "metadata" "--no-deps" "--format-version=1", kill_on_drop: false }`
[INFO] running `Command { std: "docker" "inspect" "59bd56455194fc9ef999a78bdd96ed4ebfb2b7c0df3d34844c696fa7d312b80b", kill_on_drop: false }`
[INFO] running `Command { std: "docker" "exec" "-e" "SOURCE_DIR=/opt/rustwide/workdir" "-e" "CARGO_HOME=/opt/rustwide/cargo-home" "-e" "RUSTUP_HOME=/opt/rustwide/rustup-home" "-e" "CARGO_TARGET_DIR=/opt/rustwide/target" "-e" "CARGO_INCREMENTAL=0" "-e" "RUST_BACKTRACE=full" "-e" "RUSTFLAGS=--cap-lints=warn" "-e" "RUSTDOCFLAGS=--cap-lints=warn" "-w" "/opt/rustwide/workdir" "--user" "0:0" "59bd56455194fc9ef999a78bdd96ed4ebfb2b7c0df3d34844c696fa7d312b80b" "/opt/rustwide/cargo-home/bin/cargo" "+1.97.0-beta.6" "build" "--frozen" "--message-format=json", kill_on_drop: false }`
[INFO] [stderr]    Compiling num-traits v0.2.19
[INFO] [stderr]    Compiling proc-macro2 v1.0.93
[INFO] [stderr]    Compiling libc v0.2.169
[INFO] [stderr]    Compiling syn v1.0.109
[INFO] [stderr]    Compiling serde v1.0.217
[INFO] [stderr]    Compiling atom v0.3.6
[INFO] [stderr]    Compiling atom v0.4.0
[INFO] [stderr]    Compiling time v0.1.45
[INFO] [stderr]    Compiling quote v1.0.38
[INFO] [stderr]    Compiling num-integer v0.1.46
[INFO] [stderr]    Compiling num-complex v0.4.6
[INFO] [stderr]    Compiling syn v2.0.96
[INFO] [stderr]    Compiling num-bigint v0.4.6
[INFO] [stderr]    Compiling num-iter v0.1.45
[INFO] [stderr]    Compiling pulse v0.5.3
[INFO] [stderr]    Compiling num-rational v0.4.2
[INFO] [stderr]    Compiling num v0.4.3
[INFO] [stderr]    Compiling serde_derive v1.0.217
[INFO] [stderr]    Compiling diff_derive v0.2.3
[INFO] [stderr]    Compiling diff-struct v0.5.3
[INFO] [stderr]    Compiling lf-rs v0.1.0 (/opt/rustwide/workdir)
[INFO] [stdout] error[E0308]: mismatched types
[INFO] [stdout]   --> src/map.rs:41:24
[INFO] [stdout]    |
[INFO] [stdout] 39 | impl<U, O, F: Fn(&U) -> O, Tx: Sender<Message = O>> Lead<U, O, F, Tx> for SendMap<U, O, F, Tx> {
[INFO] [stdout]    |                            -- expected this type parameter
[INFO] [stdout] 40 |     fn lead(&mut self, follower: SendMap<U, O, F, Tx>) -> &mut SendMap<U, O, F, Tx> {
[INFO] [stdout] 41 |         self.tx = Some(follower);
[INFO] [stdout]    |                   ---- ^^^^^^^^ expected type parameter `Tx`, found `SendMap<U, O, F, Tx>`
[INFO] [stdout]    |                   |
[INFO] [stdout]    |                   arguments to this enum variant are incorrect
[INFO] [stdout]    |
[INFO] [stdout]    = note: expected type parameter `Tx`
[INFO] [stdout]                       found struct `SendMap<U, O, F, Tx>`
[INFO] [stdout] help: the type constructed contains `SendMap<U, O, F, Tx>` due to the type of the argument passed
[INFO] [stdout]   --> src/map.rs:41:19
[INFO] [stdout]    |
[INFO] [stdout] 41 |         self.tx = Some(follower);
[INFO] [stdout]    |                   ^^^^^--------^
[INFO] [stdout]    |                        |
[INFO] [stdout]    |                        this argument influences the type of `Some`
[INFO] [stdout] note: tuple variant defined here
[INFO] [stdout]   --> /rustc/b2282dd5646a57d570fc86fbe8df0e8826665ef6/library/core/src/option.rs:605:4
[INFO] [stdout] 
[INFO] [stdout] 
[INFO] [stdout] error[E0609]: no field `follower` on type `&mut SendMap<U, O, F, Tx>`
[INFO] [stdout]   --> src/map.rs:42:14
[INFO] [stdout]    |
[INFO] [stdout] 42 |         self.follower.as_mut().unwrap()
[INFO] [stdout]    |              ^^^^^^^^ unknown field
[INFO] [stdout]    |
[INFO] [stdout]    = note: available fields are: `f`, `tx`, `_u`, `_o`
[INFO] [stdout] 
[INFO] [stdout] 
[INFO] [stdout] error[E0277]: `?` couldn't convert the error to `<Rx as transport::Receiver<Sequenced<U>>>::RecvError`
[INFO] [stdout]    --> src/lib.rs:145:31
[INFO] [stdout]     |
[INFO] [stdout] 145 |             self.leader.recv()?.apply(&mut self.state);
[INFO] [stdout]     |                         ------^ the trait `From<transport::RecvError<<Rx as transport::Receiver<Sequenced<U>>>::RecvError>>` is not implemented for `<Rx as transport::Receiver<Sequenced<U>>>::RecvError`
[INFO] [stdout]     |                         |
[INFO] [stdout]     |                         this can't be annotated with `?` because it has type `Result<_, transport::RecvError<<Rx as transport::Receiver<Sequenced<U>>>::RecvError>>`
[INFO] [stdout]     |
[INFO] [stdout] note: `transport::RecvError<<Rx as transport::Receiver<Sequenced<U>>>::RecvError>` needs to implement `Into<<Rx as transport::Receiver<Sequenced<U>>>::RecvError>`
[INFO] [stdout]    --> src/transport/mod.rs:38:1
[INFO] [stdout]     |
[INFO] [stdout]  38 | pub enum RecvError<I> {
[INFO] [stdout]     | ^^^^^^^^^^^^^^^^^^^^^
[INFO] [stdout]     = note: the question mark operation (`?`) implicitly performs a conversion on the error value using the `From` trait
[INFO] [stdout]     = note: the full name for the type has been written to '/opt/rustwide/target/debug/deps/lf_rs-ddf972b1f7329fc1.long-type-12978605052110260529.txt'
[INFO] [stdout]     = note: consider using `--verbose` to print the full type name to the console
[INFO] [stdout] help: consider further restricting the associated type
[INFO] [stdout]     |
[INFO] [stdout] 143 |     pub fn sequenced_read_at(&mut self, seq: u64) -> Result<&S, Rx::RecvError> where <Rx as transport::Receiver<Sequenced<U>>>::RecvError: From<transport::RecvError<<Rx as transport::Receiver<Sequenced<U>>>::RecvError>> {
[INFO] [stdout]     |                                                                                ++++++++++++++++++++++++++++++++++++++++++++++++++++++++++++++++++++++++++++++++++++++++++++++++++++++++++++++++++++++++++++++++++++++++++++
[INFO] [stdout] 
[INFO] [stdout] 
[INFO] [stdout] Some errors have detailed explanations: E0277, E0308, E0609.
[INFO] [stdout] 
[INFO] [stdout] For more information about an error, try `rustc --explain E0277`.
[INFO] [stdout] 
[INFO] [stderr] error: could not compile `lf-rs` (lib) due to 3 previous errors
[INFO] running `Command { std: "docker" "inspect" "59bd56455194fc9ef999a78bdd96ed4ebfb2b7c0df3d34844c696fa7d312b80b", kill_on_drop: false }`
[INFO] running `Command { std: "docker" "rm" "-f" "59bd56455194fc9ef999a78bdd96ed4ebfb2b7c0df3d34844c696fa7d312b80b", kill_on_drop: false }`
[INFO] [stdout] 59bd56455194fc9ef999a78bdd96ed4ebfb2b7c0df3d34844c696fa7d312b80b
