[INFO] cloning repository https://github.com/loafey/battlesnakes.tv
[INFO] running `Command { std: "git" "-c" "credential.helper=" "-c" "credential.helper=/workspace/cargo-home/bin/git-credential-null" "clone" "--bare" "https://github.com/loafey/battlesnakes.tv" "/workspace/cache/git-repos/https%3A%2F%2Fgithub.com%2Floafey%2Fbattlesnakes.tv", kill_on_drop: false }`
[INFO] [stderr] Cloning into bare repository '/workspace/cache/git-repos/https%3A%2F%2Fgithub.com%2Floafey%2Fbattlesnakes.tv'...
[INFO] running `Command { std: "git" "rev-parse" "HEAD", kill_on_drop: false }`
[INFO] [stdout] dc1571816dd4b94fb24f580ad05696be0ed2df18
[INFO] testing loafey/battlesnakes.tv against 1.97.0-beta.6 for beta-1.98-2
[INFO] running `Command { std: "git" "clone" "/workspace/cache/git-repos/https%3A%2F%2Fgithub.com%2Floafey%2Fbattlesnakes.tv" "/workspace/builds/worker-1-tc1/source", kill_on_drop: false }`
[INFO] [stderr] Cloning into '/workspace/builds/worker-1-tc1/source'...
[INFO] [stderr] done.
[INFO] started tweaking git repo https://github.com/loafey/battlesnakes.tv
[INFO] finished tweaking git repo https://github.com/loafey/battlesnakes.tv
[INFO] tweaked toml for git repo https://github.com/loafey/battlesnakes.tv written to /workspace/builds/worker-1-tc1/source/Cargo.toml
[INFO] validating manifest of git repo https://github.com/loafey/battlesnakes.tv on toolchain 1.97.0-beta.6
[INFO] running `Command { std: CARGO_HOME="/workspace/cargo-home" RUSTUP_HOME="/workspace/rustup-home" "/workspace/cargo-home/bin/cargo" "+1.97.0-beta.6" "metadata" "--manifest-path" "Cargo.toml" "--no-deps", kill_on_drop: false }`
[INFO] crate git repo https://github.com/loafey/battlesnakes.tv already has a lockfile, it will not be regenerated
[INFO] running `Command { std: CARGO_HOME="/workspace/cargo-home" RUSTUP_HOME="/workspace/rustup-home" "/workspace/cargo-home/bin/cargo" "+1.97.0-beta.6" "fetch" "--manifest-path" "Cargo.toml", kill_on_drop: false }`
[INFO] [stderr]     Updating crates.io index
[INFO] [stderr]  Downloading crates ...
[INFO] [stderr]   Downloaded deprecate-until v0.1.1
[INFO] [stderr]   Downloaded tungstenite v0.27.0
[INFO] [stderr]   Downloaded async-tls v0.13.0
[INFO] [stderr]   Downloaded schemars_derive v1.0.4
[INFO] [stderr]   Downloaded async-tungstenite v0.30.0
[INFO] [stderr]   Downloaded serde_json v1.0.142
[INFO] [stderr]   Downloaded schemars v1.0.4
[INFO] [stderr]   Downloaded io-uring v0.7.9
[INFO] [stderr]   Downloaded pathfinding v4.14.0
[INFO] [stderr]   Downloaded webpki-roots v0.22.6
[INFO] running `Command { std: "docker" "create" "-v" "/var/lib/crater-agent-workspace/builds/worker-1-tc1/source:/opt/rustwide/workdir:ro,Z" "-v" "/var/lib/crater-agent-workspace/builds/worker-1-tc1/target:/opt/rustwide/target:rw,Z" "-v" "/var/lib/crater-agent-workspace/cargo-home:/opt/rustwide/cargo-home:ro,Z" "-v" "/var/lib/crater-agent-workspace/rustup-home:/opt/rustwide/rustup-home:ro,Z" "-m" "1610612736" "--network" "none" "ghcr.io/rust-lang/crates-build-env/linux@sha256:3d5ced03c013a94a2f102a4510f48a6e9184255caf5fd8244f58017bde7f5210" "sleep" "infinity", kill_on_drop: false }`
[INFO] [stdout] f6e329543e6cc5c05b55a5330d51f7a6bf924ebe986fbd4dab82da6b8b8173f2
[INFO] running `Command { std: "docker" "start" "f6e329543e6cc5c05b55a5330d51f7a6bf924ebe986fbd4dab82da6b8b8173f2", kill_on_drop: false }`
[INFO] running `Command { std: "docker" "inspect" "f6e329543e6cc5c05b55a5330d51f7a6bf924ebe986fbd4dab82da6b8b8173f2", kill_on_drop: false }`
[INFO] running `Command { std: "docker" "exec" "-e" "SOURCE_DIR=/opt/rustwide/workdir" "-e" "CARGO_HOME=/opt/rustwide/cargo-home" "-e" "RUSTUP_HOME=/opt/rustwide/rustup-home" "-e" "CARGO_TARGET_DIR=/opt/rustwide/target" "-w" "/opt/rustwide/workdir" "--user" "0:0" "f6e329543e6cc5c05b55a5330d51f7a6bf924ebe986fbd4dab82da6b8b8173f2" "/opt/rustwide/cargo-home/bin/cargo" "+1.97.0-beta.6" "metadata" "--no-deps" "--format-version=1", kill_on_drop: false }`
[INFO] running `Command { std: "docker" "inspect" "f6e329543e6cc5c05b55a5330d51f7a6bf924ebe986fbd4dab82da6b8b8173f2", kill_on_drop: false }`
[INFO] running `Command { std: "docker" "exec" "-e" "SOURCE_DIR=/opt/rustwide/workdir" "-e" "CARGO_HOME=/opt/rustwide/cargo-home" "-e" "RUSTUP_HOME=/opt/rustwide/rustup-home" "-e" "CARGO_TARGET_DIR=/opt/rustwide/target" "-e" "CARGO_INCREMENTAL=0" "-e" "RUST_BACKTRACE=full" "-e" "RUSTFLAGS=--cap-lints=warn" "-e" "RUSTDOCFLAGS=--cap-lints=warn" "-w" "/opt/rustwide/workdir" "--user" "0:0" "f6e329543e6cc5c05b55a5330d51f7a6bf924ebe986fbd4dab82da6b8b8173f2" "/opt/rustwide/cargo-home/bin/cargo" "+1.97.0-beta.6" "build" "--frozen" "--message-format=json", kill_on_drop: false }`
[INFO] [stderr]    Compiling libc v0.2.174
[INFO] [stderr]    Compiling cfg-if v1.0.1
[INFO] [stderr]    Compiling smallvec v1.15.1
[INFO] [stderr]    Compiling log v0.4.27
[INFO] [stderr]    Compiling serde v1.0.219
[INFO] [stderr]    Compiling getrandom v0.3.3
[INFO] [stderr]    Compiling syn v2.0.104
[INFO] [stderr]    Compiling zerocopy v0.8.26
[INFO] [stderr]    Compiling futures-sink v0.3.31
[INFO] [stderr]    Compiling serde_json v1.0.142
[INFO] [stderr]    Compiling thiserror v2.0.12
[INFO] [stderr]    Compiling digest v0.10.7
[INFO] [stderr]    Compiling futures-channel v0.3.31
[INFO] [stderr]    Compiling data-encoding v2.9.0
[INFO] [stderr]    Compiling regex-syntax v0.8.5
[INFO] [stderr]    Compiling regex-syntax v0.6.29
[INFO] [stderr]    Compiling overload v0.1.1
[INFO] [stderr]    Compiling dyn-clone v1.0.20
[INFO] [stderr]    Compiling anyhow v1.0.98
[INFO] [stderr]    Compiling nu-ansi-term v0.46.0
[INFO] [stderr]    Compiling thread_local v1.1.9
[INFO] [stderr]    Compiling tracing-log v0.2.0
[INFO] [stderr]    Compiling sha1 v0.10.6
[INFO] [stderr]    Compiling headers v0.4.1
[INFO] [stderr]    Compiling parking_lot_core v0.9.11
[INFO] [stderr]    Compiling mio v1.0.4
[INFO] [stderr]    Compiling signal-hook-registry v1.4.6
[INFO] [stderr]    Compiling socket2 v0.6.0
[INFO] [stderr]    Compiling rand_core v0.9.3
[INFO] [stderr]    Compiling parking_lot v0.12.4
[INFO] [stderr]    Compiling regex-automata v0.4.9
[INFO] [stderr]    Compiling regex-automata v0.1.10
[INFO] [stderr]    Compiling ppv-lite86 v0.2.21
[INFO] [stderr]    Compiling rand_chacha v0.9.0
[INFO] [stderr]    Compiling matchers v0.1.0
[INFO] [stderr]    Compiling rand v0.9.2
[INFO] [stderr]    Compiling regex v1.11.1
[INFO] [stderr]    Compiling serde_derive_internals v0.29.1
[INFO] [stderr]    Compiling serde_derive v1.0.219
[INFO] [stderr]    Compiling futures-macro v0.3.31
[INFO] [stderr]    Compiling tokio-macros v2.5.0
[INFO] [stderr]    Compiling tracing-attributes v0.1.30
[INFO] [stderr]    Compiling thiserror-impl v2.0.12
[INFO] [stderr]    Compiling ref-cast-impl v1.0.24
[INFO] [stderr]    Compiling schemars_derive v1.0.4
[INFO] [stderr]    Compiling ref-cast v1.0.24
[INFO] [stderr]    Compiling tokio v1.47.1
[INFO] [stderr]    Compiling futures-util v0.3.31
[INFO] [stderr]    Compiling tracing v0.1.41
[INFO] [stderr]    Compiling axum-core v0.5.2
[INFO] [stderr]    Compiling tracing-subscriber v0.3.19
[INFO] [stderr]    Compiling tungstenite v0.26.2
[INFO] [stderr]    Compiling hyper v1.6.0
[INFO] [stderr]    Compiling tokio-tungstenite v0.26.2
[INFO] [stderr]    Compiling tower v0.5.2
[INFO] [stderr]    Compiling serde_path_to_error v0.1.17
[INFO] [stderr]    Compiling serde_urlencoded v0.7.1
[INFO] [stderr]    Compiling hyper-util v0.1.16
[INFO] [stderr]    Compiling axum v0.8.4
[INFO] [stderr]    Compiling schemars v1.0.4
[INFO] [stderr]    Compiling snakes-shared v0.1.0 (/opt/rustwide/workdir/crates/snakes-shared)
[INFO] [stderr]    Compiling axum-extra v0.10.1
[INFO] [stderr]    Compiling angry-snakes v0.1.0 (/opt/rustwide/workdir)
[INFO] [stdout] error[E0554]: `#![feature]` may not be used on the beta release channel
[INFO] [stdout]  --> src/main.rs:2:1
[INFO] [stdout]   |
[INFO] [stdout] 2 | #![feature(try_blocks)]
[INFO] [stdout]   | ^^^^^^^^^^^^^^^^^^^^^^^
[INFO] [stdout] 
[INFO] [stdout] 
[INFO] [stdout] warning: unused import: `tick_buffer::TickBuffer`
[INFO] [stdout]   --> src/main.rs:23:5
[INFO] [stdout]    |
[INFO] [stdout] 23 |     tick_buffer::TickBuffer,
[INFO] [stdout]    |     ^^^^^^^^^^^^^^^^^^^^^^^
[INFO] [stdout]    |
[INFO] [stdout]    = note: `#[warn(unused_imports)]` (part of `#[warn(unused)]`) on by default
[INFO] [stdout] 
[INFO] [stdout] 
[INFO] [stdout] error[E0308]: mismatched types
[INFO] [stdout]    --> src/main.rs:198:32
[INFO] [stdout]     |
[INFO] [stdout] 198 |                     let json = serde_json::to_string(&msg)?;
[INFO] [stdout]     |                                ^^^^^^^^^^^^^^^^^^^^^^^^^^^^ expected `Result<(), Error>`, found `Result<_, Error>`
[INFO] [stdout]     |
[INFO] [stdout]     = note: `serde_json::Error` and `anyhow::Error` have similar names, but are actually distinct types
[INFO] [stdout] note: `serde_json::Error` is defined in crate `serde_json`
[INFO] [stdout]    --> /opt/rustwide/cargo-home/registry/src/index.crates.io-1949cf8c6b5b557f/serde_json-1.0.142/src/error.rs:17:1
[INFO] [stdout]     |
[INFO] [stdout]  17 | pub struct Error {
[INFO] [stdout]     | ^^^^^^^^^^^^^^^^
[INFO] [stdout] note: `anyhow::Error` is defined in crate `anyhow`
[INFO] [stdout]    --> /opt/rustwide/cargo-home/registry/src/index.crates.io-1949cf8c6b5b557f/anyhow-1.0.98/src/lib.rs:393:1
[INFO] [stdout]     |
[INFO] [stdout] 393 | pub struct Error {
[INFO] [stdout]     | ^^^^^^^^^^^^^^^^
[INFO] [stdout] help: consider using `Result::expect` to unwrap the `Result<_, serde_json::Error>` value, panicking if the value is a `Result::Err`
[INFO] [stdout]     |
[INFO] [stdout] 198 |                     let json = serde_json::to_string(&msg)?.expect("REASON");
[INFO] [stdout]     |                                                            +++++++++++++++++
[INFO] [stdout] 
[INFO] [stdout] 
[INFO] [stdout] error[E0308]: mismatched types
[INFO] [stdout]    --> src/main.rs:213:39
[INFO] [stdout]     |
[INFO] [stdout] 213 | ...                   let msg = serde_json::from_slice::<ClientMessage>(bytes.as_bytes())?;
[INFO] [stdout]     |                                 ^^^^^^^^^^^^^^^^^^^^^^^^^^^^^^^^^^^^^^^^^^^^^^^^^^^^^^^^^^ expected `Result<(), Error>`, found `Result<_, Error>`
[INFO] [stdout]     |
[INFO] [stdout]     = note: `serde_json::Error` and `anyhow::Error` have similar names, but are actually distinct types
[INFO] [stdout] note: `serde_json::Error` is defined in crate `serde_json`
[INFO] [stdout]    --> /opt/rustwide/cargo-home/registry/src/index.crates.io-1949cf8c6b5b557f/serde_json-1.0.142/src/error.rs:17:1
[INFO] [stdout]     |
[INFO] [stdout]  17 | pub struct Error {
[INFO] [stdout]     | ^^^^^^^^^^^^^^^^
[INFO] [stdout] note: `anyhow::Error` is defined in crate `anyhow`
[INFO] [stdout]    --> /opt/rustwide/cargo-home/registry/src/index.crates.io-1949cf8c6b5b557f/anyhow-1.0.98/src/lib.rs:393:1
[INFO] [stdout]     |
[INFO] [stdout] 393 | pub struct Error {
[INFO] [stdout]     | ^^^^^^^^^^^^^^^^
[INFO] [stdout] help: consider using `Result::expect` to unwrap the `Result<_, serde_json::Error>` value, panicking if the value is a `Result::Err`
[INFO] [stdout]     |
[INFO] [stdout] 213 |                             let msg = serde_json::from_slice::<ClientMessage>(bytes.as_bytes())?.expect("REASON");
[INFO] [stdout]     |                                                                                                 +++++++++++++++++
[INFO] [stdout] 
[INFO] [stdout] 
[INFO] [stdout] Some errors have detailed explanations: E0308, E0554.
[INFO] [stdout] 
[INFO] [stdout] For more information about an error, try `rustc --explain E0308`.
[INFO] [stdout] 
[INFO] [stderr] error: could not compile `angry-snakes` (bin "angry-snakes") due to 3 previous errors; 1 warning emitted
[INFO] running `Command { std: "docker" "inspect" "f6e329543e6cc5c05b55a5330d51f7a6bf924ebe986fbd4dab82da6b8b8173f2", kill_on_drop: false }`
[INFO] running `Command { std: "docker" "rm" "-f" "f6e329543e6cc5c05b55a5330d51f7a6bf924ebe986fbd4dab82da6b8b8173f2", kill_on_drop: false }`
[INFO] [stdout] f6e329543e6cc5c05b55a5330d51f7a6bf924ebe986fbd4dab82da6b8b8173f2
