[INFO] cloning repository https://github.com/lnsp/aoc-2022
[INFO] running `Command { std: "git" "-c" "credential.helper=" "-c" "credential.helper=/workspace/cargo-home/bin/git-credential-null" "clone" "--bare" "https://github.com/lnsp/aoc-2022" "/workspace/cache/git-repos/https%3A%2F%2Fgithub.com%2Flnsp%2Faoc-2022", kill_on_drop: false }`
[INFO] [stderr] Cloning into bare repository '/workspace/cache/git-repos/https%3A%2F%2Fgithub.com%2Flnsp%2Faoc-2022'...
[INFO] running `Command { std: "git" "rev-parse" "HEAD", kill_on_drop: false }`
[INFO] [stdout] b7809c720b43d4d79172003acf686ed89d7d8c35
[INFO] testing lnsp/aoc-2022 against 1.98.0-beta.1 for beta-1.98-2
[INFO] running `Command { std: "git" "clone" "/workspace/cache/git-repos/https%3A%2F%2Fgithub.com%2Flnsp%2Faoc-2022" "/workspace/builds/worker-6-tc2/source", kill_on_drop: false }`
[INFO] [stderr] Cloning into '/workspace/builds/worker-6-tc2/source'...
[INFO] [stderr] done.
[INFO] started tweaking git repo https://github.com/lnsp/aoc-2022
[INFO] finished tweaking git repo https://github.com/lnsp/aoc-2022
[INFO] tweaked toml for git repo https://github.com/lnsp/aoc-2022 written to /workspace/builds/worker-6-tc2/source/Cargo.toml
[INFO] validating manifest of git repo https://github.com/lnsp/aoc-2022 on toolchain 1.98.0-beta.1
[INFO] running `Command { std: CARGO_HOME="/workspace/cargo-home" RUSTUP_HOME="/workspace/rustup-home" "/workspace/cargo-home/bin/cargo" "+1.98.0-beta.1" "metadata" "--manifest-path" "Cargo.toml" "--no-deps", kill_on_drop: false }`
[INFO] crate git repo https://github.com/lnsp/aoc-2022 already has a lockfile, it will not be regenerated
[INFO] running `Command { std: CARGO_HOME="/workspace/cargo-home" RUSTUP_HOME="/workspace/rustup-home" "/workspace/cargo-home/bin/cargo" "+1.98.0-beta.1" "fetch" "--manifest-path" "Cargo.toml", kill_on_drop: false }`
[INFO] running `Command { std: "docker" "create" "-v" "/var/lib/crater-agent-workspace/builds/worker-6-tc2/source:/opt/rustwide/workdir:ro,Z" "-v" "/var/lib/crater-agent-workspace/builds/worker-6-tc2/target:/opt/rustwide/target:rw,Z" "-v" "/var/lib/crater-agent-workspace/cargo-home:/opt/rustwide/cargo-home:ro,Z" "-v" "/var/lib/crater-agent-workspace/rustup-home:/opt/rustwide/rustup-home:ro,Z" "-m" "1610612736" "--network" "none" "ghcr.io/rust-lang/crates-build-env/linux@sha256:3d5ced03c013a94a2f102a4510f48a6e9184255caf5fd8244f58017bde7f5210" "sleep" "infinity", kill_on_drop: false }`
[INFO] [stdout] 14dc64aa8fe4e6c52070f0b1259fbb3906e55027bbcc802e7bc89ab1db4a0d03
[INFO] running `Command { std: "docker" "start" "14dc64aa8fe4e6c52070f0b1259fbb3906e55027bbcc802e7bc89ab1db4a0d03", kill_on_drop: false }`
[INFO] running `Command { std: "docker" "inspect" "14dc64aa8fe4e6c52070f0b1259fbb3906e55027bbcc802e7bc89ab1db4a0d03", kill_on_drop: false }`
[INFO] running `Command { std: "docker" "exec" "-e" "SOURCE_DIR=/opt/rustwide/workdir" "-e" "CARGO_HOME=/opt/rustwide/cargo-home" "-e" "RUSTUP_HOME=/opt/rustwide/rustup-home" "-e" "CARGO_TARGET_DIR=/opt/rustwide/target" "-w" "/opt/rustwide/workdir" "--user" "0:0" "14dc64aa8fe4e6c52070f0b1259fbb3906e55027bbcc802e7bc89ab1db4a0d03" "/opt/rustwide/cargo-home/bin/cargo" "+1.98.0-beta.1" "metadata" "--no-deps" "--format-version=1", kill_on_drop: false }`
[INFO] running `Command { std: "docker" "inspect" "14dc64aa8fe4e6c52070f0b1259fbb3906e55027bbcc802e7bc89ab1db4a0d03", kill_on_drop: false }`
[INFO] running `Command { std: "docker" "exec" "-e" "SOURCE_DIR=/opt/rustwide/workdir" "-e" "CARGO_HOME=/opt/rustwide/cargo-home" "-e" "RUSTUP_HOME=/opt/rustwide/rustup-home" "-e" "CARGO_TARGET_DIR=/opt/rustwide/target" "-e" "CARGO_INCREMENTAL=0" "-e" "RUST_BACKTRACE=full" "-e" "RUSTFLAGS=--cap-lints=warn" "-e" "RUSTDOCFLAGS=--cap-lints=warn" "-w" "/opt/rustwide/workdir" "--user" "0:0" "14dc64aa8fe4e6c52070f0b1259fbb3906e55027bbcc802e7bc89ab1db4a0d03" "/opt/rustwide/cargo-home/bin/cargo" "+1.98.0-beta.1" "build" "--frozen" "--message-format=json", kill_on_drop: false }`
[INFO] [stderr]    Compiling either v1.8.0
[INFO] [stderr]    Compiling itertools v0.10.5
[INFO] [stderr]    Compiling aoc-2022 v0.1.0 (/opt/rustwide/workdir)
[INFO] [stdout] error[E0432]: unresolved import `indicatif`
[INFO] [stdout]  --> src/bin/11.rs:6:5
[INFO] [stdout]   |
[INFO] [stdout] 6 | use indicatif::ProgressIterator;
[INFO] [stdout]   |     ^^^^^^^^^ use of unresolved module or unlinked crate `indicatif`
[INFO] [stdout]   |
[INFO] [stdout]   = help: if you wanted to use a crate named `indicatif`, use `cargo add indicatif` to add it to your `Cargo.toml`
[INFO] [stdout] 
[INFO] [stdout] 
[INFO] [stdout] warning: unused import: `ops::BitOr`
[INFO] [stdout]  --> src/bin/06.rs:1:15
[INFO] [stdout]   |
[INFO] [stdout] 1 | use std::{io, ops::BitOr};
[INFO] [stdout]   |               ^^^^^^^^^^
[INFO] [stdout]   |
[INFO] [stdout]   = note: `#[warn(unused_imports)]` (part of `#[warn(unused)]`) on by default
[INFO] [stdout] 
[INFO] [stdout] 
[INFO] [stdout] error[E0554]: `#![feature]` may not be used on the beta release channel
[INFO] [stdout]  --> src/bin/11.rs:1:1
[INFO] [stdout]   |
[INFO] [stdout] 1 | #![feature(iter_array_chunks)]
[INFO] [stdout]   | ^^^^^^^^^^^^^^^^^^^^^^^^^^^^^^
[INFO] [stdout] 
[INFO] [stdout] 
[INFO] [stdout] error[E0432]: unresolved import `text_io`
[INFO] [stdout]  --> src/bin/15.rs:3:5
[INFO] [stdout]   |
[INFO] [stdout] 3 | use text_io::scan;
[INFO] [stdout]   |     ^^^^^^^ use of unresolved module or unlinked crate `text_io`
[INFO] [stdout]   |
[INFO] [stdout]   = help: if you wanted to use a crate named `text_io`, use `cargo add text_io` to add it to your `Cargo.toml`
[INFO] [stdout] 
[INFO] [stdout] 
[INFO] [stdout] For more information about this error, try `rustc --explain E0432`.
[INFO] [stdout] 
[INFO] [stderr] error: could not compile `aoc-2022` (bin "15") due to 1 previous error
[INFO] [stderr] warning: build failed, waiting for other jobs to finish...
[INFO] [stdout] error[E0599]: no method named `progress` found for struct `std::ops::Range<Idx>` in the current scope
[INFO] [stdout]    --> src/bin/11.rs:101:25
[INFO] [stdout]     |
[INFO] [stdout] 101 |     for _ in (0..10000).progress() {
[INFO] [stdout]     |                         ^^^^^^^^ method not found in `std::ops::Range<{integer}>`
[INFO] [stdout] 
[INFO] [stdout] 
[INFO] [stdout] Some errors have detailed explanations: E0432, E0554, E0599.
[INFO] [stdout] 
[INFO] [stdout] For more information about an error, try `rustc --explain E0432`.
[INFO] [stdout] 
[INFO] [stderr] error: could not compile `aoc-2022` (bin "11") due to 3 previous errors
[INFO] running `Command { std: "docker" "inspect" "14dc64aa8fe4e6c52070f0b1259fbb3906e55027bbcc802e7bc89ab1db4a0d03", kill_on_drop: false }`
[INFO] running `Command { std: "docker" "rm" "-f" "14dc64aa8fe4e6c52070f0b1259fbb3906e55027bbcc802e7bc89ab1db4a0d03", kill_on_drop: false }`
[INFO] [stdout] 14dc64aa8fe4e6c52070f0b1259fbb3906e55027bbcc802e7bc89ab1db4a0d03
