[INFO] cloning repository https://github.com/lnicola/thinning
[INFO] running `Command { std: "git" "-c" "credential.helper=" "-c" "credential.helper=/workspace/cargo-home/bin/git-credential-null" "clone" "--bare" "https://github.com/lnicola/thinning" "/workspace/cache/git-repos/https%3A%2F%2Fgithub.com%2Flnicola%2Fthinning", kill_on_drop: false }`
[INFO] [stderr] Cloning into bare repository '/workspace/cache/git-repos/https%3A%2F%2Fgithub.com%2Flnicola%2Fthinning'...
[INFO] running `Command { std: "git" "rev-parse" "HEAD", kill_on_drop: false }`
[INFO] [stdout] 466ee127189677dced1840151025b3ce1705f2cc
[INFO] testing lnicola/thinning against 1.98.0-beta.1 for beta-1.98-2
[INFO] running `Command { std: "git" "clone" "/workspace/cache/git-repos/https%3A%2F%2Fgithub.com%2Flnicola%2Fthinning" "/workspace/builds/worker-5-tc2/source", kill_on_drop: false }`
[INFO] [stderr] Cloning into '/workspace/builds/worker-5-tc2/source'...
[INFO] [stderr] done.
[INFO] started tweaking git repo https://github.com/lnicola/thinning
[INFO] finished tweaking git repo https://github.com/lnicola/thinning
[INFO] tweaked toml for git repo https://github.com/lnicola/thinning written to /workspace/builds/worker-5-tc2/source/Cargo.toml
[INFO] validating manifest of git repo https://github.com/lnicola/thinning on toolchain 1.98.0-beta.1
[INFO] running `Command { std: CARGO_HOME="/workspace/cargo-home" RUSTUP_HOME="/workspace/rustup-home" "/workspace/cargo-home/bin/cargo" "+1.98.0-beta.1" "metadata" "--manifest-path" "Cargo.toml" "--no-deps", kill_on_drop: false }`
[INFO] crate git repo https://github.com/lnicola/thinning already has a lockfile, it will not be regenerated
[INFO] running `Command { std: CARGO_HOME="/workspace/cargo-home" RUSTUP_HOME="/workspace/rustup-home" "/workspace/cargo-home/bin/cargo" "+1.98.0-beta.1" "fetch" "--manifest-path" "Cargo.toml", kill_on_drop: false }`
[INFO] running `Command { std: "docker" "create" "-v" "/var/lib/crater-agent-workspace/builds/worker-5-tc2/source:/opt/rustwide/workdir:ro,Z" "-v" "/var/lib/crater-agent-workspace/builds/worker-5-tc2/target:/opt/rustwide/target:rw,Z" "-v" "/var/lib/crater-agent-workspace/cargo-home:/opt/rustwide/cargo-home:ro,Z" "-v" "/var/lib/crater-agent-workspace/rustup-home:/opt/rustwide/rustup-home:ro,Z" "-m" "1610612736" "--network" "none" "ghcr.io/rust-lang/crates-build-env/linux@sha256:3d5ced03c013a94a2f102a4510f48a6e9184255caf5fd8244f58017bde7f5210" "sleep" "infinity", kill_on_drop: false }`
[INFO] [stdout] 3072c822e668e45dcb2c56393b18bb5ee5f63009c83d39eebdc03def16166d97
[INFO] running `Command { std: "docker" "start" "3072c822e668e45dcb2c56393b18bb5ee5f63009c83d39eebdc03def16166d97", kill_on_drop: false }`
[INFO] running `Command { std: "docker" "inspect" "3072c822e668e45dcb2c56393b18bb5ee5f63009c83d39eebdc03def16166d97", kill_on_drop: false }`
[INFO] running `Command { std: "docker" "exec" "-e" "SOURCE_DIR=/opt/rustwide/workdir" "-e" "CARGO_HOME=/opt/rustwide/cargo-home" "-e" "RUSTUP_HOME=/opt/rustwide/rustup-home" "-e" "CARGO_TARGET_DIR=/opt/rustwide/target" "-w" "/opt/rustwide/workdir" "--user" "0:0" "3072c822e668e45dcb2c56393b18bb5ee5f63009c83d39eebdc03def16166d97" "/opt/rustwide/cargo-home/bin/cargo" "+1.98.0-beta.1" "metadata" "--no-deps" "--format-version=1", kill_on_drop: false }`
[INFO] running `Command { std: "docker" "inspect" "3072c822e668e45dcb2c56393b18bb5ee5f63009c83d39eebdc03def16166d97", kill_on_drop: false }`
[INFO] running `Command { std: "docker" "exec" "-e" "SOURCE_DIR=/opt/rustwide/workdir" "-e" "CARGO_HOME=/opt/rustwide/cargo-home" "-e" "RUSTUP_HOME=/opt/rustwide/rustup-home" "-e" "CARGO_TARGET_DIR=/opt/rustwide/target" "-e" "CARGO_INCREMENTAL=0" "-e" "RUST_BACKTRACE=full" "-e" "RUSTFLAGS=--cap-lints=warn" "-e" "RUSTDOCFLAGS=--cap-lints=warn" "-w" "/opt/rustwide/workdir" "--user" "0:0" "3072c822e668e45dcb2c56393b18bb5ee5f63009c83d39eebdc03def16166d97" "/opt/rustwide/cargo-home/bin/cargo" "+1.98.0-beta.1" "build" "--frozen" "--message-format=json", kill_on_drop: false }`
[INFO] [stderr]    Compiling proc-macro2 v1.0.52
[INFO] [stderr]    Compiling unicode-ident v1.0.8
[INFO] [stderr]    Compiling quote v1.0.26
[INFO] [stderr]    Compiling syn v1.0.109
[INFO] [stderr]    Compiling libc v0.2.140
[INFO] [stderr]    Compiling glob v0.3.1
[INFO] [stderr]    Compiling memchr v2.5.0
[INFO] [stderr]    Compiling libm v0.2.6
[INFO] [stderr]    Compiling log v0.4.17
[INFO] [stderr]    Compiling semver v1.0.17
[INFO] [stderr]    Compiling num-traits v0.2.15
[INFO] [stderr]    Compiling libloading v0.7.4
[INFO] [stderr]    Compiling bindgen v0.64.0
[INFO] [stderr]    Compiling regex-syntax v0.6.28
[INFO] [stderr]    Compiling either v1.8.1
[INFO] [stderr]    Compiling shlex v1.1.0
[INFO] [stderr]    Compiling serde_derive v1.0.156
[INFO] [stderr]    Compiling pkg-config v0.3.26
[INFO] [stderr]    Compiling io-lifetimes v1.0.9
[INFO] [stderr]    Compiling num-integer v0.1.45
[INFO] [stderr]    Compiling serde v1.0.156
[INFO] [stderr]    Compiling rustix v0.36.11
[INFO] [stderr]    Compiling linux-raw-sys v0.1.4
[INFO] [stderr]    Compiling portable-atomic v0.3.19
[INFO] [stderr]    Compiling thiserror v1.0.39
[INFO] [stderr]    Compiling aho-corasick v0.7.20
[INFO] [stderr]    Compiling clang-sys v1.6.0
[INFO] [stderr]    Compiling unicode-width v0.1.10
[INFO] [stderr]    Compiling once_cell v1.17.1
[INFO] [stderr]    Compiling termcolor v1.2.0
[INFO] [stderr]    Compiling number_prefix v0.4.0
[INFO] [stderr]    Compiling gdal v0.14.0 (https://github.com/georust/gdal#7b874de5)
[INFO] [stderr]    Compiling nom v7.1.3
[INFO] [stderr]    Compiling which v4.4.0
[INFO] [stderr]    Compiling approx v0.5.1
[INFO] [stderr]    Compiling console v0.15.5
[INFO] [stderr]    Compiling memmap2 v0.5.10
[INFO] [stderr]    Compiling chrono v0.4.24
[INFO] [stderr]    Compiling indicatif v0.17.3
[INFO] [stderr]    Compiling regex v1.7.1
[INFO] [stderr]    Compiling is-terminal v0.4.5
[INFO] [stderr]    Compiling env_logger v0.10.0
[INFO] [stderr]    Compiling cexpr v0.6.0
[INFO] [stderr]    Compiling thiserror-impl v1.0.39
[INFO] [stderr]    Compiling gdal-sys v0.8.0 (https://github.com/georust/gdal#7b874de5)
[INFO] [stderr]    Compiling geo-types v0.7.9
[INFO] [stderr] error: failed to run custom build command for `gdal-sys v0.8.0 (https://github.com/georust/gdal#7b874de5)`
[INFO] [stderr] note: To improve backtraces for build dependencies, set the CARGO_PROFILE_DEV_BUILD_OVERRIDE_DEBUG=true environment variable to enable debug information generation.
[INFO] [stderr] 
[INFO] [stderr] Caused by:
[INFO] [stderr]   process didn't exit successfully: `/opt/rustwide/target/debug/build/gdal-sys-55e4abfb1c294e80/build-script-build` (exit status: 101)
[INFO] [stderr]   --- stdout
[INFO] [stderr]   cargo:rerun-if-env-changed=GDAL_STATIC
[INFO] [stderr]   cargo:rerun-if-env-changed=GDAL_DYNAMIC
[INFO] [stderr]   cargo:rerun-if-env-changed=GDAL_INCLUDE_DIR
[INFO] [stderr]   cargo:rerun-if-env-changed=GDAL_LIB_DIR
[INFO] [stderr]   cargo:rerun-if-env-changed=GDAL_HOME
[INFO] [stderr]   cargo:rerun-if-env-changed=GDAL_VERSION
[INFO] [stderr]   cargo:rerun-if-env-changed=GDAL_NO_PKG_CONFIG
[INFO] [stderr]   cargo:rerun-if-env-changed=PKG_CONFIG_x86_64-unknown-linux-gnu
[INFO] [stderr]   cargo:rerun-if-env-changed=PKG_CONFIG_x86_64_unknown_linux_gnu
[INFO] [stderr]   cargo:rerun-if-env-changed=HOST_PKG_CONFIG
[INFO] [stderr]   cargo:rerun-if-env-changed=PKG_CONFIG
[INFO] [stderr]   cargo:rerun-if-env-changed=PKG_CONFIG_PATH_x86_64-unknown-linux-gnu
[INFO] [stderr]   cargo:rerun-if-env-changed=PKG_CONFIG_PATH_x86_64_unknown_linux_gnu
[INFO] [stderr]   cargo:rerun-if-env-changed=HOST_PKG_CONFIG_PATH
[INFO] [stderr]   cargo:rerun-if-env-changed=PKG_CONFIG_PATH
[INFO] [stderr]   cargo:rerun-if-env-changed=PKG_CONFIG_LIBDIR_x86_64-unknown-linux-gnu
[INFO] [stderr]   cargo:rerun-if-env-changed=PKG_CONFIG_LIBDIR_x86_64_unknown_linux_gnu
[INFO] [stderr]   cargo:rerun-if-env-changed=HOST_PKG_CONFIG_LIBDIR
[INFO] [stderr]   cargo:rerun-if-env-changed=PKG_CONFIG_LIBDIR
[INFO] [stderr]   cargo:rerun-if-env-changed=PKG_CONFIG_SYSROOT_DIR_x86_64-unknown-linux-gnu
[INFO] [stderr]   cargo:rerun-if-env-changed=PKG_CONFIG_SYSROOT_DIR_x86_64_unknown_linux_gnu
[INFO] [stderr]   cargo:rerun-if-env-changed=HOST_PKG_CONFIG_SYSROOT_DIR
[INFO] [stderr]   cargo:rerun-if-env-changed=PKG_CONFIG_SYSROOT_DIR
[INFO] [stderr] 
[INFO] [stderr]   --- stderr
[INFO] [stderr]   wrapper.h:5:10: fatal error: 'cpl_atomic_ops.h' file not found
[INFO] [stderr] 
[INFO] [stderr]   thread 'main' (1352) panicked at /opt/rustwide/cargo-home/git/checkouts/gdal-3b51095beae5b4fc/7b874de/gdal-sys/build.rs:33:10:
[INFO] [stderr]   Unable to generate bindings: ClangDiagnostic("wrapper.h:5:10: fatal error: 'cpl_atomic_ops.h' file not found\n")
[INFO] [stderr]   stack backtrace:
[INFO] [stderr]      0:     0x578855a89231 - std[73adb7dc35730857]::backtrace_rs::backtrace::libunwind::trace
[INFO] [stderr]                                  at /rustc/6b3fa26749ab40e159b2dd5cf577acaaf5902772/library/std/src/../../backtrace/src/backtrace/libunwind.rs:117:9
[INFO] [stderr]      1:     0x578855a89231 - std[73adb7dc35730857]::backtrace_rs::backtrace::trace_unsynchronized::<std[73adb7dc35730857]::sys::backtrace::_print_fmt::{closure#1}>
[INFO] [stderr]                                  at /rustc/6b3fa26749ab40e159b2dd5cf577acaaf5902772/library/std/src/../../backtrace/src/backtrace/mod.rs:66:14
[INFO] [stderr]      2:     0x578855a89231 - std[73adb7dc35730857]::sys::backtrace::_print_fmt
[INFO] [stderr]                                  at /rustc/6b3fa26749ab40e159b2dd5cf577acaaf5902772/library/std/src/sys/backtrace.rs:74:9
[INFO] [stderr]      3:     0x578855a89231 - <<std[73adb7dc35730857]::sys::backtrace::BacktraceLock>::print::DisplayBacktrace as core[6883ba1bc0fe4ed1]::fmt::Display>::fmt
[INFO] [stderr]                                  at /rustc/6b3fa26749ab40e159b2dd5cf577acaaf5902772/library/std/src/sys/backtrace.rs:44:26
[INFO] [stderr]      4:     0x578855a9ff4a - <core[6883ba1bc0fe4ed1]::fmt::rt::Argument>::fmt
[INFO] [stderr]                                  at /rustc/6b3fa26749ab40e159b2dd5cf577acaaf5902772/library/core/src/fmt/rt.rs:152:76
[INFO] [stderr]      5:     0x578855a9ff4a - core[6883ba1bc0fe4ed1]::fmt::write
[INFO] [stderr]      6:     0x578855a8f33c - std[73adb7dc35730857]::io::default_write_fmt::<std[73adb7dc35730857]::sys::stdio::unix::Stderr>
[INFO] [stderr]                                  at /rustc/6b3fa26749ab40e159b2dd5cf577acaaf5902772/library/std/src/io/mod.rs:626:11
[INFO] [stderr]      7:     0x578855a8f33c - <std[73adb7dc35730857]::sys::stdio::unix::Stderr as std[73adb7dc35730857]::io::Write>::write_fmt
[INFO] [stderr]                                  at /rustc/6b3fa26749ab40e159b2dd5cf577acaaf5902772/library/std/src/io/mod.rs:1730:13
[INFO] [stderr]      8:     0x578855a68c36 - <std[73adb7dc35730857]::sys::backtrace::BacktraceLock>::print
[INFO] [stderr]                                  at /rustc/6b3fa26749ab40e159b2dd5cf577acaaf5902772/library/std/src/sys/backtrace.rs:47:9
[INFO] [stderr]      9:     0x578855a68c36 - std[73adb7dc35730857]::panicking::default_hook::{closure#0}
[INFO] [stderr]                                  at /rustc/6b3fa26749ab40e159b2dd5cf577acaaf5902772/library/std/src/panicking.rs:292:27
[INFO] [stderr]     10:     0x578855a82981 - std[73adb7dc35730857]::panicking::default_hook
[INFO] [stderr]                                  at /rustc/6b3fa26749ab40e159b2dd5cf577acaaf5902772/library/std/src/panicking.rs:319:9
[INFO] [stderr]     11:     0x578855a82cab - std[73adb7dc35730857]::panicking::panic_with_hook
[INFO] [stderr]                                  at /rustc/6b3fa26749ab40e159b2dd5cf577acaaf5902772/library/std/src/panicking.rs:815:13
[INFO] [stderr]     12:     0x578855a68ce2 - std[73adb7dc35730857]::panicking::panic_handler::{closure#0}
[INFO] [stderr]                                  at /rustc/6b3fa26749ab40e159b2dd5cf577acaaf5902772/library/std/src/panicking.rs:688:13
[INFO] [stderr]     13:     0x578855a60459 - std[73adb7dc35730857]::sys::backtrace::__rust_end_short_backtrace::<std[73adb7dc35730857]::panicking::panic_handler::{closure#0}, !>
[INFO] [stderr]                                  at /rustc/6b3fa26749ab40e159b2dd5cf577acaaf5902772/library/std/src/sys/backtrace.rs:182:18
[INFO] [stderr]     14:     0x578855a694dd - __rustc[a7b7b02e776dd976]::rust_begin_unwind
[INFO] [stderr]                                  at /rustc/6b3fa26749ab40e159b2dd5cf577acaaf5902772/library/std/src/panicking.rs:679:5
[INFO] [stderr]     15:     0x578855aa07cc - core[6883ba1bc0fe4ed1]::panicking::panic_fmt
[INFO] [stderr]                                  at /rustc/6b3fa26749ab40e159b2dd5cf577acaaf5902772/library/core/src/panicking.rs:80:14
[INFO] [stderr]     16:     0x578855aa0542 - core[6883ba1bc0fe4ed1]::result::unwrap_failed
[INFO] [stderr]                                  at /rustc/6b3fa26749ab40e159b2dd5cf577acaaf5902772/library/core/src/result.rs:1870:5
[INFO] [stderr]     17:     0x5788555f82ab - <core[6883ba1bc0fe4ed1]::result::Result<bindgen[b64ba72ad606a03a]::Bindings, bindgen[b64ba72ad606a03a]::BindgenError>>::expect
[INFO] [stderr]     18:     0x5788555f5f98 - build_script_build[ce21ebb47f991412]::write_bindings
[INFO] [stderr]     19:     0x5788555f785e - build_script_build[ce21ebb47f991412]::main
[INFO] [stderr]     20:     0x5788555f9753 - <fn() as core[6883ba1bc0fe4ed1]::ops::function::FnOnce<()>>::call_once
[INFO] [stderr]     21:     0x5788555f59c6 - std[73adb7dc35730857]::sys::backtrace::__rust_begin_short_backtrace::<fn(), ()>
[INFO] [stderr]     22:     0x5788555f59d9 - std[73adb7dc35730857]::rt::lang_start::<()>::{closure#0}
[INFO] [stderr]     23:     0x578855a81bf7 - <&dyn core[6883ba1bc0fe4ed1]::ops::function::Fn<(), Output = i32> + core[6883ba1bc0fe4ed1]::panic::unwind_safe::RefUnwindSafe + core[6883ba1bc0fe4ed1]::marker::Sync as core[6883ba1bc0fe4ed1]::ops::function::FnOnce<()>>::call_once
[INFO] [stderr]                                  at /rustc/6b3fa26749ab40e159b2dd5cf577acaaf5902772/library/core/src/ops/function.rs:287:21
[INFO] [stderr]     24:     0x578855a81bf7 - std[73adb7dc35730857]::panicking::catch_unwind::do_call::<&dyn core[6883ba1bc0fe4ed1]::ops::function::Fn<(), Output = i32> + core[6883ba1bc0fe4ed1]::panic::unwind_safe::RefUnwindSafe + core[6883ba1bc0fe4ed1]::marker::Sync, i32>
[INFO] [stderr]                                  at /rustc/6b3fa26749ab40e159b2dd5cf577acaaf5902772/library/std/src/panicking.rs:576:43
[INFO] [stderr]     25:     0x578855a81bf7 - std[73adb7dc35730857]::panicking::catch_unwind::<i32, &dyn core[6883ba1bc0fe4ed1]::ops::function::Fn<(), Output = i32> + core[6883ba1bc0fe4ed1]::panic::unwind_safe::RefUnwindSafe + core[6883ba1bc0fe4ed1]::marker::Sync>
[INFO] [stderr]                                  at /rustc/6b3fa26749ab40e159b2dd5cf577acaaf5902772/library/std/src/panicking.rs:544:19
[INFO] [stderr]     26:     0x578855a81bf7 - std[73adb7dc35730857]::panic::catch_unwind::<&dyn core[6883ba1bc0fe4ed1]::ops::function::Fn<(), Output = i32> + core[6883ba1bc0fe4ed1]::panic::unwind_safe::RefUnwindSafe + core[6883ba1bc0fe4ed1]::marker::Sync, i32>
[INFO] [stderr]                                  at /rustc/6b3fa26749ab40e159b2dd5cf577acaaf5902772/library/std/src/panic.rs:359:14
[INFO] [stderr]     27:     0x578855a81bf7 - std[73adb7dc35730857]::rt::lang_start_internal::{closure#0}
[INFO] [stderr]                                  at /rustc/6b3fa26749ab40e159b2dd5cf577acaaf5902772/library/std/src/rt.rs:175:24
[INFO] [stderr]     28:     0x578855a81bf7 - std[73adb7dc35730857]::panicking::catch_unwind::do_call::<std[73adb7dc35730857]::rt::lang_start_internal::{closure#0}, isize>
[INFO] [stderr]                                  at /rustc/6b3fa26749ab40e159b2dd5cf577acaaf5902772/library/std/src/panicking.rs:576:43
[INFO] [stderr]     29:     0x578855a81bf7 - std[73adb7dc35730857]::panicking::catch_unwind::<isize, std[73adb7dc35730857]::rt::lang_start_internal::{closure#0}>
[INFO] [stderr]                                  at /rustc/6b3fa26749ab40e159b2dd5cf577acaaf5902772/library/std/src/panicking.rs:544:19
[INFO] [stderr]     30:     0x578855a81bf7 - std[73adb7dc35730857]::panic::catch_unwind::<std[73adb7dc35730857]::rt::lang_start_internal::{closure#0}, isize>
[INFO] [stderr]                                  at /rustc/6b3fa26749ab40e159b2dd5cf577acaaf5902772/library/std/src/panic.rs:359:14
[INFO] [stderr]     31:     0x578855a81bf7 - std[73adb7dc35730857]::rt::lang_start_internal
[INFO] [stderr]                                  at /rustc/6b3fa26749ab40e159b2dd5cf577acaaf5902772/library/std/src/rt.rs:171:5
[INFO] [stderr]     32:     0x5788555f59b1 - std[73adb7dc35730857]::rt::lang_start::<()>
[INFO] [stderr]     33:     0x5788555f99c5 - main
[INFO] [stderr]     34:     0x76c9cf0fe1ca - <unknown>
[INFO] [stderr]     35:     0x76c9cf0fe28b - __libc_start_main
[INFO] [stderr]     36:     0x5788555f4905 - _start
[INFO] [stderr]     37:                0x0 - <unknown>
[INFO] [stderr] warning: build failed, waiting for other jobs to finish...
[INFO] running `Command { std: "docker" "inspect" "3072c822e668e45dcb2c56393b18bb5ee5f63009c83d39eebdc03def16166d97", kill_on_drop: false }`
[INFO] running `Command { std: "docker" "rm" "-f" "3072c822e668e45dcb2c56393b18bb5ee5f63009c83d39eebdc03def16166d97", kill_on_drop: false }`
[INFO] [stdout] 3072c822e668e45dcb2c56393b18bb5ee5f63009c83d39eebdc03def16166d97
