[INFO] cloning repository https://github.com/lizardyu/holochain-rust
[INFO] running `Command { std: "git" "-c" "credential.helper=" "-c" "credential.helper=/workspace/cargo-home/bin/git-credential-null" "clone" "--bare" "https://github.com/lizardyu/holochain-rust" "/workspace/cache/git-repos/https%3A%2F%2Fgithub.com%2Flizardyu%2Fholochain-rust", kill_on_drop: false }`
[INFO] [stderr] Cloning into bare repository '/workspace/cache/git-repos/https%3A%2F%2Fgithub.com%2Flizardyu%2Fholochain-rust'...
[INFO] running `Command { std: "git" "rev-parse" "HEAD", kill_on_drop: false }`
[INFO] [stdout] d4ef8618e1966ea13a9b25eceeb9c5874fd59593
[INFO] testing lizardyu/holochain-rust against 1.97.0-beta.6 for beta-1.98-2
[INFO] running `Command { std: "git" "clone" "/workspace/cache/git-repos/https%3A%2F%2Fgithub.com%2Flizardyu%2Fholochain-rust" "/workspace/builds/worker-4-tc1/source", kill_on_drop: false }`
[INFO] [stderr] Cloning into '/workspace/builds/worker-4-tc1/source'...
[INFO] [stderr] done.
[INFO] started tweaking git repo https://github.com/lizardyu/holochain-rust
[INFO] finished tweaking git repo https://github.com/lizardyu/holochain-rust
[INFO] tweaked toml for git repo https://github.com/lizardyu/holochain-rust written to /workspace/builds/worker-4-tc1/source/Cargo.toml
[INFO] validating manifest of git repo https://github.com/lizardyu/holochain-rust on toolchain 1.97.0-beta.6
[INFO] running `Command { std: CARGO_HOME="/workspace/cargo-home" RUSTUP_HOME="/workspace/rustup-home" "/workspace/cargo-home/bin/cargo" "+1.97.0-beta.6" "metadata" "--manifest-path" "Cargo.toml" "--no-deps", kill_on_drop: false }`
[INFO] crate git repo https://github.com/lizardyu/holochain-rust already has a lockfile, it will not be regenerated
[INFO] running `Command { std: CARGO_HOME="/workspace/cargo-home" RUSTUP_HOME="/workspace/rustup-home" "/workspace/cargo-home/bin/cargo" "+1.97.0-beta.6" "fetch" "--manifest-path" "Cargo.toml", kill_on_drop: false }`
[INFO] [stderr] warning: /workspace/builds/worker-4-tc1/source/crates/core_types/Cargo.toml: `package.edition` is unspecified, defaulting to `2015` while the latest is `2024`
[INFO] [stderr] warning: /workspace/builds/worker-4-tc1/source/crates/wasm_utils/Cargo.toml: `package.edition` is unspecified, defaulting to `2015` while the latest is `2024`
[INFO] [stderr] warning: /workspace/builds/worker-4-tc1/source/crates/cli/Cargo.toml: `package.edition` is unspecified, defaulting to `2015` while the latest is `2024`
[INFO] [stderr] warning: /workspace/builds/worker-4-tc1/source/crates/holochain/Cargo.toml: `package.edition` is unspecified, defaulting to `2015` while the latest is `2024`
[INFO] [stderr]     Blocking waiting for file lock on package cache
[INFO] [stderr]     Updating crates.io index
[INFO] [stderr]     Blocking waiting for file lock on package cache
[INFO] [stderr]  Downloading crates ...
[INFO] [stderr]   Downloaded tracing-log v0.1.1
[INFO] [stderr]   Downloaded tokio-macros v0.2.5
[INFO] [stderr]   Downloaded thiserror-impl v1.0.20
[INFO] [stderr]   Downloaded pin-project v0.4.25
[INFO] [stderr]   Downloaded holochain_persistence_lmdb v0.0.18
[INFO] [stderr]   Downloaded typemap v0.3.3
[INFO] [stderr]   Downloaded snowflake v1.3.0
[INFO] [stderr]   Downloaded memmap v0.7.0
[INFO] [stderr]   Downloaded futures-task v0.3.5
[INFO] [stderr]   Downloaded futures-io v0.3.5
[INFO] [stderr]   Downloaded owning_ref v0.3.3
[INFO] [stderr]   Downloaded semver-parser v0.7.0
[INFO] [stderr]   Downloaded cranelift-entity v0.52.0
[INFO] [stderr]   Downloaded thiserror v1.0.20
[INFO] [stderr]   Downloaded bzip2 v0.3.3
[INFO] [stderr]   Downloaded proc-macro-nested v0.1.6
[INFO] [stderr]   Downloaded rustracing v0.2.1
[INFO] [stderr]   Downloaded once_cell v0.1.8
[INFO] [stderr]   Downloaded futures-sink v0.3.5
[INFO] [stderr]   Downloaded scopeguard v0.3.3
[INFO] [stderr]   Downloaded owning_ref v0.4.1
[INFO] [stderr]   Downloaded tracing-serde v0.1.1
[INFO] [stderr]   Downloaded trackable_derive v0.1.3
[INFO] [stderr]   Downloaded thrift_codec v0.1.1
[INFO] [stderr]   Downloaded jsonrpc-lite v0.5.0
[INFO] [stderr]   Downloaded chunked_transfer v0.3.1
[INFO] [stderr]   Downloaded thread_local v0.3.6
[INFO] [stderr]   Downloaded ordered-float v1.1.0
[INFO] [stderr]   Downloaded msdos_time v0.1.6
[INFO] [stderr]   Downloaded block-buffer v0.3.3
[INFO] [stderr]   Downloaded chashmap v2.2.2
[INFO] [stderr]   Downloaded normalize-line-endings v0.2.2
[INFO] [stderr]   Downloaded detach v0.0.42
[INFO] [stderr]   Downloaded unwrap v1.2.1
[INFO] [stderr]   Downloaded mio-named-pipes v0.1.7
[INFO] [stderr]   Downloaded rustc_version v0.2.3
[INFO] [stderr]   Downloaded float-cmp v0.4.0
[INFO] [stderr]   Downloaded percent-encoding v1.0.1
[INFO] [stderr]   Downloaded filetime v0.2.12
[INFO] [stderr]   Downloaded byte-tools v0.2.0
[INFO] [stderr]   Downloaded arrayref v0.3.5
[INFO] [stderr]   Downloaded proc-macro-hack v0.5.18
[INFO] [stderr]   Downloaded nanoid v0.2.0
[INFO] [stderr]   Downloaded utf8-ranges v1.0.4
[INFO] [stderr]   Downloaded clokwerk v0.1.0
[INFO] [stderr]   Downloaded mime v0.2.6
[INFO] [stderr]   Downloaded pin-project-internal v0.4.25
[INFO] [stderr]   Downloaded signal-hook-registry v1.2.1
[INFO] [stderr]   Downloaded semver v0.9.0
[INFO] [stderr]   Downloaded parking_lot_core v0.5.0
[INFO] [stderr]   Downloaded smallvec v0.6.13
[INFO] [stderr]   Downloaded lock_api v0.2.0
[INFO] [stderr]   Downloaded newrelic v0.2.2
[INFO] [stderr]   Downloaded rustc-demangle v0.1.16
[INFO] [stderr]   Downloaded winutil v0.1.1
[INFO] [stderr]   Downloaded integer-encoding v1.1.5
[INFO] [stderr]   Downloaded lib3h_sodium v0.0.42
[INFO] [stderr]   Downloaded ctor v0.1.16
[INFO] [stderr]   Downloaded holochain_persistence_mem v0.0.18
[INFO] [stderr]   Downloaded detach v0.0.19
[INFO] [stderr]   Downloaded subtle v1.0.0
[INFO] [stderr]   Downloaded sha1 v0.6.0
[INFO] [stderr]   Downloaded rpassword v2.1.0
[INFO] [stderr]   Downloaded plugin v0.2.6
[INFO] [stderr]   Downloaded proc-macro-hack v0.4.2
[INFO] [stderr]   Downloaded unsafe-any v0.4.2
[INFO] [stderr]   Downloaded holochain_persistence_pickle v0.0.18
[INFO] [stderr]   Downloaded mashup-impl v0.1.12
[INFO] [stderr]   Downloaded threadpool v1.7.1
[INFO] [stderr]   Downloaded hostname v0.1.5
[INFO] [stderr]   Downloaded xattr v0.2.2
[INFO] [stderr]   Downloaded traitobject v0.1.0
[INFO] [stderr]   Downloaded mashup v0.1.12
[INFO] [stderr]   Downloaded futures-core v0.3.5
[INFO] [stderr]   Downloaded shrinkwraprs v0.3.0
[INFO] [stderr]   Downloaded predicates-core v1.0.0
[INFO] [stderr]   Downloaded digest v0.7.6
[INFO] [stderr]   Downloaded fixedbitset v0.1.9
[INFO] [stderr]   Downloaded treediff v3.0.2
[INFO] [stderr]   Downloaded linked-hash-map v0.5.3
[INFO] [stderr]   Downloaded trackable v0.2.23
[INFO] [stderr]   Downloaded modifier v0.1.0
[INFO] [stderr]   Downloaded cranelift-codegen-shared v0.52.0
[INFO] [stderr]   Downloaded miow v0.3.5
[INFO] [stderr]   Downloaded memchr v2.3.3
[INFO] [stderr]   Downloaded lib3h_zombie_actor v0.0.42
[INFO] [stderr]   Downloaded parking_lot v0.7.1
[INFO] [stderr]   Downloaded sharded-slab v0.0.8
[INFO] [stderr]   Downloaded bincode v1.3.1
[INFO] [stderr]   Downloaded zip v0.3.3
[INFO] [stderr]   Downloaded podio v0.1.7
[INFO] [stderr]   Downloaded sha2 v0.7.1
[INFO] [stderr]   Downloaded generic-array v0.9.0
[INFO] [stderr]   Downloaded serde_regex v0.3.1
[INFO] [stderr]   Downloaded groupable v0.2.0
[INFO] [stderr]   Downloaded pin-project-lite v0.1.10
[INFO] [stderr]   Downloaded socket2 v0.3.15
[INFO] [stderr]   Downloaded parking_lot v0.8.0
[INFO] [stderr]   Downloaded aho-corasick v0.6.10
[INFO] [stderr]   Downloaded predicates v1.0.1
[INFO] [stderr]   Downloaded lock_api v0.1.5
[INFO] [stderr]   Downloaded opentelemetry-jaeger v0.1.0
[INFO] [stderr]   Downloaded rust_sodium_holochain_fork-sys v0.10.4
[INFO] [stderr]   Downloaded rusoto_credential v0.40.0
[INFO] [stderr]   Downloaded page_size v0.4.2
[INFO] [stderr]   Downloaded cranelift-native v0.52.0
[INFO] [stderr]   Downloaded unicase v1.4.2
[INFO] [stderr]   Downloaded language-tags v0.2.2
[INFO] [stderr]   Downloaded holochain_persistence_file v0.0.18
[INFO] [stderr]   Downloaded crypto-mac v0.7.0
[INFO] [stderr]   Downloaded unic-char-property v0.7.0
[INFO] [stderr]   Downloaded holochain_tracing v0.0.24
[INFO] [stderr]   Downloaded num-integer v0.1.41
[INFO] [stderr]   Downloaded backtrace v0.3.27
[INFO] [stderr]   Downloaded thrift v0.13.0
[INFO] [stderr]   Downloaded tar v0.4.26
[INFO] [stderr]   Downloaded unic-ucd-version v0.7.0
[INFO] [stderr]   Downloaded unic-common v0.7.0
[INFO] [stderr]   Downloaded unic-char-range v0.7.0
[INFO] [stderr]   Downloaded arc-swap v0.4.7
[INFO] [stderr]   Downloaded ryu v1.0.5
[INFO] [stderr]   Downloaded indexmap v1.6.0
[INFO] [stderr]   Downloaded num-traits v0.2.6
[INFO] [stderr]   Downloaded parking_lot_core v0.4.0
[INFO] [stderr]   Downloaded crossbeam-utils v0.6.6
[INFO] [stderr]   Downloaded tokio-threadpool v0.1.18
[INFO] [stderr]   Downloaded rust-argon2 v0.8.2
[INFO] [stderr]   Downloaded wasmer-runtime v0.13.1
[INFO] [stderr]   Downloaded serde_bytes v0.10.5
[INFO] [stderr]   Downloaded typeable v0.1.2
[INFO] [stderr]   Downloaded nix v0.14.1
[INFO] [stderr]   Downloaded unicode-xid v0.2.1
[INFO] [stderr]   Downloaded url2 v0.0.4
[INFO] [stderr]   Downloaded matches v0.1.8
[INFO] [stderr]   Downloaded serde_json v1.0.47
[INFO] [stderr]   Downloaded smallvec v1.4.2
[INFO] [stderr]   Downloaded crc32fast v1.2.0
[INFO] [stderr]   Downloaded http_req v0.2.1
[INFO] [stderr]   Downloaded boolinator v2.4.0
[INFO] [stderr]   Downloaded pbkdf2 v0.3.0
[INFO] [stderr]   Downloaded bytes v0.5.6
[INFO] [stderr]   Downloaded crossbeam-channel v0.3.8
[INFO] [stderr]   Downloaded opentelemetry v0.2.0
[INFO] [stderr]   Downloaded prometheus v0.7.0
[INFO] [stderr]   Downloaded wasmi v0.4.4
[INFO] [stderr]   Downloaded output_vt100 v0.1.2
[INFO] [stderr]   Downloaded futures-macro v0.3.5
[INFO] [stderr]   Downloaded unic-ucd-segment v0.7.0
[INFO] [stderr]   Downloaded quote v1.0.3
[INFO] [stderr]   Downloaded proc-macro2 v1.0.24
[INFO] [stderr]   Downloaded url v2.1.0
[INFO] [stderr]   Downloaded fake-simd v0.1.2
[INFO] [stderr]   Downloaded digest v0.8.1
[INFO] [stderr]   Downloaded generic-array v0.12.3
[INFO] [stderr]   Downloaded typenum v1.12.0
[INFO] [stderr]   Downloaded block-buffer v0.7.3
[INFO] [stderr]   Downloaded byteorder v1.3.2
[INFO] [stderr]   Downloaded byte-tools v0.3.1
[INFO] [stderr]   Downloaded itoa v0.4.6
[INFO] [stderr]   Downloaded mio v0.6.22
[INFO] [stderr]   Downloaded itertools v0.8.2
[INFO] [stderr]   Downloaded tracing-subscriber v0.2.3
[INFO] [stderr]   Downloaded rustracing_jaeger v0.2.1
[INFO] [stderr]   Downloaded flate2 v1.0.12
[INFO] [stderr]   Downloaded rmp-serde v0.13.7
[INFO] [stderr]   Downloaded rmp v0.8.7
[INFO] [stderr]   Downloaded num-traits v0.1.43
[INFO] [stderr]   Downloaded holochain_persistence_api v0.0.18
[INFO] [stderr]   Downloaded uuid v0.7.1
[INFO] [stderr]   Downloaded shrinkwraprs v0.2.1
[INFO] [stderr]   Downloaded quote v0.4.2
[INFO] [stderr]   Downloaded proc-macro2 v0.2.3
[INFO] [stderr]   Downloaded proc-macro-error v0.2.6
[INFO] [stderr]   Downloaded structopt v0.3.3
[INFO] [stderr]   Downloaded strip-ansi-escapes v0.1.0
[INFO] [stderr]   Downloaded redox_users v0.3.5
[INFO] [stderr]   Downloaded blake2b_simd v0.5.10
[INFO] [stderr]   Downloaded hmac v0.5.0
[INFO] [stderr]   Downloaded glob v0.3.0
[INFO] [stderr]   Downloaded hmac v0.7.1
[INFO] [stderr]   Downloaded futures-executor v0.3.5
[INFO] [stderr]   Downloaded http v0.1.21
[INFO] [stderr]   Downloaded protobuf v2.14.0
[INFO] [stderr]   Downloaded difference v2.0.0
[INFO] [stderr]   Downloaded regex-automata v0.1.9
[INFO] [stderr]   Downloaded chrono v0.4.6
[INFO] [stderr]   Downloaded rand v0.5.6
[INFO] [stderr]   Downloaded syn v0.12.15
[INFO] [stderr]   Downloaded memoffset v0.5.6
[INFO] [stderr]   Downloaded shlex v0.1.1
[INFO] [stderr]   Downloaded arrayvec v0.5.1
[INFO] [stderr]   Downloaded md5 v0.3.8
[INFO] [stderr]   Downloaded hyper-tls v0.3.2
[INFO] [stderr]   Downloaded holochain_logging v0.0.7
[INFO] [stderr]   Downloaded wasmparser v0.45.2
[INFO] [stderr]   Downloaded pest_derive v2.1.0
[INFO] [stderr]   Downloaded pest_generator v2.1.3
[INFO] [stderr]   Downloaded pest_meta v2.1.3
[INFO] [stderr]   Downloaded humansize v1.1.0
[INFO] [stderr]   Downloaded error-chain v0.12.4
[INFO] [stderr]   Downloaded dirs v2.0.2
[INFO] [stderr]   Downloaded predicates-tree v1.0.0
[INFO] [stderr]   Downloaded syn v1.0.42
[INFO] [stderr]   Downloaded opaque-debug v0.2.3
[INFO] [stderr]   Downloaded rand_pcg v0.1.2
[INFO] [stderr]   Downloaded rand_isaac v0.1.1
[INFO] [stderr]   Downloaded rand_hc v0.1.0
[INFO] [stderr]   Downloaded tokio v0.2.11
[INFO] [stderr]   Downloaded regex v1.1.2
[INFO] [stderr]   Downloaded regex-syntax v0.6.18
[INFO] [stderr]   Downloaded idna v0.1.5
[INFO] [stderr]   Downloaded nom v4.2.3
[INFO] [stderr]   Downloaded holochain_tracing_macros v0.0.24
[INFO] [stderr]   Downloaded structopt-derive v0.3.3
[INFO] [stderr]   Downloaded serde_test v1.0.104
[INFO] [stderr]   Downloaded sha2 v0.8.2
[INFO] [stderr]   Downloaded pest v2.1.3
[INFO] [stderr]   Downloaded ucd-trie v0.1.3
[INFO] [stderr]   Downloaded rustyline v5.0.0
[INFO] [stderr]   Downloaded dirs-sys v0.3.5
[INFO] [stderr]   Downloaded rand v0.6.5
[INFO] [stderr]   Downloaded rand_xorshift v0.1.1
[INFO] [stderr]   Downloaded rand_os v0.1.3
[INFO] [stderr]   Downloaded cloudabi v0.0.3
[INFO] [stderr]   Downloaded rand_jitter v0.1.4
[INFO] [stderr]   Downloaded rand_chacha v0.1.1
[INFO] [stderr]   Downloaded security-framework-sys v0.3.3
[INFO] [stderr]   Downloaded input_buffer v0.2.0
[INFO] [stderr]   Downloaded newrelic-sys v0.2.0
[INFO] [stderr]   Downloaded backtrace-sys v0.1.37
[INFO] [stderr]   Downloaded bzip2-sys v0.1.9+1.0.8
[INFO] [stderr]   Downloaded yasna v0.3.1
[INFO] [stderr]   Downloaded wasm-bindgen-webidl v0.2.48
[INFO] [stderr]   Downloaded weedle v0.10.0
[INFO] [stderr]   Downloaded im v14.0.0
[INFO] [stderr]   Downloaded version_check v0.9.2
[INFO] [stderr]   Downloaded crossbeam-queue v0.2.3
[INFO] [stderr]   Downloaded crypto-mac v0.5.2
[INFO] [stderr]   Downloaded cmake v0.1.44
[INFO] [stderr]   Downloaded parking_lot v0.10.2
[INFO] [stderr]   Downloaded jsonrpc-server-utils v14.0.5
[INFO] [stderr]   Downloaded unwrap_to v0.1.0
[INFO] [stderr]   Downloaded lmdb-rkv v0.14.0
[INFO] [stderr]   Downloaded bencher v0.1.5
[INFO] [stderr]   Downloaded mime_guess v2.0.3
[INFO] [stderr]   Downloaded once_cell v1.4.1
[INFO] [stderr]   Downloaded ascii v0.8.7
[INFO] [stderr]   Downloaded log v0.3.9
[INFO] [stderr]   Downloaded jsonrpc-http-server v14.0.6
[INFO] [stderr]   Downloaded json-patch v0.2.2
[INFO] [stderr]   Downloaded web-sys v0.3.25
[INFO] [stderr]   Downloaded sized-chunks v0.5.3
[INFO] [stderr]   Downloaded bitmaps v2.1.0
[INFO] [stderr]   Downloaded rand_xoshiro v0.4.0
[INFO] [stderr]   Downloaded utf8parse v0.1.1
[INFO] [stderr]   Downloaded streaming-stats v0.2.2
[INFO] [stderr]   Downloaded rusoto_sts v0.40.0
[INFO] [stderr]   Downloaded directories v1.0.2
[INFO] [stderr]   Downloaded glob v0.2.11
[INFO] [stderr]   Downloaded ws v0.9.1
[INFO] [stderr]   Downloaded unicase v2.6.0
[INFO] [stderr]   Downloaded pickledb v0.4.0
[INFO] [stderr]   Downloaded serde_cbor v0.9.0
[INFO] [stderr]   Downloaded fs_extra v1.1.0
[INFO] [stderr]   Downloaded proc-macro-hack-impl v0.4.2
[INFO] [stderr]   Downloaded tracing-futures v0.2.2
[INFO] [stderr]   Downloaded rust_sodium_holochain_fork v0.10.2
[INFO] [stderr]   Downloaded zeroize v0.9.2
[INFO] [stderr]   Downloaded url_serde v0.2.0
[INFO] [stderr]   Downloaded rust-base58 v0.0.4
[INFO] [stderr]   Downloaded num-rational v0.2.1
[INFO] [stderr]   Downloaded multihash v0.8.0
[INFO] [stderr]   Downloaded zeroize v0.10.1
[INFO] [stderr]   Downloaded memory_units v0.3.0
[INFO] [stderr]   Downloaded uuid v0.8.1
[INFO] [stderr]   Downloaded futures-channel v0.3.5
[INFO] [stderr]   Downloaded parking_lot_core v0.2.14
[INFO] [stderr]   Downloaded vcpkg v0.2.10
[INFO] [stderr]   Downloaded pkg-config v0.3.18
[INFO] [stderr]   Downloaded cc v1.0.60
[INFO] [stderr]   Downloaded openssl-probe v0.1.2
[INFO] [stderr]   Downloaded openssl v0.10.25
[INFO] [stderr]   Downloaded tracing v0.1.13
[INFO] [stderr]   Downloaded tracing-attributes v0.1.11
[INFO] [stderr]   Downloaded lib3h_crypto_api v0.0.42
[INFO] [stderr]   Downloaded zeroize_derive v0.9.3
[INFO] [stderr]   Downloaded synstructure v0.10.2
[INFO] [stderr]   Downloaded lib3h_protocol v0.0.42
[INFO] [stderr]   Downloaded string v0.2.1
[INFO] [stderr]   Downloaded num-derive v0.2.4
[INFO] [stderr]   Downloaded csv v1.1.3
[INFO] [stderr]   Downloaded jsonrpc-ws-server v14.0.6
[INFO] [stderr]   Downloaded serde-bench v0.0.7
[INFO] [stderr]   Downloaded shrust v0.0.7
[INFO] [stderr]   Downloaded slug v0.1.4
[INFO] [stderr]   Downloaded block-padding v0.1.5
[INFO] [stderr]   Downloaded url v1.7.2
[INFO] [stderr]   Downloaded num v0.2.0
[INFO] [stderr]   Downloaded num-bigint v0.2.2
[INFO] [stderr]   Downloaded num-iter v0.1.39
[INFO] [stderr]   Downloaded num-complex v0.2.1
[INFO] [stderr]   Downloaded objekt v0.1.2
[INFO] [stderr]   Downloaded sha1 v0.5.0
[INFO] [stderr]   Downloaded holochain_json_derive v0.0.23
[INFO] [stderr]   Downloaded holochain_json_api v0.0.23
[INFO] [stderr]   Downloaded futures-sink-preview v0.3.0-alpha.17
[INFO] [stderr]   Downloaded hex v0.3.2
[INFO] [stderr]   Downloaded base64 v0.9.3
[INFO] [stderr]   Downloaded safemem v0.3.3
[INFO] [stderr]   Downloaded wasmer-clif-fork-frontend v0.52.0
[INFO] [stderr]   Downloaded target-lexicon v0.9.0
[INFO] [stderr]   Downloaded assert_cmd v0.10.2
[INFO] [stderr]   Downloaded treeline v0.1.0
[INFO] [stderr]   Downloaded itertools v0.7.11
[INFO] [stderr]   Downloaded tiny-keccak v1.5.0
[INFO] [stderr]   Downloaded hcid v0.0.6
[INFO] [stderr]   Downloaded vte v0.3.3
[INFO] [stderr]   Downloaded xml-rs v0.7.0
[INFO] [stderr]   Downloaded serde_urlencoded v0.5.5
[INFO] [stderr]   Downloaded dtoa v0.4.6
[INFO] [stderr]   Downloaded tokio-tcp v0.1.4
[INFO] [stderr]   Downloaded want v0.0.6
[INFO] [stderr]   Downloaded jsonrpc-core v14.0.1
[INFO] [stderr]   Downloaded ordermap v0.3.5
[INFO] [stderr]   Downloaded half v1.6.0
[INFO] [stderr]   Downloaded parking_lot v0.4.8
[INFO] [stderr]   Downloaded reed-solomon v0.2.1
[INFO] [stderr]   Downloaded rkv v0.10.4
[INFO] [stderr]   Downloaded tiny_http v0.6.2
[INFO] [stderr]   Downloaded futures-util-preview v0.3.0-alpha.17
[INFO] [stderr]   Downloaded futures-core-preview v0.3.0-alpha.17
[INFO] [stderr]   Downloaded futures-io-preview v0.3.0-alpha.17
[INFO] [stderr]   Downloaded futures-channel-preview v0.3.0-alpha.17
[INFO] [stderr]   Downloaded futures-preview v0.3.0-alpha.17
[INFO] [stderr]   Downloaded futures-executor-preview v0.3.0-alpha.17
[INFO] [stderr]   Downloaded wabt-sys v0.5.4
[INFO] [stderr]   Downloaded wasmer-runtime-core v0.13.1
[INFO] [stderr]   Downloaded cranelift-bforest v0.52.0
[INFO] [stderr]   Downloaded yaml-rust v0.4.4
[INFO] [stderr]   Downloaded ignore v0.4.6
[INFO] [stderr]   Downloaded walkdir v2.3.1
[INFO] [stderr]   Downloaded dns-lookup v1.0.1
[INFO] [stderr]   Downloaded escargot v0.3.1
[INFO] [stderr]   Downloaded tracing-core v0.1.10
[INFO] [stderr]   Downloaded structopt-derive v0.2.18
[INFO] [stderr]   Downloaded security-framework v0.3.4
[INFO] [stderr]   Downloaded core-foundation v0.6.4
[INFO] [stderr]   Downloaded nix v0.15.0
[INFO] [stderr]   Downloaded mustache v0.9.0
[INFO] [stderr]   Downloaded serde v1.0.104
[INFO] [stderr]   Downloaded base64 v0.11.0
[INFO] [stderr]   Downloaded wasm-bindgen-shared v0.2.48
[INFO] [stderr]   Downloaded failure v0.1.7
[INFO] [stderr]   Downloaded failure_derive v0.1.8
[INFO] [stderr]   Downloaded libflate v0.1.27
[INFO] [stderr]   Downloaded version_check v0.1.5
[INFO] [stderr]   Downloaded wasm-bindgen-backend v0.2.48
[INFO] [stderr]   Downloaded bumpalo v2.6.0
[INFO] [stderr]   Downloaded raw-cpuid v7.0.3
[INFO] [stderr]   Downloaded serde_yaml v0.8.13
[INFO] [stderr]   Downloaded quote v0.6.11
[INFO] [stderr]   Downloaded proc-macro2 v0.4.27
[INFO] [stderr]   Downloaded heck v0.3.1
[INFO] [stderr]   Downloaded lib3h_p2p_protocol v0.0.42
[INFO] [stderr]   Downloaded termcolor v1.1.0
[INFO] [stderr]   Downloaded humantime v1.3.0
[INFO] [stderr]   Downloaded wasm-bindgen-macro v0.2.48
[INFO] [stderr]   Downloaded sourcefile v0.1.4
[INFO] [stderr]   Downloaded unicode-segmentation v1.6.0
[INFO] [stderr]   Downloaded env_logger v0.6.1
[INFO] [stderr]   Downloaded rcgen v0.8.0
[INFO] [stderr]   Downloaded wasm-bindgen v0.2.48
[INFO] [stderr]   Downloaded wasm-bindgen-macro-support v0.2.48
[INFO] [stderr]   Downloaded js-sys v0.3.25
[INFO] [stderr]   Downloaded pem v0.7.0
[INFO] [stderr]   Downloaded parking_lot v0.9.0
[INFO] [stderr]   Downloaded parking_lot_core v0.6.2
[INFO] [stderr]   Downloaded tokio-executor v0.1.10
[INFO] [stderr]   Downloaded wabt v0.7.4
[INFO] [stderr]   Downloaded lock_api v0.3.4
[INFO] [stderr]   Downloaded crossbeam-utils v0.7.2
[INFO] [stderr]   Downloaded tokio v0.1.22
[INFO] [stderr]   Downloaded tokio-reactor v0.1.12
[INFO] [stderr]   Downloaded futures v0.1.29
[INFO] [stderr]   Downloaded tokio-uds v0.2.7
[INFO] [stderr]   Downloaded errno v0.2.6
[INFO] [stderr]   Downloaded prettytable-rs v0.8.0
[INFO] [stderr]   Downloaded uuid v0.4.0
[INFO] [stderr]   Downloaded rand v0.3.23
[INFO] [stderr]   Downloaded rdrand v0.4.0
[INFO] [stderr]   Downloaded rand_core v0.3.1
[INFO] [stderr]   Downloaded tempfile v3.0.7
[INFO] [stderr]   Downloaded redox_syscall v0.1.57
[INFO] [stderr]   Downloaded crossbeam-epoch v0.8.2
[INFO] [stderr]   Downloaded colored v1.7.0
[INFO] [stderr]   Downloaded fuchsia-cprng v0.1.1
[INFO] [stderr]   Downloaded errno-dragonfly v0.1.1
[INFO] [stderr]   Downloaded gcc v0.3.55
[INFO] [stderr]   Downloaded wasmer-clif-backend v0.13.1
[INFO] [stderr]   Downloaded parking_lot_core v0.7.2
[INFO] [stderr]   Downloaded tokio-sync v0.1.8
[INFO] [stderr]   Downloaded tokio-io v0.1.13
[INFO] [stderr]   Downloaded tokio-codec v0.1.2
[INFO] [stderr]   Downloaded wasmer-win-exception-handler v0.13.1
[INFO] [stderr]   Downloaded tokio-udp v0.1.6
[INFO] [stderr]   Downloaded tokio-fs v0.1.7
[INFO] [stderr]   Downloaded tokio-current-thread v0.1.7
[INFO] [stderr]   Downloaded tokio-process v0.2.5
[INFO] [stderr]   Downloaded twox-hash v1.5.0
[INFO] [stderr]   Downloaded getrandom v0.1.15
[INFO] [stderr]   Downloaded unicode-bidi v0.3.4
[INFO] [stderr]   Downloaded signal-hook v0.1.10
[INFO] [stderr]   Downloaded bytes v0.4.12
[INFO] [stderr]   Downloaded crossbeam-deque v0.7.3
[INFO] [stderr]   Downloaded rusoto_logs v0.40.0
[INFO] [stderr]   Downloaded globset v0.4.2
[INFO] [stderr]   Downloaded sha-1 v0.8.2
[INFO] [stderr]   Downloaded ring v0.16.12
[INFO] [stderr]   Downloaded dirs v1.0.5
[INFO] [stderr]   Downloaded utf-8 v0.7.5
[INFO] [stderr]   Downloaded crossbeam-queue v0.1.2
[INFO] [stderr]   Downloaded h2 v0.1.26
[INFO] [stderr]   Downloaded futures-cpupool v0.1.8
[INFO] [stderr]   Downloaded hashbrown v0.1.8
[INFO] [stderr]   Downloaded futures v0.3.5
[INFO] [stderr]   Downloaded ws v0.8.0
[INFO] [stderr]   Downloaded openssl-src v111.11.0+1.1.1h
[INFO] [stderr]   Downloaded lib3h_mdns v0.0.42
[INFO] [stderr]   Downloaded synstructure v0.12.4
[INFO] [stderr]   Downloaded base64 v0.10.1
[INFO] [stderr]   Downloaded wasmer-clif-fork-wasm v0.52.0
[INFO] [stderr]   Downloaded rand_core v0.4.2
[INFO] [stderr]   Downloaded tinyvec v0.3.4
[INFO] [stderr]   Downloaded serde_derive v1.0.104
[INFO] [stderr]   Downloaded structopt v0.2.18
[INFO] [stderr]   Downloaded term v0.5.2
[INFO] [stderr]   Downloaded unic-segment v0.7.0
[INFO] [stderr]   Downloaded native-tls v0.2.3
[INFO] [stderr]   Downloaded schannel v0.1.19
[INFO] [stderr]   Downloaded openssl-sys v0.9.58
[INFO] [stderr]   Downloaded rusoto_core v0.40.0
[INFO] [stderr]   Downloaded tokio-timer v0.2.13
[INFO] [stderr]   Downloaded ppv-lite86 v0.2.9
[INFO] [stderr]   Downloaded tokio-signal v0.2.9
[INFO] [stderr]   Downloaded bip39 v0.6.0-beta.1
[INFO] [stderr]   Downloaded pretty_assertions v0.6.1
[INFO] [stderr]   Downloaded reqwest v0.9.11
[INFO] [stderr]   Downloaded rayon-core v1.8.1
[INFO] [stderr]   Downloaded capnp v0.10.0
[INFO] [stderr]   Downloaded toml v0.5.0
[INFO] [stderr]   Downloaded hermit-abi v0.1.16
[INFO] [stderr]   Downloaded crossbeam-channel v0.4.4
[INFO] [stderr]   Downloaded rle-decode-fast v1.0.1
[INFO] [stderr]   Downloaded nickel v0.11.0
[INFO] [stderr]   Downloaded parity-wasm v0.31.3
[INFO] [stderr]   Downloaded tungstenite v0.9.2
[INFO] [stderr]   Downloaded rand v0.4.6
[INFO] [stderr]   Downloaded unicode-normalization v0.1.13
[INFO] [stderr]   Downloaded petgraph v0.4.13
[INFO] [stderr]   Downloaded hyper v0.12.25
[INFO] [stderr]   Downloaded tera v0.11.20
[INFO] [stderr]   Downloaded deunicode v0.4.3
[INFO] [stderr]   Downloaded futures-util v0.3.5
[INFO] [stderr]   Downloaded hyper v0.10.16
[INFO] [stderr]   Downloaded lmdb-rkv-sys v0.11.0
[INFO] [stderr]   Downloaded cranelift-codegen-meta v0.52.0
[INFO] [stderr]   Downloaded rayon v1.4.1
[INFO] [stderr]   Downloaded lib3h v0.0.42
[INFO] [stderr]   Downloaded syn v0.15.31
[INFO] [stderr]   Downloaded clap v2.33.3
[INFO] [stderr]   Downloaded idna v0.2.0
[INFO] [stderr]   Downloaded cranelift-codegen v0.52.0
[INFO] [stderr]   Downloaded bstr v0.2.13
[INFO] [stderr]   Downloaded encoding_rs v0.8.24
[INFO] running `Command { std: "docker" "create" "-v" "/var/lib/crater-agent-workspace/builds/worker-4-tc1/source:/opt/rustwide/workdir:ro,Z" "-v" "/var/lib/crater-agent-workspace/builds/worker-4-tc1/target:/opt/rustwide/target:rw,Z" "-v" "/var/lib/crater-agent-workspace/cargo-home:/opt/rustwide/cargo-home:ro,Z" "-v" "/var/lib/crater-agent-workspace/rustup-home:/opt/rustwide/rustup-home:ro,Z" "-m" "1610612736" "--network" "none" "ghcr.io/rust-lang/crates-build-env/linux@sha256:3d5ced03c013a94a2f102a4510f48a6e9184255caf5fd8244f58017bde7f5210" "sleep" "infinity", kill_on_drop: false }`
[INFO] [stdout] f434d04796609312f3f8b1ceb3c0d4665228b222aeea93c3c8ef27d6bd4d8f84
[INFO] running `Command { std: "docker" "start" "f434d04796609312f3f8b1ceb3c0d4665228b222aeea93c3c8ef27d6bd4d8f84", kill_on_drop: false }`
[INFO] running `Command { std: "docker" "inspect" "f434d04796609312f3f8b1ceb3c0d4665228b222aeea93c3c8ef27d6bd4d8f84", kill_on_drop: false }`
[INFO] running `Command { std: "docker" "exec" "-e" "SOURCE_DIR=/opt/rustwide/workdir" "-e" "CARGO_HOME=/opt/rustwide/cargo-home" "-e" "RUSTUP_HOME=/opt/rustwide/rustup-home" "-e" "CARGO_TARGET_DIR=/opt/rustwide/target" "-w" "/opt/rustwide/workdir" "--user" "0:0" "f434d04796609312f3f8b1ceb3c0d4665228b222aeea93c3c8ef27d6bd4d8f84" "/opt/rustwide/cargo-home/bin/cargo" "+1.97.0-beta.6" "metadata" "--no-deps" "--format-version=1", kill_on_drop: false }`
[INFO] running `Command { std: "docker" "inspect" "f434d04796609312f3f8b1ceb3c0d4665228b222aeea93c3c8ef27d6bd4d8f84", kill_on_drop: false }`
[INFO] running `Command { std: "docker" "exec" "-e" "SOURCE_DIR=/opt/rustwide/workdir" "-e" "CARGO_HOME=/opt/rustwide/cargo-home" "-e" "RUSTUP_HOME=/opt/rustwide/rustup-home" "-e" "CARGO_TARGET_DIR=/opt/rustwide/target" "-e" "CARGO_INCREMENTAL=0" "-e" "RUST_BACKTRACE=full" "-e" "RUSTFLAGS=--cap-lints=warn" "-e" "RUSTDOCFLAGS=--cap-lints=warn" "-w" "/opt/rustwide/workdir" "--user" "0:0" "f434d04796609312f3f8b1ceb3c0d4665228b222aeea93c3c8ef27d6bd4d8f84" "/opt/rustwide/cargo-home/bin/cargo" "+1.97.0-beta.6" "build" "--frozen" "--message-format=json", kill_on_drop: false }`
[INFO] [stderr] warning: /opt/rustwide/workdir/crates/wasm_utils/Cargo.toml: `package.edition` is unspecified, defaulting to `2015` while the latest is `2024`
[INFO] [stderr] warning: /opt/rustwide/workdir/crates/core_types/Cargo.toml: `package.edition` is unspecified, defaulting to `2015` while the latest is `2024`
[INFO] [stderr] warning: /opt/rustwide/workdir/crates/cli/Cargo.toml: `package.edition` is unspecified, defaulting to `2015` while the latest is `2024`
[INFO] [stderr] warning: /opt/rustwide/workdir/crates/holochain/Cargo.toml: `package.edition` is unspecified, defaulting to `2015` while the latest is `2024`
[INFO] [stderr]    Compiling proc-macro2 v1.0.24
[INFO] [stderr]    Compiling unicode-xid v0.2.1
[INFO] [stderr]    Compiling syn v1.0.42
[INFO] [stderr]    Compiling libc v0.2.66
[INFO] [stderr]    Compiling serde v1.0.104
[INFO] [stderr]    Compiling byteorder v1.3.2
[INFO] [stderr]    Compiling autocfg v1.0.1
[INFO] [stderr]    Compiling log v0.4.8
[INFO] [stderr]    Compiling cc v1.0.60
[INFO] [stderr]    Compiling maybe-uninit v2.0.0
[INFO] [stderr]    Compiling semver-parser v0.7.0
[INFO] [stderr]    Compiling memchr v2.3.3
[INFO] [stderr]    Compiling num-traits v0.2.6
[INFO] [stderr]    Compiling bitflags v1.2.1
[INFO] [stderr]    Compiling typenum v1.12.0
[INFO] [stderr]    Compiling itoa v0.4.6
[INFO] [stderr]    Compiling hashbrown v0.9.1
[INFO] [stderr]    Compiling regex-syntax v0.6.18
[INFO] [stderr]    Compiling ryu v1.0.5
[INFO] [stderr]    Compiling num-integer v0.1.41
[INFO] [stderr]    Compiling scopeguard v1.1.0
[INFO] [stderr]    Compiling rand_core v0.4.2
[INFO] [stderr]    Compiling regex v1.1.2
[INFO] [stderr]    Compiling smallvec v0.6.13
[INFO] [stderr]    Compiling indexmap v1.6.0
[INFO] [stderr]    Compiling thread_local v0.3.6
[INFO] [stderr]    Compiling utf8-ranges v1.0.4
[INFO] [stderr]    Compiling crossbeam-utils v0.7.2
[INFO] [stderr]    Compiling aho-corasick v0.6.10
[INFO] [stderr]    Compiling rand_core v0.3.1
[INFO] [stderr]    Compiling proc-macro2 v0.4.27
[INFO] [stderr]    Compiling getrandom v0.1.15
[INFO] [stderr]    Compiling pkg-config v0.3.18
[INFO] [stderr]    Compiling fake-simd v0.1.2
[INFO] [stderr]    Compiling arrayref v0.3.5
[INFO] [stderr]    Compiling lock_api v0.3.4
[INFO] [stderr]    Compiling syn v0.15.31
[INFO] [stderr]    Compiling quote v1.0.3
[INFO] [stderr]    Compiling futures v0.1.29
[INFO] [stderr]    Compiling ppv-lite86 v0.2.9
[INFO] [stderr]    Compiling either v1.6.1
[INFO] [stderr]    Compiling tinyvec v0.3.4
[INFO] [stderr]    Compiling matches v0.1.8
[INFO] [stderr]    Compiling byte-tools v0.2.0
[INFO] [stderr]    Compiling unicode-bidi v0.3.4
[INFO] [stderr]    Compiling block-buffer v0.3.3
[INFO] [stderr]    Compiling crossbeam-utils v0.6.6
[INFO] [stderr]    Compiling backtrace-sys v0.1.37
[INFO] [stderr]    Compiling memoffset v0.5.6
[INFO] [stderr]    Compiling crossbeam-epoch v0.8.2
[INFO] [stderr]    Compiling backtrace v0.3.27
[INFO] [stderr]    Compiling unicode-normalization v0.1.13
[INFO] [stderr]    Compiling openssl-src v111.11.0+1.1.1h
[INFO] [stderr]    Compiling quote v0.6.11
[INFO] [stderr]    Compiling rustc-demangle v0.1.16
[INFO] [stderr]    Compiling percent-encoding v1.0.1
[INFO] [stderr]    Compiling proc-macro2 v0.2.3
[INFO] [stderr]    Compiling openssl-sys v0.9.58
[INFO] [stderr]    Compiling pin-project-internal v0.4.25
[INFO] [stderr]    Compiling crossbeam-channel v0.3.8
[INFO] [stderr]    Compiling itertools v0.7.11
[INFO] [stderr]    Compiling num_cpus v1.11.1
[INFO] [stderr]    Compiling time v0.1.42
[INFO] [stderr]    Compiling iovec v0.1.4
[INFO] [stderr]    Compiling generic-array v0.9.0
[INFO] [stderr]    Compiling bytes v0.4.12
[INFO] [stderr]    Compiling net2 v0.2.33
[INFO] [stderr]    Compiling rand_core v0.5.1
[INFO] [stderr]    Compiling crossbeam-deque v0.7.3
[INFO] [stderr]    Compiling digest v0.7.6
[INFO] [stderr]    Compiling quote v0.4.2
[INFO] [stderr]    Compiling sha2 v0.7.1
[INFO] [stderr]    Compiling rand_chacha v0.2.2
[INFO] [stderr]    Compiling tokio-executor v0.1.10
[INFO] [stderr]    Compiling rand_pcg v0.1.2
[INFO] [stderr]    Compiling syn v0.12.15
[INFO] [stderr]    Compiling rand_chacha v0.1.1
[INFO] [stderr]    Compiling openssl v0.10.25
[INFO] [stderr]    Compiling rand v0.7.3
[INFO] [stderr]    Compiling futures-core-preview v0.3.0-alpha.17
[INFO] [stderr]    Compiling futures-sink-preview v0.3.0-alpha.17
[INFO] [stderr]    Compiling tokio-sync v0.1.8
[INFO] [stderr]    Compiling rand v0.6.5
[INFO] [stderr]    Compiling num-bigint v0.2.2
[INFO] [stderr]    Compiling native-tls v0.2.3
[INFO] [stderr]    Compiling smallvec v1.4.2
[INFO] [stderr]    Compiling crunchy v0.2.2
[INFO] [stderr]    Compiling futures-channel-preview v0.3.0-alpha.17
[INFO] [stderr]    Compiling rand_os v0.1.3
[INFO] [stderr]    Compiling rand v0.5.6
[INFO] [stderr]    Compiling rand_hc v0.1.0
[INFO] [stderr]    Compiling rand_isaac v0.1.1
[INFO] [stderr]    Compiling rand_xorshift v0.1.1
[INFO] [stderr]    Compiling rand_jitter v0.1.4
[INFO] [stderr]    Compiling num-iter v0.1.39
[INFO] [stderr]    Compiling num-rational v0.2.1
[INFO] [stderr]    Compiling openssl-probe v0.1.2
[INFO] [stderr]    Compiling num-complex v0.2.1
[INFO] [stderr]    Compiling futures-io-preview v0.3.0-alpha.17
[INFO] [stderr]    Compiling futures-util-preview v0.3.0-alpha.17
[INFO] [stderr]    Compiling idna v0.1.5
[INFO] [stderr]    Compiling generic-array v0.12.3
[INFO] [stderr]    Compiling base64 v0.10.1
[INFO] [stderr]    Compiling version_check v0.9.2
[INFO] [stderr]    Compiling quick-error v1.2.3
[INFO] [stderr]    Compiling tiny-keccak v1.5.0
[INFO] [stderr]    Compiling url v1.7.2
[INFO] [stderr]    Compiling reed-solomon v0.2.1
[INFO] [stderr]    Compiling sha1 v0.5.0
[INFO] [stderr]    Compiling holochain_json_api v0.0.23
[INFO] [stderr]    Compiling hcid v0.0.6
[INFO] [stderr]    Compiling multihash v0.8.0
[INFO] [stderr]    Compiling crossbeam-queue v0.2.3
[INFO] [stderr]    Compiling ansi_term v0.11.0
[INFO] [stderr]    Compiling holochain_persistence_api v0.0.18
[INFO] [stderr]    Compiling objekt v0.1.2
[INFO] [stderr]    Compiling http v0.1.21
[INFO] [stderr]    Compiling rand v0.4.6
[INFO] [stderr]    Compiling spin v0.5.2
[INFO] [stderr]    Compiling digest v0.8.1
[INFO] [stderr]    Compiling tokio-current-thread v0.1.7
[INFO] [stderr]    Compiling tokio-timer v0.2.13
[INFO] [stderr]    Compiling regex-automata v0.1.9
[INFO] [stderr]    Compiling idna v0.2.0
[INFO] [stderr]    Compiling atty v0.2.14
[INFO] [stderr]    Compiling crc32fast v1.2.0
[INFO] [stderr]    Compiling percent-encoding v2.1.0
[INFO] [stderr]    Compiling tracing-core v0.1.10
[INFO] [stderr]    Compiling adler32 v1.2.0
[INFO] [stderr]    Compiling constant_time_eq v0.1.5
[INFO] [stderr]    Compiling protobuf v2.14.0
[INFO] [stderr]    Compiling string v0.2.1
[INFO] [stderr]    Compiling ordered-float v1.1.0
[INFO] [stderr]    Compiling prometheus v0.7.0
[INFO] [stderr]    Compiling proc-macro-nested v0.1.6
[INFO] [stderr]    Compiling num v0.2.0
[INFO] [stderr]    Compiling rust-base58 v0.0.4
[INFO] [stderr]    Compiling try-lock v0.2.3
[INFO] [stderr]    Compiling futures-core v0.3.5
[INFO] [stderr]    Compiling byte-tools v0.3.1
[INFO] [stderr]    Compiling block-padding v0.1.5
[INFO] [stderr]    Compiling futures-cpupool v0.1.8
[INFO] [stderr]    Compiling bzip2-sys v0.1.9+1.0.8
[INFO] [stderr]    Compiling itertools v0.8.2
[INFO] [stderr]    Compiling colored v1.7.0
[INFO] [stderr]    Compiling proc-macro-hack v0.5.18
[INFO] [stderr]    Compiling stable_deref_trait v1.2.0
[INFO] [stderr]    Compiling arc-swap v0.4.7
[INFO] [stderr]    Compiling futures-sink v0.3.5
[INFO] [stderr]    Compiling once_cell v1.4.1
[INFO] [stderr]    Compiling futures-channel v0.3.5
[INFO] [stderr]    Compiling block-buffer v0.7.3
[INFO] [stderr]    Compiling signal-hook-registry v1.2.1
[INFO] [stderr]    Compiling futures-task v0.3.5
[INFO] [stderr]    Compiling threadpool v1.7.1
[INFO] [stderr]    Compiling futures-executor-preview v0.3.0-alpha.17
[INFO] [stderr]    Compiling hostname v0.1.5
[INFO] [stderr]    Compiling shrinkwraprs v0.2.1
[INFO] [stderr]    Compiling opaque-debug v0.2.3
[INFO] [stderr]    Compiling futures-io v0.3.5
[INFO] [stderr]    Compiling proc-macro-hack-impl v0.4.2
[INFO] [stderr]    Compiling unicode-width v0.1.8
[INFO] [stderr]    Compiling integer-encoding v1.1.5
[INFO] [stderr]    Compiling futures-preview v0.3.0-alpha.17
[INFO] [stderr]    Compiling matchers v0.0.1
[INFO] [stderr]    Compiling proc-macro-hack v0.4.2
[INFO] [stderr]    Compiling miniz_oxide v0.3.7
[INFO] [stderr]    Compiling humantime v1.3.0
[INFO] [stderr]    Compiling dirs v1.0.5
[INFO] [stderr]    Compiling sharded-slab v0.0.8
[INFO] [stderr]    Compiling termcolor v1.1.0
[INFO] [stderr]    Compiling unicode-segmentation v1.6.0
[INFO] [stderr]    Compiling dtoa v0.4.6
[INFO] [stderr]    Compiling mashup-impl v0.1.12
[INFO] [stderr]    Compiling bzip2 v0.3.3
[INFO] [stderr]    Compiling msdos_time v0.1.6
[INFO] [stderr]    Compiling xattr v0.2.2
[INFO] [stderr]    Compiling filetime v0.2.12
[INFO] [stderr]    Compiling parity-wasm v0.31.3
[INFO] [stderr]    Compiling hex v0.3.2
[INFO] [stderr]    Compiling safemem v0.3.3
[INFO] [stderr]    Compiling memory_units v0.3.0
[INFO] [stderr]    Compiling scopeguard v0.3.3
[INFO] [stderr]    Compiling podio v0.1.7
[INFO] [stderr]    Compiling heck v0.3.1
[INFO] [stderr]    Compiling base64 v0.9.3
[INFO] [stderr]    Compiling mashup v0.1.12
[INFO] [stderr]    Compiling tar v0.4.26
[INFO] [stderr]    Compiling owning_ref v0.4.1
[INFO] [stderr]    Compiling flate2 v1.0.12
[INFO] [stderr]    Compiling crossbeam-queue v0.1.2
[INFO] [stderr]    Compiling unwrap v1.2.1
[INFO] [stderr]    Compiling lock_api v0.1.5
[INFO] [stderr]    Compiling textwrap v0.11.0
[INFO] [stderr]    Compiling sha-1 v0.8.2
[INFO] [stderr]    Compiling crypto-mac v0.5.2
[INFO] [stderr]    Compiling shlex v0.1.1
[INFO] [stderr]    Compiling difference v2.0.0
[INFO] [stderr]    Compiling strsim v0.8.0
[INFO] [stderr]    Compiling base64 v0.11.0
[INFO] [stderr]    Compiling vec_map v0.8.2
[INFO] [stderr]    Compiling synstructure v0.10.2
[INFO] [stderr]    Compiling hmac v0.5.0
[INFO] [stderr]    Compiling nanoid v0.2.0
[INFO] [stderr]    Compiling unicase v2.6.0
[INFO] [stderr]    Compiling directories v1.0.2
[INFO] [stderr]    Compiling num-traits v0.1.43
[INFO] [stderr]    Compiling ring v0.16.12
[INFO] [stderr]    Compiling clap v2.33.3
[INFO] [stderr]    Compiling csv-core v0.1.10
[INFO] [stderr]    Compiling xml-rs v0.7.0
[INFO] [stderr]    Compiling md5 v0.3.8
[INFO] [stderr]    Compiling utf8parse v0.1.1
[INFO] [stderr]    Compiling zip v0.3.3
[INFO] [stderr]    Compiling holochain_common v0.0.52-alpha2 (/opt/rustwide/workdir/crates/common)
[INFO] [stderr]    Compiling rmp v0.8.7
[INFO] [stderr]    Compiling input_buffer v0.2.0
[INFO] [stderr]    Compiling untrusted v0.7.1
[INFO] [stderr]    Compiling utf-8 v0.7.5
[INFO] [stderr]    Compiling num-derive v0.2.4
[INFO] [stderr]    Compiling cranelift-entity v0.52.0
[INFO] [stderr]    Compiling vte v0.3.3
[INFO] [stderr]    Compiling pem v0.7.0
[INFO] [stderr]    Compiling proc-macro-error v0.2.6
[INFO] [stderr]    Compiling float-cmp v0.4.0
[INFO] [stderr]    Compiling normalize-line-endings v0.2.2
[INFO] [stderr]    Compiling wasmi v0.4.4
[INFO] [stderr]    Compiling cranelift-codegen-shared v0.52.0
[INFO] [stderr]    Compiling predicates-core v1.0.0
[INFO] [stderr]    Compiling rayon-core v1.8.1
[INFO] [stderr]    Compiling strip-ansi-escapes v0.1.0
[INFO] [stderr]    Compiling predicates v1.0.1
[INFO] [stderr]    Compiling owning_ref v0.3.3
[INFO] [stderr]    Compiling parking_lot_core v0.2.14
[INFO] [stderr]    Compiling cranelift-codegen-meta v0.52.0
[INFO] [stderr]    Compiling im v14.0.0
[INFO] [stderr]    Compiling bitmaps v2.1.0
[INFO] [stderr]    Compiling streaming-stats v0.2.2
[INFO] [stderr]    Compiling capnp v0.10.0
[INFO] [stderr]    Compiling target-lexicon v0.9.0
[INFO] [stderr]    Compiling zeroize v0.10.1
[INFO] [stderr]    Compiling failure_derive v0.1.8
[INFO] [stderr]    Compiling detach v0.0.42
[INFO] [stderr]    Compiling parking_lot v0.4.8
[INFO] [stderr]    Compiling synstructure v0.12.4
[INFO] [stderr]    Compiling rand v0.3.23
[INFO] [stderr]    Compiling rand_xoshiro v0.4.0
[INFO] [stderr]    Compiling crossbeam-channel v0.4.4
[INFO] [stderr]    Compiling rayon v1.4.1
[INFO] [stderr]    Compiling zeroize_derive v0.9.3
[INFO] [stderr]    Compiling lock_api v0.2.0
[INFO] [stderr]    Compiling pin-project-lite v0.1.10
[INFO] [stderr]    Compiling void v1.0.2
[INFO] [stderr]    Compiling bytes v0.5.6
[INFO] [stderr]    Compiling zeroize v0.9.2
[INFO] [stderr]    Compiling sized-chunks v0.5.3
[INFO] [stderr]    Compiling chashmap v2.2.2
[INFO] [stderr]    Compiling uuid v0.4.0
[INFO] [stderr]    Compiling cranelift-bforest v0.52.0
[INFO] [stderr]    Compiling twox-hash v1.5.0
[INFO] [stderr]    Compiling arrayvec v0.5.1
[INFO] [stderr]    Compiling mime_guess v2.0.3
[INFO] [stderr]    Compiling encoding_rs v0.8.24
[INFO] [stderr]    Compiling blake2b_simd v0.5.10
[INFO] [stderr]    Compiling subtle v1.0.0
[INFO] [stderr]    Compiling nix v0.15.0
[INFO] [stderr]    Compiling lmdb-rkv-sys v0.11.0
[INFO] [stderr]    Compiling crypto-mac v0.7.0
[INFO] [stderr]    Compiling mime v0.3.16
[INFO] [stderr]    Compiling lazycell v1.3.0
[INFO] [stderr]    Compiling traitobject v0.1.0
[INFO] [stderr]    Compiling glob v0.3.0
[INFO] [stderr]    Compiling wasmparser v0.45.2
[INFO] [stdout] error[E0119]: conflicting implementations of trait `Trait` for type `(dyn Send + Sync + 'static)`
[INFO] [stdout]   --> /opt/rustwide/cargo-home/registry/src/index.crates.io-1949cf8c6b5b557f/traitobject-0.1.0/src/impls.rs:72:1
[INFO] [stdout]    |
[INFO] [stdout] 71 | unsafe impl Trait for ::std::marker::Send + Sync { }
[INFO] [stdout]    | ------------------------------------------------ first implementation here
[INFO] [stdout] 72 | unsafe impl Trait for ::std::marker::Send + Send + Sync { }
[INFO] [stdout]    | ^^^^^^^^^^^^^^^^^^^^^^^^^^^^^^^^^^^^^^^^^^^^^^^^^^^^^^^ conflicting implementation for `(dyn Send + Sync + 'static)`
[INFO] [stdout] 
[INFO] [stdout] 
[INFO] [stdout] error[E0119]: conflicting implementations of trait `Trait` for type `(dyn Send + Sync + 'static)`
[INFO] [stdout]   --> /opt/rustwide/cargo-home/registry/src/index.crates.io-1949cf8c6b5b557f/traitobject-0.1.0/src/impls.rs:73:1
[INFO] [stdout]    |
[INFO] [stdout] 71 | unsafe impl Trait for ::std::marker::Send + Sync { }
[INFO] [stdout]    | ------------------------------------------------ first implementation here
[INFO] [stdout] 72 | unsafe impl Trait for ::std::marker::Send + Send + Sync { }
[INFO] [stdout] 73 | unsafe impl Trait for ::std::marker::Sync + Send { }
[INFO] [stdout]    | ^^^^^^^^^^^^^^^^^^^^^^^^^^^^^^^^^^^^^^^^^^^^^^^^ conflicting implementation for `(dyn Send + Sync + 'static)`
[INFO] [stdout] 
[INFO] [stdout] 
[INFO] [stdout] error[E0119]: conflicting implementations of trait `Trait` for type `(dyn Send + Sync + 'static)`
[INFO] [stdout]   --> /opt/rustwide/cargo-home/registry/src/index.crates.io-1949cf8c6b5b557f/traitobject-0.1.0/src/impls.rs:75:1
[INFO] [stdout]    |
[INFO] [stdout] 71 | unsafe impl Trait for ::std::marker::Send + Sync { }
[INFO] [stdout]    | ------------------------------------------------ first implementation here
[INFO] [stdout] ...
[INFO] [stdout] 75 | unsafe impl Trait for ::std::marker::Sync + Send + Sync { }
[INFO] [stdout]    | ^^^^^^^^^^^^^^^^^^^^^^^^^^^^^^^^^^^^^^^^^^^^^^^^^^^^^^^ conflicting implementation for `(dyn Send + Sync + 'static)`
[INFO] [stdout] 
[INFO] [stdout] 
[INFO] [stdout] For more information about this error, try `rustc --explain E0119`.
[INFO] [stdout] 
[INFO] [stderr] error: could not compile `traitobject` (lib) due to 3 previous errors
[INFO] [stderr] warning: build failed, waiting for other jobs to finish...
[INFO] running `Command { std: "docker" "inspect" "f434d04796609312f3f8b1ceb3c0d4665228b222aeea93c3c8ef27d6bd4d8f84", kill_on_drop: false }`
[INFO] running `Command { std: "docker" "rm" "-f" "f434d04796609312f3f8b1ceb3c0d4665228b222aeea93c3c8ef27d6bd4d8f84", kill_on_drop: false }`
[INFO] [stdout] f434d04796609312f3f8b1ceb3c0d4665228b222aeea93c3c8ef27d6bd4d8f84
