[INFO] cloning repository https://github.com/linus131/DES_thermal_model
[INFO] running `Command { std: "git" "-c" "credential.helper=" "-c" "credential.helper=/workspace/cargo-home/bin/git-credential-null" "clone" "--bare" "https://github.com/linus131/DES_thermal_model" "/workspace/cache/git-repos/https%3A%2F%2Fgithub.com%2Flinus131%2FDES_thermal_model", kill_on_drop: false }`
[INFO] [stderr] Cloning into bare repository '/workspace/cache/git-repos/https%3A%2F%2Fgithub.com%2Flinus131%2FDES_thermal_model'...
[INFO] running `Command { std: "git" "rev-parse" "HEAD", kill_on_drop: false }`
[INFO] [stdout] d2d2608de56da47ae00be52caf87ad874c133abe
[INFO] testing linus131/DES_thermal_model against 1.97.0-beta.6 for beta-1.98-2
[INFO] running `Command { std: "git" "clone" "/workspace/cache/git-repos/https%3A%2F%2Fgithub.com%2Flinus131%2FDES_thermal_model" "/workspace/builds/worker-2-tc1/source", kill_on_drop: false }`
[INFO] [stderr] Cloning into '/workspace/builds/worker-2-tc1/source'...
[INFO] [stderr] done.
[INFO] started tweaking git repo https://github.com/linus131/DES_thermal_model
[INFO] finished tweaking git repo https://github.com/linus131/DES_thermal_model
[INFO] tweaked toml for git repo https://github.com/linus131/DES_thermal_model written to /workspace/builds/worker-2-tc1/source/Cargo.toml
[INFO] validating manifest of git repo https://github.com/linus131/DES_thermal_model on toolchain 1.97.0-beta.6
[INFO] running `Command { std: CARGO_HOME="/workspace/cargo-home" RUSTUP_HOME="/workspace/rustup-home" "/workspace/cargo-home/bin/cargo" "+1.97.0-beta.6" "metadata" "--manifest-path" "Cargo.toml" "--no-deps", kill_on_drop: false }`
[INFO] crate git repo https://github.com/linus131/DES_thermal_model already has a lockfile, it will not be regenerated
[INFO] running `Command { std: CARGO_HOME="/workspace/cargo-home" RUSTUP_HOME="/workspace/rustup-home" "/workspace/cargo-home/bin/cargo" "+1.97.0-beta.6" "fetch" "--manifest-path" "Cargo.toml", kill_on_drop: false }`
[INFO] running `Command { std: "docker" "create" "-v" "/var/lib/crater-agent-workspace/builds/worker-2-tc1/source:/opt/rustwide/workdir:ro,Z" "-v" "/var/lib/crater-agent-workspace/builds/worker-2-tc1/target:/opt/rustwide/target:rw,Z" "-v" "/var/lib/crater-agent-workspace/cargo-home:/opt/rustwide/cargo-home:ro,Z" "-v" "/var/lib/crater-agent-workspace/rustup-home:/opt/rustwide/rustup-home:ro,Z" "-m" "1610612736" "--network" "none" "ghcr.io/rust-lang/crates-build-env/linux@sha256:3d5ced03c013a94a2f102a4510f48a6e9184255caf5fd8244f58017bde7f5210" "sleep" "infinity", kill_on_drop: false }`
[INFO] [stdout] 289848aa9b40b102e4bf1a2af80522553c2ce90bc2e5a45b485f60c92c8d150f
[INFO] running `Command { std: "docker" "start" "289848aa9b40b102e4bf1a2af80522553c2ce90bc2e5a45b485f60c92c8d150f", kill_on_drop: false }`
[INFO] running `Command { std: "docker" "inspect" "289848aa9b40b102e4bf1a2af80522553c2ce90bc2e5a45b485f60c92c8d150f", kill_on_drop: false }`
[INFO] running `Command { std: "docker" "exec" "-e" "SOURCE_DIR=/opt/rustwide/workdir" "-e" "CARGO_HOME=/opt/rustwide/cargo-home" "-e" "RUSTUP_HOME=/opt/rustwide/rustup-home" "-e" "CARGO_TARGET_DIR=/opt/rustwide/target" "-w" "/opt/rustwide/workdir" "--user" "0:0" "289848aa9b40b102e4bf1a2af80522553c2ce90bc2e5a45b485f60c92c8d150f" "/opt/rustwide/cargo-home/bin/cargo" "+1.97.0-beta.6" "metadata" "--no-deps" "--format-version=1", kill_on_drop: false }`
[INFO] running `Command { std: "docker" "inspect" "289848aa9b40b102e4bf1a2af80522553c2ce90bc2e5a45b485f60c92c8d150f", kill_on_drop: false }`
[INFO] running `Command { std: "docker" "exec" "-e" "SOURCE_DIR=/opt/rustwide/workdir" "-e" "CARGO_HOME=/opt/rustwide/cargo-home" "-e" "RUSTUP_HOME=/opt/rustwide/rustup-home" "-e" "CARGO_TARGET_DIR=/opt/rustwide/target" "-e" "CARGO_INCREMENTAL=0" "-e" "RUST_BACKTRACE=full" "-e" "RUSTFLAGS=--cap-lints=warn" "-e" "RUSTDOCFLAGS=--cap-lints=warn" "-w" "/opt/rustwide/workdir" "--user" "0:0" "289848aa9b40b102e4bf1a2af80522553c2ce90bc2e5a45b485f60c92c8d150f" "/opt/rustwide/cargo-home/bin/cargo" "+1.97.0-beta.6" "build" "--frozen" "--message-format=json", kill_on_drop: false }`
[INFO] [stderr]    Compiling libc v0.2.172
[INFO] [stderr]    Compiling either v1.15.0
[INFO] [stderr]    Compiling rayon-core v1.12.1
[INFO] [stderr]    Compiling rayon v1.10.0
[INFO] [stderr]    Compiling num_cpus v1.16.0
[INFO] [stderr]    Compiling DES_thermal_simulation v0.1.0 (/opt/rustwide/workdir)
[INFO] [stdout] error[E0583]: file not found for module `interpolator`
[INFO] [stdout]  --> src/main.rs:3:1
[INFO] [stdout]   |
[INFO] [stdout] 3 | mod interpolator;
[INFO] [stdout]   | ^^^^^^^^^^^^^^^^^
[INFO] [stdout]   |
[INFO] [stdout]   = help: to create the module `interpolator`, create file "src/interpolator.rs" or "src/interpolator/mod.rs"
[INFO] [stdout]   = note: if there is a `mod interpolator` elsewhere in the crate already, import it with `use crate::...` instead
[INFO] [stdout] 
[INFO] [stdout] 
[INFO] [stdout] error[E0433]: cannot find type `Interpolator` in this scope
[INFO] [stdout]    --> src/main.rs:179:47
[INFO] [stdout]     |
[INFO] [stdout] 179 | ...   let sp_heat_cap_interpolation_table = Interpolator::read_data_from_file(sp_ht_cap_filename.as_str(),sp_heat_cap_step, maxthre...
[INFO] [stdout]     |                                             ^^^^^^^^^^^^ use of undeclared type `Interpolator`
[INFO] [stdout]     |
[INFO] [stdout] help: a trait with a similar name exists
[INFO] [stdout]     |
[INFO] [stdout] 179 -         let sp_heat_cap_interpolation_table = Interpolator::read_data_from_file(sp_ht_cap_filename.as_str(),sp_heat_cap_step, maxthreads);
[INFO] [stdout] 179 +         let sp_heat_cap_interpolation_table = Iterator::read_data_from_file(sp_ht_cap_filename.as_str(),sp_heat_cap_step, maxthreads);
[INFO] [stdout]     |
[INFO] [stdout] 
[INFO] [stdout] 
[INFO] [stdout] error[E0433]: cannot find type `Interpolator` in this scope
[INFO] [stdout]    --> src/main.rs:180:48
[INFO] [stdout]     |
[INFO] [stdout] 180 | ...   let conductivity_interpolation_table = Interpolator::read_data_from_file(conductivity_filename.as_str(),conductivity_step, ma...
[INFO] [stdout]     |                                              ^^^^^^^^^^^^ use of undeclared type `Interpolator`
[INFO] [stdout]     |
[INFO] [stdout] help: a trait with a similar name exists
[INFO] [stdout]     |
[INFO] [stdout] 180 -         let conductivity_interpolation_table = Interpolator::read_data_from_file(conductivity_filename.as_str(),conductivity_step, maxthreads);
[INFO] [stdout] 180 +         let conductivity_interpolation_table = Iterator::read_data_from_file(conductivity_filename.as_str(),conductivity_step, maxthreads);
[INFO] [stdout]     |
[INFO] [stdout] 
[INFO] [stdout] 
[INFO] [stdout] error[E0433]: cannot find type `Interpolator` in this scope
[INFO] [stdout]    --> src/main.rs:367:47
[INFO] [stdout]     |
[INFO] [stdout] 367 | ...   let sp_heat_cap_interpolation_table = Interpolator::read_data_from_file(sp_ht_cap_filename.as_str(),sp_heat_cap_step, maxthre...
[INFO] [stdout]     |                                             ^^^^^^^^^^^^ use of undeclared type `Interpolator`
[INFO] [stdout]     |
[INFO] [stdout] help: a trait with a similar name exists
[INFO] [stdout]     |
[INFO] [stdout] 367 -         let sp_heat_cap_interpolation_table = Interpolator::read_data_from_file(sp_ht_cap_filename.as_str(),sp_heat_cap_step, maxthreads);
[INFO] [stdout] 367 +         let sp_heat_cap_interpolation_table = Iterator::read_data_from_file(sp_ht_cap_filename.as_str(),sp_heat_cap_step, maxthreads);
[INFO] [stdout]     |
[INFO] [stdout] 
[INFO] [stdout] 
[INFO] [stdout] Some errors have detailed explanations: E0433, E0583.
[INFO] [stdout] 
[INFO] [stdout] For more information about an error, try `rustc --explain E0433`.
[INFO] [stdout] 
[INFO] [stderr] error: could not compile `DES_thermal_simulation` (bin "DES_thermal_simulation") due to 4 previous errors
[INFO] running `Command { std: "docker" "inspect" "289848aa9b40b102e4bf1a2af80522553c2ce90bc2e5a45b485f60c92c8d150f", kill_on_drop: false }`
[INFO] running `Command { std: "docker" "rm" "-f" "289848aa9b40b102e4bf1a2af80522553c2ce90bc2e5a45b485f60c92c8d150f", kill_on_drop: false }`
[INFO] [stdout] 289848aa9b40b102e4bf1a2af80522553c2ce90bc2e5a45b485f60c92c8d150f
