[INFO] cloning repository https://github.com/lily-mara/axum-err-test
[INFO] running `Command { std: "git" "-c" "credential.helper=" "-c" "credential.helper=/workspace/cargo-home/bin/git-credential-null" "clone" "--bare" "https://github.com/lily-mara/axum-err-test" "/workspace/cache/git-repos/https%3A%2F%2Fgithub.com%2Flily-mara%2Faxum-err-test", kill_on_drop: false }`
[INFO] [stderr] Cloning into bare repository '/workspace/cache/git-repos/https%3A%2F%2Fgithub.com%2Flily-mara%2Faxum-err-test'...
[INFO] running `Command { std: "git" "rev-parse" "HEAD", kill_on_drop: false }`
[INFO] [stdout] 24ad21ad111576735492509f1f2d1b85148d5e47
[INFO] testing lily-mara/axum-err-test against 1.97.0-beta.6 for beta-1.98-2
[INFO] running `Command { std: "git" "clone" "/workspace/cache/git-repos/https%3A%2F%2Fgithub.com%2Flily-mara%2Faxum-err-test" "/workspace/builds/worker-6-tc1/source", kill_on_drop: false }`
[INFO] [stderr] Cloning into '/workspace/builds/worker-6-tc1/source'...
[INFO] [stderr] done.
[INFO] started tweaking git repo https://github.com/lily-mara/axum-err-test
[INFO] finished tweaking git repo https://github.com/lily-mara/axum-err-test
[INFO] tweaked toml for git repo https://github.com/lily-mara/axum-err-test written to /workspace/builds/worker-6-tc1/source/Cargo.toml
[INFO] validating manifest of git repo https://github.com/lily-mara/axum-err-test on toolchain 1.97.0-beta.6
[INFO] running `Command { std: CARGO_HOME="/workspace/cargo-home" RUSTUP_HOME="/workspace/rustup-home" "/workspace/cargo-home/bin/cargo" "+1.97.0-beta.6" "metadata" "--manifest-path" "Cargo.toml" "--no-deps", kill_on_drop: false }`
[INFO] crate git repo https://github.com/lily-mara/axum-err-test already has a lockfile, it will not be regenerated
[INFO] running `Command { std: CARGO_HOME="/workspace/cargo-home" RUSTUP_HOME="/workspace/rustup-home" "/workspace/cargo-home/bin/cargo" "+1.97.0-beta.6" "fetch" "--manifest-path" "Cargo.toml", kill_on_drop: false }`
[INFO] [stderr]  Downloading crates ...
[INFO] [stderr]   Downloaded quote v1.0.32
[INFO] [stderr]   Downloaded axum v0.6.19
[INFO] [stderr]   Downloaded serde_path_to_error v0.1.14
[INFO] [stderr]   Downloaded async-trait v0.1.72
[INFO] [stderr]   Downloaded serde v1.0.174
[INFO] [stderr]   Downloaded serde_json v1.0.103
[INFO] running `Command { std: "docker" "create" "-v" "/var/lib/crater-agent-workspace/builds/worker-6-tc1/source:/opt/rustwide/workdir:ro,Z" "-v" "/var/lib/crater-agent-workspace/builds/worker-6-tc1/target:/opt/rustwide/target:rw,Z" "-v" "/var/lib/crater-agent-workspace/cargo-home:/opt/rustwide/cargo-home:ro,Z" "-v" "/var/lib/crater-agent-workspace/rustup-home:/opt/rustwide/rustup-home:ro,Z" "-m" "1610612736" "--network" "none" "ghcr.io/rust-lang/crates-build-env/linux@sha256:3d5ced03c013a94a2f102a4510f48a6e9184255caf5fd8244f58017bde7f5210" "sleep" "infinity", kill_on_drop: false }`
[INFO] [stdout] 49431a83fe89967f242f29a728a0f0e07907649b2b5e264a32f7589dded4c33d
[INFO] running `Command { std: "docker" "start" "49431a83fe89967f242f29a728a0f0e07907649b2b5e264a32f7589dded4c33d", kill_on_drop: false }`
[INFO] running `Command { std: "docker" "inspect" "49431a83fe89967f242f29a728a0f0e07907649b2b5e264a32f7589dded4c33d", kill_on_drop: false }`
[INFO] running `Command { std: "docker" "exec" "-e" "SOURCE_DIR=/opt/rustwide/workdir" "-e" "CARGO_HOME=/opt/rustwide/cargo-home" "-e" "RUSTUP_HOME=/opt/rustwide/rustup-home" "-e" "CARGO_TARGET_DIR=/opt/rustwide/target" "-w" "/opt/rustwide/workdir" "--user" "0:0" "49431a83fe89967f242f29a728a0f0e07907649b2b5e264a32f7589dded4c33d" "/opt/rustwide/cargo-home/bin/cargo" "+1.97.0-beta.6" "metadata" "--no-deps" "--format-version=1", kill_on_drop: false }`
[INFO] running `Command { std: "docker" "inspect" "49431a83fe89967f242f29a728a0f0e07907649b2b5e264a32f7589dded4c33d", kill_on_drop: false }`
[INFO] running `Command { std: "docker" "exec" "-e" "SOURCE_DIR=/opt/rustwide/workdir" "-e" "CARGO_HOME=/opt/rustwide/cargo-home" "-e" "RUSTUP_HOME=/opt/rustwide/rustup-home" "-e" "CARGO_TARGET_DIR=/opt/rustwide/target" "-e" "CARGO_INCREMENTAL=0" "-e" "RUST_BACKTRACE=full" "-e" "RUSTFLAGS=--cap-lints=warn" "-e" "RUSTDOCFLAGS=--cap-lints=warn" "-w" "/opt/rustwide/workdir" "--user" "0:0" "49431a83fe89967f242f29a728a0f0e07907649b2b5e264a32f7589dded4c33d" "/opt/rustwide/cargo-home/bin/cargo" "+1.97.0-beta.6" "build" "--frozen" "--message-format=json", kill_on_drop: false }`
[INFO] [stderr]    Compiling proc-macro2 v1.0.66
[INFO] [stderr]    Compiling libc v0.2.147
[INFO] [stderr]    Compiling unicode-ident v1.0.11
[INFO] [stderr]    Compiling pin-project-lite v0.2.10
[INFO] [stderr]    Compiling rustversion v1.0.14
[INFO] [stderr]    Compiling itoa v1.0.9
[INFO] [stderr]    Compiling futures-core v0.3.28
[INFO] [stderr]    Compiling futures-task v0.3.28
[INFO] [stderr]    Compiling bytes v1.4.0
[INFO] [stderr]    Compiling futures-util v0.3.28
[INFO] [stderr]    Compiling once_cell v1.18.0
[INFO] [stderr]    Compiling smallvec v1.11.0
[INFO] [stderr]    Compiling serde v1.0.174
[INFO] [stderr]    Compiling lock_api v0.4.10
[INFO] [stderr]    Compiling tokio v1.29.1
[INFO] [stderr]    Compiling tracing-core v0.1.31
[INFO] [stderr]    Compiling futures-channel v0.3.28
[INFO] [stderr]    Compiling http v0.2.9
[INFO] [stderr]    Compiling parking_lot_core v0.9.8
[INFO] [stderr]    Compiling num_cpus v1.16.0
[INFO] [stderr]    Compiling mio v0.8.8
[INFO] [stderr]    Compiling quote v1.0.32
[INFO] [stderr]    Compiling parking_lot v0.12.1
[INFO] [stderr]    Compiling syn v2.0.27
[INFO] [stderr]    Compiling socket2 v0.4.9
[INFO] [stderr]    Compiling signal-hook-registry v1.4.1
[INFO] [stderr]    Compiling async-trait v0.1.72
[INFO] [stderr]    Compiling log v0.4.19
[INFO] [stderr]    Compiling httparse v1.8.0
[INFO] [stderr]    Compiling tower-service v0.3.2
[INFO] [stderr]    Compiling tracing v0.1.37
[INFO] [stderr]    Compiling http-body v0.4.5
[INFO] [stderr]    Compiling axum-core v0.3.4
[INFO] [stderr]    Compiling try-lock v0.2.4
[INFO] [stderr]    Compiling memchr v2.5.0
[INFO] [stderr]    Compiling percent-encoding v2.3.0
[INFO] [stderr]    Compiling tower-layer v0.3.2
[INFO] [stderr]    Compiling serde_json v1.0.103
[INFO] [stderr]    Compiling ryu v1.0.15
[INFO] [stderr]    Compiling form_urlencoded v1.2.0
[INFO] [stderr]    Compiling want v0.3.1
[INFO] [stderr]    Compiling axum v0.6.19
[INFO] [stderr]    Compiling eyre v0.6.8
[INFO] [stderr]    Compiling matchit v0.7.0
[INFO] [stderr]    Compiling indenter v0.3.3
[INFO] [stderr]    Compiling serde_path_to_error v0.1.14
[INFO] [stderr]    Compiling serde_urlencoded v0.7.1
[INFO] [stderr]    Compiling tokio-macros v2.1.0
[INFO] [stderr]    Compiling pin-project-internal v1.1.2
[INFO] [stderr]    Compiling pin-project v1.1.2
[INFO] [stderr]    Compiling tower v0.4.13
[INFO] [stderr]    Compiling hyper v0.14.27
[INFO] [stderr]    Compiling axum-err-test v0.1.0 (/opt/rustwide/workdir)
[INFO] [stdout] error[E0277]: the trait bound `fn() -> impl Future<Output = Result<String, ErrReport>> {handler}: Handler<_, _, _>` is not satisfied
[INFO] [stdout]     --> src/bin/layer.rs:10:25
[INFO] [stdout]      |
[INFO] [stdout]   10 |         .route("/", get(handler)) // Does not compile because eyre::Report can't be used as return type
[INFO] [stdout]      |                     --- ^^^^^^^ the trait `Handler<_, _, _>` is not implemented for fn item `fn() -> impl Future<Output = Result<String, ErrReport>> {handler}`
[INFO] [stdout]      |                     |
[INFO] [stdout]      |                     required by a bound introduced by this call
[INFO] [stdout]      |
[INFO] [stdout] help: the following other types implement trait `Handler<T, S, B>`
[INFO] [stdout]     --> /opt/rustwide/cargo-home/registry/src/index.crates.io-1949cf8c6b5b557f/axum-0.6.19/src/routing/method_routing.rs:1263:1
[INFO] [stdout]      |
[INFO] [stdout] 1263 | / impl<S, B> Handler<(), S, B> for MethodRouter<S, B>
[INFO] [stdout] 1264 | | where
[INFO] [stdout] 1265 | |     S: Clone + 'static,
[INFO] [stdout] 1266 | |     B: HttpBody + Send + 'static,
[INFO] [stdout]      | |_________________________________^ `MethodRouter<S, B>` implements `Handler<(), S, B>`
[INFO] [stdout]      |
[INFO] [stdout]     ::: /opt/rustwide/cargo-home/registry/src/index.crates.io-1949cf8c6b5b557f/axum-0.6.19/src/handler/mod.rs:268:1
[INFO] [stdout]      |
[INFO] [stdout]  268 | / impl<H, S, T, L, B, B2> Handler<T, S, B2> for Layered<L, H, T, S, B, B2>
[INFO] [stdout]  269 | | where
[INFO] [stdout]  270 | |     L: Layer<HandlerService<H, T, S, B>> + Clone + Send + 'static,
[INFO] [stdout]  271 | |     H: Handler<T, S, B>,
[INFO] [stdout] ...    |
[INFO] [stdout]  277 | |     B: Send + 'static,
[INFO] [stdout]  278 | |     B2: Send + 'static,
[INFO] [stdout]      | |_______________________^ `Layered<L, H, T, S, B, B2>` implements `Handler<T, S, B2>`
[INFO] [stdout] note: required by a bound in `axum::routing::get`
[INFO] [stdout]     --> /opt/rustwide/cargo-home/registry/src/index.crates.io-1949cf8c6b5b557f/axum-0.6.19/src/routing/method_routing.rs:145:16
[INFO] [stdout]      |
[INFO] [stdout]  145 |             H: Handler<T, S, B>,
[INFO] [stdout]      |                ^^^^^^^^^^^^^^^^ required by this bound in `get`
[INFO] [stdout] ...
[INFO] [stdout]  403 | top_level_handler_fn!(get, GET);
[INFO] [stdout]      | -------------------------------
[INFO] [stdout]      | |                     |
[INFO] [stdout]      | |                     required by a bound in this function
[INFO] [stdout]      | in this macro invocation
[INFO] [stdout]      = note: this error originates in the macro `top_level_handler_fn` (in Nightly builds, run with -Z macro-backtrace for more info)
[INFO] [stdout] 
[INFO] [stdout] 
[INFO] [stdout] error[E0277]: the trait bound `HandleError<Route<_>, ..., _>: Service<...>` is not satisfied
[INFO] [stdout]    --> src/bin/layer.rs:12:16
[INFO] [stdout]     |
[INFO] [stdout]  12 |         .layer(ServiceBuilder::new().layer(HandleErrorLayer::new(handle_error))); // Does not compile
[INFO] [stdout]     |          ----- ^^^^^^^^^^^^^^^^^^^^^^^^^^^^^^^^^^^^^^^^^^^^^^^^^^^^^^^^^^^^^^^^ the trait `Service<axum::http::Request<_>>` is not implemented for `HandleError<Route<_>, fn(State<i32>, ...) -> ... {handle_error}, _>`
[INFO] [stdout]     |          |
[INFO] [stdout]     |          required by a bound introduced by this call
[INFO] [stdout]     |
[INFO] [stdout]     = help: the following other types implement trait `Service<Request>`:
[INFO] [stdout]               HandleError<S, F, ()>
[INFO] [stdout]               HandleError<S, F, (T1, T2)>
[INFO] [stdout]               HandleError<S, F, (T1, T2, T3)>
[INFO] [stdout]               HandleError<S, F, (T1, T2, T3, T4)>
[INFO] [stdout]               HandleError<S, F, (T1, T2, T3, T4, T5)>
[INFO] [stdout]               HandleError<S, F, (T1, T2, T3, T4, T5, T6)>
[INFO] [stdout]               HandleError<S, F, (T1, T2, T3, T4, T5, T6, T7)>
[INFO] [stdout]               HandleError<S, F, (T1, T2, T3, T4, T5, T6, T7, T8)>
[INFO] [stdout]             and 9 others
[INFO] [stdout] note: the method call chain might not have had the expected associated types
[INFO] [stdout]    --> src/bin/layer.rs:12:38
[INFO] [stdout]     |
[INFO] [stdout]  12 |         .layer(ServiceBuilder::new().layer(HandleErrorLayer::new(handle_error))); // Does not compile
[INFO] [stdout]     |                --------------------- ^^^^^^^^^^^^^^^^^^^^^^^^^^^^^^^^^^^^^^^^^^ `Layer::Service` is `HandleError<_, fn(State<i32>, Box<dyn Error + Send + Sync>) -> impl Future<Output = (StatusCode, String)> {handle_error}, _>` here
[INFO] [stdout]     |                |
[INFO] [stdout]     |                this expression has type `ServiceBuilder<Identity>`
[INFO] [stdout] note: required by a bound in `Router::<S, B>::layer`
[INFO] [stdout]    --> /opt/rustwide/cargo-home/registry/src/index.crates.io-1949cf8c6b5b557f/axum-0.6.19/src/routing/mod.rs:236:21
[INFO] [stdout]     |
[INFO] [stdout] 233 |     pub fn layer<L, NewReqBody>(self, layer: L) -> Router<S, NewReqBody>
[INFO] [stdout]     |            ----- required by a bound in this associated function
[INFO] [stdout] ...
[INFO] [stdout] 236 |         L::Service: Service<Request<NewReqBody>> + Clone + Send + 'static,
[INFO] [stdout]     |                     ^^^^^^^^^^^^^^^^^^^^^^^^^^^^ required by this bound in `Router::<S, B>::layer`
[INFO] [stdout]     = note: the full name for the type has been written to '/opt/rustwide/target/debug/deps/layer-bb963829df26c3ca.long-type-9402797813193182796.txt'
[INFO] [stdout]     = note: consider using `--verbose` to print the full type name to the console
[INFO] [stdout] 
[INFO] [stdout] 
[INFO] [stdout] error[E0277]: the trait bound `HandleError<Route<_>, ..., _>: Service<...>` is not satisfied
[INFO] [stdout]   --> src/bin/layer.rs:9:15
[INFO] [stdout]    |
[INFO] [stdout]  9 |       let app = Router::new()
[INFO] [stdout]    |  _______________^
[INFO] [stdout] 10 | |         .route("/", get(handler)) // Does not compile because eyre::Report can't be used as return type
[INFO] [stdout] 11 | |         .with_state(0i32)
[INFO] [stdout] 12 | |         .layer(ServiceBuilder::new().layer(HandleErrorLayer::new(handle_error))); // Does not compile
[INFO] [stdout]    | |________________________________________________________________________________^ the trait `Service<axum::http::Request<_>>` is not implemented for `HandleError<Route<_>, fn(State<i32>, ...) -> ... {handle_error}, _>`
[INFO] [stdout]    |
[INFO] [stdout]    = help: the following other types implement trait `Service<Request>`:
[INFO] [stdout]              HandleError<S, F, ()>
[INFO] [stdout]              HandleError<S, F, (T1, T2)>
[INFO] [stdout]              HandleError<S, F, (T1, T2, T3)>
[INFO] [stdout]              HandleError<S, F, (T1, T2, T3, T4)>
[INFO] [stdout]              HandleError<S, F, (T1, T2, T3, T4, T5)>
[INFO] [stdout]              HandleError<S, F, (T1, T2, T3, T4, T5, T6)>
[INFO] [stdout]              HandleError<S, F, (T1, T2, T3, T4, T5, T6, T7)>
[INFO] [stdout]              HandleError<S, F, (T1, T2, T3, T4, T5, T6, T7, T8)>
[INFO] [stdout]            and 9 others
[INFO] [stdout]    = note: the full name for the type has been written to '/opt/rustwide/target/debug/deps/layer-bb963829df26c3ca.long-type-9402797813193182796.txt'
[INFO] [stdout]    = note: consider using `--verbose` to print the full type name to the console
[INFO] [stdout] 
[INFO] [stdout] 
[INFO] [stderr] error: could not compile `axum-err-test` (bin "layer") due to 3 previous errors
[INFO] [stderr] warning: build failed, waiting for other jobs to finish...
[INFO] [stdout] For more information about this error, try `rustc --explain E0277`.
[INFO] [stdout] 
[INFO] [stdout] warning: unreachable expression
[INFO] [stdout]   --> src/bin/into_response.rs:29:13
[INFO] [stdout]    |
[INFO] [stdout] 29 | /             format!(
[INFO] [stdout] 30 | |                 "state={} - Something went wrong: {}",
[INFO] [stdout] 31 | |                 todo!("how do i access state??"),
[INFO] [stdout]    | |                 -------------------------------- any code following this expression is unreachable
[INFO] [stdout] 32 | |                 self.0
[INFO] [stdout] 33 | |             ),
[INFO] [stdout]    | |_____________^ unreachable expression
[INFO] [stdout]    |
[INFO] [stdout]    = note: `#[warn(unreachable_code)]` (part of `#[warn(unused)]`) on by default
[INFO] [stdout] 
[INFO] [stdout] 
[INFO] running `Command { std: "docker" "inspect" "49431a83fe89967f242f29a728a0f0e07907649b2b5e264a32f7589dded4c33d", kill_on_drop: false }`
[INFO] running `Command { std: "docker" "rm" "-f" "49431a83fe89967f242f29a728a0f0e07907649b2b5e264a32f7589dded4c33d", kill_on_drop: false }`
[INFO] [stdout] 49431a83fe89967f242f29a728a0f0e07907649b2b5e264a32f7589dded4c33d
