[INFO] cloning repository https://github.com/lijingwei9060/vshadow-rs
[INFO] running `Command { std: "git" "-c" "credential.helper=" "-c" "credential.helper=/workspace/cargo-home/bin/git-credential-null" "clone" "--bare" "https://github.com/lijingwei9060/vshadow-rs" "/workspace/cache/git-repos/https%3A%2F%2Fgithub.com%2Flijingwei9060%2Fvshadow-rs", kill_on_drop: false }`
[INFO] [stderr] Cloning into bare repository '/workspace/cache/git-repos/https%3A%2F%2Fgithub.com%2Flijingwei9060%2Fvshadow-rs'...
[INFO] running `Command { std: "git" "rev-parse" "HEAD", kill_on_drop: false }`
[INFO] [stdout] 7d60b2bd45b8ce6a9b44b460acbe2c1b6e90b582
[INFO] testing lijingwei9060/vshadow-rs against 1.97.0-beta.6 for beta-1.98-2
[INFO] running `Command { std: "git" "clone" "/workspace/cache/git-repos/https%3A%2F%2Fgithub.com%2Flijingwei9060%2Fvshadow-rs" "/workspace/builds/worker-1-tc1/source", kill_on_drop: false }`
[INFO] [stderr] Cloning into '/workspace/builds/worker-1-tc1/source'...
[INFO] [stderr] done.
[INFO] started tweaking git repo https://github.com/lijingwei9060/vshadow-rs
[INFO] finished tweaking git repo https://github.com/lijingwei9060/vshadow-rs
[INFO] tweaked toml for git repo https://github.com/lijingwei9060/vshadow-rs written to /workspace/builds/worker-1-tc1/source/Cargo.toml
[INFO] validating manifest of git repo https://github.com/lijingwei9060/vshadow-rs on toolchain 1.97.0-beta.6
[INFO] running `Command { std: CARGO_HOME="/workspace/cargo-home" RUSTUP_HOME="/workspace/rustup-home" "/workspace/cargo-home/bin/cargo" "+1.97.0-beta.6" "metadata" "--manifest-path" "Cargo.toml" "--no-deps", kill_on_drop: false }`
[INFO] crate git repo https://github.com/lijingwei9060/vshadow-rs already has a lockfile, it will not be regenerated
[INFO] running `Command { std: CARGO_HOME="/workspace/cargo-home" RUSTUP_HOME="/workspace/rustup-home" "/workspace/cargo-home/bin/cargo" "+1.97.0-beta.6" "fetch" "--manifest-path" "Cargo.toml", kill_on_drop: false }`
[INFO] [stderr]  Downloading crates ...
[INFO] [stderr]   Downloaded anstyle v1.0.0
[INFO] [stderr]   Downloaded clap_lex v0.5.0
[INFO] [stderr]   Downloaded colorchoice v1.0.0
[INFO] [stderr]   Downloaded anstyle-query v1.0.0
[INFO] [stderr]   Downloaded clap_derive v4.3.2
[INFO] [stderr]   Downloaded utf8parse v0.2.1
[INFO] [stderr]   Downloaded anstyle-wincon v1.0.1
[INFO] [stderr]   Downloaded anstyle-parse v0.2.0
[INFO] [stderr]   Downloaded iana-time-zone v0.1.56
[INFO] [stderr]   Downloaded anstream v0.3.2
[INFO] [stderr]   Downloaded time v0.1.45
[INFO] [stderr]   Downloaded clap v4.3.2
[INFO] [stderr]   Downloaded chrono v0.4.25
[INFO] [stderr]   Downloaded clap_builder v4.3.1
[INFO] running `Command { std: "docker" "create" "-v" "/var/lib/crater-agent-workspace/builds/worker-1-tc1/source:/opt/rustwide/workdir:ro,Z" "-v" "/var/lib/crater-agent-workspace/builds/worker-1-tc1/target:/opt/rustwide/target:rw,Z" "-v" "/var/lib/crater-agent-workspace/cargo-home:/opt/rustwide/cargo-home:ro,Z" "-v" "/var/lib/crater-agent-workspace/rustup-home:/opt/rustwide/rustup-home:ro,Z" "-m" "1610612736" "--network" "none" "ghcr.io/rust-lang/crates-build-env/linux@sha256:3d5ced03c013a94a2f102a4510f48a6e9184255caf5fd8244f58017bde7f5210" "sleep" "infinity", kill_on_drop: false }`
[INFO] [stdout] 4d2224789e46574cd57426f28f1fc15406a5305f85925c6d253f1c5146e58a99
[INFO] running `Command { std: "docker" "start" "4d2224789e46574cd57426f28f1fc15406a5305f85925c6d253f1c5146e58a99", kill_on_drop: false }`
[INFO] running `Command { std: "docker" "inspect" "4d2224789e46574cd57426f28f1fc15406a5305f85925c6d253f1c5146e58a99", kill_on_drop: false }`
[INFO] running `Command { std: "docker" "exec" "-e" "SOURCE_DIR=/opt/rustwide/workdir" "-e" "CARGO_HOME=/opt/rustwide/cargo-home" "-e" "RUSTUP_HOME=/opt/rustwide/rustup-home" "-e" "CARGO_TARGET_DIR=/opt/rustwide/target" "-w" "/opt/rustwide/workdir" "--user" "0:0" "4d2224789e46574cd57426f28f1fc15406a5305f85925c6d253f1c5146e58a99" "/opt/rustwide/cargo-home/bin/cargo" "+1.97.0-beta.6" "metadata" "--no-deps" "--format-version=1", kill_on_drop: false }`
[INFO] running `Command { std: "docker" "inspect" "4d2224789e46574cd57426f28f1fc15406a5305f85925c6d253f1c5146e58a99", kill_on_drop: false }`
[INFO] running `Command { std: "docker" "exec" "-e" "SOURCE_DIR=/opt/rustwide/workdir" "-e" "CARGO_HOME=/opt/rustwide/cargo-home" "-e" "RUSTUP_HOME=/opt/rustwide/rustup-home" "-e" "CARGO_TARGET_DIR=/opt/rustwide/target" "-e" "CARGO_INCREMENTAL=0" "-e" "RUST_BACKTRACE=full" "-e" "RUSTFLAGS=--cap-lints=warn" "-e" "RUSTDOCFLAGS=--cap-lints=warn" "-w" "/opt/rustwide/workdir" "--user" "0:0" "4d2224789e46574cd57426f28f1fc15406a5305f85925c6d253f1c5146e58a99" "/opt/rustwide/cargo-home/bin/cargo" "+1.97.0-beta.6" "build" "--frozen" "--message-format=json", kill_on_drop: false }`
[INFO] [stderr]    Compiling libc v0.2.144
[INFO] [stderr]    Compiling proc-macro2 v1.0.59
[INFO] [stderr]    Compiling io-lifetimes v1.0.11
[INFO] [stderr]    Compiling quote v1.0.28
[INFO] [stderr]    Compiling unicode-ident v1.0.9
[INFO] [stderr]    Compiling rustix v0.37.19
[INFO] [stderr]    Compiling serde v1.0.163
[INFO] [stderr]    Compiling utf8parse v0.2.1
[INFO] [stderr]    Compiling windows_x86_64_gnu v0.48.0
[INFO] [stderr]    Compiling once_cell v1.17.2
[INFO] [stderr]    Compiling colorchoice v1.0.0
[INFO] [stderr]    Compiling anstyle-query v1.0.0
[INFO] [stderr]    Compiling anstyle v1.0.0
[INFO] [stderr]    Compiling num-traits v0.2.15
[INFO] [stderr]    Compiling heck v0.4.1
[INFO] [stderr]    Compiling strsim v0.10.0
[INFO] [stderr]    Compiling clap_lex v0.5.0
[INFO] [stderr]    Compiling pin-project-lite v0.2.9
[INFO] [stderr]    Compiling iana-time-zone v0.1.56
[INFO] [stderr]    Compiling anstyle-parse v0.2.0
[INFO] [stderr]    Compiling tracing-core v0.1.31
[INFO] [stderr]    Compiling windows-targets v0.48.0
[INFO] [stderr]    Compiling windows v0.48.0
[INFO] [stderr]    Compiling syn v2.0.18
[INFO] [stderr]    Compiling time v0.1.45
[INFO] [stderr]    Compiling chrono v0.4.25
[INFO] [stderr]    Compiling is-terminal v0.4.7
[INFO] [stderr]    Compiling anstream v0.3.2
[INFO] [stderr]    Compiling toml v0.5.11
[INFO] [stderr]    Compiling clap_builder v4.3.1
[INFO] [stderr]    Compiling winres v0.1.12
[INFO] [stderr]    Compiling vshadow-rs v0.1.0 (/opt/rustwide/workdir)
[INFO] [stderr]    Compiling clap_derive v4.3.2
[INFO] [stderr]    Compiling tracing-attributes v0.1.24
[INFO] [stderr]    Compiling tracing v0.1.37
[INFO] [stderr]    Compiling clap v4.3.2
[INFO] [stdout] warning: unused import: `time::SystemTime`
[INFO] [stdout]  --> src/vssclient.rs:2:38
[INFO] [stdout]   |
[INFO] [stdout] 2 | use std::{iter::once, ptr::null_mut, time::SystemTime};
[INFO] [stdout]   |                                      ^^^^^^^^^^^^^^^^
[INFO] [stdout]   |
[INFO] [stdout]   = note: `#[warn(unused_imports)]` (part of `#[warn(unused)]`) on by default
[INFO] [stdout] 
[INFO] [stdout] 
[INFO] [stdout] warning: unused import: `IVssExamineWriterMetadata`
[INFO] [stdout]  --> src/vssclient.rs:9:40
[INFO] [stdout]   |
[INFO] [stdout] 9 |             IVssAsync, IVssEnumObject, IVssExamineWriterMetadata, VSS_BT_FULL, VSS_CTX_BACKUP,
[INFO] [stdout]   |                                        ^^^^^^^^^^^^^^^^^^^^^^^^^
[INFO] [stdout] 
[INFO] [stdout] 
[INFO] [stdout] warning: unused variable: `i`
[INFO] [stdout]    --> src/vssclient.rs:174:13
[INFO] [stdout]     |
[INFO] [stdout] 174 |         for i in 0..cnt_writer {
[INFO] [stdout]     |             ^ help: if this is intentional, prefix it with an underscore: `_i`
[INFO] [stdout]     |
[INFO] [stdout]     = note: `#[warn(unused_variables)]` (part of `#[warn(unused)]`) on by default
[INFO] [stdout] 
[INFO] [stdout] 
[INFO] [stdout] warning: field `latest_snapshot_set_id` is never read
[INFO] [stdout]   --> src/vssclient.rs:29:5
[INFO] [stdout]    |
[INFO] [stdout] 26 | pub struct VssClient {
[INFO] [stdout]    |            --------- field in this struct
[INFO] [stdout] ...
[INFO] [stdout] 29 |     latest_snapshot_set_id: Option<GUID>,
[INFO] [stdout]    |     ^^^^^^^^^^^^^^^^^^^^^^
[INFO] [stdout]    |
[INFO] [stdout]    = note: `#[warn(dead_code)]` (part of `#[warn(unused)]`) on by default
[INFO] [stdout] 
[INFO] [stdout] 
[INFO] [stdout] error: linking with `cc` failed: exit status: 1
[INFO] [stdout]   |
[INFO] [stdout]   = note:  "cc" "-m64" "/opt/rustwide/target/debug/deps/rustclNVlp9/symbols.o" "<2 object files omitted>" "-Wl,--as-needed" "-Wl,-Bstatic" "/opt/rustwide/target/debug/deps/{libvshadow_rs-8ea36cbc24e104e3,libtracing-c357be7472deca36,libcfg_if-3e7fc4e38d4a72b5,libpin_project_lite-6df6c214457c8ca7,libtracing_core-0f5befd2cb3a0b4c,libonce_cell-349b6789db89d57a,libwindows-f3279be7afd4c741,libwindows_targets-180b697a8fa3774b,libchrono-81ba9f22701f7d47,libnum_traits-c589e0358b4594f2,libiana_time_zone-4e4c11d6b8e0b194,libtime-33a5584ea1013038,liblibc-85eeb9dc4804ca28}.rlib" "<sysroot>/lib/rustlib/x86_64-unknown-linux-gnu/lib/{libstd-*,libpanic_unwind-*,libobject-*,libmemchr-*,libaddr2line-*,libgimli-*,libcfg_if-*,librustc_demangle-*,libstd_detect-*,libhashbrown-*,librustc_std_workspace_alloc-*,libminiz_oxide-*,libadler2-*,libunwind-*,liblibc-*,librustc_std_workspace_core-*,liballoc-*,libcore-*,libcompiler_builtins-*}.rlib" "-Wl,-Bdynamic" "-lvssapi" "-lgcc_s" "-lutil" "-lrt" "-lpthread" "-lm" "-ldl" "-lc" "-L" "/opt/rustwide/target/debug/deps/rustclNVlp9/raw-dylibs" "-B<sysroot>/lib/rustlib/x86_64-unknown-linux-gnu/bin/gcc-ld" "-fuse-ld=lld" "-Wl,--eh-frame-hdr" "-Wl,-z,noexecstack" "-L" "<sysroot>/lib/rustlib/x86_64-unknown-linux-gnu/lib" "-o" "/opt/rustwide/target/debug/deps/vshadow_rs-b4b5b7bb7a20fa76" "-Wl,--gc-sections" "-pie" "-Wl,-z,relro,-z,now" "-nodefaultlibs"
[INFO] [stdout]   = note: some arguments are omitted. use `--verbose` to show all linker arguments
[INFO] [stdout]   = note: rust-lld: error: unable to find library -lvssapi
[INFO] [stdout]           collect2: error: ld returned 1 exit status
[INFO] [stdout]           
[INFO] [stdout] 
[INFO] [stdout] 
[INFO] [stdout] error: linking with `cc` failed: exit status: 1
[INFO] [stdout]   |
[INFO] [stdout]   = note:  "cc" "-m64" "/opt/rustwide/target/debug/deps/rustcFmKU1s/symbols.o" "<2 object files omitted>" "-Wl,--as-needed" "-Wl,-Bstatic" "/opt/rustwide/target/debug/deps/{libvshadow_rs-8ea36cbc24e104e3,libtracing-c357be7472deca36,libcfg_if-3e7fc4e38d4a72b5,libpin_project_lite-6df6c214457c8ca7,libtracing_core-0f5befd2cb3a0b4c,libonce_cell-349b6789db89d57a,libwindows-f3279be7afd4c741,libwindows_targets-180b697a8fa3774b,libchrono-81ba9f22701f7d47,libnum_traits-c589e0358b4594f2,libiana_time_zone-4e4c11d6b8e0b194,libtime-33a5584ea1013038,liblibc-85eeb9dc4804ca28}.rlib" "<sysroot>/lib/rustlib/x86_64-unknown-linux-gnu/lib/{libstd-*,libpanic_unwind-*,libobject-*,libmemchr-*,libaddr2line-*,libgimli-*,libcfg_if-*,librustc_demangle-*,libstd_detect-*,libhashbrown-*,librustc_std_workspace_alloc-*,libminiz_oxide-*,libadler2-*,libunwind-*,liblibc-*,librustc_std_workspace_core-*,liballoc-*,libcore-*,libcompiler_builtins-*}.rlib" "-Wl,-Bdynamic" "-lvssapi" "-lgcc_s" "-lutil" "-lrt" "-lpthread" "-lm" "-ldl" "-lc" "-L" "/opt/rustwide/target/debug/deps/rustcFmKU1s/raw-dylibs" "-B<sysroot>/lib/rustlib/x86_64-unknown-linux-gnu/bin/gcc-ld" "-fuse-ld=lld" "-Wl,--eh-frame-hdr" "-Wl,-z,noexecstack" "-L" "<sysroot>/lib/rustlib/x86_64-unknown-linux-gnu/lib" "-o" "/opt/rustwide/target/debug/deps/main-83e86ed6dcb5214f" "-Wl,--gc-sections" "-pie" "-Wl,-z,relro,-z,now" "-nodefaultlibs"
[INFO] [stdout]   = note: some arguments are omitted. use `--verbose` to show all linker arguments
[INFO] [stdout]   = note: rust-lld: error: unable to find library -lvssapi
[INFO] [stdout]           collect2: error: ld returned 1 exit status
[INFO] [stdout]           
[INFO] [stdout] 
[INFO] [stdout] 
[INFO] [stderr] error: could not compile `vshadow-rs` (bin "main") due to 1 previous error
[INFO] [stderr] warning: build failed, waiting for other jobs to finish...
[INFO] [stderr] error: could not compile `vshadow-rs` (bin "vshadow_rs") due to 1 previous error
[INFO] running `Command { std: "docker" "inspect" "4d2224789e46574cd57426f28f1fc15406a5305f85925c6d253f1c5146e58a99", kill_on_drop: false }`
[INFO] running `Command { std: "docker" "rm" "-f" "4d2224789e46574cd57426f28f1fc15406a5305f85925c6d253f1c5146e58a99", kill_on_drop: false }`
[INFO] [stdout] 4d2224789e46574cd57426f28f1fc15406a5305f85925c6d253f1c5146e58a99
