[INFO] cloning repository https://github.com/lieuwex/prio
[INFO] running `Command { std: "git" "-c" "credential.helper=" "-c" "credential.helper=/workspace/cargo-home/bin/git-credential-null" "clone" "--bare" "https://github.com/lieuwex/prio" "/workspace/cache/git-repos/https%3A%2F%2Fgithub.com%2Flieuwex%2Fprio", kill_on_drop: false }`
[INFO] [stderr] Cloning into bare repository '/workspace/cache/git-repos/https%3A%2F%2Fgithub.com%2Flieuwex%2Fprio'...
[INFO] running `Command { std: "git" "rev-parse" "HEAD", kill_on_drop: false }`
[INFO] [stdout] 13120aa6f0c0e738eb6533d66498568e8cf7b5a9
[INFO] testing lieuwex/prio against 1.98.0-beta.1 for beta-1.98-2
[INFO] running `Command { std: "git" "clone" "/workspace/cache/git-repos/https%3A%2F%2Fgithub.com%2Flieuwex%2Fprio" "/workspace/builds/worker-1-tc2/source", kill_on_drop: false }`
[INFO] [stderr] Cloning into '/workspace/builds/worker-1-tc2/source'...
[INFO] [stderr] done.
[INFO] started tweaking git repo https://github.com/lieuwex/prio
[INFO] finished tweaking git repo https://github.com/lieuwex/prio
[INFO] tweaked toml for git repo https://github.com/lieuwex/prio written to /workspace/builds/worker-1-tc2/source/Cargo.toml
[INFO] validating manifest of git repo https://github.com/lieuwex/prio on toolchain 1.98.0-beta.1
[INFO] running `Command { std: CARGO_HOME="/workspace/cargo-home" RUSTUP_HOME="/workspace/rustup-home" "/workspace/cargo-home/bin/cargo" "+1.98.0-beta.1" "metadata" "--manifest-path" "Cargo.toml" "--no-deps", kill_on_drop: false }`
[INFO] crate git repo https://github.com/lieuwex/prio already has a lockfile, it will not be regenerated
[INFO] running `Command { std: CARGO_HOME="/workspace/cargo-home" RUSTUP_HOME="/workspace/rustup-home" "/workspace/cargo-home/bin/cargo" "+1.98.0-beta.1" "fetch" "--manifest-path" "Cargo.toml", kill_on_drop: false }`
[INFO] running `Command { std: "docker" "create" "-v" "/var/lib/crater-agent-workspace/builds/worker-1-tc2/source:/opt/rustwide/workdir:ro,Z" "-v" "/var/lib/crater-agent-workspace/builds/worker-1-tc2/target:/opt/rustwide/target:rw,Z" "-v" "/var/lib/crater-agent-workspace/cargo-home:/opt/rustwide/cargo-home:ro,Z" "-v" "/var/lib/crater-agent-workspace/rustup-home:/opt/rustwide/rustup-home:ro,Z" "-m" "1610612736" "--network" "none" "ghcr.io/rust-lang/crates-build-env/linux@sha256:3d5ced03c013a94a2f102a4510f48a6e9184255caf5fd8244f58017bde7f5210" "sleep" "infinity", kill_on_drop: false }`
[INFO] [stdout] 9a5e228762c63e6f4406ba8b01e2f930a358d8b811282cbff57a46e1f054f2bc
[INFO] running `Command { std: "docker" "start" "9a5e228762c63e6f4406ba8b01e2f930a358d8b811282cbff57a46e1f054f2bc", kill_on_drop: false }`
[INFO] running `Command { std: "docker" "inspect" "9a5e228762c63e6f4406ba8b01e2f930a358d8b811282cbff57a46e1f054f2bc", kill_on_drop: false }`
[INFO] running `Command { std: "docker" "exec" "-e" "SOURCE_DIR=/opt/rustwide/workdir" "-e" "CARGO_HOME=/opt/rustwide/cargo-home" "-e" "RUSTUP_HOME=/opt/rustwide/rustup-home" "-e" "CARGO_TARGET_DIR=/opt/rustwide/target" "-w" "/opt/rustwide/workdir" "--user" "0:0" "9a5e228762c63e6f4406ba8b01e2f930a358d8b811282cbff57a46e1f054f2bc" "/opt/rustwide/cargo-home/bin/cargo" "+1.98.0-beta.1" "metadata" "--no-deps" "--format-version=1", kill_on_drop: false }`
[INFO] running `Command { std: "docker" "inspect" "9a5e228762c63e6f4406ba8b01e2f930a358d8b811282cbff57a46e1f054f2bc", kill_on_drop: false }`
[INFO] running `Command { std: "docker" "exec" "-e" "SOURCE_DIR=/opt/rustwide/workdir" "-e" "CARGO_HOME=/opt/rustwide/cargo-home" "-e" "RUSTUP_HOME=/opt/rustwide/rustup-home" "-e" "CARGO_TARGET_DIR=/opt/rustwide/target" "-e" "CARGO_INCREMENTAL=0" "-e" "RUST_BACKTRACE=full" "-e" "RUSTFLAGS=--cap-lints=warn" "-e" "RUSTDOCFLAGS=--cap-lints=warn" "-w" "/opt/rustwide/workdir" "--user" "0:0" "9a5e228762c63e6f4406ba8b01e2f930a358d8b811282cbff57a46e1f054f2bc" "/opt/rustwide/cargo-home/bin/cargo" "+1.98.0-beta.1" "build" "--frozen" "--message-format=json", kill_on_drop: false }`
[INFO] [stderr]    Compiling cfg-if v1.0.0
[INFO] [stderr]    Compiling autocfg v1.1.0
[INFO] [stderr]    Compiling version_check v0.9.4
[INFO] [stderr]    Compiling libc v0.2.153
[INFO] [stderr]    Compiling proc-macro2 v1.0.78
[INFO] [stderr]    Compiling unicode-ident v1.0.5
[INFO] [stderr]    Compiling once_cell v1.19.0
[INFO] [stderr]    Compiling typenum v1.17.0
[INFO] [stderr]    Compiling syn v1.0.103
[INFO] [stderr]    Compiling parking_lot_core v0.9.9
[INFO] [stderr]    Compiling scopeguard v1.2.0
[INFO] [stderr]    Compiling smallvec v1.10.0
[INFO] [stderr]    Compiling serde_derive v1.0.147
[INFO] [stderr]    Compiling futures-core v0.3.30
[INFO] [stderr]    Compiling serde v1.0.147
[INFO] [stderr]    Compiling pin-project-lite v0.2.13
[INFO] [stderr]    Compiling memchr v2.5.0
[INFO] [stderr]    Compiling futures-sink v0.3.30
[INFO] [stderr]    Compiling bytes v1.5.0
[INFO] [stderr]    Compiling tinyvec_macros v0.1.0
[INFO] [stderr]    Compiling crossbeam-utils v0.8.19
[INFO] [stderr]    Compiling log v0.4.17
[INFO] [stderr]    Compiling tinyvec v1.6.0
[INFO] [stderr]    Compiling futures-task v0.3.30
[INFO] [stderr]    Compiling itoa v1.0.4
[INFO] [stderr]    Compiling generic-array v0.14.7
[INFO] [stderr]    Compiling ahash v0.7.6
[INFO] [stderr]    Compiling ahash v0.8.10
[INFO] [stderr]    Compiling lock_api v0.4.11
[INFO] [stderr]    Compiling num-traits v0.2.15
[INFO] [stderr]    Compiling slab v0.4.9
[INFO] [stderr]    Compiling num-integer v0.1.45
[INFO] [stderr]    Compiling iana-time-zone v0.1.53
[INFO] [stderr]    Compiling cpufeatures v0.2.12
[INFO] [stderr]    Compiling futures-io v0.3.30
[INFO] [stderr]    Compiling zerocopy v0.7.32
[INFO] [stderr]    Compiling minimal-lexical v0.2.1
[INFO] [stderr]    Compiling ryu v1.0.11
[INFO] [stderr]    Compiling paste v1.0.14
[INFO] [stderr]    Compiling thiserror v1.0.57
[INFO] [stderr]    Compiling unicode-bidi v0.3.8
[INFO] [stderr]    Compiling percent-encoding v2.2.0
[INFO] [stderr]    Compiling pin-utils v0.1.0
[INFO] [stderr]    Compiling quote v1.0.35
[INFO] [stderr]    Compiling serde_json v1.0.88
[INFO] [stderr]    Compiling futures-util v0.3.30
[INFO] [stderr]    Compiling form_urlencoded v1.1.0
[INFO] [stderr]    Compiling nom v7.1.3
[INFO] [stderr]    Compiling tracing-core v0.1.32
[INFO] [stderr]    Compiling getrandom v0.2.8
[INFO] [stderr]    Compiling crc-catalog v2.4.0
[INFO] [stderr]    Compiling syn v2.0.51
[INFO] [stderr]    Compiling equivalent v1.0.1
[INFO] [stderr]    Compiling cc v1.0.76
[INFO] [stderr]    Compiling pkg-config v0.3.26
[INFO] [stderr]    Compiling vcpkg v0.2.15
[INFO] [stderr]    Compiling unicode_categories v0.1.1
[INFO] [stderr]    Compiling unicode-normalization v0.1.22
[INFO] [stderr]    Compiling hashbrown v0.14.3
[INFO] [stderr]    Compiling ppv-lite86 v0.2.17
[INFO] [stderr]    Compiling crossbeam-queue v0.3.11
[INFO] [stderr]    Compiling crc v3.0.1
[INFO] [stderr]    Compiling idna v0.3.0
[INFO] [stderr]    Compiling futures-channel v0.3.30
[INFO] [stderr]    Compiling byteorder v1.5.0
[INFO] [stderr]    Compiling dotenvy v0.15.7
[INFO] [stderr]    Compiling indexmap v2.2.3
[INFO] [stderr]    Compiling atoi v2.0.0
[INFO] [stderr]    Compiling mio v0.8.10
[INFO] [stderr]    Compiling socket2 v0.5.6
[INFO] [stderr]    Compiling block-buffer v0.10.4
[INFO] [stderr]    Compiling url v2.3.1
[INFO] [stderr]    Compiling crypto-common v0.1.6
[INFO] [stderr]    Compiling event-listener v2.5.3
[INFO] [stderr]    Compiling hex v0.4.3
[INFO] [stderr]    Compiling digest v0.10.7
[INFO] [stderr]    Compiling hashbrown v0.12.3
[INFO] [stderr]    Compiling parking_lot v0.12.1
[INFO] [stderr]    Compiling rand_core v0.6.4
[INFO] [stderr]    Compiling libsqlite3-sys v0.27.0
[INFO] [stderr]    Compiling tokio v1.36.0
[INFO] [stderr]    Compiling spin v0.9.8
[INFO] [stderr]    Compiling fastrand v1.8.0
[INFO] [stderr]    Compiling remove_dir_all v0.5.3
[INFO] [stderr]    Compiling unicode-segmentation v1.11.0
[INFO] [stderr]    Compiling futures-intrusive v0.5.0
[INFO] [stderr]    Compiling sha2 v0.10.8
[INFO] [stderr]    Compiling flume v0.11.0
[INFO] [stderr]    Compiling rand_chacha v0.3.1
[INFO] [stderr]    Compiling hashlink v0.8.1
[INFO] [stderr]    Compiling chrono v0.4.23
[INFO] [stderr]    Compiling heck v0.4.1
[INFO] [stderr]    Compiling signal-hook-registry v1.4.1
[INFO] [stderr]    Compiling num_cpus v1.16.0
[INFO] [stderr]    Compiling bitflags v2.4.2
[INFO] [stderr]    Compiling urlencoding v2.1.3
[INFO] [stderr]    Compiling rand v0.8.5
[INFO] [stderr]    Compiling nix v0.27.1
[INFO] [stderr]    Compiling time v0.1.45
[INFO] [stderr]    Compiling utf8parse v0.2.1
[INFO] [stderr]    Compiling anstyle-parse v0.2.3
[INFO] [stderr]    Compiling tempfile v3.3.0
[INFO] [stderr]    Compiling indexmap v1.9.2
[INFO] [stderr]    Compiling anstyle-query v1.0.2
[INFO] [stderr]    Compiling colorchoice v1.0.0
[INFO] [stderr]    Compiling anstyle v1.0.6
[INFO] [stderr]    Compiling terminal_size v0.1.17
[INFO] [stderr]    Compiling thread_local v1.1.4
[INFO] [stderr]    Compiling clap_lex v0.7.0
[INFO] [stderr]    Compiling camino v1.1.6
[INFO] [stderr]    Compiling strsim v0.11.0
[INFO] [stderr]    Compiling anstream v0.6.13
[INFO] [stderr]    Compiling anyhow v1.0.80
[INFO] [stderr]    Compiling lazy_static v1.4.0
[INFO] [stderr]    Compiling futures-executor v0.3.30
[INFO] [stderr]    Compiling unicode-width v0.1.10
[INFO] [stderr]    Compiling fuzzy-matcher v0.3.7
[INFO] [stderr]    Compiling console v0.15.2
[INFO] [stderr]    Compiling clap_builder v4.5.1
[INFO] [stderr]    Compiling zeroize v1.5.7
[INFO] [stderr]    Compiling same-file v1.0.6
[INFO] [stderr]    Compiling unsafe-libyaml v0.2.4
[INFO] [stderr]    Compiling atomic-write-file v0.1.2
[INFO] [stderr]    Compiling walkdir v2.3.2
[INFO] [stderr]    Compiling dialoguer v0.10.2
[INFO] [stderr]    Compiling skillratings v0.26.0
[INFO] [stderr]    Compiling metrohash v1.0.6
[INFO] [stderr]    Compiling thiserror-impl v1.0.57
[INFO] [stderr]    Compiling tracing-attributes v0.1.27
[INFO] [stderr]    Compiling tokio-macros v2.2.0
[INFO] [stderr]    Compiling clap_derive v4.5.0
[INFO] [stderr]    Compiling tracing v0.1.40
[INFO] [stderr]    Compiling tokio-stream v0.1.14
[INFO] [stderr]    Compiling clap v4.5.1
[INFO] [stderr]    Compiling either v1.10.0
[INFO] [stderr]    Compiling serde_yaml v0.9.14
[INFO] [stderr]    Compiling itertools v0.12.1
[INFO] [stderr]    Compiling sqlformat v0.2.3
[INFO] [stderr]    Compiling sqlx-core v0.7.3
[INFO] [stderr]    Compiling sqlx-sqlite v0.7.3
[INFO] [stderr]    Compiling sqlx-macros-core v0.7.3
[INFO] [stderr]    Compiling sqlx-macros v0.7.3
[INFO] [stderr]    Compiling sqlx v0.7.3
[INFO] [stderr]    Compiling prio v0.1.0 (/opt/rustwide/workdir)
[INFO] [stdout] error: error returned from database: (code: 14) unable to open database file
[INFO] [stdout]   --> src/main.rs:44:5
[INFO] [stdout]    |
[INFO] [stdout] 44 | /     query!(
[INFO] [stdout] 45 | |         "INSERT INTO entry_votes VALUES (?1, ?2, ?3, ?4)",
[INFO] [stdout] 46 | |         winner,
[INFO] [stdout] 47 | |         loser,
[INFO] [stdout] 48 | |         score,
[INFO] [stdout] 49 | |         ts
[INFO] [stdout] 50 | |     )
[INFO] [stdout]    | |_____^
[INFO] [stdout]    |
[INFO] [stdout]    = note: this error originates in the macro `$crate::sqlx_macros::expand_query` which comes from the expansion of the macro `query` (in Nightly builds, run with -Z macro-backtrace for more info)
[INFO] [stdout] 
[INFO] [stdout] 
[INFO] [stdout] error: error returned from database: (code: 14) unable to open database file
[INFO] [stdout]    --> src/main.rs:126:17
[INFO] [stdout]     |
[INFO] [stdout] 126 |       let items = query!(
[INFO] [stdout]     |  _________________^
[INFO] [stdout] 127 | |         r#"
[INFO] [stdout] 128 | |             SELECT path
[INFO] [stdout] 129 | |             FROM entries
[INFO] [stdout] 130 | |         "#
[INFO] [stdout] 131 | |     )
[INFO] [stdout]     | |_____^
[INFO] [stdout]     |
[INFO] [stdout]     = note: this error originates in the macro `$crate::sqlx_macros::expand_query` which comes from the expansion of the macro `query` (in Nightly builds, run with -Z macro-backtrace for more info)
[INFO] [stdout] 
[INFO] [stdout] 
[INFO] [stdout] error: error returned from database: (code: 14) unable to open database file
[INFO] [stdout]    --> src/main.rs:143:24
[INFO] [stdout]     |
[INFO] [stdout] 143 |           let contents = query!(
[INFO] [stdout]     |  ________________________^
[INFO] [stdout] 144 | |             r#"
[INFO] [stdout] 145 | |                 SELECT content, at
[INFO] [stdout] 146 | |                 FROM file_contents
[INFO] [stdout] ...   |
[INFO] [stdout] 150 | |             item_path,
[INFO] [stdout] 151 | |         )
[INFO] [stdout]     | |_________^
[INFO] [stdout]     |
[INFO] [stdout]     = note: this error originates in the macro `$crate::sqlx_macros::expand_query` which comes from the expansion of the macro `query` (in Nightly builds, run with -Z macro-backtrace for more info)
[INFO] [stdout] 
[INFO] [stdout] 
[INFO] [stdout] error: error returned from database: (code: 14) unable to open database file
[INFO] [stdout]    --> src/main.rs:164:21
[INFO] [stdout]     |
[INFO] [stdout] 164 |       let orderings = query!(
[INFO] [stdout]     |  _____________________^
[INFO] [stdout] 165 | |         r#"
[INFO] [stdout] 166 | |             SELECT left_path, right_path, vote, at
[INFO] [stdout] 167 | |             FROM entry_votes
[INFO] [stdout] 168 | |         "#
[INFO] [stdout] 169 | |     )
[INFO] [stdout]     | |_____^
[INFO] [stdout]     |
[INFO] [stdout]     = note: this error originates in the macro `$crate::sqlx_macros::expand_query` which comes from the expansion of the macro `query` (in Nightly builds, run with -Z macro-backtrace for more info)
[INFO] [stdout] 
[INFO] [stdout] 
[INFO] [stdout] error: error returned from database: (code: 14) unable to open database file
[INFO] [stdout]    --> src/main.rs:232:17
[INFO] [stdout]     |
[INFO] [stdout] 232 | /                 query!(
[INFO] [stdout] 233 | |                     r#"
[INFO] [stdout] 234 | |                     INSERT INTO entries
[INFO] [stdout] 235 | |                         (path)
[INFO] [stdout] ...   |
[INFO] [stdout] 239 | |                     path_str,
[INFO] [stdout] 240 | |                 )
[INFO] [stdout]     | |_________________^
[INFO] [stdout]     |
[INFO] [stdout]     = note: this error originates in the macro `$crate::sqlx_macros::expand_query` which comes from the expansion of the macro `query` (in Nightly builds, run with -Z macro-backtrace for more info)
[INFO] [stdout] 
[INFO] [stdout] 
[INFO] [stdout] error: error returned from database: (code: 14) unable to open database file
[INFO] [stdout]    --> src/main.rs:269:17
[INFO] [stdout]     |
[INFO] [stdout] 269 | /                 query!(
[INFO] [stdout] 270 | |                     r#"
[INFO] [stdout] 271 | |                     INSERT INTO file_contents
[INFO] [stdout] 272 | |                         (path, content, at)
[INFO] [stdout] ...   |
[INFO] [stdout] 278 | |                     ts
[INFO] [stdout] 279 | |                 )
[INFO] [stdout]     | |_________________^
[INFO] [stdout]     |
[INFO] [stdout]     = note: this error originates in the macro `$crate::sqlx_macros::expand_query` which comes from the expansion of the macro `query` (in Nightly builds, run with -Z macro-backtrace for more info)
[INFO] [stdout] 
[INFO] [stdout] 
[INFO] [stdout] error: error returned from database: (code: 14) unable to open database file
[INFO] [stdout]    --> src/main.rs:290:9
[INFO] [stdout]     |
[INFO] [stdout] 290 | /         query!(
[INFO] [stdout] 291 | |             r#"
[INFO] [stdout] 292 | |             INSERT INTO file_contents
[INFO] [stdout] 293 | |                 (path, content, at)
[INFO] [stdout] ...   |
[INFO] [stdout] 298 | |             ts
[INFO] [stdout] 299 | |         )
[INFO] [stdout]     | |_________^
[INFO] [stdout]     |
[INFO] [stdout]     = note: this error originates in the macro `$crate::sqlx_macros::expand_query` which comes from the expansion of the macro `query` (in Nightly builds, run with -Z macro-backtrace for more info)
[INFO] [stdout] 
[INFO] [stdout] 
[INFO] [stdout] warning: use of deprecated method `chrono::TimeZone::timestamp`: use `timestamp_opt()` instead
[INFO] [stdout]    --> src/main.rs:154:21
[INFO] [stdout]     |
[INFO] [stdout] 154 |             at: Utc.timestamp(r.at, 0),
[INFO] [stdout]     |                     ^^^^^^^^^
[INFO] [stdout]     |
[INFO] [stdout]     = note: `#[warn(deprecated)]` on by default
[INFO] [stdout] 
[INFO] [stdout] 
[INFO] [stdout] warning: use of deprecated method `chrono::TimeZone::timestamp`: use `timestamp_opt()` instead
[INFO] [stdout]    --> src/main.rs:174:17
[INFO] [stdout]     |
[INFO] [stdout] 174 |         at: Utc.timestamp(r.at, 0),
[INFO] [stdout]     |                 ^^^^^^^^^
[INFO] [stdout] 
[INFO] [stdout] 
[INFO] [stderr] error: could not compile `prio` (bin "prio") due to 7 previous errors; 2 warnings emitted
[INFO] running `Command { std: "docker" "inspect" "9a5e228762c63e6f4406ba8b01e2f930a358d8b811282cbff57a46e1f054f2bc", kill_on_drop: false }`
[INFO] running `Command { std: "docker" "rm" "-f" "9a5e228762c63e6f4406ba8b01e2f930a358d8b811282cbff57a46e1f054f2bc", kill_on_drop: false }`
[INFO] [stdout] 9a5e228762c63e6f4406ba8b01e2f930a358d8b811282cbff57a46e1f054f2bc
