[INFO] cloning repository https://github.com/liesware/Vectis
[INFO] running `Command { std: "git" "-c" "credential.helper=" "-c" "credential.helper=/workspace/cargo-home/bin/git-credential-null" "clone" "--bare" "https://github.com/liesware/Vectis" "/workspace/cache/git-repos/https%3A%2F%2Fgithub.com%2Fliesware%2FVectis", kill_on_drop: false }`
[INFO] [stderr] Cloning into bare repository '/workspace/cache/git-repos/https%3A%2F%2Fgithub.com%2Fliesware%2FVectis'...
[INFO] running `Command { std: "git" "rev-parse" "HEAD", kill_on_drop: false }`
[INFO] [stdout] c2aa1c8b2035a7d539892550c85b988f202ff6a6
[INFO] testing liesware/Vectis against 1.98.0-beta.1 for beta-1.98-2
[INFO] running `Command { std: "git" "clone" "/workspace/cache/git-repos/https%3A%2F%2Fgithub.com%2Fliesware%2FVectis" "/workspace/builds/worker-7-tc2/source", kill_on_drop: false }`
[INFO] [stderr] Cloning into '/workspace/builds/worker-7-tc2/source'...
[INFO] [stderr] done.
[INFO] started tweaking git repo https://github.com/liesware/Vectis
[INFO] finished tweaking git repo https://github.com/liesware/Vectis
[INFO] tweaked toml for git repo https://github.com/liesware/Vectis written to /workspace/builds/worker-7-tc2/source/Cargo.toml
[INFO] validating manifest of git repo https://github.com/liesware/Vectis on toolchain 1.98.0-beta.1
[INFO] running `Command { std: CARGO_HOME="/workspace/cargo-home" RUSTUP_HOME="/workspace/rustup-home" "/workspace/cargo-home/bin/cargo" "+1.98.0-beta.1" "metadata" "--manifest-path" "Cargo.toml" "--no-deps", kill_on_drop: false }`
[INFO] crate git repo https://github.com/liesware/Vectis already has a lockfile, it will not be regenerated
[INFO] running `Command { std: CARGO_HOME="/workspace/cargo-home" RUSTUP_HOME="/workspace/rustup-home" "/workspace/cargo-home/bin/cargo" "+1.98.0-beta.1" "fetch" "--manifest-path" "Cargo.toml", kill_on_drop: false }`
[INFO] running `Command { std: "docker" "create" "-v" "/var/lib/crater-agent-workspace/builds/worker-7-tc2/source:/opt/rustwide/workdir:ro,Z" "-v" "/var/lib/crater-agent-workspace/builds/worker-7-tc2/target:/opt/rustwide/target:rw,Z" "-v" "/var/lib/crater-agent-workspace/cargo-home:/opt/rustwide/cargo-home:ro,Z" "-v" "/var/lib/crater-agent-workspace/rustup-home:/opt/rustwide/rustup-home:ro,Z" "-m" "1610612736" "--network" "none" "ghcr.io/rust-lang/crates-build-env/linux@sha256:3d5ced03c013a94a2f102a4510f48a6e9184255caf5fd8244f58017bde7f5210" "sleep" "infinity", kill_on_drop: false }`
[INFO] [stdout] 16122220b099ac1556dbcb3524e2eb408e2321f990219ff8c206f3f99a000a4f
[INFO] running `Command { std: "docker" "start" "16122220b099ac1556dbcb3524e2eb408e2321f990219ff8c206f3f99a000a4f", kill_on_drop: false }`
[INFO] running `Command { std: "docker" "inspect" "16122220b099ac1556dbcb3524e2eb408e2321f990219ff8c206f3f99a000a4f", kill_on_drop: false }`
[INFO] running `Command { std: "docker" "exec" "-e" "SOURCE_DIR=/opt/rustwide/workdir" "-e" "CARGO_HOME=/opt/rustwide/cargo-home" "-e" "RUSTUP_HOME=/opt/rustwide/rustup-home" "-e" "CARGO_TARGET_DIR=/opt/rustwide/target" "-w" "/opt/rustwide/workdir" "--user" "0:0" "16122220b099ac1556dbcb3524e2eb408e2321f990219ff8c206f3f99a000a4f" "/opt/rustwide/cargo-home/bin/cargo" "+1.98.0-beta.1" "metadata" "--no-deps" "--format-version=1", kill_on_drop: false }`
[INFO] running `Command { std: "docker" "inspect" "16122220b099ac1556dbcb3524e2eb408e2321f990219ff8c206f3f99a000a4f", kill_on_drop: false }`
[INFO] running `Command { std: "docker" "exec" "-e" "SOURCE_DIR=/opt/rustwide/workdir" "-e" "CARGO_HOME=/opt/rustwide/cargo-home" "-e" "RUSTUP_HOME=/opt/rustwide/rustup-home" "-e" "CARGO_TARGET_DIR=/opt/rustwide/target" "-e" "CARGO_INCREMENTAL=0" "-e" "RUST_BACKTRACE=full" "-e" "RUSTFLAGS=--cap-lints=warn" "-e" "RUSTDOCFLAGS=--cap-lints=warn" "-w" "/opt/rustwide/workdir" "--user" "0:0" "16122220b099ac1556dbcb3524e2eb408e2321f990219ff8c206f3f99a000a4f" "/opt/rustwide/cargo-home/bin/cargo" "+1.98.0-beta.1" "build" "--frozen" "--message-format=json", kill_on_drop: false }`
[INFO] [stderr]    Compiling serde_core v1.0.228
[INFO] [stderr]    Compiling crc-catalog v2.5.0
[INFO] [stderr]    Compiling errno v0.3.14
[INFO] [stderr]    Compiling serde_json v1.0.150
[INFO] [stderr]    Compiling serde_derive v1.0.228
[INFO] [stderr]    Compiling synstructure v0.13.2
[INFO] [stderr]    Compiling cc v1.2.64
[INFO] [stderr]    Compiling zerovec-derive v0.11.3
[INFO] [stderr]    Compiling displaydoc v0.2.6
[INFO] [stderr]    Compiling tracing-attributes v0.1.31
[INFO] [stderr]    Compiling tokio-macros v2.7.0
[INFO] [stderr]    Compiling crypto-common v0.1.7
[INFO] [stderr]    Compiling futures-util v0.3.32
[INFO] [stderr]    Compiling fs_extra v1.3.0
[INFO] [stderr]    Compiling thiserror-impl v2.0.18
[INFO] [stderr]    Compiling crossbeam-utils v0.8.21
[INFO] [stderr]    Compiling futures-sink v0.3.32
[INFO] [stderr]    Compiling crc v3.4.0
[INFO] [stderr]    Compiling signal-hook-registry v1.4.8
[INFO] [stderr]    Compiling digest v0.10.7
[INFO] [stderr]    Compiling hashlink v0.10.0
[INFO] [stderr]    Compiling sha2 v0.10.9
[INFO] [stderr]    Compiling aws-lc-rs v1.17.0
[INFO] [stderr]    Compiling slab v0.4.12
[INFO] [stderr]    Compiling zerofrom-derive v0.1.7
[INFO] [stderr]    Compiling yoke-derive v0.8.2
[INFO] [stderr]    Compiling tinyvec v1.11.0
[INFO] [stderr]    Compiling atoi v2.0.0
[INFO] [stderr]    Compiling tokio v1.52.3
[INFO] [stderr]    Compiling filetime v0.2.29
[INFO] [stderr]    Compiling concurrent-queue v2.5.0
[INFO] [stderr]    Compiling tracing-core v0.1.36
[INFO] [stderr]    Compiling log v0.4.32
[INFO] [stderr]    Compiling botan-src v0.31200.0
[INFO] [stderr]    Compiling unicode-normalization v0.1.25
[INFO] [stderr]    Compiling event-listener v5.4.1
[INFO] [stderr]    Compiling tracing v0.1.44
[INFO] [stderr]    Compiling cmake v0.1.58
[INFO] [stderr]    Compiling thiserror v2.0.18
[INFO] [stderr]    Compiling tar v0.4.46
[INFO] [stderr]    Compiling crossbeam-queue v0.3.12
[INFO] [stderr]    Compiling rand_chacha v0.3.1
[INFO] [stderr]    Compiling lzma-rs v0.3.0
[INFO] [stderr]    Compiling rustls v0.23.41
[INFO] [stderr]    Compiling base64 v0.22.1
[INFO] [stderr]    Compiling zerofrom v0.1.8
[INFO] [stderr]    Compiling hmac v0.12.1
[INFO] [stderr]    Compiling futures-channel v0.3.32
[INFO] [stderr]    Compiling yoke v0.8.3
[INFO] [stderr]    Compiling rand v0.8.6
[INFO] [stderr]    Compiling dotenvy v0.15.7
[INFO] [stderr]    Compiling zerovec v0.11.6
[INFO] [stderr]    Compiling zerotrie v0.2.4
[INFO] [stderr]    Compiling aws-lc-sys v0.41.0
[INFO] [stderr]    Compiling ring v0.17.14
[INFO] [stderr]    Compiling libsqlite3-sys v0.30.1
[INFO] [stderr]    Compiling stringprep v0.1.5
[INFO] [stderr]    Compiling home v0.5.12
[INFO] [stderr]    Compiling whoami v1.6.1
[INFO] [stderr]    Compiling hkdf v0.12.4
[INFO] [stderr]    Compiling flume v0.11.1
[INFO] [stderr]    Compiling botan-sys v1.20260506.0
[INFO] [stderr]    Compiling md-5 v0.10.6
[INFO] [stderr]    Compiling regex-syntax v0.8.11
[INFO] [stderr]    Compiling rand v0.9.4
[INFO] [stderr]    Compiling flate2 v1.1.9
[INFO] [stderr]    Compiling serde v1.0.228
[INFO] [stderr]    Compiling tinystr v0.8.3
[INFO] [stderr]    Compiling potential_utf v0.1.5
[INFO] [stderr]    Compiling icu_collections v2.2.0
[INFO] [stderr]    Compiling rapidhash v4.4.2
[INFO] [stderr]    Compiling icu_locale_core v2.2.0
[INFO] [stderr]    Compiling raw-cpuid v11.6.0
[INFO] [stderr]    Compiling fs-err v3.3.0
[INFO] [stderr]    Compiling smallvec v1.15.2
[INFO] [stderr]    Compiling serde_urlencoded v0.7.1
[INFO] [stderr]    Compiling either v1.16.0
[INFO] [stderr]    Compiling parking_lot_core v0.9.12
[INFO] [stderr]    Compiling futures-executor v0.3.32
[INFO] [stderr]    Compiling tracing-serde v0.2.0
[INFO] [stderr]    Compiling zip v0.6.6
[INFO] [stderr]    Compiling parking_lot v0.12.5
[INFO] [stderr]    Compiling metrics v0.24.6
[INFO] [stderr]    Compiling futures-intrusive v0.5.0
[INFO] [stderr]    Compiling rand_xoshiro v0.7.0
[INFO] [stderr]    Compiling regex-automata v0.4.14
[INFO] [stderr]    Compiling icu_provider v2.2.0
[INFO] [stderr]    Compiling thiserror-impl v1.0.69
[INFO] [stderr]    Compiling tracing-log v0.2.0
[INFO] [stderr]    Compiling psl-types v2.0.11
[INFO] [stderr]    Compiling icu_properties v2.2.0
[INFO] [stderr]    Compiling icu_normalizer v2.2.0
[INFO] [stderr]    Compiling sketches-ddsketch v0.3.1
[INFO] [stderr]    Compiling deranged v0.5.8
[INFO] [stderr]    Compiling quanta v0.12.6
[INFO] [stderr]    Compiling num-conv v0.2.2
[INFO] [stderr] error: could not compile `tokio` (lib)
[INFO] [stderr] 
[INFO] [stderr] Caused by:
[INFO] [stderr]   process didn't exit successfully: `/opt/rustwide/rustup-home/toolchains/1.98.0-beta.1-x86_64-unknown-linux-gnu/bin/rustc --crate-name tokio --edition=2021 /opt/rustwide/cargo-home/registry/src/index.crates.io-1949cf8c6b5b557f/tokio-1.52.3/src/lib.rs --error-format=json --json=diagnostic-rendered-ansi,artifacts,future-incompat --crate-type lib --emit=dep-info,metadata,link -C embed-bitcode=no -C debuginfo=2 --warn=unexpected_cfgs --check-cfg 'cfg(fuzzing)' --check-cfg 'cfg(loom)' --check-cfg 'cfg(mio_unsupported_force_poll_poll)' --check-cfg 'cfg(tokio_allow_from_blocking_fd)' --check-cfg 'cfg(tokio_internal_mt_counters)' --check-cfg 'cfg(tokio_no_parking_lot)' --check-cfg 'cfg(tokio_no_tuning_tests)' --check-cfg 'cfg(tokio_unstable)' --check-cfg 'cfg(target_os, values("cygwin"))' --cfg 'feature="bytes"' --cfg 'feature="default"' --cfg 'feature="fs"' --cfg 'feature="io-util"' --cfg 'feature="libc"' --cfg 'feature="macros"' --cfg 'feature="mio"' --cfg 'feature="net"' --cfg 'feature="rt"' --cfg 'feature="rt-multi-thread"' --cfg 'feature="signal"' --cfg 'feature="signal-hook-registry"' --cfg 'feature="socket2"' --cfg 'feature="sync"' --cfg 'feature="time"' --cfg 'feature="tokio-macros"' --check-cfg 'cfg(docsrs,test)' --check-cfg 'cfg(feature, values("bytes", "default", "fs", "full", "io-std", "io-uring", "io-util", "libc", "macros", "mio", "net", "parking_lot", "process", "rt", "rt-multi-thread", "signal", "signal-hook-registry", "socket2", "sync", "taskdump", "test-util", "time", "tokio-macros", "tracing", "windows-sys"))' -C metadata=2637842c983a0472 -C extra-filename=-d1d52bce0cea8fef --out-dir /opt/rustwide/target/debug/deps -L dependency=/opt/rustwide/target/debug/deps --extern bytes=/opt/rustwide/target/debug/deps/libbytes-2ed9460101f17bbf.rmeta --extern libc=/opt/rustwide/target/debug/deps/liblibc-612664c2206eec43.rmeta --extern mio=/opt/rustwide/target/debug/deps/libmio-43415d66e2ceb9f1.rmeta --extern pin_project_lite=/opt/rustwide/target/debug/deps/libpin_project_lite-0a15d51c77964692.rmeta --extern signal_hook_registry=/opt/rustwide/target/debug/deps/libsignal_hook_registry-97fb91977beb15cc.rmeta --extern socket2=/opt/rustwide/target/debug/deps/libsocket2-73b9b85db3553b3d.rmeta --extern tokio_macros=/opt/rustwide/target/debug/deps/libtokio_macros-0cfec353f9c711e3.so --cap-lints allow --cap-lints=warn` (signal: 9, SIGKILL: kill)
[INFO] [stderr] warning: build failed, waiting for other jobs to finish...
[INFO] [stderr] error: failed to run custom build command for `botan-sys v1.20260506.0`
[INFO] [stderr] note: To improve backtraces for build dependencies, set the CARGO_PROFILE_DEV_BUILD_OVERRIDE_DEBUG=true environment variable to enable debug information generation.
[INFO] [stderr] 
[INFO] [stderr] Caused by:
[INFO] [stderr]   process didn't exit successfully: `/opt/rustwide/target/debug/build/botan-sys-02dca5c682f80276/build-script-main` (exit status: 101)
[INFO] [stderr]   --- stdout
[INFO] [stderr]   cargo:rustc-check-cfg=cfg(botan_ffi_20260506)
[INFO] [stderr]   cargo:rustc-check-cfg=cfg(botan_ffi_20260303)
[INFO] [stderr]   cargo:rustc-check-cfg=cfg(botan_ffi_20250829)
[INFO] [stderr]   cargo:rustc-check-cfg=cfg(botan_ffi_20250506)
[INFO] [stderr]   cargo:rustc-check-cfg=cfg(botan_ffi_20240408)
[INFO] [stderr]   cargo:rustc-check-cfg=cfg(botan_ffi_20231009)
[INFO] [stderr]   cargo:rustc-check-cfg=cfg(botan_ffi_20230711)
[INFO] [stderr]   cargo:rustc-check-cfg=cfg(botan_ffi_20230403)
[INFO] [stderr]   cargo:rustc-check-cfg=cfg(botan_ffi_20210220)
[INFO] [stderr]   cargo:rustc-check-cfg=cfg(botan_ffi_20191214)
[INFO] [stderr]   cargo:rerun-if-env-changed=BOTAN_SRC_DIR
[INFO] [stderr]   cargo:rerun-if-env-changed=BOTAN_SRC_TARBALL
[INFO] [stderr]      INFO: configure.py invoked with options "--with-build-dir=/opt/rustwide/target/debug/build/botan-sys-88ecf02e499478ac/out/botan-build --build-targets=static --without-documentation --no-install-python-module --distribution-info=https://crates.io/crates/botan-src --cpu=x86_64 --os=linux --with-debug-info"
[INFO] [stderr]      INFO: Configuring to build Botan 3.12.0 (revision git:45d6f286c320b2f2efd5373d195ec88c367e3071)
[INFO] [stderr]      INFO: Python version: "3.12.3 (main, Mar 23 2026, 19:04:32) [GCC 13.3.0]"
[INFO] [stderr]      INFO: Autodetected platform information: OS="Linux" machine="x86_64" proc="x86_64"
[INFO] [stderr]      INFO: Guessing to use compiler gcc (use --cc or CXX to set)
[INFO] [stderr]      INFO: Using /etc/ssl/certs/ca-certificates.crt as system certificate store
[INFO] [stderr]      INFO: Auto-detected compiler version gcc 13.3
[INFO] [stderr]      INFO: Auto-detected compiler arch x86_64
[INFO] [stderr]      INFO: Target is gcc:13.3-linux-x86_64
[INFO] [stderr]      INFO: Skipping (by request only): tls_null
[INFO] [stderr]      INFO: Skipping (dependency failure): asio certstor_sqlite3 sessions_sqlite3 tpm2_crypto_backend tpm2_ecc tpm2_rsa
[INFO] [stderr]      INFO: Skipping (incompatible CPU): aes_armv8 aes_power8 cpuid_aarch64 cpuid_arm32 cpuid_loongarch64 cpuid_ppc cpuid_riscv64 cpuid_wasm sha1_armv8 sha2_32_armv8 sha2_64_armv8 shacal2_armv8 sm3_armv8 sm4_armv8
[INFO] [stderr]      INFO: Skipping (incompatible OS): certstor_system_macos certstor_system_windows commoncrypto win32_stats
[INFO] [stderr]      INFO: Skipping (incompatible compiler): sha2_64_x86 sm3_x86 sm4_x86
[INFO] [stderr]      INFO: Skipping (no enabled compression schemes): compression
[INFO] [stderr]      INFO: Skipping (not requested): jitter_rng
[INFO] [stderr]      INFO: Skipping (requires external dependency): boost bzip2 esdm_rng lzma sqlite3 tpm tpm2 zlib
[INFO] [stderr]   WARNING: These modules are deprecated and will be removed in a future release (consider disabling with --disable-deprecated-features): adler32 crc32 cryptobox dilithium_aes dlies gost_28147 gost_3410 keccak kyber_90s legacy_ec_point lion mce md4 md5 noekeon prf_x942 shake_cipher siphash streebog x919_mac
[INFO] [stderr]      INFO: Loading modules: adler32 aead aes aes_crystals_xof aes_ni aes_vaes aes_vperm argon2 argon2_avx2 argon2_avx512 argon2_simd64 argon2fmt aria aria_avx512_gfni aria_hwaes ascon_aead128 ascon_hash256 ascon_perm ascon_xof128 asn1 auto_rng base base32 base58 base64 bcrypt bcrypt_pbkdf bigint bitvector blake2 blake2mac blake2s blinding block blowfish camellia camellia_avx2_gfni camellia_avx512_gfni camellia_hwaes cascade cast128 cbc ccm certstor_flatfile certstor_sql certstor_system cfb chacha chacha20poly1305 chacha_avx2 chacha_avx512 chacha_rng chacha_simd32 checksum classic_mceliece cmac comb4p cpuid cpuid_x86 crc24 crc32 cryptobox cshake_xof ctr ctr_avx2 ctr_simd32 curve448 des dh dilithium dilithium_aes dilithium_common dilithium_round3 dilithium_shake dl_algo dl_group dlies dsa dyn_load eax ec_group ecc_key ecdh ecdsa ecgdsa ecies eckcdsa ed25519 ed448 elgamal eme_oaep eme_pkcs1 eme_raw emsa_pkcs1 emsa_pssr emsa_raw emsa_x931 enc_padding entropy fd_unix ffi filters fpe_fe1 frodokem frodokem_aes frodokem_common gcm getentropy ghash ghash_avx512_clmul ghash_cpu ghash_vperm gmac gost_28147 gost_3410 gost_3411 hash hash_id hex hkdf hmac hmac_drbg hotp hss_lms http_util hybrid_kem idea idea_avx2 idea_sse2 ip_address iso9796 kdf kdf1 kdf1_iso18033 kdf2 keccak keccak_perm keccak_perm_avx512 keccak_perm_bmi2 kex_to_kem_adapter keypair kmac kuznyechik kyber kyber_90s kyber_common kyber_round3 legacy_ec_point lion locking_allocator mac mce md4 md5 mdx_hash mem_pool mgf1 ml_dsa ml_kem mode_pad modes mp nist_keywrap noekeon noekeon_simd numbertheory ocb ofb os_utils par_hash passhash9 pbes2 pbkdf pbkdf2 pcurves pcurves_brainpool256r1 pcurves_brainpool384r1 pcurves_brainpool512r1 pcurves_frp256v1 pcurves_generic pcurves_impl pcurves_numsp512d1 pcurves_secp192r1 pcurves_secp224r1 pcurves_secp256k1 pcurves_secp256r1 pcurves_secp384r1 pcurves_secp521r1 pcurves_sm2p256v1 pem pgp_s2k pkcs11 poly1305 poly1305_avx2 poly1305_avx512 poly_dbl pqcrystals prf_tls prf_x942 processor_rng psk_db pubkey raw_hash rc4 rdseed rfc3394 rfc6979 rmd160 rng roughtime rsa salsa20 scrypt seed seed_avx512_gfni seed_hwaes serpent serpent_avx2 serpent_avx512 serpent_simd sessions_sql sha1 sha1_avx2 sha1_simd sha1_x86 sha2_32 sha2_32_avx2 sha2_32_simd sha2_32_x86 sha2_64 sha2_64_avx2 sha2_64_avx512 sha3 shacal2 shacal2_avx2 shacal2_avx512 shacal2_simd shacal2_x86 shake shake_cipher shake_xof sig_padding simd_2x64 simd_4x32 simd_4x64 simd_8x64 simd_avx2 simd_avx512 simd_hwaes siphash siv skein slh_dsa_sha2 slh_dsa_shake sm2 sm3 sm3_avx2_bmi2 sm4 sm4_avx512 sm4_gfni sm4_hwaes socket sodium sp800_108 sp800_56a sp800_56c sphincsplus_common sphincsplus_sha2 sphincsplus_sha2_base sphincsplus_shake sphincsplus_shake_base sponge srp6 stateful_key_index stateful_rng stream streebog system_rng thread_utils threefish_512 tls tls12 tls13 tls13_pqc tls_cbc tree_hash trunc_hash tss twofish twofish_avx512 utils uuid whirlpool whirlpool_avx2 whirlpool_avx512 x25519 x448 x509 x919_mac xmd xmss xof xts xts_avx512_clmul zfec zfec_vperm
[INFO] [stderr]      INFO: Using symlink to link files into build dir (use --link-method to change)
[INFO] [stderr]      INFO: Botan 3.12.0 (revision git:45d6f286c320b2f2efd5373d195ec88c367e3071) (release dated 20260506) build setup is complete
[INFO] [stderr]   g++ -fPIC -fstack-protector -m64 -pthread -std=c++20 -D_REENTRANT  -g -O3 -Wall -Wextra -Wpedantic -Wstrict-aliasing -Wcast-align -Wmissing-declarations -Wpointer-arith -Wcast-qual -Wzero-as-null-pointer-constant -Wnon-virtual-dtor -Wold-style-cast -Wsuggest-override -Wshadow -Wextra-semi -DBOTAN_IS_BEING_BUILT -I /opt/rustwide/target/debug/build/botan-sys-88ecf02e499478ac/out/botan-build/build/include/public -I /opt/rustwide/target/debug/build/botan-sys-88ecf02e499478ac/out/botan-build/build/include/internal  -isystem /opt/rustwide/target/debug/build/botan-sys-88ecf02e499478ac/out/botan-build/build/include/external -c src/lib/asn1/alg_id.cpp -o /opt/rustwide/target/debug/build/botan-sys-88ecf02e499478ac/out/botan-build/build/obj/lib/asn1_alg_id.o
[INFO] [stderr]   g++ -fPIC -fstack-protector -m64 -pthread -std=c++20 -D_REENTRANT  -g -O3 -Wall -Wextra -Wpedantic -Wstrict-aliasing -Wcast-align -Wmissing-declarations -Wpointer-arith -Wcast-qual -Wzero-as-null-pointer-constant -Wnon-virtual-dtor -Wold-style-cast -Wsuggest-override -Wshadow -Wextra-semi -DBOTAN_IS_BEING_BUILT -I /opt/rustwide/target/debug/build/botan-sys-88ecf02e499478ac/out/botan-build/build/include/public -I /opt/rustwide/target/debug/build/botan-sys-88ecf02e499478ac/out/botan-build/build/include/internal  -isystem /opt/rustwide/target/debug/build/botan-sys-88ecf02e499478ac/out/botan-build/build/include/external -c src/lib/asn1/asn1_obj.cpp -o /opt/rustwide/target/debug/build/botan-sys-88ecf02e499478ac/out/botan-build/build/obj/lib/asn1_obj.o
[INFO] [stderr]   g++ -fPIC -fstack-protector -m64 -pthread -std=c++20 -D_REENTRANT  -g -O3 -Wall -Wextra -Wpedantic -Wstrict-aliasing -Wcast-align -Wmissing-declarations -Wpointer-arith -Wcast-qual -Wzero-as-null-pointer-constant -Wnon-virtual-dtor -Wold-style-cast -Wsuggest-override -Wshadow -Wextra-semi -DBOTAN_IS_BEING_BUILT -I /opt/rustwide/target/debug/build/botan-sys-88ecf02e499478ac/out/botan-build/build/include/public -I /opt/rustwide/target/debug/build/botan-sys-88ecf02e499478ac/out/botan-build/build/include/internal  -isystem /opt/rustwide/target/debug/build/botan-sys-88ecf02e499478ac/out/botan-build/build/include/external -c src/lib/asn1/asn1_oid.cpp -o /opt/rustwide/target/debug/build/botan-sys-88ecf02e499478ac/out/botan-build/build/obj/lib/asn1_oid.o
[INFO] [stderr]   g++ -fPIC -fstack-protector -m64 -pthread -std=c++20 -D_REENTRANT  -g -O3 -Wall -Wextra -Wpedantic -Wstrict-aliasing -Wcast-align -Wmissing-declarations -Wpointer-arith -Wcast-qual -Wzero-as-null-pointer-constant -Wnon-virtual-dtor -Wold-style-cast -Wsuggest-override -Wshadow -Wextra-semi -DBOTAN_IS_BEING_BUILT -I /opt/rustwide/target/debug/build/botan-sys-88ecf02e499478ac/out/botan-build/build/include/public -I /opt/rustwide/target/debug/build/botan-sys-88ecf02e499478ac/out/botan-build/build/include/internal  -isystem /opt/rustwide/target/debug/build/botan-sys-88ecf02e499478ac/out/botan-build/build/include/external -c src/lib/asn1/asn1_print.cpp -o /opt/rustwide/target/debug/build/botan-sys-88ecf02e499478ac/out/botan-build/build/obj/lib/asn1_print.o
[INFO] [stderr]   g++ -fPIC -fstack-protector -m64 -pthread -std=c++20 -D_REENTRANT  -g -O3 -Wall -Wextra -Wpedantic -Wstrict-aliasing -Wcast-align -Wmissing-declarations -Wpointer-arith -Wcast-qual -Wzero-as-null-pointer-constant -Wnon-virtual-dtor -Wold-style-cast -Wsuggest-override -Wshadow -Wextra-semi -DBOTAN_IS_BEING_BUILT -I /opt/rustwide/target/debug/build/botan-sys-88ecf02e499478ac/out/botan-build/build/include/public -I /opt/rustwide/target/debug/build/botan-sys-88ecf02e499478ac/out/botan-build/build/include/internal  -isystem /opt/rustwide/target/debug/build/botan-sys-88ecf02e499478ac/out/botan-build/build/include/external -c src/lib/asn1/asn1_str.cpp -o /opt/rustwide/target/debug/build/botan-sys-88ecf02e499478ac/out/botan-build/build/obj/lib/asn1_str.o
[INFO] [stderr]   g++ -fPIC -fstack-protector -m64 -pthread -std=c++20 -D_REENTRANT  -g -O3 -Wall -Wextra -Wpedantic -Wstrict-aliasing -Wcast-align -Wmissing-declarations -Wpointer-arith -Wcast-qual -Wzero-as-null-pointer-constant -Wnon-virtual-dtor -Wold-style-cast -Wsuggest-override -Wshadow -Wextra-semi -DBOTAN_IS_BEING_BUILT -I /opt/rustwide/target/debug/build/botan-sys-88ecf02e499478ac/out/botan-build/build/include/public -I /opt/rustwide/target/debug/build/botan-sys-88ecf02e499478ac/out/botan-build/build/include/internal  -isystem /opt/rustwide/target/debug/build/botan-sys-88ecf02e499478ac/out/botan-build/build/include/external -c src/lib/asn1/asn1_time.cpp -o /opt/rustwide/target/debug/build/botan-sys-88ecf02e499478ac/out/botan-build/build/obj/lib/asn1_time.o
[INFO] [stderr]   g++ -fPIC -fstack-protector -m64 -pthread -std=c++20 -D_REENTRANT  -g -O3 -Wall -Wextra -Wpedantic -Wstrict-aliasing -Wcast-align -Wmissing-declarations -Wpointer-arith -Wcast-qual -Wzero-as-null-pointer-constant -Wnon-virtual-dtor -Wold-style-cast -Wsuggest-override -Wshadow -Wextra-semi -DBOTAN_IS_BEING_BUILT -I /opt/rustwide/target/debug/build/botan-sys-88ecf02e499478ac/out/botan-build/build/include/public -I /opt/rustwide/target/debug/build/botan-sys-88ecf02e499478ac/out/botan-build/build/include/internal  -isystem /opt/rustwide/target/debug/build/botan-sys-88ecf02e499478ac/out/botan-build/build/include/external -c src/lib/asn1/ber_dec.cpp -o /opt/rustwide/target/debug/build/botan-sys-88ecf02e499478ac/out/botan-build/build/obj/lib/asn1_ber_dec.o
[INFO] [stderr]   g++ -fPIC -fstack-protector -m64 -pthread -std=c++20 -D_REENTRANT  -g -O3 -Wall -Wextra -Wpedantic -Wstrict-aliasing -Wcast-align -Wmissing-declarations -Wpointer-arith -Wcast-qual -Wzero-as-null-pointer-constant -Wnon-virtual-dtor -Wold-style-cast -Wsuggest-override -Wshadow -Wextra-semi -DBOTAN_IS_BEING_BUILT -I /opt/rustwide/target/debug/build/botan-sys-88ecf02e499478ac/out/botan-build/build/include/public -I /opt/rustwide/target/debug/build/botan-sys-88ecf02e499478ac/out/botan-build/build/include/internal  -isystem /opt/rustwide/target/debug/build/botan-sys-88ecf02e499478ac/out/botan-build/build/include/external -c src/lib/asn1/der_enc.cpp -o /opt/rustwide/target/debug/build/botan-sys-88ecf02e499478ac/out/botan-build/build/obj/lib/asn1_der_enc.o
[INFO] [stderr]   g++ -fPIC -fstack-protector -m64 -pthread -std=c++20 -D_REENTRANT  -g -O3 -Wall -Wextra -Wpedantic -Wstrict-aliasing -Wcast-align -Wmissing-declarations -Wpointer-arith -Wcast-qual -Wzero-as-null-pointer-constant -Wnon-virtual-dtor -Wold-style-cast -Wsuggest-override -Wshadow -Wextra-semi -DBOTAN_IS_BEING_BUILT -I /opt/rustwide/target/debug/build/botan-sys-88ecf02e499478ac/out/botan-build/build/include/public -I /opt/rustwide/target/debug/build/botan-sys-88ecf02e499478ac/out/botan-build/build/include/internal  -isystem /opt/rustwide/target/debug/build/botan-sys-88ecf02e499478ac/out/botan-build/build/include/external -c src/lib/asn1/oid_map.cpp -o /opt/rustwide/target/debug/build/botan-sys-88ecf02e499478ac/out/botan-build/build/obj/lib/asn1_oid_map.o
[INFO] [stderr]   g++ -fPIC -fstack-protector -m64 -pthread -std=c++20 -D_REENTRANT  -g -O3 -Wall -Wextra -Wpedantic -Wstrict-aliasing -Wcast-align -Wmissing-declarations -Wpointer-arith -Wcast-qual -Wzero-as-null-pointer-constant -Wnon-virtual-dtor -Wold-style-cast -Wsuggest-override -Wshadow -Wextra-semi -DBOTAN_IS_BEING_BUILT -I /opt/rustwide/target/debug/build/botan-sys-88ecf02e499478ac/out/botan-build/build/include/public -I /opt/rustwide/target/debug/build/botan-sys-88ecf02e499478ac/out/botan-build/build/include/internal  -isystem /opt/rustwide/target/debug/build/botan-sys-88ecf02e499478ac/out/botan-build/build/include/external -c src/lib/asn1/oids.cpp -o /opt/rustwide/target/debug/build/botan-sys-88ecf02e499478ac/out/botan-build/build/obj/lib/asn1_oids.o
[INFO] [stderr]   g++ -fPIC -fstack-protector -m64 -pthread -std=c++20 -D_REENTRANT  -g -O3 -Wall -Wextra -Wpedantic -Wstrict-aliasing -Wcast-align -Wmissing-declarations -Wpointer-arith -Wcast-qual -Wzero-as-null-pointer-constant -Wnon-virtual-dtor -Wold-style-cast -Wsuggest-override -Wshadow -Wextra-semi -DBOTAN_IS_BEING_BUILT -I /opt/rustwide/target/debug/build/botan-sys-88ecf02e499478ac/out/botan-build/build/include/public -I /opt/rustwide/target/debug/build/botan-sys-88ecf02e499478ac/out/botan-build/build/include/internal  -isystem /opt/rustwide/target/debug/build/botan-sys-88ecf02e499478ac/out/botan-build/build/include/external -c src/lib/asn1/pss_params.cpp -o /opt/rustwide/target/debug/build/botan-sys-88ecf02e499478ac/out/botan-build/build/obj/lib/asn1_pss_params.o
[INFO] [stderr]   g++ -fPIC -fstack-protector -m64 -pthread -std=c++20 -D_REENTRANT  -g -O3 -Wall -Wextra -Wpedantic -Wstrict-aliasing -Wcast-align -Wmissing-declarations -Wpointer-arith -Wcast-qual -Wzero-as-null-pointer-constant -Wnon-virtual-dtor -Wold-style-cast -Wsuggest-override -Wshadow -Wextra-semi -DBOTAN_IS_BEING_BUILT -I /opt/rustwide/target/debug/build/botan-sys-88ecf02e499478ac/out/botan-build/build/include/public -I /opt/rustwide/target/debug/build/botan-sys-88ecf02e499478ac/out/botan-build/build/include/internal  -isystem /opt/rustwide/target/debug/build/botan-sys-88ecf02e499478ac/out/botan-build/build/include/external -c src/lib/asn1/static_oids.cpp -o /opt/rustwide/target/debug/build/botan-sys-88ecf02e499478ac/out/botan-build/build/obj/lib/asn1_static_oids.o
[INFO] [stderr]   g++ -fPIC -fstack-protector -m64 -pthread -std=c++20 -D_REENTRANT  -g -O3 -Wall -Wextra -Wpedantic -Wstrict-aliasing -Wcast-align -Wmissing-declarations -Wpointer-arith -Wcast-qual -Wzero-as-null-pointer-constant -Wnon-virtual-dtor -Wold-style-cast -Wsuggest-override -Wshadow -Wextra-semi -DBOTAN_IS_BEING_BUILT -I /opt/rustwide/target/debug/build/botan-sys-88ecf02e499478ac/out/botan-build/build/include/public -I /opt/rustwide/target/debug/build/botan-sys-88ecf02e499478ac/out/botan-build/build/include/internal  -isystem /opt/rustwide/target/debug/build/botan-sys-88ecf02e499478ac/out/botan-build/build/include/external -c src/lib/base/buf_comp.cpp -o /opt/rustwide/target/debug/build/botan-sys-88ecf02e499478ac/out/botan-build/build/obj/lib/base_buf_comp.o
[INFO] [stderr]   g++ -fPIC -fstack-protector -m64 -pthread -std=c++20 -D_REENTRANT  -g -O3 -Wall -Wextra -Wpedantic -Wstrict-aliasing -Wcast-align -Wmissing-declarations -Wpointer-arith -Wcast-qual -Wzero-as-null-pointer-constant -Wnon-virtual-dtor -Wold-style-cast -Wsuggest-override -Wshadow -Wextra-semi -DBOTAN_IS_BEING_BUILT -I /opt/rustwide/target/debug/build/botan-sys-88ecf02e499478ac/out/botan-build/build/include/public -I /opt/rustwide/target/debug/build/botan-sys-88ecf02e499478ac/out/botan-build/build/include/internal  -isystem /opt/rustwide/target/debug/build/botan-sys-88ecf02e499478ac/out/botan-build/build/include/external -c src/lib/base/sym_algo.cpp -o /opt/rustwide/target/debug/build/botan-sys-88ecf02e499478ac/out/botan-build/build/obj/lib/base_sym_algo.o
[INFO] [stderr]   g++ -fPIC -fstack-protector -m64 -pthread -std=c++20 -D_REENTRANT  -g -O3 -Wall -Wextra -Wpedantic -Wstrict-aliasing -Wcast-align -Wmissing-declarations -Wpointer-arith -Wcast-qual -Wzero-as-null-pointer-constant -Wnon-virtual-dtor -Wold-style-cast -Wsuggest-override -Wshadow -Wextra-semi -DBOTAN_IS_BEING_BUILT -I /opt/rustwide/target/debug/build/botan-sys-88ecf02e499478ac/out/botan-build/build/include/public -I /opt/rustwide/target/debug/build/botan-sys-88ecf02e499478ac/out/botan-build/build/include/internal  -isystem /opt/rustwide/target/debug/build/botan-sys-88ecf02e499478ac/out/botan-build/build/include/external -c src/lib/base/symkey.cpp -o /opt/rustwide/target/debug/build/botan-sys-88ecf02e499478ac/out/botan-build/build/obj/lib/base_symkey.o
[INFO] [stderr]   g++ -fPIC -fstack-protector -m64 -pthread -std=c++20 -D_REENTRANT  -g -O3 -Wall -Wextra -Wpedantic -Wstrict-aliasing -Wcast-align -Wmissing-declarations -Wpointer-arith -Wcast-qual -Wzero-as-null-pointer-constant -Wnon-virtual-dtor -Wold-style-cast -Wsuggest-override -Wshadow -Wextra-semi -DBOTAN_IS_BEING_BUILT -I /opt/rustwide/target/debug/build/botan-sys-88ecf02e499478ac/out/botan-build/build/include/public -I /opt/rustwide/target/debug/build/botan-sys-88ecf02e499478ac/out/botan-build/build/include/internal  -isystem /opt/rustwide/target/debug/build/botan-sys-88ecf02e499478ac/out/botan-build/build/include/external -c src/lib/block/aes/aes.cpp -o /opt/rustwide/target/debug/build/botan-sys-88ecf02e499478ac/out/botan-build/build/obj/lib/block_aes.o
[INFO] [stderr]   g++ -fPIC -fstack-protector -m64 -pthread -std=c++20 -D_REENTRANT  -g -O3 -Wall -Wextra -Wpedantic -Wstrict-aliasing -Wcast-align -Wmissing-declarations -Wpointer-arith -Wcast-qual -Wzero-as-null-pointer-constant -Wnon-virtual-dtor -Wold-style-cast -Wsuggest-override -Wshadow -Wextra-semi -DBOTAN_IS_BEING_BUILT -I /opt/rustwide/target/debug/build/botan-sys-88ecf02e499478ac/out/botan-build/build/include/public -I /opt/rustwide/target/debug/build/botan-sys-88ecf02e499478ac/out/botan-build/build/include/internal  -isystem /opt/rustwide/target/debug/build/botan-sys-88ecf02e499478ac/out/botan-build/build/include/external -c src/lib/block/aes/aes_ni/aes_ni.cpp -o /opt/rustwide/target/debug/build/botan-sys-88ecf02e499478ac/out/botan-build/build/obj/lib/block_aes_ni.o
[INFO] [stderr]   g++ -fPIC -fstack-protector -m64 -pthread -std=c++20 -D_REENTRANT  -g -O3 -Wall -Wextra -Wpedantic -Wstrict-aliasing -Wcast-align -Wmissing-declarations -Wpointer-arith -Wcast-qual -Wzero-as-null-pointer-constant -Wnon-virtual-dtor -Wold-style-cast -Wsuggest-override -Wshadow -Wextra-semi -DBOTAN_IS_BEING_BUILT -I /opt/rustwide/target/debug/build/botan-sys-88ecf02e499478ac/out/botan-build/build/include/public -I /opt/rustwide/target/debug/build/botan-sys-88ecf02e499478ac/out/botan-build/build/include/internal  -isystem /opt/rustwide/target/debug/build/botan-sys-88ecf02e499478ac/out/botan-build/build/include/external -c src/lib/block/aes/aes_vaes/aes_vaes.cpp -o /opt/rustwide/target/debug/build/botan-sys-88ecf02e499478ac/out/botan-build/build/obj/lib/block_aes_vaes.o
[INFO] [stderr] 
[INFO] [stderr]   --- stderr
[INFO] [stderr]   g++: fatal error: Killed signal terminated program cc1plus
[INFO] [stderr]   compilation terminated.
[INFO] [stderr]   make: *** [/opt/rustwide/target/debug/build/botan-sys-88ecf02e499478ac/out/botan-build/Makefile:136: /opt/rustwide/target/debug/build/botan-sys-88ecf02e499478ac/out/botan-build/build/obj/lib/asn1_static_oids.o] Error 1
[INFO] [stderr]   make: *** Waiting for unfinished jobs....
[INFO] [stderr]   g++: fatal error: Killed signal terminated program cc1plus
[INFO] [stderr]   compilation terminated.
[INFO] [stderr]   make: *** [/opt/rustwide/target/debug/build/botan-sys-88ecf02e499478ac/out/botan-build/Makefile:106: /opt/rustwide/target/debug/build/botan-sys-88ecf02e499478ac/out/botan-build/build/obj/lib/asn1_obj.o] Error 1
[INFO] [stderr]   g++: fatal error: Killed signal terminated program cc1plus
[INFO] [stderr]   compilation terminated.
[INFO] [stderr]   make: *** [/opt/rustwide/target/debug/build/botan-sys-88ecf02e499478ac/out/botan-build/Makefile:118: /opt/rustwide/target/debug/build/botan-sys-88ecf02e499478ac/out/botan-build/build/obj/lib/asn1_time.o] Error 1
[INFO] [stderr]   In file included from /usr/include/c++/13/string:51,
[INFO] [stderr]                    from /opt/rustwide/target/debug/build/botan-sys-88ecf02e499478ac/out/botan-build/build/include/public/botan/exceptn.h:13,
[INFO] [stderr]                    from /opt/rustwide/target/debug/build/botan-sys-88ecf02e499478ac/out/botan-build/build/include/public/botan/asn1_obj.h:10,
[INFO] [stderr]                    from /opt/rustwide/target/debug/build/botan-sys-88ecf02e499478ac/out/botan-build/build/include/public/botan/der_enc.h:11,
[INFO] [stderr]                    from src/lib/asn1/der_enc.cpp:8:
[INFO] [stderr]   In function 'constexpr decltype (__comp((* __first1), (* __first2))) std::lexicographical_compare_three_way(_InputIter1, _InputIter1, _InputIter2, _InputIter2, _Comp) [with _InputIter1 = __gnu_cxx::__normal_iterator<const unsigned char*, vector<unsigned char, Botan::secure_allocator<unsigned char> > >; _InputIter2 = __gnu_cxx::__normal_iterator<const unsigned char*, vector<unsigned char, Botan::secure_allocator<unsigned char> > >; _Comp = __detail::_Synth3way]',
[INFO] [stderr]       inlined from 'constexpr std::__detail::__synth3way_t<_Iterator> std::operator<=>(const vector<_Tp, _Alloc>&, const vector<_Tp, _Alloc>&) [with _Tp = unsigned char; _Alloc = Botan::secure_allocator<unsigned char>]' at /usr/include/c++/13/bits/stl_vector.h:2061:52,
[INFO] [stderr]       inlined from 'constexpr bool __gnu_cxx::__ops::_Val_less_iter::operator()(_Value&, _Iterator) const [with _Value = std::vector<unsigned char, Botan::secure_allocator<unsigned char> >; _Iterator = __gnu_cxx::__normal_iterator<std::vector<unsigned char, Botan::secure_allocator<unsigned char> >*, std::vector<std::vector<unsigned char, Botan::secure_allocator<unsigned char> > > >]' at /usr/include/c++/13/bits/predefined_ops.h:98:22,
[INFO] [stderr]       inlined from 'constexpr void std::__unguarded_linear_insert(_RandomAccessIterator, _Compare) [with _RandomAccessIterator = __gnu_cxx::__normal_iterator<vector<unsigned char, Botan::secure_allocator<unsigned char> >*, vector<vector<unsigned char, Botan::secure_allocator<unsigned char> > > >; _Compare = __gnu_cxx::__ops::_Val_less_iter]' at /usr/include/c++/13/bits/stl_algo.h:1799:20,
[INFO] [stderr]       inlined from 'constexpr void std::__unguarded_insertion_sort(_RandomAccessIterator, _RandomAccessIterator, _Compare) [with _RandomAccessIterator = __gnu_cxx::__normal_iterator<vector<unsigned char, Botan::secure_allocator<unsigned char> >*, vector<vector<unsigned char, Botan::secure_allocator<unsigned char> > > >; _Compare = __gnu_cxx::__ops::_Iter_less_iter]' at /usr/include/c++/13/bits/stl_algo.h:1840:32,
[INFO] [stderr]       inlined from 'constexpr void std::__final_insertion_sort(_RandomAccessIterator, _RandomAccessIterator, _Compare) [with _RandomAccessIterator = __gnu_cxx::__normal_iterator<vector<unsigned char, Botan::secure_allocator<unsigned char> >*, vector<vector<unsigned char, Botan::secure_allocator<unsigned char> > > >; _Compare = __gnu_cxx::__ops::_Iter_less_iter]' at /usr/include/c++/13/bits/stl_algo.h:1860:35,
[INFO] [stderr]       inlined from 'constexpr void std::__sort(_RandomAccessIterator, _RandomAccessIterator, _Compare) [with _RandomAccessIterator = __gnu_cxx::__normal_iterator<vector<unsigned char, Botan::secure_allocator<unsigned char> >*, vector<vector<unsigned char, Botan::secure_allocator<unsigned char> > > >; _Compare = __gnu_cxx::__ops::_Iter_less_iter]' at /usr/include/c++/13/bits/stl_algo.h:1950:31,
[INFO] [stderr]       inlined from 'constexpr void std::sort(_RAIter, _RAIter) [with _RAIter = __gnu_cxx::__normal_iterator<vector<unsigned char, Botan::secure_allocator<unsigned char> >*, vector<vector<unsigned char, Botan::secure_allocator<unsigned char> > > >]' at /usr/include/c++/13/bits/stl_algo.h:4861:18,
[INFO] [stderr]       inlined from 'void Botan::DER_Encoder::DER_Sequence::push_contents(Botan::DER_Encoder&)' at src/lib/asn1/der_enc.cpp:83:16:
[INFO] [stderr]   /usr/include/c++/13/bits/stl_algobase.h:1848:39: warning: 'int __builtin_memcmp(const void*, const void*, long unsigned int)' specified bound [9223372036854775808, 18446744073709551615] exceeds maximum object size 9223372036854775807 [-Wstringop-overread]
[INFO] [stderr]    1848 |                     = __builtin_memcmp(&*__first1, &*__first2, __blen) <=> 0;
[INFO] [stderr]         |                       ~~~~~~~~~~~~~~~~^~~~~~~~~~~~~~~~~~~~~~~~~~~~~~~~
[INFO] [stderr] 
[INFO] [stderr]   thread 'main' (1177) panicked at /opt/rustwide/cargo-home/registry/src/index.crates.io-1949cf8c6b5b557f/botan-src-0.31200.0/src/lib.rs:121:9:
[INFO] [stderr]   make terminated unsuccessfully
[INFO] [stderr]   stack backtrace:
[INFO] [stderr]      0:     0x5f48bd9fa701 - std[73adb7dc35730857]::backtrace_rs::backtrace::libunwind::trace
[INFO] [stderr]                                  at /rustc/6b3fa26749ab40e159b2dd5cf577acaaf5902772/library/std/src/../../backtrace/src/backtrace/libunwind.rs:117:9
[INFO] [stderr]      1:     0x5f48bd9fa701 - std[73adb7dc35730857]::backtrace_rs::backtrace::trace_unsynchronized::<std[73adb7dc35730857]::sys::backtrace::_print_fmt::{closure#1}>
[INFO] [stderr]                                  at /rustc/6b3fa26749ab40e159b2dd5cf577acaaf5902772/library/std/src/../../backtrace/src/backtrace/mod.rs:66:14
[INFO] [stderr]      2:     0x5f48bd9fa701 - std[73adb7dc35730857]::sys::backtrace::_print_fmt
[INFO] [stderr]                                  at /rustc/6b3fa26749ab40e159b2dd5cf577acaaf5902772/library/std/src/sys/backtrace.rs:74:9
[INFO] [stderr]      3:     0x5f48bd9fa701 - <<std[73adb7dc35730857]::sys::backtrace::BacktraceLock>::print::DisplayBacktrace as core[6883ba1bc0fe4ed1]::fmt::Display>::fmt
[INFO] [stderr]                                  at /rustc/6b3fa26749ab40e159b2dd5cf577acaaf5902772/library/std/src/sys/backtrace.rs:44:26
[INFO] [stderr]      4:     0x5f48bda0fa4a - <core[6883ba1bc0fe4ed1]::fmt::rt::Argument>::fmt
[INFO] [stderr]                                  at /rustc/6b3fa26749ab40e159b2dd5cf577acaaf5902772/library/core/src/fmt/rt.rs:152:76
[INFO] [stderr]      5:     0x5f48bda0fa4a - core[6883ba1bc0fe4ed1]::fmt::write
[INFO] [stderr]      6:     0x5f48bda0073c - std[73adb7dc35730857]::io::default_write_fmt::<std[73adb7dc35730857]::sys::stdio::unix::Stderr>
[INFO] [stderr]                                  at /rustc/6b3fa26749ab40e159b2dd5cf577acaaf5902772/library/std/src/io/mod.rs:626:11
[INFO] [stderr]      7:     0x5f48bda0073c - <std[73adb7dc35730857]::sys::stdio::unix::Stderr as std[73adb7dc35730857]::io::Write>::write_fmt
[INFO] [stderr]                                  at /rustc/6b3fa26749ab40e159b2dd5cf577acaaf5902772/library/std/src/io/mod.rs:1730:13
[INFO] [stderr]      8:     0x5f48bd9da0e6 - <std[73adb7dc35730857]::sys::backtrace::BacktraceLock>::print
[INFO] [stderr]                                  at /rustc/6b3fa26749ab40e159b2dd5cf577acaaf5902772/library/std/src/sys/backtrace.rs:47:9
[INFO] [stderr]      9:     0x5f48bd9da0e6 - std[73adb7dc35730857]::panicking::default_hook::{closure#0}
[INFO] [stderr]                                  at /rustc/6b3fa26749ab40e159b2dd5cf577acaaf5902772/library/std/src/panicking.rs:292:27
[INFO] [stderr]     10:     0x5f48bd9f3f31 - std[73adb7dc35730857]::panicking::default_hook
[INFO] [stderr]                                  at /rustc/6b3fa26749ab40e159b2dd5cf577acaaf5902772/library/std/src/panicking.rs:319:9
[INFO] [stderr]     11:     0x5f48bd9f40eb - std[73adb7dc35730857]::panicking::panic_with_hook
[INFO] [stderr]                                  at /rustc/6b3fa26749ab40e159b2dd5cf577acaaf5902772/library/std/src/panicking.rs:815:13
[INFO] [stderr]     12:     0x5f48bd9da1c4 - std[73adb7dc35730857]::panicking::panic_handler::{closure#0}
[INFO] [stderr]                                  at /rustc/6b3fa26749ab40e159b2dd5cf577acaaf5902772/library/std/src/panicking.rs:681:13
[INFO] [stderr]     13:     0x5f48bd9d1679 - std[73adb7dc35730857]::sys::backtrace::__rust_end_short_backtrace::<std[73adb7dc35730857]::panicking::panic_handler::{closure#0}, !>
[INFO] [stderr]                                  at /rustc/6b3fa26749ab40e159b2dd5cf577acaaf5902772/library/std/src/sys/backtrace.rs:182:18
[INFO] [stderr]     14:     0x5f48bd9dac2d - __rustc[a7b7b02e776dd976]::rust_begin_unwind
[INFO] [stderr]                                  at /rustc/6b3fa26749ab40e159b2dd5cf577acaaf5902772/library/std/src/panicking.rs:679:5
[INFO] [stderr]     15:     0x5f48bda1021c - core[6883ba1bc0fe4ed1]::panicking::panic_fmt
[INFO] [stderr]                                  at /rustc/6b3fa26749ab40e159b2dd5cf577acaaf5902772/library/core/src/panicking.rs:80:14
[INFO] [stderr]     16:     0x5f48bd929aba - botan_src[a39ebd944ba455a9]::make
[INFO] [stderr]     17:     0x5f48bd929e92 - botan_src[a39ebd944ba455a9]::build
[INFO] [stderr]     18:     0x5f48bd908637 - build_script_main[a70315d5c28154fb]::main
[INFO] [stderr]     19:     0x5f48bd90bdf3 - <fn() as core[6883ba1bc0fe4ed1]::ops::function::FnOnce<()>>::call_once
[INFO] [stderr]     20:     0x5f48bd907f46 - std[73adb7dc35730857]::sys::backtrace::__rust_begin_short_backtrace::<fn(), ()>
[INFO] [stderr]     21:     0x5f48bd908179 - std[73adb7dc35730857]::rt::lang_start::<()>::{closure#0}
[INFO] [stderr]     22:     0x5f48bd9f31b7 - <&dyn core[6883ba1bc0fe4ed1]::ops::function::Fn<(), Output = i32> + core[6883ba1bc0fe4ed1]::panic::unwind_safe::RefUnwindSafe + core[6883ba1bc0fe4ed1]::marker::Sync as core[6883ba1bc0fe4ed1]::ops::function::FnOnce<()>>::call_once
[INFO] [stderr]                                  at /rustc/6b3fa26749ab40e159b2dd5cf577acaaf5902772/library/core/src/ops/function.rs:287:21
[INFO] [stderr]     23:     0x5f48bd9f31b7 - std[73adb7dc35730857]::panicking::catch_unwind::do_call::<&dyn core[6883ba1bc0fe4ed1]::ops::function::Fn<(), Output = i32> + core[6883ba1bc0fe4ed1]::panic::unwind_safe::RefUnwindSafe + core[6883ba1bc0fe4ed1]::marker::Sync, i32>
[INFO] [stderr]                                  at /rustc/6b3fa26749ab40e159b2dd5cf577acaaf5902772/library/std/src/panicking.rs:576:43
[INFO] [stderr]     24:     0x5f48bd9f31b7 - std[73adb7dc35730857]::panicking::catch_unwind::<i32, &dyn core[6883ba1bc0fe4ed1]::ops::function::Fn<(), Output = i32> + core[6883ba1bc0fe4ed1]::panic::unwind_safe::RefUnwindSafe + core[6883ba1bc0fe4ed1]::marker::Sync>
[INFO] [stderr]                                  at /rustc/6b3fa26749ab40e159b2dd5cf577acaaf5902772/library/std/src/panicking.rs:544:19
[INFO] [stderr]     25:     0x5f48bd9f31b7 - std[73adb7dc35730857]::panic::catch_unwind::<&dyn core[6883ba1bc0fe4ed1]::ops::function::Fn<(), Output = i32> + core[6883ba1bc0fe4ed1]::panic::unwind_safe::RefUnwindSafe + core[6883ba1bc0fe4ed1]::marker::Sync, i32>
[INFO] [stderr]                                  at /rustc/6b3fa26749ab40e159b2dd5cf577acaaf5902772/library/std/src/panic.rs:359:14
[INFO] [stderr]     26:     0x5f48bd9f31b7 - std[73adb7dc35730857]::rt::lang_start_internal::{closure#0}
[INFO] [stderr]                                  at /rustc/6b3fa26749ab40e159b2dd5cf577acaaf5902772/library/std/src/rt.rs:175:24
[INFO] [stderr]     27:     0x5f48bd9f31b7 - std[73adb7dc35730857]::panicking::catch_unwind::do_call::<std[73adb7dc35730857]::rt::lang_start_internal::{closure#0}, isize>
[INFO] [stderr]                                  at /rustc/6b3fa26749ab40e159b2dd5cf577acaaf5902772/library/std/src/panicking.rs:576:43
[INFO] [stderr]     28:     0x5f48bd9f31b7 - std[73adb7dc35730857]::panicking::catch_unwind::<isize, std[73adb7dc35730857]::rt::lang_start_internal::{closure#0}>
[INFO] [stderr]                                  at /rustc/6b3fa26749ab40e159b2dd5cf577acaaf5902772/library/std/src/panicking.rs:544:19
[INFO] [stderr]     29:     0x5f48bd9f31b7 - std[73adb7dc35730857]::panic::catch_unwind::<std[73adb7dc35730857]::rt::lang_start_internal::{closure#0}, isize>
[INFO] [stderr]                                  at /rustc/6b3fa26749ab40e159b2dd5cf577acaaf5902772/library/std/src/panic.rs:359:14
[INFO] [stderr]     30:     0x5f48bd9f31b7 - std[73adb7dc35730857]::rt::lang_start_internal
[INFO] [stderr]                                  at /rustc/6b3fa26749ab40e159b2dd5cf577acaaf5902772/library/std/src/rt.rs:171:5
[INFO] [stderr]     31:     0x5f48bd907f31 - std[73adb7dc35730857]::rt::lang_start::<()>
[INFO] [stderr]     32:     0x5f48bd90bf95 - main
[INFO] [stderr]     33:     0x7fa2c5a131ca - <unknown>
[INFO] [stderr]     34:     0x7fa2c5a1328b - __libc_start_main
[INFO] [stderr]     35:     0x5f48bd9069d5 - _start
[INFO] [stderr]     36:                0x0 - <unknown>
[INFO] running `Command { std: "docker" "inspect" "16122220b099ac1556dbcb3524e2eb408e2321f990219ff8c206f3f99a000a4f", kill_on_drop: false }`
[INFO] running `Command { std: "docker" "rm" "-f" "16122220b099ac1556dbcb3524e2eb408e2321f990219ff8c206f3f99a000a4f", kill_on_drop: false }`
[INFO] [stdout] 16122220b099ac1556dbcb3524e2eb408e2321f990219ff8c206f3f99a000a4f
