[INFO] cloning repository https://github.com/libmonsoon-dev/warehouse
[INFO] running `Command { std: "git" "-c" "credential.helper=" "-c" "credential.helper=/workspace/cargo-home/bin/git-credential-null" "clone" "--bare" "https://github.com/libmonsoon-dev/warehouse" "/workspace/cache/git-repos/https%3A%2F%2Fgithub.com%2Flibmonsoon-dev%2Fwarehouse", kill_on_drop: false }`
[INFO] [stderr] Cloning into bare repository '/workspace/cache/git-repos/https%3A%2F%2Fgithub.com%2Flibmonsoon-dev%2Fwarehouse'...
[INFO] running `Command { std: "git" "rev-parse" "HEAD", kill_on_drop: false }`
[INFO] [stdout] 26c95030c8ac2f978221016fdea281d995baf38f
[INFO] testing libmonsoon-dev/warehouse against 1.98.0-beta.1 for beta-1.98-2
[INFO] running `Command { std: "git" "clone" "/workspace/cache/git-repos/https%3A%2F%2Fgithub.com%2Flibmonsoon-dev%2Fwarehouse" "/workspace/builds/worker-0-tc2/source", kill_on_drop: false }`
[INFO] [stderr] Cloning into '/workspace/builds/worker-0-tc2/source'...
[INFO] [stderr] done.
[INFO] started tweaking git repo https://github.com/libmonsoon-dev/warehouse
[INFO] finished tweaking git repo https://github.com/libmonsoon-dev/warehouse
[INFO] tweaked toml for git repo https://github.com/libmonsoon-dev/warehouse written to /workspace/builds/worker-0-tc2/source/Cargo.toml
[INFO] validating manifest of git repo https://github.com/libmonsoon-dev/warehouse on toolchain 1.98.0-beta.1
[INFO] running `Command { std: CARGO_HOME="/workspace/cargo-home" RUSTUP_HOME="/workspace/rustup-home" "/workspace/cargo-home/bin/cargo" "+1.98.0-beta.1" "metadata" "--manifest-path" "Cargo.toml" "--no-deps", kill_on_drop: false }`
[INFO] crate git repo https://github.com/libmonsoon-dev/warehouse already has a lockfile, it will not be regenerated
[INFO] running `Command { std: CARGO_HOME="/workspace/cargo-home" RUSTUP_HOME="/workspace/rustup-home" "/workspace/cargo-home/bin/cargo" "+1.98.0-beta.1" "fetch" "--manifest-path" "Cargo.toml", kill_on_drop: false }`
[INFO] running `Command { std: "docker" "create" "-v" "/var/lib/crater-agent-workspace/builds/worker-0-tc2/source:/opt/rustwide/workdir:ro,Z" "-v" "/var/lib/crater-agent-workspace/builds/worker-0-tc2/target:/opt/rustwide/target:rw,Z" "-v" "/var/lib/crater-agent-workspace/cargo-home:/opt/rustwide/cargo-home:ro,Z" "-v" "/var/lib/crater-agent-workspace/rustup-home:/opt/rustwide/rustup-home:ro,Z" "-m" "1610612736" "--network" "none" "ghcr.io/rust-lang/crates-build-env/linux@sha256:3d5ced03c013a94a2f102a4510f48a6e9184255caf5fd8244f58017bde7f5210" "sleep" "infinity", kill_on_drop: false }`
[INFO] [stdout] dc093df020fe2385a58f501815f906576f7809d9b405a9c316f531e2ea66786e
[INFO] running `Command { std: "docker" "start" "dc093df020fe2385a58f501815f906576f7809d9b405a9c316f531e2ea66786e", kill_on_drop: false }`
[INFO] running `Command { std: "docker" "inspect" "dc093df020fe2385a58f501815f906576f7809d9b405a9c316f531e2ea66786e", kill_on_drop: false }`
[INFO] running `Command { std: "docker" "exec" "-e" "SOURCE_DIR=/opt/rustwide/workdir" "-e" "CARGO_HOME=/opt/rustwide/cargo-home" "-e" "RUSTUP_HOME=/opt/rustwide/rustup-home" "-e" "CARGO_TARGET_DIR=/opt/rustwide/target" "-w" "/opt/rustwide/workdir" "--user" "0:0" "dc093df020fe2385a58f501815f906576f7809d9b405a9c316f531e2ea66786e" "/opt/rustwide/cargo-home/bin/cargo" "+1.98.0-beta.1" "metadata" "--no-deps" "--format-version=1", kill_on_drop: false }`
[INFO] running `Command { std: "docker" "inspect" "dc093df020fe2385a58f501815f906576f7809d9b405a9c316f531e2ea66786e", kill_on_drop: false }`
[INFO] running `Command { std: "docker" "exec" "-e" "SOURCE_DIR=/opt/rustwide/workdir" "-e" "CARGO_HOME=/opt/rustwide/cargo-home" "-e" "RUSTUP_HOME=/opt/rustwide/rustup-home" "-e" "CARGO_TARGET_DIR=/opt/rustwide/target" "-e" "CARGO_INCREMENTAL=0" "-e" "RUST_BACKTRACE=full" "-e" "RUSTFLAGS=--cap-lints=warn" "-e" "RUSTDOCFLAGS=--cap-lints=warn" "-w" "/opt/rustwide/workdir" "--user" "0:0" "dc093df020fe2385a58f501815f906576f7809d9b405a9c316f531e2ea66786e" "/opt/rustwide/cargo-home/bin/cargo" "+1.98.0-beta.1" "build" "--frozen" "--message-format=json", kill_on_drop: false }`
[INFO] [stderr]    Compiling proc-macro2 v1.0.103
[INFO] [stderr]    Compiling unicode-ident v1.0.22
[INFO] [stderr]    Compiling quote v1.0.42
[INFO] [stderr]    Compiling libc v0.2.177
[INFO] [stderr]    Compiling wasm-bindgen-shared v0.2.105
[INFO] [stderr]    Compiling generic-array v0.14.9
[INFO] [stderr]    Compiling const-oid v0.9.6
[INFO] [stderr]    Compiling bumpalo v3.19.0
[INFO] [stderr]    Compiling subtle v2.6.1
[INFO] [stderr]    Compiling wasm-bindgen v0.2.105
[INFO] [stderr]    Compiling base64ct v1.8.0
[INFO] [stderr]    Compiling convert_case v0.8.0
[INFO] [stderr]    Compiling icu_properties_data v2.1.1
[INFO] [stderr]    Compiling indexmap v2.12.1
[INFO] [stderr]    Compiling concurrent-queue v2.5.0
[INFO] [stderr]    Compiling serde_json v1.0.145
[INFO] [stderr]    Compiling slotmap v1.0.7
[INFO] [stderr]    Compiling throw_error v0.3.1
[INFO] [stderr]    Compiling send_wrapper v0.6.0
[INFO] [stderr]    Compiling server_fn_macro v0.8.8
[INFO] [stderr]    Compiling event-listener v5.4.1
[INFO] [stderr]    Compiling reactive_graph v0.2.11
[INFO] [stderr]    Compiling pem-rfc7468 v0.7.0
[INFO] [stderr]    Compiling hashbrown v0.14.5
[INFO] [stderr]    Compiling camino v1.2.1
[INFO] [stderr]    Compiling libm v0.2.15
[INFO] [stderr]    Compiling getrandom v0.3.4
[INFO] [stderr]    Compiling anyhow v1.0.100
[INFO] [stderr]    Compiling der v0.7.10
[INFO] [stderr]    Compiling event-listener-strategy v0.5.4
[INFO] [stderr]    Compiling num-traits v0.2.19
[INFO] [stderr]    Compiling async-lock v3.4.1
[INFO] [stderr]    Compiling tachys v0.2.11
[INFO] [stderr]    Compiling zerocopy v0.8.31
[INFO] [stderr]    Compiling http v1.4.0
[INFO] [stderr]    Compiling toml_parser v1.0.4
[INFO] [stderr]    Compiling either_of v0.1.6
[INFO] [stderr]    Compiling crypto-common v0.1.6
[INFO] [stderr]    Compiling block-buffer v0.10.4
[INFO] [stderr]    Compiling digest v0.10.7
[INFO] [stderr]    Compiling serde_spanned v1.0.3
[INFO] [stderr]    Compiling toml_datetime v0.7.3
[INFO] [stderr]    Compiling syn v2.0.111
[INFO] [stderr]    Compiling proc-macro-utils v0.10.0
[INFO] [stderr]    Compiling hmac v0.12.1
[INFO] [stderr]    Compiling server_fn v0.8.8
[INFO] [stderr]    Compiling base16ct v0.2.0
[INFO] [stderr]    Compiling linear-map v1.2.0
[INFO] [stderr]    Compiling spin v0.9.8
[INFO] [stderr]    Compiling hkdf v0.12.4
[INFO] [stderr]    Compiling getrandom v0.2.16
[INFO] [stderr]    Compiling parking_lot_core v0.9.12
[INFO] [stderr]    Compiling num_cpus v1.17.0
[INFO] [stderr]    Compiling rand_core v0.6.4
[INFO] [stderr]    Compiling spki v0.7.3
[INFO] [stderr]    Compiling parking_lot v0.12.5
[INFO] [stderr]    Compiling dashmap v6.1.0
[INFO] [stderr]    Compiling pkcs8 v0.10.2
[INFO] [stderr]    Compiling signature v2.2.0
[INFO] [stderr]    Compiling ff v0.13.1
[INFO] [stderr]    Compiling proc-macro-error-attr2 v2.0.0
[INFO] [stderr]    Compiling const_format_proc_macros v0.2.34
[INFO] [stderr]    Compiling crypto-bigint v0.5.5
[INFO] [stderr]    Compiling manyhow-macros v0.11.4
[INFO] [stderr]    Compiling group v0.13.0
[INFO] [stderr]    Compiling sec1 v0.7.3
[INFO] [stderr]    Compiling lazy_static v1.5.0
[INFO] [stderr]    Compiling toml v0.9.8
[INFO] [stderr]    Compiling sha2 v0.10.9
[INFO] [stderr]    Compiling regex v1.12.2
[INFO] [stderr]    Compiling leptos_macro v0.8.12
[INFO] [stderr]    Compiling const-str v0.6.4
[INFO] [stderr]    Compiling uuid v1.18.1
[INFO] [stderr]    Compiling leptos v0.8.14
[INFO] [stderr]    Compiling rfc6979 v0.4.0
[INFO] [stderr]    Compiling curve25519-dalek v4.1.3
[INFO] [stderr]    Compiling num-bigint-dig v0.8.6
[INFO] [stderr]    Compiling tracing-core v0.1.35
[INFO] [stderr]    Compiling ed25519 v2.2.3
[INFO] [stderr]    Compiling pkcs1 v0.7.5
[INFO] [stderr]    Compiling leptos_router v0.8.10
[INFO] [stderr]    Compiling leptos-use v0.16.3
[INFO] [stderr]    Compiling num-integer v0.1.46
[INFO] [stderr]    Compiling const_format v0.2.35
[INFO] [stderr]    Compiling sharded-slab v0.1.7
[INFO] [stderr]    Compiling warehouse v0.1.0 (/opt/rustwide/workdir)
[INFO] [stderr]    Compiling tower v0.5.2
[INFO] [stderr]    Compiling config v0.15.19
[INFO] [stderr]    Compiling tracing-log v0.2.0
[INFO] [stderr]    Compiling num-iter v0.1.45
[INFO] [stderr]    Compiling elliptic-curve v0.13.8
[INFO] [stderr]    Compiling tracing-subscriber v0.3.22
[INFO] [stderr]    Compiling primeorder v0.13.6
[INFO] [stderr]    Compiling ecdsa v0.16.9
[INFO] [stderr]    Compiling p384 v0.13.1
[INFO] [stderr]    Compiling p256 v0.13.2
[INFO] [stderr]    Compiling ppv-lite86 v0.2.21
[INFO] [stderr]    Compiling rand_chacha v0.3.1
[INFO] [stderr]    Compiling rand v0.8.5
[INFO] [stderr]    Compiling synstructure v0.13.2
[INFO] [stderr]    Compiling wasm-bindgen-macro-support v0.2.105
[INFO] [stderr]    Compiling proc-macro-error2 v2.0.1
[INFO] [stderr]    Compiling proc-macro2-diagnostics v0.10.1
[INFO] [stderr]    Compiling manyhow v0.11.4
[INFO] [stderr]    Compiling darling_core v0.20.11
[INFO] [stderr]    Compiling prettyplease v0.2.37
[INFO] [stderr]    Compiling serde_derive v1.0.228
[INFO] [stderr]    Compiling thiserror-impl v2.0.17
[INFO] [stderr]    Compiling zerofrom-derive v0.1.6
[INFO] [stderr]    Compiling yoke-derive v0.8.1
[INFO] [stderr]    Compiling zerovec-derive v0.11.2
[INFO] [stderr]    Compiling displaydoc v0.2.5
[INFO] [stderr]    Compiling futures-macro v0.3.31
[INFO] [stderr]    Compiling derive-where v1.6.0
[INFO] [stderr]    Compiling syn_derive v0.2.0
[INFO] [stderr]    Compiling reactive_stores_macro v0.2.6
[INFO] [stderr]    Compiling thiserror-impl v1.0.69
[INFO] [stderr]    Compiling quote-use-macros v0.8.4
[INFO] [stderr]    Compiling pin-project-internal v1.1.10
[INFO] [stderr]    Compiling async-trait v0.1.89
[INFO] [stderr]    Compiling quote-use v0.8.4
[INFO] [stderr]    Compiling attribute-derive-macro v0.10.5
[INFO] [stderr]    Compiling server_fn_macro_default v0.8.5
[INFO] [stderr]    Compiling futures-util v0.3.31
[INFO] [stderr]    Compiling typed-builder-macro v0.21.2
[INFO] [stderr]    Compiling thiserror v2.0.17
[INFO] [stderr]    Compiling wasm_split_macros v0.2.0
[INFO] [stderr]    Compiling zerofrom v0.1.6
[INFO] [stderr]    Compiling typed-builder-macro v0.22.0
[INFO] [stderr]    Compiling curve25519-dalek-derive v0.1.1
[INFO] [stderr]    Compiling rstml v0.12.1
[INFO] [stderr]    Compiling yoke v0.8.1
[INFO] [stderr]    Compiling rsa v0.9.9
[INFO] [stderr]    Compiling thiserror v1.0.69
[INFO] [stderr]    Compiling zerovec v0.11.5
[INFO] [stderr]    Compiling zerotrie v0.2.3
[INFO] [stderr]    Compiling pin-project v1.1.10
[INFO] [stderr]    Compiling tracing-attributes v0.1.31
[INFO] [stderr]    Compiling wasm_split_helpers v0.2.0
[INFO] [stderr]    Compiling leptos_router_macro v0.8.6
[INFO] [stderr]    Compiling serde_repr v0.1.20
[INFO] [stderr]    Compiling wasm-bindgen-macro v0.2.105
[INFO] [stderr]    Compiling tinystr v0.8.2
[INFO] [stderr]    Compiling potential_utf v0.1.4
[INFO] [stderr]    Compiling icu_collections v2.1.1
[INFO] [stderr]    Compiling attribute-derive v0.10.5
[INFO] [stderr]    Compiling icu_locale_core v2.1.1
[INFO] [stderr]    Compiling darling_macro v0.20.11
[INFO] [stderr]    Compiling typed-builder v0.21.2
[INFO] [stderr]    Compiling darling v0.20.11
[INFO] [stderr]    Compiling default-struct-builder v0.5.1
[INFO] [stderr]    Compiling validator_derive v0.20.0
[INFO] [stderr]    Compiling typed-builder v0.22.0
[INFO] [stderr]    Compiling tracing v0.1.43
[INFO] [stderr]    Compiling serde v1.0.228
[INFO] [stderr]    Compiling ed25519-dalek v2.2.0
[INFO] [stderr]    Compiling icu_provider v2.1.1
[INFO] [stderr]    Compiling js-sys v0.3.82
[INFO] [stderr]    Compiling oco_ref v0.2.1
[INFO] [stderr]    Compiling serde_qs v0.15.0
[INFO] [stderr]    Compiling codee v0.3.4
[INFO] [stderr]    Compiling leptos_hot_reload v0.8.5
[INFO] [stderr]    Compiling leptos_config v0.8.8
[INFO] [stderr]    Compiling secrecy v0.10.3
[INFO] [stderr]    Compiling jsonwebtoken v10.2.0
[INFO] [stderr]    Compiling chrono v0.4.42
[INFO] [stderr]    Compiling icu_normalizer v2.1.1
[INFO] [stderr]    Compiling icu_properties v2.1.1
[INFO] [stderr]    Compiling futures-executor v0.3.31
[INFO] [stderr]    Compiling futures v0.3.31
[INFO] [stderr]    Compiling hydration_context v0.3.0
[INFO] [stderr]    Compiling idna_adapter v1.2.1
[INFO] [stderr]    Compiling idna v1.1.0
[INFO] [stderr]    Compiling url v2.5.7
[INFO] [stderr]    Compiling validator v0.20.0
[INFO] [stderr]    Compiling wasm-bindgen-futures v0.4.55
[INFO] [stderr]    Compiling web-sys v0.3.82
[INFO] [stderr]    Compiling any_spawner v0.3.0
[INFO] [stderr]    Compiling reactive_stores v0.3.0
[INFO] [stderr]    Compiling gloo-utils v0.2.0
[INFO] [stderr]    Compiling gloo-net v0.6.0
[INFO] [stderr]    Compiling wasm-streams v0.4.2
[INFO] [stderr]    Compiling leptos_dom v0.8.7
[INFO] [stderr]    Compiling leptos_server v0.8.6
[INFO] [stderr]    Compiling leptos_meta v0.8.5
[INFO] [stderr]     Finished `dev` profile [unoptimized + debuginfo] target(s) in 32.72s
[INFO] [stderr] warning: the following packages contain code that will be rejected by a future version of Rust: proc-macro-error2 v2.0.1
[INFO] [stderr] note: to see what the problems were, use the option `--future-incompat-report`, or run `cargo report future-incompatibilities --id 1`
[INFO] running `Command { std: "docker" "inspect" "dc093df020fe2385a58f501815f906576f7809d9b405a9c316f531e2ea66786e", kill_on_drop: false }`
[INFO] running `Command { std: "docker" "exec" "-e" "SOURCE_DIR=/opt/rustwide/workdir" "-e" "CARGO_HOME=/opt/rustwide/cargo-home" "-e" "RUSTUP_HOME=/opt/rustwide/rustup-home" "-e" "CARGO_TARGET_DIR=/opt/rustwide/target" "-e" "CARGO_INCREMENTAL=0" "-e" "RUST_BACKTRACE=full" "-e" "RUSTFLAGS=--cap-lints=warn" "-e" "RUSTDOCFLAGS=--cap-lints=warn" "-w" "/opt/rustwide/workdir" "--user" "0:0" "dc093df020fe2385a58f501815f906576f7809d9b405a9c316f531e2ea66786e" "/opt/rustwide/cargo-home/bin/cargo" "+1.98.0-beta.1" "test" "--frozen" "--no-run" "--message-format=json", kill_on_drop: false }`
[INFO] [stderr]    Compiling either v1.15.0
[INFO] [stderr]    Compiling serde_core v1.0.228
[INFO] [stderr]    Compiling parking_lot_core v0.9.12
[INFO] [stderr]    Compiling proc-macro-utils v0.10.0
[INFO] [stderr]    Compiling socket2 v0.6.1
[INFO] [stderr]    Compiling mio v1.1.0
[INFO] [stderr]    Compiling icu_normalizer v2.1.1
[INFO] [stderr]    Compiling find-msvc-tools v0.1.5
[INFO] [stderr]    Compiling getrandom v0.3.4
[INFO] [stderr]    Compiling darling_core v0.20.11
[INFO] [stderr]    Compiling darling_core v0.21.3
[INFO] [stderr]    Compiling http-body v1.0.1
[INFO] [stderr]    Compiling openssl-macros v0.1.1
[INFO] [stderr]    Compiling winnow v0.7.14
[INFO] [stderr]    Compiling itertools v0.14.0
[INFO] [stderr]    Compiling dashmap v6.1.0
[INFO] [stderr]    Compiling parking_lot v0.12.5
[INFO] [stderr]    Compiling cc v1.2.48
[INFO] [stderr]    Compiling uuid v1.18.1
[INFO] [stderr]    Compiling native-tls v0.2.14
[INFO] [stderr]    Compiling idna_adapter v1.2.1
[INFO] [stderr]    Compiling idna v1.1.0
[INFO] [stderr]    Compiling tokio v1.48.0
[INFO] [stderr]    Compiling quote-use-macros v0.8.4
[INFO] [stderr]    Compiling manyhow-macros v0.11.4
[INFO] [stderr]    Compiling leptos_hot_reload v0.8.5
[INFO] [stderr]    Compiling num-bigint-dig v0.8.6
[INFO] [stderr]    Compiling pq-sys v0.7.5
[INFO] [stderr]    Compiling diesel_derives v2.3.5
[INFO] [stderr]    Compiling rand_core v0.9.3
[INFO] [stderr]    Compiling diesel_table_macro_syntax v0.3.0
[INFO] [stderr]    Compiling tracing-subscriber v0.3.22
[INFO] [stderr]    Compiling url v2.5.7
[INFO] [stderr]    Compiling rand_chacha v0.9.0
[INFO] [stderr]    Compiling manyhow v0.11.4
[INFO] [stderr]    Compiling quote-use v0.8.4
[INFO] [stderr]    Compiling http-body-util v0.1.3
[INFO] [stderr]    Compiling downcast-rs v2.0.2
[INFO] [stderr]    Compiling iri-string v0.7.9
[INFO] [stderr]    Compiling attribute-derive-macro v0.10.5
[INFO] [stderr]    Compiling rand v0.9.2
[INFO] [stderr]    Compiling migrations_internals v2.3.0
[INFO] [stderr]    Compiling serde_urlencoded v0.7.1
[INFO] [stderr]    Compiling reactive_stores v0.3.0
[INFO] [stderr]    Compiling openssl-sys v0.9.111
[INFO] [stderr]    Compiling server_fn v0.8.8
[INFO] [stderr]    Compiling rsa v0.9.9
[INFO] [stderr]    Compiling toml_parser v1.0.4
[INFO] [stderr]    Compiling rustls-pki-types v1.13.1
[INFO] [stderr]    Compiling diff v0.1.13
[INFO] [stderr]    Compiling deunicode v1.6.2
[INFO] [stderr]    Compiling openssl v0.10.75
[INFO] [stderr]    Compiling fake v4.4.0
[INFO] [stderr]    Compiling pretty_assertions v1.4.1
[INFO] [stderr]    Compiling claims v0.8.0
[INFO] [stderr]    Compiling jsonwebtoken v10.2.0
[INFO] [stderr]    Compiling attribute-derive v0.10.5
[INFO] [stderr]    Compiling serde v1.0.228
[INFO] [stderr]    Compiling tachys v0.2.11
[INFO] [stderr]    Compiling serde_spanned v1.0.3
[INFO] [stderr]    Compiling toml_datetime v0.7.3
[INFO] [stderr]    Compiling darling_macro v0.20.11
[INFO] [stderr]    Compiling toml v0.9.8
[INFO] [stderr]    Compiling darling_macro v0.21.3
[INFO] [stderr]    Compiling darling v0.20.11
[INFO] [stderr]    Compiling validator_derive v0.20.0
[INFO] [stderr]    Compiling default-struct-builder v0.5.1
[INFO] [stderr]    Compiling darling v0.21.3
[INFO] [stderr]    Compiling dsl_auto_type v0.2.0
[INFO] [stderr]    Compiling migrations_macros v2.3.0
[INFO] [stderr]    Compiling leptos_macro v0.8.12
[INFO] [stderr]    Compiling validator v0.20.0
[INFO] [stderr]    Compiling tokio-util v0.7.17
[INFO] [stderr]    Compiling tower v0.5.2
[INFO] [stderr]    Compiling tower-http v0.6.7
[INFO] [stderr]    Compiling h2 v0.4.12
[INFO] [stderr]    Compiling tokio-native-tls v0.3.1
[INFO] [stderr]    Compiling hyper v1.8.1
[INFO] [stderr]    Compiling diesel v2.3.4
[INFO] [stderr]    Compiling hyper-util v0.1.18
[INFO] [stderr]    Compiling hyper-tls v0.6.0
[INFO] [stderr]    Compiling reqwest v0.12.24
[INFO] [stderr]    Compiling leptos_server v0.8.6
[INFO] [stderr]    Compiling leptos_dom v0.8.7
[INFO] [stderr]    Compiling leptos v0.8.14
[INFO] [stderr]    Compiling leptos_meta v0.8.5
[INFO] [stderr]    Compiling leptos-use v0.16.3
[INFO] [stderr]    Compiling leptos_router v0.8.10
[INFO] [stderr]    Compiling warehouse v0.1.0 (/opt/rustwide/workdir)
[INFO] [stderr]    Compiling diesel_migrations v2.3.1
[INFO] [stdout] error[E0433]: cannot find module or crate `tokio` in this scope
[INFO] [stdout]   --> tests/api/helpers.rs:12:5
[INFO] [stdout]    |
[INFO] [stdout] 12 | use tokio::net::TcpListener;
[INFO] [stdout]    |     ^^^^^ use of unresolved module or unlinked crate `tokio`
[INFO] [stdout]    |
[INFO] [stdout]    = help: if you wanted to use a crate named `tokio`, use `cargo add tokio` to add it to your `Cargo.toml`
[INFO] [stdout] 
[INFO] [stdout] 
[INFO] [stdout] error[E0432]: unresolved import `diesel_async`
[INFO] [stdout]  --> tests/api/helpers.rs:5:5
[INFO] [stdout]   |
[INFO] [stdout] 5 | use diesel_async::{AsyncConnection, AsyncPgConnection, RunQueryDsl};
[INFO] [stdout]   |     ^^^^^^^^^^^^ use of unresolved module or unlinked crate `diesel_async`
[INFO] [stdout]   |
[INFO] [stdout]   = help: if you wanted to use a crate named `diesel_async`, use `cargo add diesel_async` to add it to your `Cargo.toml`
[INFO] [stdout] 
[INFO] [stdout] 
[INFO] [stdout] error[E0433]: cannot find `service` in `warehouse`
[INFO] [stdout]   --> tests/api/helpers.rs:16:16
[INFO] [stdout]    |
[INFO] [stdout] 16 | use warehouse::service::auth::compute_password_hash;
[INFO] [stdout]    |                ^^^^^^^ could not find `service` in `warehouse`
[INFO] [stdout]    |
[INFO] [stdout] note: found an item that was configured out
[INFO] [stdout]   --> src/lib.rs:19:9
[INFO] [stdout]    |
[INFO] [stdout] 18 | #[cfg(feature = "ssr")]
[INFO] [stdout]    |       --------------- the item is gated behind the `ssr` feature
[INFO] [stdout] 19 | pub mod service;
[INFO] [stdout]    |         ^^^^^^^
[INFO] [stdout] 
[INFO] [stdout] 
[INFO] [stdout] error[E0432]: unresolved import `warehouse::config`
[INFO] [stdout]   --> tests/api/helpers.rs:14:16
[INFO] [stdout]    |
[INFO] [stdout] 14 | use warehouse::config::{Config, DatabaseConfig};
[INFO] [stdout]    |                ^^^^^^ could not find `config` in `warehouse`
[INFO] [stdout]    |
[INFO] [stdout] note: found an item that was configured out
[INFO] [stdout]   --> src/lib.rs:4:9
[INFO] [stdout]    |
[INFO] [stdout]  3 | #[cfg(feature = "ssr")]
[INFO] [stdout]    |       --------------- the item is gated behind the `ssr` feature
[INFO] [stdout]  4 | pub mod config;
[INFO] [stdout]    |         ^^^^^^
[INFO] [stdout] 
[INFO] [stdout] 
[INFO] [stdout] error[E0432]: unresolved imports `warehouse::config`, `warehouse::dependency`, `warehouse::server`, `warehouse::telemetry::get_subscriber`
[INFO] [stdout]   --> tests/api/helpers.rs:18:5
[INFO] [stdout]    |
[INFO] [stdout] 18 |     config::get_configuration,
[INFO] [stdout]    |     ^^^^^^ could not find `config` in `warehouse`
[INFO] [stdout] 19 |     dependency::AppContainer,
[INFO] [stdout]    |     ^^^^^^^^^^ could not find `dependency` in `warehouse`
[INFO] [stdout] 20 |     domain, server,
[INFO] [stdout]    |             ^^^^^^ no `server` in the root
[INFO] [stdout] 21 |     telemetry::{get_subscriber, init_subscriber},
[INFO] [stdout]    |                 ^^^^^^^^^^^^^^ no `get_subscriber` in `telemetry`
[INFO] [stdout]    |
[INFO] [stdout] note: found an item that was configured out
[INFO] [stdout]   --> src/lib.rs:4:9
[INFO] [stdout]    |
[INFO] [stdout]  3 | #[cfg(feature = "ssr")]
[INFO] [stdout]    |       --------------- the item is gated behind the `ssr` feature
[INFO] [stdout]  4 | pub mod config;
[INFO] [stdout]    |         ^^^^^^
[INFO] [stdout] note: found an item that was configured out
[INFO] [stdout]   --> src/lib.rs:9:9
[INFO] [stdout]    |
[INFO] [stdout]  8 | #[cfg(feature = "ssr")]
[INFO] [stdout]    |       --------------- the item is gated behind the `ssr` feature
[INFO] [stdout]  9 | pub mod dependency;
[INFO] [stdout]    |         ^^^^^^^^^^
[INFO] [stdout] note: found an item that was configured out
[INFO] [stdout]   --> src/lib.rs:17:9
[INFO] [stdout]    |
[INFO] [stdout] 16 | #[cfg(feature = "ssr")]
[INFO] [stdout]    |       --------------- the item is gated behind the `ssr` feature
[INFO] [stdout] 17 | pub mod server;
[INFO] [stdout]    |         ^^^^^^
[INFO] [stdout] note: found an item that was configured out
[INFO] [stdout]   --> src/telemetry.rs:6:8
[INFO] [stdout]    |
[INFO] [stdout]  5 | #[cfg(feature = "ssr")]
[INFO] [stdout]    |       --------------- the item is gated behind the `ssr` feature
[INFO] [stdout]  6 | pub fn get_subscriber<Sink>(
[INFO] [stdout]    |        ^^^^^^^^^^^^^^
[INFO] [stdout] note: found an item that was configured out
[INFO] [stdout]   --> src/telemetry.rs:27:8
[INFO] [stdout]    |
[INFO] [stdout] 26 | #[cfg(feature = "hydrate")]
[INFO] [stdout]    |       ------------------- the item is gated behind the `hydrate` feature
[INFO] [stdout] 27 | pub fn get_subscriber() -> impl Subscriber {
[INFO] [stdout]    |        ^^^^^^^^^^^^^^
[INFO] [stdout] help: a similar name exists in the module
[INFO] [stdout]    |
[INFO] [stdout] 21 -     telemetry::{get_subscriber, init_subscriber},
[INFO] [stdout] 21 +     telemetry::{init_subscriber, init_subscriber},
[INFO] [stdout]    |
[INFO] [stdout] 
[INFO] [stdout] 
[INFO] [stdout] error[E0433]: cannot find module or crate `tokio` in this scope
[INFO] [stdout]   --> tests/api/auth_sign_in.rs:11:3
[INFO] [stdout]    |
[INFO] [stdout] 11 | #[tokio::test]
[INFO] [stdout]    |   ^^^^^ use of unresolved module or unlinked crate `tokio`
[INFO] [stdout] 
[INFO] [stdout] 
[INFO] [stdout] error[E0433]: cannot find module or crate `tokio` in this scope
[INFO] [stdout]   --> tests/api/auth_sign_in.rs:42:3
[INFO] [stdout]    |
[INFO] [stdout] 42 | #[tokio::test]
[INFO] [stdout]    |   ^^^^^ use of unresolved module or unlinked crate `tokio`
[INFO] [stdout] 
[INFO] [stdout] 
[INFO] [stdout] error[E0433]: cannot find module or crate `tokio` in this scope
[INFO] [stdout]   --> tests/api/auth_sign_in.rs:71:3
[INFO] [stdout]    |
[INFO] [stdout] 71 | #[tokio::test]
[INFO] [stdout]    |   ^^^^^ use of unresolved module or unlinked crate `tokio`
[INFO] [stdout] 
[INFO] [stdout] 
[INFO] [stdout] error[E0433]: cannot find module or crate `tokio` in this scope
[INFO] [stdout]   --> tests/api/auth_sign_up.rs:10:3
[INFO] [stdout]    |
[INFO] [stdout] 10 | #[tokio::test]
[INFO] [stdout]    |   ^^^^^ use of unresolved module or unlinked crate `tokio`
[INFO] [stdout] 
[INFO] [stdout] 
[INFO] [stdout] error[E0433]: cannot find module or crate `tokio` in this scope
[INFO] [stdout]   --> tests/api/auth_sign_up.rs:58:3
[INFO] [stdout]    |
[INFO] [stdout] 58 | #[tokio::test]
[INFO] [stdout]    |   ^^^^^ use of unresolved module or unlinked crate `tokio`
[INFO] [stdout] 
[INFO] [stdout] 
[INFO] [stdout] error[E0433]: cannot find module or crate `tokio` in this scope
[INFO] [stdout]  --> tests/api/health_check.rs:4:3
[INFO] [stdout]   |
[INFO] [stdout] 4 | #[tokio::test]
[INFO] [stdout]   |   ^^^^^ use of unresolved module or unlinked crate `tokio`
[INFO] [stdout] 
[INFO] [stdout] 
[INFO] [stdout] error[E0433]: cannot find module or crate `tokio` in this scope
[INFO] [stdout]    --> tests/api/helpers.rs:131:5
[INFO] [stdout]     |
[INFO] [stdout] 131 |     tokio::task::spawn_blocking(move || {
[INFO] [stdout]     |     ^^^^^ use of unresolved module or unlinked crate `tokio`
[INFO] [stdout]     |
[INFO] [stdout]     = help: if you wanted to use a crate named `tokio`, use `cargo add tokio` to add it to your `Cargo.toml`
[INFO] [stdout] 
[INFO] [stdout] 
[INFO] [stdout] error[E0433]: cannot find module or crate `tokio` in this scope
[INFO] [stdout]   --> tests/api/helpers.rs:94:13
[INFO] [stdout]    |
[INFO] [stdout] 94 |     let _ = tokio::spawn(server);
[INFO] [stdout]    |             ^^^^^ use of unresolved module or unlinked crate `tokio`
[INFO] [stdout]    |
[INFO] [stdout]    = help: if you wanted to use a crate named `tokio`, use `cargo add tokio` to add it to your `Cargo.toml`
[INFO] [stdout] 
[INFO] [stdout] 
[INFO] [stdout] error[E0599]: no method named `execute` found for struct `SqlQuery<Inner>` in the current scope
[INFO] [stdout]     --> tests/api/helpers.rs:126:10
[INFO] [stdout]      |
[INFO] [stdout]  125 | /     sql_query(format!(r#"CREATE DATABASE "{}";"#, conf.database))
[INFO] [stdout]  126 | |         .execute(connection)
[INFO] [stdout]      | |         -^^^^^^^ method not found in `SqlQuery`
[INFO] [stdout]      | |_________|
[INFO] [stdout]      |
[INFO] [stdout]      |
[INFO] [stdout]     ::: /opt/rustwide/cargo-home/registry/src/index.crates.io-1949cf8c6b5b557f/diesel-2.3.4/src/query_dsl/mod.rs:1478:8
[INFO] [stdout]      |
[INFO] [stdout] 1478 |       fn execute(self, conn: &mut Conn) -> QueryResult<usize>
[INFO] [stdout]      |          ------- the method is available for `SqlQuery` here
[INFO] [stdout]      |
[INFO] [stdout]      = help: items from traits can only be used if the trait is in scope
[INFO] [stdout] help: trait `RunQueryDsl` which provides `execute` is implemented but not in scope; perhaps you want to import it
[INFO] [stdout]      |
[INFO] [stdout]    1 + use diesel::RunQueryDsl;
[INFO] [stdout]      |
[INFO] [stdout] 
[INFO] [stdout] 
[INFO] [stdout] Some errors have detailed explanations: E0432, E0433, E0599.
[INFO] [stdout] 
[INFO] [stdout] For more information about an error, try `rustc --explain E0432`.
[INFO] [stdout] 
[INFO] [stderr] error: could not compile `warehouse` (test "api") due to 14 previous errors
[INFO] [stderr] warning: build failed, waiting for other jobs to finish...
[INFO] running `Command { std: "docker" "inspect" "dc093df020fe2385a58f501815f906576f7809d9b405a9c316f531e2ea66786e", kill_on_drop: false }`
[INFO] running `Command { std: "docker" "rm" "-f" "dc093df020fe2385a58f501815f906576f7809d9b405a9c316f531e2ea66786e", kill_on_drop: false }`
[INFO] [stdout] dc093df020fe2385a58f501815f906576f7809d9b405a9c316f531e2ea66786e
