[INFO] cloning repository https://github.com/lcerdeira/dragon
[INFO] running `Command { std: "git" "-c" "credential.helper=" "-c" "credential.helper=/workspace/cargo-home/bin/git-credential-null" "clone" "--bare" "https://github.com/lcerdeira/dragon" "/workspace/cache/git-repos/https%3A%2F%2Fgithub.com%2Flcerdeira%2Fdragon", kill_on_drop: false }`
[INFO] [stderr] Cloning into bare repository '/workspace/cache/git-repos/https%3A%2F%2Fgithub.com%2Flcerdeira%2Fdragon'...
[INFO] running `Command { std: "git" "rev-parse" "HEAD", kill_on_drop: false }`
[INFO] [stdout] eaba16b8dd3691667a43589993ce999d89198393
[INFO] testing lcerdeira/dragon against 1.97.0-beta.6 for beta-1.98-2
[INFO] running `Command { std: "git" "clone" "/workspace/cache/git-repos/https%3A%2F%2Fgithub.com%2Flcerdeira%2Fdragon" "/workspace/builds/worker-7-tc1/source", kill_on_drop: false }`
[INFO] [stderr] Cloning into '/workspace/builds/worker-7-tc1/source'...
[INFO] [stderr] done.
[INFO] started tweaking git repo https://github.com/lcerdeira/dragon
[INFO] finished tweaking git repo https://github.com/lcerdeira/dragon
[INFO] tweaked toml for git repo https://github.com/lcerdeira/dragon written to /workspace/builds/worker-7-tc1/source/Cargo.toml
[INFO] validating manifest of git repo https://github.com/lcerdeira/dragon on toolchain 1.97.0-beta.6
[INFO] running `Command { std: CARGO_HOME="/workspace/cargo-home" RUSTUP_HOME="/workspace/rustup-home" "/workspace/cargo-home/bin/cargo" "+1.97.0-beta.6" "metadata" "--manifest-path" "Cargo.toml" "--no-deps", kill_on_drop: false }`
[INFO] crate git repo https://github.com/lcerdeira/dragon already has a lockfile, it will not be regenerated
[INFO] running `Command { std: CARGO_HOME="/workspace/cargo-home" RUSTUP_HOME="/workspace/rustup-home" "/workspace/cargo-home/bin/cargo" "+1.97.0-beta.6" "fetch" "--manifest-path" "Cargo.toml", kill_on_drop: false }`
[INFO] [stderr]     Updating crates.io index
[INFO] [stderr]  Downloading crates ...
[INFO] [stderr]   Downloaded zarrs_metadata_ext v0.4.2
[INFO] [stderr]   Downloaded zarrs_storage v0.4.3
[INFO] [stderr]   Downloaded zarrs_plugin v0.4.1
[INFO] [stderr]   Downloaded unsafe_cell_slice v0.2.2
[INFO] [stderr]   Downloaded zarrs_chunk_key_encoding v0.2.0
[INFO] [stderr]   Downloaded editdistancek v1.0.2
[INFO] [stderr]   Downloaded monostate-impl v1.0.2
[INFO] [stderr]   Downloaded itertools-num v0.1.3
[INFO] [stderr]   Downloaded enum-map-derive v0.17.0
[INFO] [stderr]   Downloaded rustc_version v0.1.7
[INFO] [stderr]   Downloaded semver v0.1.20
[INFO] [stderr]   Downloaded rayon_iter_concurrent_limit v0.2.0
[INFO] [stderr]   Downloaded custom_derive v0.1.7
[INFO] [stderr]   Downloaded newtype_derive v0.1.6
[INFO] [stderr]   Downloaded crc32c v0.6.8
[INFO] [stderr]   Downloaded monostate v1.0.2
[INFO] [stderr]   Downloaded enum-map v2.7.3
[INFO] [stderr]   Downloaded zarrs_filesystem v0.3.9
[INFO] [stderr]   Downloaded fastrand v2.4.0
[INFO] [stderr]   Downloaded rust_wfa v1.0.0
[INFO] [stderr]   Downloaded zarrs_metadata v0.7.4
[INFO] [stderr]   Downloaded fm-index v0.2.0
[INFO] [stderr]   Downloaded zarrs_data_type v0.9.0
[INFO] [stderr]   Downloaded zarrs_codec v0.2.1
[INFO] [stderr]   Downloaded zarrs_chunk_grid v0.5.1
[INFO] [stderr]   Downloaded triple_accel v0.4.0
[INFO] [stderr]   Downloaded bio-types v1.0.4
[INFO] [stderr]   Downloaded quick_cache v0.6.21
[INFO] [stderr]   Downloaded simba v0.9.1
[INFO] [stderr]   Downloaded rustls-platform-verifier v0.7.0
[INFO] [stderr]   Downloaded safe_arch v0.7.4
[INFO] [stderr]   Downloaded wide v0.7.33
[INFO] [stderr]   Downloaded roaring v0.10.12
[INFO] [stderr]   Downloaded vers-vecs v1.9.0
[INFO] [stderr]   Downloaded webpki-root-certs v1.0.7
[INFO] [stderr]   Downloaded statrs v0.18.0
[INFO] [stderr]   Downloaded zarrs v0.23.10
[INFO] [stderr]   Downloaded bio v2.3.0
[INFO] [stderr]   Downloaded nalgebra v0.33.3
[INFO] [stderr]   Downloaded positioned-io v0.3.5
[INFO] running `Command { std: "docker" "create" "-v" "/var/lib/crater-agent-workspace/builds/worker-7-tc1/source:/opt/rustwide/workdir:ro,Z" "-v" "/var/lib/crater-agent-workspace/builds/worker-7-tc1/target:/opt/rustwide/target:rw,Z" "-v" "/var/lib/crater-agent-workspace/cargo-home:/opt/rustwide/cargo-home:ro,Z" "-v" "/var/lib/crater-agent-workspace/rustup-home:/opt/rustwide/rustup-home:ro,Z" "-m" "1610612736" "--network" "none" "ghcr.io/rust-lang/crates-build-env/linux@sha256:3d5ced03c013a94a2f102a4510f48a6e9184255caf5fd8244f58017bde7f5210" "sleep" "infinity", kill_on_drop: false }`
[INFO] [stdout] 66cbf36a56249b46fe9f7b432dcf4272a6362112b12f23632476a1a81fc9facd
[INFO] running `Command { std: "docker" "start" "66cbf36a56249b46fe9f7b432dcf4272a6362112b12f23632476a1a81fc9facd", kill_on_drop: false }`
[INFO] running `Command { std: "docker" "inspect" "66cbf36a56249b46fe9f7b432dcf4272a6362112b12f23632476a1a81fc9facd", kill_on_drop: false }`
[INFO] running `Command { std: "docker" "exec" "-e" "SOURCE_DIR=/opt/rustwide/workdir" "-e" "CARGO_HOME=/opt/rustwide/cargo-home" "-e" "RUSTUP_HOME=/opt/rustwide/rustup-home" "-e" "CARGO_TARGET_DIR=/opt/rustwide/target" "-w" "/opt/rustwide/workdir" "--user" "0:0" "66cbf36a56249b46fe9f7b432dcf4272a6362112b12f23632476a1a81fc9facd" "/opt/rustwide/cargo-home/bin/cargo" "+1.97.0-beta.6" "metadata" "--no-deps" "--format-version=1", kill_on_drop: false }`
[INFO] running `Command { std: "docker" "inspect" "66cbf36a56249b46fe9f7b432dcf4272a6362112b12f23632476a1a81fc9facd", kill_on_drop: false }`
[INFO] running `Command { std: "docker" "exec" "-e" "SOURCE_DIR=/opt/rustwide/workdir" "-e" "CARGO_HOME=/opt/rustwide/cargo-home" "-e" "RUSTUP_HOME=/opt/rustwide/rustup-home" "-e" "CARGO_TARGET_DIR=/opt/rustwide/target" "-e" "CARGO_INCREMENTAL=0" "-e" "RUST_BACKTRACE=full" "-e" "RUSTFLAGS=--cap-lints=warn" "-e" "RUSTDOCFLAGS=--cap-lints=warn" "-w" "/opt/rustwide/workdir" "--user" "0:0" "66cbf36a56249b46fe9f7b432dcf4272a6362112b12f23632476a1a81fc9facd" "/opt/rustwide/cargo-home/bin/cargo" "+1.97.0-beta.6" "build" "--frozen" "--message-format=json", kill_on_drop: false }`
[INFO] [stderr]    Compiling num-traits v0.2.19
[INFO] [stderr]    Compiling serde_core v1.0.228
[INFO] [stderr]    Compiling zerocopy v0.8.48
[INFO] [stderr]    Compiling syn v2.0.117
[INFO] [stderr]    Compiling aho-corasick v1.1.4
[INFO] [stderr]    Compiling indexmap v2.13.1
[INFO] [stderr]    Compiling unicode-segmentation v1.13.2
[INFO] [stderr]    Compiling cc v1.2.61
[INFO] [stderr]    Compiling serde_json v1.0.149
[INFO] [stderr]    Compiling mio v1.2.1
[INFO] [stderr]    Compiling socket2 v0.6.4
[INFO] [stderr]    Compiling crossbeam-epoch v0.9.18
[INFO] [stderr]    Compiling getrandom v0.2.17
[INFO] [stderr]    Compiling http v1.4.1
[INFO] [stderr]    Compiling rustls-pki-types v1.14.1
[INFO] [stderr]    Compiling itertools v0.14.0
[INFO] [stderr]    Compiling matrixmultiply v0.3.10
[INFO] [stderr]    Compiling rustls v0.23.40
[INFO] [stderr]    Compiling rand_core v0.6.4
[INFO] [stderr]    Compiling crossbeam-deque v0.8.6
[INFO] [stderr]    Compiling tokio v1.52.3
[INFO] [stderr]    Compiling tracing v0.1.44
[INFO] [stderr]    Compiling rayon-core v1.13.0
[INFO] [stderr]    Compiling syn v1.0.109
[INFO] [stderr]    Compiling semver v0.1.20
[INFO] [stderr]    Compiling convert_case v0.10.0
[INFO] [stderr]    Compiling inventory v0.3.24
[INFO] [stderr]    Compiling unsafe_cell_slice v0.2.2
[INFO] [stderr]    Compiling portable-atomic v1.13.1
[INFO] [stderr]    Compiling proc-macro-error-attr v1.0.4
[INFO] [stderr]    Compiling rustc_version v0.1.7
[INFO] [stderr]    Compiling num-integer v0.1.46
[INFO] [stderr]    Compiling approx v0.5.1
[INFO] [stderr]    Compiling cmake v0.1.58
[INFO] [stderr]    Compiling rayon v1.11.0
[INFO] [stderr]    Compiling concurrent-queue v2.5.0
[INFO] [stderr]    Compiling indexmap v1.9.3
[INFO] [stderr]    Compiling feature-probe v0.1.1
[INFO] [stderr]    Compiling zstd-safe v7.2.4
[INFO] [stderr]    Compiling bv v0.11.1
[INFO] [stderr]    Compiling num-bigint v0.4.6
[INFO] [stderr]    Compiling num-iter v0.1.45
[INFO] [stderr]    Compiling event-listener v5.4.1
[INFO] [stderr]    Compiling tinyvec v1.11.0
[INFO] [stderr]    Compiling newtype_derive v0.1.6
[INFO] [stderr]    Compiling getrandom v0.4.2
[INFO] [stderr]    Compiling regex-automata v0.4.14
[INFO] [stderr]    Compiling http-body v1.0.1
[INFO] [stderr]    Compiling crc32c v0.6.8
[INFO] [stderr]    Compiling form_urlencoded v1.2.2
[INFO] [stderr]    Compiling os_str_bytes v6.6.1
[INFO] [stderr]    Compiling rustls-native-certs v0.8.3
[INFO] [stderr]    Compiling hashbrown v0.15.5
[INFO] [stderr]    Compiling clap_lex v0.2.4
[INFO] [stderr]    Compiling event-listener-strategy v0.5.4
[INFO] [stderr]    Compiling aws-lc-sys v0.41.0
[INFO] [stderr]    Compiling zstd-sys v2.0.16+zstd.1.5.7
[INFO] [stderr]    Compiling libz-sys v1.1.28
[INFO] [stderr]    Compiling uuid v1.23.1
[INFO] [stderr]    Compiling positioned-io v0.3.5
[INFO] [stderr]    Compiling crossbeam-channel v0.5.15
[INFO] [stderr]    Compiling page_size v0.6.0
[INFO] [stderr]    Compiling atty v0.2.14
[INFO] [stderr]    Compiling csv-core v0.1.13
[INFO] [stderr]    Compiling num-rational v0.4.2
[INFO] [stderr]    Compiling zarrs v0.23.10
[INFO] [stderr]    Compiling pathdiff v0.2.3
[INFO] [stderr]    Compiling textwrap v0.16.2
[INFO] [stderr]    Compiling tagptr v0.2.0
[INFO] [stderr]    Compiling strsim v0.10.0
[INFO] [stderr]    Compiling fixedbitset v0.5.7
[INFO] [stderr]    Compiling console v0.15.11
[INFO] [stderr]    Compiling csv v1.4.0
[INFO] [stderr]    Compiling petgraph v0.8.3
[INFO] [stderr]    Compiling moka v0.12.15
[INFO] [stderr]    Compiling async-lock v3.4.2
[INFO] [stderr]    Compiling http-body-util v0.1.3
[INFO] [stderr]    Compiling itertools-num v0.1.3
[INFO] [stderr]    Compiling ordered-float v5.3.0
[INFO] [stderr]    Compiling num_cpus v1.17.0
[INFO] [stderr]    Compiling twox-hash v2.1.2
[INFO] [stderr]    Compiling strum v0.24.1
[INFO] [stderr]    Compiling editdistancek v1.0.2
[INFO] [stderr]    Compiling triple_accel v0.4.0
[INFO] [stderr]    Compiling custom_derive v0.1.7
[INFO] [stderr]    Compiling strum v0.26.3
[INFO] [stderr]    Compiling jiff v0.2.23
[INFO] [stderr]    Compiling bytecount v0.6.9
[INFO] [stderr]    Compiling number_prefix v0.4.0
[INFO] [stderr]    Compiling lz4_flex v0.11.6
[INFO] [stderr]    Compiling indicatif v0.17.11
[INFO] [stderr]    Compiling memmap2 v0.9.10
[INFO] [stderr]    Compiling rayon_iter_concurrent_limit v0.2.0
[INFO] [stderr]    Compiling regex v1.12.3
[INFO] [stderr]    Compiling proc-macro-error v1.0.4
[INFO] [stderr]    Compiling env_filter v1.0.1
[INFO] [stderr]    Compiling synstructure v0.13.2
[INFO] [stderr]    Compiling clap_derive v3.2.25
[INFO] [stderr]    Compiling strum_macros v0.24.3
[INFO] [stderr]    Compiling bytemuck_derive v1.10.2
[INFO] [stderr]    Compiling zerocopy-derive v0.8.48
[INFO] [stderr]    Compiling zerofrom-derive v0.1.7
[INFO] [stderr]    Compiling serde_derive v1.0.228
[INFO] [stderr]    Compiling yoke-derive v0.8.2
[INFO] [stderr]    Compiling zerovec-derive v0.11.3
[INFO] [stderr]    Compiling displaydoc v0.2.6
[INFO] [stderr]    Compiling thiserror-impl v2.0.18
[INFO] [stderr]    Compiling bytemuck v1.25.0
[INFO] [stderr]    Compiling num-complex v0.4.6
[INFO] [stderr]    Compiling derive_more-impl v2.1.1
[INFO] [stderr]    Compiling futures-macro v0.3.32
[INFO] [stderr]    Compiling monostate-impl v1.0.2
[INFO] [stderr]    Compiling safe_arch v0.7.4
[INFO] [stderr]    Compiling tokio-util v0.7.18
[INFO] [stderr]    Compiling zerofrom v0.1.8
[INFO] [stderr]    Compiling monostate v1.0.2
[INFO] [stderr]    Compiling auto_impl v1.3.0
[INFO] [stderr]    Compiling yoke v0.8.2
[INFO] [stderr]    Compiling wide v0.7.33
[INFO] [stderr]    Compiling futures-util v0.3.32
[INFO] [stderr]    Compiling zerovec v0.11.6
[INFO] [stderr]    Compiling thiserror v2.0.18
[INFO] [stderr]    Compiling zerotrie v0.2.4
[INFO] [stderr]    Compiling num v0.4.3
[INFO] [stderr]    Compiling zarrs_plugin v0.4.1
[INFO] [stderr]    Compiling thiserror-impl v1.0.69
[INFO] [stderr]    Compiling async-trait v0.1.89
[INFO] [stderr]    Compiling serde_repr v0.1.20
[INFO] [stderr]    Compiling strum_macros v0.26.4
[INFO] [stderr]    Compiling h2 v0.4.14
[INFO] [stderr]    Compiling derive-new v0.6.0
[INFO] [stderr]    Compiling enum-map-derive v0.17.0
[INFO] [stderr]    Compiling ndarray v0.16.1
[INFO] [stderr]    Compiling tinystr v0.8.3
[INFO] [stderr]    Compiling potential_utf v0.1.5
[INFO] [stderr]    Compiling icu_collections v2.2.0
[INFO] [stderr]    Compiling thiserror v1.0.69
[INFO] [stderr]    Compiling enum-map v2.7.3
[INFO] [stderr]    Compiling icu_locale_core v2.2.0
[INFO] [stderr]    Compiling clap v3.2.25
[INFO] [stderr]    Compiling clap_derive v4.6.0
[INFO] [stderr]    Compiling simba v0.9.1
[INFO] [stderr]    Compiling zstd v0.13.3
[INFO] [stderr]    Compiling roaring v0.10.12
[INFO] [stderr]    Compiling env_logger v0.11.10
[INFO] [stderr]    Compiling icu_provider v2.2.0
[INFO] [stderr]    Compiling bio-types v1.0.4
[INFO] [stderr]    Compiling serde v1.0.228
[INFO] [stderr]    Compiling derive_more v2.1.1
[INFO] [stderr]    Compiling zarrs_storage v0.4.3
[INFO] [stderr]    Compiling icu_normalizer v2.2.0
[INFO] [stderr]    Compiling icu_properties v2.2.0
[INFO] [stderr]    Compiling zarrs_filesystem v0.3.9
[INFO] [stderr]    Compiling vec_map v0.8.2
[INFO] [stderr]    Compiling vers-vecs v1.9.0
[INFO] [stderr]    Compiling futures-executor v0.3.32
[INFO] [stderr]    Compiling tower v0.5.3
[INFO] [stderr]    Compiling futures v0.3.32
[INFO] [stderr]    Compiling multimap v0.10.1
[INFO] [stderr]    Compiling clap v4.6.0
[INFO] [stderr]    Compiling bincode v1.3.3
[INFO] [stderr]    Compiling idna_adapter v1.2.2
[INFO] [stderr]    Compiling idna v1.1.0
[INFO] [stderr]    Compiling fm-index v0.2.0
[INFO] [stderr]    Compiling url v2.5.8
[INFO] [stderr]    Compiling hyper v1.10.1
[INFO] [stderr]    Compiling tower-http v0.6.11
[INFO] [stderr]    Compiling half v2.7.1
[INFO] [stderr]    Compiling ppv-lite86 v0.2.21
[INFO] [stderr]    Compiling rand_chacha v0.3.1
[INFO] [stderr]    Compiling rand v0.8.5
[INFO] [stderr]    Compiling hyper-util v0.1.20
[INFO] [stderr]    Compiling zarrs_metadata v0.7.4
[INFO] [stderr]    Compiling rand_distr v0.4.3
[INFO] [stderr]    Compiling rust_wfa v1.0.0
[INFO] [stderr]    Compiling nalgebra v0.33.3
[INFO] [stderr]    Compiling zarrs_chunk_grid v0.5.1
[INFO] [stderr]    Compiling zarrs_data_type v0.9.0
[INFO] [stderr]    Compiling zarrs_chunk_key_encoding v0.2.0
[INFO] [stderr]    Compiling zarrs_metadata_ext v0.4.2
[INFO] [stderr]    Compiling zarrs_codec v0.2.1
[INFO] [stderr]    Compiling aws-lc-rs v1.17.0
[INFO] [stderr]    Compiling rustls-webpki v0.103.13
[INFO] [stderr]    Compiling statrs v0.18.0
[INFO] [stderr]    Compiling bio v2.3.0
[INFO] [stderr]    Compiling tokio-rustls v0.26.4
[INFO] [stderr]    Compiling rustls-platform-verifier v0.7.0
[INFO] [stderr]    Compiling hyper-rustls v0.27.9
[INFO] [stderr]    Compiling reqwest v0.13.4
[INFO] [stderr]    Compiling dragon v0.1.0 (/opt/rustwide/workdir)
[INFO] [stdout] warning: variable does not need to be mutable
[INFO] [stdout]    --> src/index/fm.rs:206:33
[INFO] [stdout]     |
[INFO] [stdout] 206 | fn eytzinger_node_to_sorted_idx(mut k: usize, n: usize) -> usize {
[INFO] [stdout]     |                                 ----^
[INFO] [stdout]     |                                 |
[INFO] [stdout]     |                                 help: remove this `mut`
[INFO] [stdout]     |
[INFO] [stdout]     = note: `#[warn(unused_mut)]` (part of `#[warn(unused)]`) on by default
[INFO] [stdout] 
[INFO] [stdout] 
[INFO] [stdout] warning: field `color_offsets_len` is never read
[INFO] [stdout]   --> src/index/zarr_http.rs:67:5
[INFO] [stdout]    |
[INFO] [stdout] 50 | pub struct HttpZarrIndex {
[INFO] [stdout]    |            ------------- field in this struct
[INFO] [stdout] ...
[INFO] [stdout] 67 |     color_offsets_len: u64,
[INFO] [stdout]    |     ^^^^^^^^^^^^^^^^^
[INFO] [stdout]    |
[INFO] [stdout]    = note: `#[warn(dead_code)]` (part of `#[warn(unused)]`) on by default
[INFO] [stdout] 
[INFO] [stdout] 
[INFO] [stdout] warning: field `shape` is never read
[INFO] [stdout]   --> src/index/zarr_http.rs:97:5
[INFO] [stdout]    |
[INFO] [stdout] 96 | struct ZarrArrayMeta {
[INFO] [stdout]    |        ------------- field in this struct
[INFO] [stdout] 97 |     shape: Vec<u64>,
[INFO] [stdout]    |     ^^^^^
[INFO] [stdout]    |
[INFO] [stdout]    = note: `ZarrArrayMeta` has a derived impl for the trait `Debug`, but this is intentionally ignored during dead code analysis
[INFO] [stdout] 
[INFO] [stdout] 
[INFO] [stderr]     Finished `dev` profile [unoptimized + debuginfo] target(s) in 2m 35s
[INFO] running `Command { std: "docker" "inspect" "66cbf36a56249b46fe9f7b432dcf4272a6362112b12f23632476a1a81fc9facd", kill_on_drop: false }`
[INFO] running `Command { std: "docker" "exec" "-e" "SOURCE_DIR=/opt/rustwide/workdir" "-e" "CARGO_HOME=/opt/rustwide/cargo-home" "-e" "RUSTUP_HOME=/opt/rustwide/rustup-home" "-e" "CARGO_TARGET_DIR=/opt/rustwide/target" "-e" "CARGO_INCREMENTAL=0" "-e" "RUST_BACKTRACE=full" "-e" "RUSTFLAGS=--cap-lints=warn" "-e" "RUSTDOCFLAGS=--cap-lints=warn" "-w" "/opt/rustwide/workdir" "--user" "0:0" "66cbf36a56249b46fe9f7b432dcf4272a6362112b12f23632476a1a81fc9facd" "/opt/rustwide/cargo-home/bin/cargo" "+1.97.0-beta.6" "test" "--frozen" "--no-run" "--message-format=json", kill_on_drop: false }`
[INFO] [stderr]    Compiling serde v1.0.228
[INFO] [stderr]    Compiling serde_json v1.0.149
[INFO] [stderr]    Compiling monostate v1.0.2
[INFO] [stderr]    Compiling csv v1.4.0
[INFO] [stderr]    Compiling tower-http v0.6.11
[INFO] [stderr]    Compiling itertools v0.10.5
[INFO] [stderr]    Compiling is-terminal v0.4.17
[INFO] [stderr]    Compiling ciborium-ll v0.2.2
[INFO] [stderr]    Compiling fastrand v2.4.0
[INFO] [stderr]    Compiling plotters v0.3.7
[INFO] [stderr]    Compiling tempfile v3.27.0
[INFO] [stderr]    Compiling multimap v0.10.1
[INFO] [stderr]    Compiling bv v0.11.1
[INFO] [stderr]    Compiling vers-vecs v1.9.0
[INFO] [stderr]    Compiling vec_map v0.8.2
[INFO] [stderr]    Compiling bincode v1.3.3
[INFO] [stderr]    Compiling ciborium v0.2.2
[INFO] [stderr]    Compiling zarrs_metadata v0.7.4
[INFO] [stderr]    Compiling zarrs_plugin v0.4.1
[INFO] [stderr]    Compiling reqwest v0.13.4
[INFO] [stderr]    Compiling tinytemplate v1.2.1
[INFO] [stderr]    Compiling bio v2.3.0
[INFO] [stderr]    Compiling criterion-plot v0.5.0
[INFO] [stderr]    Compiling zarrs_data_type v0.9.0
[INFO] [stderr]    Compiling zarrs_chunk_grid v0.5.1
[INFO] [stderr]    Compiling zarrs_chunk_key_encoding v0.2.0
[INFO] [stderr]    Compiling zarrs_metadata_ext v0.4.2
[INFO] [stderr]    Compiling criterion v0.5.1
[INFO] [stderr]    Compiling fm-index v0.2.0
[INFO] [stderr]    Compiling zarrs_codec v0.2.1
[INFO] [stderr]    Compiling zarrs v0.23.10
[INFO] [stderr]    Compiling dragon v0.1.0 (/opt/rustwide/workdir)
[INFO] [stdout] warning: variable does not need to be mutable
[INFO] [stdout]    --> src/index/fm.rs:206:33
[INFO] [stdout]     |
[INFO] [stdout] 206 | fn eytzinger_node_to_sorted_idx(mut k: usize, n: usize) -> usize {
[INFO] [stdout]     |                                 ----^
[INFO] [stdout]     |                                 |
[INFO] [stdout]     |                                 help: remove this `mut`
[INFO] [stdout]     |
[INFO] [stdout]     = note: `#[warn(unused_mut)]` (part of `#[warn(unused)]`) on by default
[INFO] [stdout] 
[INFO] [stdout] 
[INFO] [stdout] warning: field `color_offsets_len` is never read
[INFO] [stdout]   --> src/index/zarr_http.rs:67:5
[INFO] [stdout]    |
[INFO] [stdout] 50 | pub struct HttpZarrIndex {
[INFO] [stdout]    |            ------------- field in this struct
[INFO] [stdout] ...
[INFO] [stdout] 67 |     color_offsets_len: u64,
[INFO] [stdout]    |     ^^^^^^^^^^^^^^^^^
[INFO] [stdout]    |
[INFO] [stdout]    = note: `#[warn(dead_code)]` (part of `#[warn(unused)]`) on by default
[INFO] [stdout] 
[INFO] [stdout] 
[INFO] [stdout] warning: field `shape` is never read
[INFO] [stdout]   --> src/index/zarr_http.rs:97:5
[INFO] [stdout]    |
[INFO] [stdout] 96 | struct ZarrArrayMeta {
[INFO] [stdout]    |        ------------- field in this struct
[INFO] [stdout] 97 |     shape: Vec<u64>,
[INFO] [stdout]    |     ^^^^^
[INFO] [stdout]    |
[INFO] [stdout]    = note: `ZarrArrayMeta` has a derived impl for the trait `Debug`, but this is intentionally ignored during dead code analysis
[INFO] [stdout] 
[INFO] [stdout] 
[INFO] [stdout] warning: variable does not need to be mutable
[INFO] [stdout]    --> src/index/fm.rs:206:33
[INFO] [stdout]     |
[INFO] [stdout] 206 | fn eytzinger_node_to_sorted_idx(mut k: usize, n: usize) -> usize {
[INFO] [stdout]     |                                 ----^
[INFO] [stdout]     |                                 |
[INFO] [stdout]     |                                 help: remove this `mut`
[INFO] [stdout]     |
[INFO] [stdout]     = note: `#[warn(unused_mut)]` (part of `#[warn(unused)]`) on by default
[INFO] [stdout] 
[INFO] [stdout] 
[INFO] [stderr] error: could not compile `dragon` (lib test); 1 warning emitted
[INFO] [stderr] 
[INFO] [stderr] Caused by:
[INFO] [stderr]   process didn't exit successfully: `/opt/rustwide/rustup-home/toolchains/1.97.0-beta.6-x86_64-unknown-linux-gnu/bin/rustc --crate-name dragon --edition=2021 src/lib.rs --error-format=json --json=diagnostic-rendered-ansi,artifacts,future-incompat --emit=dep-info,link -C embed-bitcode=no -C debuginfo=2 --test --check-cfg 'cfg(docsrs,test)' --check-cfg 'cfg(feature, values())' -C metadata=ed2d5955283f8bef -C extra-filename=-e1761689558a8b54 --out-dir /opt/rustwide/target/debug/deps -L dependency=/opt/rustwide/target/debug/deps --extern anyhow=/opt/rustwide/target/debug/deps/libanyhow-9e4c44ac98d8e4ea.rlib --extern bincode=/opt/rustwide/target/debug/deps/libbincode-9ee04eaf7cedf09e.rlib --extern bio=/opt/rustwide/target/debug/deps/libbio-598e86d9a585fb6b.rlib --extern byteorder=/opt/rustwide/target/debug/deps/libbyteorder-8f59b6d1bfdaa844.rlib --extern clap=/opt/rustwide/target/debug/deps/libclap-062038b8ff1b5a44.rlib --extern criterion=/opt/rustwide/target/debug/deps/libcriterion-6f0272e853a50c00.rlib --extern env_logger=/opt/rustwide/target/debug/deps/libenv_logger-68ab69083c9414dc.rlib --extern flate2=/opt/rustwide/target/debug/deps/libflate2-84acb1666c285b0c.rlib --extern fm_index=/opt/rustwide/target/debug/deps/libfm_index-5c4ac52324b54806.rlib --extern indicatif=/opt/rustwide/target/debug/deps/libindicatif-c6a2d53a2209b9de.rlib --extern log=/opt/rustwide/target/debug/deps/liblog-b262261d47bd2eba.rlib --extern lz4_flex=/opt/rustwide/target/debug/deps/liblz4_flex-b118d703de0399c1.rlib --extern memmap2=/opt/rustwide/target/debug/deps/libmemmap2-f5b686c5f3cef5f8.rlib --extern rand=/opt/rustwide/target/debug/deps/librand-943e8cf1b3bd3e14.rlib --extern rayon=/opt/rustwide/target/debug/deps/librayon-5b5b138d2f0c6a46.rlib --extern reqwest=/opt/rustwide/target/debug/deps/libreqwest-cfe4a38153bd7573.rlib --extern roaring=/opt/rustwide/target/debug/deps/libroaring-5858703fda8f884e.rlib --extern lib=/opt/rustwide/target/debug/deps/liblib-f203996061dfbdd8.rlib --extern serde=/opt/rustwide/target/debug/deps/libserde-7b764bc0ba2ada0b.rlib --extern serde_json=/opt/rustwide/target/debug/deps/libserde_json-f14b9f6abcd2dffd.rlib --extern tempfile=/opt/rustwide/target/debug/deps/libtempfile-56efbd795cb10146.rlib --extern thiserror=/opt/rustwide/target/debug/deps/libthiserror-5e90adc18491a337.rlib --extern zarrs=/opt/rustwide/target/debug/deps/libzarrs-06a11a5b5f679b41.rlib --extern zstd=/opt/rustwide/target/debug/deps/libzstd-2a5fb3b27ed2e7ed.rlib --cap-lints=warn -L native=/opt/rustwide/target/debug/build/aws-lc-sys-51cdf1d9cdcaff28/out -L native=/opt/rustwide/target/debug/build/zstd-sys-bd4c897aec6a2bf4/out` (signal: 9, SIGKILL: kill)
[INFO] [stderr] warning: build failed, waiting for other jobs to finish...
[INFO] [stderr] error: could not compile `dragon` (bin "dragon")
[INFO] [stderr] 
[INFO] [stderr] Caused by:
[INFO] [stderr]   process didn't exit successfully: `/opt/rustwide/rustup-home/toolchains/1.97.0-beta.6-x86_64-unknown-linux-gnu/bin/rustc --crate-name dragon --edition=2021 src/main.rs --error-format=json --json=diagnostic-rendered-ansi,artifacts,future-incompat --crate-type bin --emit=dep-info,link -C embed-bitcode=no -C debuginfo=2 --check-cfg 'cfg(docsrs,test)' --check-cfg 'cfg(feature, values())' -C metadata=294709bf8e032e32 -C extra-filename=-285f53fb00022a14 --out-dir /opt/rustwide/target/debug/deps -L dependency=/opt/rustwide/target/debug/deps --extern anyhow=/opt/rustwide/target/debug/deps/libanyhow-9e4c44ac98d8e4ea.rlib --extern bincode=/opt/rustwide/target/debug/deps/libbincode-9ee04eaf7cedf09e.rlib --extern bio=/opt/rustwide/target/debug/deps/libbio-598e86d9a585fb6b.rlib --extern byteorder=/opt/rustwide/target/debug/deps/libbyteorder-8f59b6d1bfdaa844.rlib --extern clap=/opt/rustwide/target/debug/deps/libclap-062038b8ff1b5a44.rlib --extern dragon=/opt/rustwide/target/debug/deps/libdragon-f538785485a393e8.rlib --extern env_logger=/opt/rustwide/target/debug/deps/libenv_logger-68ab69083c9414dc.rlib --extern flate2=/opt/rustwide/target/debug/deps/libflate2-84acb1666c285b0c.rlib --extern fm_index=/opt/rustwide/target/debug/deps/libfm_index-5c4ac52324b54806.rlib --extern indicatif=/opt/rustwide/target/debug/deps/libindicatif-c6a2d53a2209b9de.rlib --extern log=/opt/rustwide/target/debug/deps/liblog-b262261d47bd2eba.rlib --extern lz4_flex=/opt/rustwide/target/debug/deps/liblz4_flex-b118d703de0399c1.rlib --extern memmap2=/opt/rustwide/target/debug/deps/libmemmap2-f5b686c5f3cef5f8.rlib --extern rayon=/opt/rustwide/target/debug/deps/librayon-5b5b138d2f0c6a46.rlib --extern reqwest=/opt/rustwide/target/debug/deps/libreqwest-cfe4a38153bd7573.rlib --extern roaring=/opt/rustwide/target/debug/deps/libroaring-5858703fda8f884e.rlib --extern lib=/opt/rustwide/target/debug/deps/liblib-f203996061dfbdd8.rlib --extern serde=/opt/rustwide/target/debug/deps/libserde-7b764bc0ba2ada0b.rlib --extern serde_json=/opt/rustwide/target/debug/deps/libserde_json-f14b9f6abcd2dffd.rlib --extern thiserror=/opt/rustwide/target/debug/deps/libthiserror-5e90adc18491a337.rlib --extern zarrs=/opt/rustwide/target/debug/deps/libzarrs-06a11a5b5f679b41.rlib --extern zstd=/opt/rustwide/target/debug/deps/libzstd-2a5fb3b27ed2e7ed.rlib --cap-lints=warn -L native=/opt/rustwide/target/debug/build/aws-lc-sys-51cdf1d9cdcaff28/out -L native=/opt/rustwide/target/debug/build/zstd-sys-bd4c897aec6a2bf4/out` (signal: 9, SIGKILL: kill)
[INFO] [stderr] error: could not compile `dragon` (bin "dragon" test)
[INFO] [stderr] 
[INFO] [stderr] Caused by:
[INFO] [stderr]   process didn't exit successfully: `/opt/rustwide/rustup-home/toolchains/1.97.0-beta.6-x86_64-unknown-linux-gnu/bin/rustc --crate-name dragon --edition=2021 src/main.rs --error-format=json --json=diagnostic-rendered-ansi,artifacts,future-incompat --emit=dep-info,link -C embed-bitcode=no -C debuginfo=2 --test --check-cfg 'cfg(docsrs,test)' --check-cfg 'cfg(feature, values())' -C metadata=40aad5f5d02f7209 -C extra-filename=-51cbadda734b079e --out-dir /opt/rustwide/target/debug/deps -L dependency=/opt/rustwide/target/debug/deps --extern anyhow=/opt/rustwide/target/debug/deps/libanyhow-9e4c44ac98d8e4ea.rlib --extern bincode=/opt/rustwide/target/debug/deps/libbincode-9ee04eaf7cedf09e.rlib --extern bio=/opt/rustwide/target/debug/deps/libbio-598e86d9a585fb6b.rlib --extern byteorder=/opt/rustwide/target/debug/deps/libbyteorder-8f59b6d1bfdaa844.rlib --extern clap=/opt/rustwide/target/debug/deps/libclap-062038b8ff1b5a44.rlib --extern criterion=/opt/rustwide/target/debug/deps/libcriterion-6f0272e853a50c00.rlib --extern dragon=/opt/rustwide/target/debug/deps/libdragon-f538785485a393e8.rlib --extern env_logger=/opt/rustwide/target/debug/deps/libenv_logger-68ab69083c9414dc.rlib --extern flate2=/opt/rustwide/target/debug/deps/libflate2-84acb1666c285b0c.rlib --extern fm_index=/opt/rustwide/target/debug/deps/libfm_index-5c4ac52324b54806.rlib --extern indicatif=/opt/rustwide/target/debug/deps/libindicatif-c6a2d53a2209b9de.rlib --extern log=/opt/rustwide/target/debug/deps/liblog-b262261d47bd2eba.rlib --extern lz4_flex=/opt/rustwide/target/debug/deps/liblz4_flex-b118d703de0399c1.rlib --extern memmap2=/opt/rustwide/target/debug/deps/libmemmap2-f5b686c5f3cef5f8.rlib --extern rand=/opt/rustwide/target/debug/deps/librand-943e8cf1b3bd3e14.rlib --extern rayon=/opt/rustwide/target/debug/deps/librayon-5b5b138d2f0c6a46.rlib --extern reqwest=/opt/rustwide/target/debug/deps/libreqwest-cfe4a38153bd7573.rlib --extern roaring=/opt/rustwide/target/debug/deps/libroaring-5858703fda8f884e.rlib --extern lib=/opt/rustwide/target/debug/deps/liblib-f203996061dfbdd8.rlib --extern serde=/opt/rustwide/target/debug/deps/libserde-7b764bc0ba2ada0b.rlib --extern serde_json=/opt/rustwide/target/debug/deps/libserde_json-f14b9f6abcd2dffd.rlib --extern tempfile=/opt/rustwide/target/debug/deps/libtempfile-56efbd795cb10146.rlib --extern thiserror=/opt/rustwide/target/debug/deps/libthiserror-5e90adc18491a337.rlib --extern zarrs=/opt/rustwide/target/debug/deps/libzarrs-06a11a5b5f679b41.rlib --extern zstd=/opt/rustwide/target/debug/deps/libzstd-2a5fb3b27ed2e7ed.rlib --cap-lints=warn -L native=/opt/rustwide/target/debug/build/aws-lc-sys-51cdf1d9cdcaff28/out -L native=/opt/rustwide/target/debug/build/zstd-sys-bd4c897aec6a2bf4/out` (signal: 9, SIGKILL: kill)
[INFO] [stdout] error: linking with `cc` failed: exit status: 1
[INFO] [stdout]   |
[INFO] [stdout]   = note:  "cc" "-m64" "/opt/rustwide/target/debug/deps/rustcm2vmkz/symbols.o" "<2 object files omitted>" "-Wl,--as-needed" "-Wl,-Bstatic" "/opt/rustwide/target/debug/deps/{libtempfile-56efbd795cb10146,libfastrand-ff1ca5fd13344b52,librustix-2186f077589ce598,liblinux_raw_sys-0b6cde911e9a3109,libenv_logger-68ab69083c9414dc,libjiff-399991df1e8ac102,libanstream-14b271bd294f0187,libanstyle_query-635080b1d6343734,libis_terminal_polyfill-3ca4268cb2568267,libcolorchoice-33c0bd1745dd5ace,libanstyle_parse-88399b635fc44f8e,libutf8parse-92d0158219063202,libenv_filter-efbc2c1ece8014ac,libanstyle-9beaeb754742faae}.rlib" "<sysroot>/lib/rustlib/x86_64-unknown-linux-gnu/lib/{libtest-*,libgetopts-*,librustc_std_workspace_std-*}.rlib" "/opt/rustwide/target/debug/deps/{libdragon-f538785485a393e8,libflate2-84acb1666c285b0c,libminiz_oxide-6d5382b540dd717a,libsimd_adler32-7babdb89f91b6742,libcrc32fast-77160f4e25d6fc25,libreqwest-cfe4a38153bd7573,librustls_platform_verifier-ec00070accda658f,librustls_native_certs-3469d38d03512d26,libopenssl_probe-6b1b371432012237,libhyper_rustls-cf3660a0cd346d9f,libtokio_rustls-4d3f81d03b284cb9,librustls-bbed6e27172d94cb,libsubtle-2ae6a7038b9a0630,libwebpki-44e404eb997ce659,libuntrusted-b2f816886faf2178,libaws_lc_rs-5127ea2122b5baac,libaws_lc_sys-8f142b86f7d30e1f,librustls_pki_types-fc5637970849fdde,libzeroize-7f213bea776ca5b6,libmime-0188e0814ca7ddbf,libencoding_rs-c7a67ac351c2b19f,libtower_http-97d2d8f9ed58860f,libbitflags-19bd3a07fb167555,libtower-084c9a295fdb7b40,libtower_layer-d908dd771b239ecd,libhyper_util-ca743e3bedd22801,libipnet-61ca7a5e1c2863d4,libtower_service-3fb88d28c2218805,libhyper-52c459290eb5a858,libwant-7a6260b9c50f1479,libtry_lock-8fa2f6971035be84,libhttparse-8c9b827b8f345444,libh2-1bb9bde54ca47afb,libtracing-8891879938231fdd,libtracing_core-89b602bc4a7d7f8a,libonce_cell-b5bdc597ed9676b3,libfnv-79e2cbfbe03dcd16,libtokio_util-910a4cdf8894e242,libatomic_waker-06950c8c08d2b8fa,libtokio-29217c1804f25956,libsocket2-e14689307aa742b6,libmio-b36602f137b91cf8,libhttp_body_util-4c062f446893de2a,libhttp_body-7456ed1522344ebf,libfutures_util-11045934aa1f092f,libfutures_io-a8805bd12b2ab705,libslab-0582d648e59ab406,libfutures_channel-04b287164a72dbf0,libpin_project_lite-0a15d51c77964692,libfutures_sink-3971bde37bb30e19,libfutures_task-36f327cfab86eddc,liburl-604cfdf3d8c58e7b,libidna-df6053b38c6bb4d5,libidna_adapter-589f8dac832396a9,libicu_properties-ec6289b42539aff9,libicu_properties_data-e6cf238fc98dd59d,libicu_normalizer-de95e3e71b680b9f,libicu_normalizer_data-8fea05bee0bb4e49,libicu_collections-b30a0c5b23d3a9c1,libutf8_iter-51566bbad89f3a68,libpotential_utf-0c3d767a9fda37b1,libicu_provider-934117bcef62158a,libicu_locale_core-4b321a80321ce1b6,libtinystr-d02a5ec8458ffbfd,liblitemap-dc288f07f8f61193,libwriteable-48b3e52227924bb5,libzerovec-64453c2b57e04116,libzerotrie-86867832a79bbcc7,libyoke-477b98923d9496a9,libstable_deref_trait-63cbf3f3d3f94e56,libzerofrom-aa2bed5d30bbc07f,libform_urlencoded-98cc7da289c29f13,libpercent_encoding-fa055ecaa1e57cfa,libhttp-c02de8dcf5641f93,libsync_wrapper-6bdfbc29c4269203,libfutures_core-1121ff913ed87f93,liblz4_flex-b118d703de0399c1,libtwox_hash-c9d9f93d232d2481,libbincode-9ee04eaf7cedf09e,liblib-f203996061dfbdd8,libstrum-1c4e15504d531528,libzarrs-06a11a5b5f679b41,libcrc32c-38c6383ae80b47f1,liblog-b262261d47bd2eba,librayon_iter_concurrent_limit-e5569a8b4af4e7c9,libzarrs_filesystem-c70106df17b0470f,libpathdiff-3903ede7ad100cac,libpage_size-4f60231f038a9271,libpositioned_io-04fe71aad75e759d,libwalkdir-7cc6f300a6f0bf06,libsame_file-ff49545450c0b63c,libbase64-32787b0325ea6df8,libzstd-2a5fb3b27ed2e7ed,libzstd_safe-5a96cae6c116a78d,libzstd_sys-c3999f7021bf74bc,libthread_local-b4f6fe44d641c0b1,libmoka-8292cd4834e3027f,libportable_atomic-b2c3e87a13df7d23,libtagptr-17baaf534c9c3f80,libuuid-22f769c641479344,libgetrandom-97c74ae77623c86a,libparking_lot-7bec6f8429b54bf1,libparking_lot_core-0302617a03f84137,libsmallvec-bc3128fdd57228fc,liblock_api-16d46fed645f7bff,libscopeguard-7ec2214574194454,libcrossbeam_channel-c975edaf87631b25,liblru-0737556c9484edfa,libzarrs_chunk_key_encoding-df86c4de66633922,libzarrs_metadata_ext-f9f4a03281fe0475,libzarrs_codec-a7287cd6390e951a,libzarrs_storage-c206974bafda7238,libunsafe_cell_slice-bdc6892a058649c1,libbytes-2ed9460101f17bbf,libzarrs_data_type-d1c335ec375eee1c,libnum-87af09b09298b11c,libnum_iter-3f1bb01decdfb6df,libnum_rational-c1ee3bcbcf08f20a,libnum_complex-8f5f7f91428a61cf,libnum_bigint-c9c088309f86031b,libnum_integer-dcae6c15256b2175,libnum_traits-5f5f7eaedd5abb87,libzarrs_chunk_grid-0d82ac23eb6f40a6,libinventory-4db84d261fa45ba5,libtinyvec-aaac35e3e185f648,libtinyvec_macros-7b77ea21c73594ca,libzarrs_plugin-81b0cddebf22f18c,libregex-ec2dc9d409c38a88,libregex_automata-bf751438404198b1,libaho_corasick-fa94425a423a79cf,libregex_syntax-6d6ee545e2ffad72,librayon-5b5b138d2f0c6a46,librayon_core-3758773107958d4b,libcrossbeam_deque-be5f647d9b7cfb41,libcrossbeam_epoch-2c19d130e745537c,libcrossbeam_utils-f696a08ab1e94e7a,libzarrs_metadata-100c62b169183d60,libmonostate-df9d1a5d30410511,libserde_json-f14b9f6abcd2dffd,libmemchr-5cfa70d22cb32987,libzmij-ef63f1da73704b4c,libitoa-5de11b3b23bfe572,libindexmap-41b416463496607a,libhashbrown-63a892cc2d36a2f0,libequivalent-6a754676e6af62ae,liballocator_api2-8d9c1e895dea53bd,libfoldhash-3b780c428974a407,libhalf-8572a1d3eabcc1a3,libcfg_if-83060ec5685761ae,libzerocopy-3b1bd0d47c66d3d5,libderive_more-bb36a6a357a1ccf6,libthiserror-5e90adc18491a337,libitertools-ab9447b3f188acc5,libeither-e5ea87bd27ac73a9,libmemmap2-f5b686c5f3cef5f8,liblibc-3394320f0eefe0b4,libroaring-5858703fda8f884e,libbytemuck-6fd812ff0584b7a6,libbyteorder-8f59b6d1bfdaa844,libanyhow-9e4c44ac98d8e4ea,libserde-7b764bc0ba2ada0b,libserde_core-9c6a4a1faf3c1a34}.rlib" "<sysroot>/lib/rustlib/x86_64-unknown-linux-gnu/lib/{libstd-*,libpanic_unwind-*,libobject-*,libmemchr-*,libaddr2line-*,libgimli-*,libcfg_if-*,librustc_demangle-*,libstd_detect-*,libhashbrown-*,librustc_std_workspace_alloc-*,libminiz_oxide-*,libadler2-*,libunwind-*,liblibc-*,librustc_std_workspace_core-*,liballoc-*,libcore-*,libcompiler_builtins-*}.rlib" "-Wl,-Bdynamic" "-lgcc_s" "-lutil" "-lrt" "-lpthread" "-lm" "-ldl" "-lc" "-L" "/opt/rustwide/target/debug/deps/rustcm2vmkz/raw-dylibs" "-B<sysroot>/lib/rustlib/x86_64-unknown-linux-gnu/bin/gcc-ld" "-fuse-ld=lld" "-Wl,--eh-frame-hdr" "-Wl,-z,noexecstack" "-L" "/opt/rustwide/target/debug/build/aws-lc-sys-51cdf1d9cdcaff28/out" "-L" "/opt/rustwide/target/debug/build/zstd-sys-bd4c897aec6a2bf4/out" "-L" "<sysroot>/lib/rustlib/x86_64-unknown-linux-gnu/lib" "-o" "/opt/rustwide/target/debug/deps/integration_real_genome-57300c8a3017aef6" "-Wl,--gc-sections" "-pie" "-Wl,-z,relro,-z,now" "-nodefaultlibs"
[INFO] [stdout]   = note: some arguments are omitted. use `--verbose` to show all linker arguments
[INFO] [stdout]   = note: collect2: fatal error: ld terminated with signal 9 [Killed]
[INFO] [stdout]           compilation terminated.
[INFO] [stdout]           
[INFO] [stdout] 
[INFO] [stdout] 
[INFO] [stderr] error: could not compile `dragon` (test "integration_real_genome") due to 1 previous error
[INFO] [stdout] error: linking with `cc` failed: exit status: 1
[INFO] [stdout]   |
[INFO] [stdout]   = note:  "cc" "-m64" "/opt/rustwide/target/debug/deps/rustczKWRGn/symbols.o" "<2 object files omitted>" "-Wl,--as-needed" "-Wl,-Bstatic" "/opt/rustwide/target/debug/deps/{libdragon-f538785485a393e8,libflate2-84acb1666c285b0c,libminiz_oxide-6d5382b540dd717a,libsimd_adler32-7babdb89f91b6742,libcrc32fast-77160f4e25d6fc25,libreqwest-cfe4a38153bd7573,librustls_platform_verifier-ec00070accda658f,librustls_native_certs-3469d38d03512d26,libopenssl_probe-6b1b371432012237,libhyper_rustls-cf3660a0cd346d9f,libtokio_rustls-4d3f81d03b284cb9,librustls-bbed6e27172d94cb,libsubtle-2ae6a7038b9a0630,libwebpki-44e404eb997ce659,libuntrusted-b2f816886faf2178,libaws_lc_rs-5127ea2122b5baac,libaws_lc_sys-8f142b86f7d30e1f,librustls_pki_types-fc5637970849fdde,libzeroize-7f213bea776ca5b6,libmime-0188e0814ca7ddbf,libencoding_rs-c7a67ac351c2b19f,libtower_http-97d2d8f9ed58860f,libbitflags-19bd3a07fb167555,libtower-084c9a295fdb7b40,libtower_layer-d908dd771b239ecd,libhyper_util-ca743e3bedd22801,libipnet-61ca7a5e1c2863d4,libtower_service-3fb88d28c2218805,libhyper-52c459290eb5a858,libwant-7a6260b9c50f1479,libtry_lock-8fa2f6971035be84,libhttparse-8c9b827b8f345444,libh2-1bb9bde54ca47afb,libtracing-8891879938231fdd,libtracing_core-89b602bc4a7d7f8a,libonce_cell-b5bdc597ed9676b3,libfnv-79e2cbfbe03dcd16,libtokio_util-910a4cdf8894e242,libatomic_waker-06950c8c08d2b8fa,libtokio-29217c1804f25956,libsocket2-e14689307aa742b6,libmio-b36602f137b91cf8,libhttp_body_util-4c062f446893de2a,libhttp_body-7456ed1522344ebf,libfutures_util-11045934aa1f092f,libfutures_io-a8805bd12b2ab705,libslab-0582d648e59ab406,libfutures_channel-04b287164a72dbf0,libpin_project_lite-0a15d51c77964692,libfutures_sink-3971bde37bb30e19,libfutures_task-36f327cfab86eddc,liburl-604cfdf3d8c58e7b,libidna-df6053b38c6bb4d5,libidna_adapter-589f8dac832396a9,libicu_properties-ec6289b42539aff9,libicu_properties_data-e6cf238fc98dd59d,libicu_normalizer-de95e3e71b680b9f,libicu_normalizer_data-8fea05bee0bb4e49,libicu_collections-b30a0c5b23d3a9c1,libutf8_iter-51566bbad89f3a68,libpotential_utf-0c3d767a9fda37b1,libicu_provider-934117bcef62158a,libicu_locale_core-4b321a80321ce1b6,libtinystr-d02a5ec8458ffbfd,liblitemap-dc288f07f8f61193,libwriteable-48b3e52227924bb5,libzerovec-64453c2b57e04116,libzerotrie-86867832a79bbcc7,libyoke-477b98923d9496a9,libstable_deref_trait-63cbf3f3d3f94e56,libzerofrom-aa2bed5d30bbc07f,libform_urlencoded-98cc7da289c29f13,libpercent_encoding-fa055ecaa1e57cfa,libhttp-c02de8dcf5641f93,libsync_wrapper-6bdfbc29c4269203,libfutures_core-1121ff913ed87f93,liblz4_flex-b118d703de0399c1,libtwox_hash-c9d9f93d232d2481,libbincode-9ee04eaf7cedf09e,liblib-f203996061dfbdd8,libstrum-1c4e15504d531528,libzarrs-06a11a5b5f679b41,libcrc32c-38c6383ae80b47f1,liblog-b262261d47bd2eba,librayon_iter_concurrent_limit-e5569a8b4af4e7c9,libzarrs_filesystem-c70106df17b0470f,libpathdiff-3903ede7ad100cac,libpage_size-4f60231f038a9271,libpositioned_io-04fe71aad75e759d,libwalkdir-7cc6f300a6f0bf06,libsame_file-ff49545450c0b63c,libbase64-32787b0325ea6df8,libzstd-2a5fb3b27ed2e7ed,libzstd_safe-5a96cae6c116a78d,libzstd_sys-c3999f7021bf74bc,libthread_local-b4f6fe44d641c0b1,libmoka-8292cd4834e3027f,libportable_atomic-b2c3e87a13df7d23,libtagptr-17baaf534c9c3f80,libuuid-22f769c641479344,libgetrandom-97c74ae77623c86a,libparking_lot-7bec6f8429b54bf1,libparking_lot_core-0302617a03f84137,libsmallvec-bc3128fdd57228fc,liblock_api-16d46fed645f7bff,libscopeguard-7ec2214574194454,libcrossbeam_channel-c975edaf87631b25,liblru-0737556c9484edfa,libzarrs_chunk_key_encoding-df86c4de66633922,libzarrs_metadata_ext-f9f4a03281fe0475,libzarrs_codec-a7287cd6390e951a,libzarrs_storage-c206974bafda7238,libunsafe_cell_slice-bdc6892a058649c1,libbytes-2ed9460101f17bbf,libzarrs_data_type-d1c335ec375eee1c,libnum-87af09b09298b11c,libnum_iter-3f1bb01decdfb6df,libnum_rational-c1ee3bcbcf08f20a,libnum_complex-8f5f7f91428a61cf,libnum_bigint-c9c088309f86031b,libnum_integer-dcae6c15256b2175,libnum_traits-5f5f7eaedd5abb87,libzarrs_chunk_grid-0d82ac23eb6f40a6,libinventory-4db84d261fa45ba5,libtinyvec-aaac35e3e185f648,libtinyvec_macros-7b77ea21c73594ca,libzarrs_plugin-81b0cddebf22f18c,libregex-ec2dc9d409c38a88,libregex_automata-bf751438404198b1,libaho_corasick-fa94425a423a79cf,libregex_syntax-6d6ee545e2ffad72,librayon-5b5b138d2f0c6a46,librayon_core-3758773107958d4b,libcrossbeam_deque-be5f647d9b7cfb41,libcrossbeam_epoch-2c19d130e745537c,libcrossbeam_utils-f696a08ab1e94e7a,libzarrs_metadata-100c62b169183d60,libmonostate-df9d1a5d30410511,libserde_json-f14b9f6abcd2dffd,libmemchr-5cfa70d22cb32987,libzmij-ef63f1da73704b4c,libitoa-5de11b3b23bfe572,libindexmap-41b416463496607a,libhashbrown-63a892cc2d36a2f0,libequivalent-6a754676e6af62ae,liballocator_api2-8d9c1e895dea53bd,libfoldhash-3b780c428974a407,libhalf-8572a1d3eabcc1a3,libcfg_if-83060ec5685761ae,libzerocopy-3b1bd0d47c66d3d5,libderive_more-bb36a6a357a1ccf6,libthiserror-5e90adc18491a337,libitertools-ab9447b3f188acc5,libeither-e5ea87bd27ac73a9,libmemmap2-f5b686c5f3cef5f8,liblibc-3394320f0eefe0b4,libroaring-5858703fda8f884e,libbytemuck-6fd812ff0584b7a6,libbyteorder-8f59b6d1bfdaa844,libserde-7b764bc0ba2ada0b,libserde_core-9c6a4a1faf3c1a34,libanyhow-9e4c44ac98d8e4ea}.rlib" "<sysroot>/lib/rustlib/x86_64-unknown-linux-gnu/lib/{libstd-*,libpanic_unwind-*,libobject-*,libmemchr-*,libaddr2line-*,libgimli-*,libcfg_if-*,librustc_demangle-*,libstd_detect-*,libhashbrown-*,librustc_std_workspace_alloc-*,libminiz_oxide-*,libadler2-*,libunwind-*,liblibc-*,librustc_std_workspace_core-*,liballoc-*,libcore-*,libcompiler_builtins-*}.rlib" "-Wl,-Bdynamic" "-lgcc_s" "-lutil" "-lrt" "-lpthread" "-lm" "-ldl" "-lc" "-L" "/opt/rustwide/target/debug/deps/rustczKWRGn/raw-dylibs" "-B<sysroot>/lib/rustlib/x86_64-unknown-linux-gnu/bin/gcc-ld" "-fuse-ld=lld" "-Wl,--eh-frame-hdr" "-Wl,-z,noexecstack" "-L" "/opt/rustwide/target/debug/build/aws-lc-sys-51cdf1d9cdcaff28/out" "-L" "/opt/rustwide/target/debug/build/zstd-sys-bd4c897aec6a2bf4/out" "-L" "<sysroot>/lib/rustlib/x86_64-unknown-linux-gnu/lib" "-o" "/opt/rustwide/target/debug/deps/migrate_paths_v3-f403c923a101a3c5" "-Wl,--gc-sections" "-pie" "-Wl,-z,relro,-z,now" "-nodefaultlibs"
[INFO] [stdout]   = note: some arguments are omitted. use `--verbose` to show all linker arguments
[INFO] [stdout]   = note: collect2: fatal error: ld terminated with signal 9 [Killed]
[INFO] [stdout]           compilation terminated.
[INFO] [stdout]           
[INFO] [stdout] 
[INFO] [stdout] 
[INFO] [stderr] error: could not compile `dragon` (bin "migrate_paths_v3") due to 1 previous error
[INFO] [stdout] error: linking with `cc` failed: exit status: 1
[INFO] [stdout]   |
[INFO] [stdout]   = note:  "cc" "-m64" "/opt/rustwide/target/debug/deps/rustczSgoTN/symbols.o" "<2 object files omitted>" "-Wl,--as-needed" "-Wl,-Bstatic" "/opt/rustwide/target/debug/deps/{libdragon-f538785485a393e8,libflate2-84acb1666c285b0c,libminiz_oxide-6d5382b540dd717a,libsimd_adler32-7babdb89f91b6742,libcrc32fast-77160f4e25d6fc25,libreqwest-cfe4a38153bd7573,librustls_platform_verifier-ec00070accda658f,librustls_native_certs-3469d38d03512d26,libopenssl_probe-6b1b371432012237,libhyper_rustls-cf3660a0cd346d9f,libtokio_rustls-4d3f81d03b284cb9,librustls-bbed6e27172d94cb,libsubtle-2ae6a7038b9a0630,libwebpki-44e404eb997ce659,libuntrusted-b2f816886faf2178,libaws_lc_rs-5127ea2122b5baac,libaws_lc_sys-8f142b86f7d30e1f,librustls_pki_types-fc5637970849fdde,libzeroize-7f213bea776ca5b6,libmime-0188e0814ca7ddbf,libencoding_rs-c7a67ac351c2b19f,libtower_http-97d2d8f9ed58860f,libbitflags-19bd3a07fb167555,libtower-084c9a295fdb7b40,libtower_layer-d908dd771b239ecd,libhyper_util-ca743e3bedd22801,libipnet-61ca7a5e1c2863d4,libtower_service-3fb88d28c2218805,libhyper-52c459290eb5a858,libwant-7a6260b9c50f1479,libtry_lock-8fa2f6971035be84,libhttparse-8c9b827b8f345444,libh2-1bb9bde54ca47afb,libtracing-8891879938231fdd,libtracing_core-89b602bc4a7d7f8a,libonce_cell-b5bdc597ed9676b3,libfnv-79e2cbfbe03dcd16,libtokio_util-910a4cdf8894e242,libatomic_waker-06950c8c08d2b8fa,libtokio-29217c1804f25956,libsocket2-e14689307aa742b6,libmio-b36602f137b91cf8,libhttp_body_util-4c062f446893de2a,libhttp_body-7456ed1522344ebf,libfutures_util-11045934aa1f092f,libfutures_io-a8805bd12b2ab705,libslab-0582d648e59ab406,libfutures_channel-04b287164a72dbf0,libpin_project_lite-0a15d51c77964692,libfutures_sink-3971bde37bb30e19,libfutures_task-36f327cfab86eddc,liburl-604cfdf3d8c58e7b,libidna-df6053b38c6bb4d5,libidna_adapter-589f8dac832396a9,libicu_properties-ec6289b42539aff9,libicu_properties_data-e6cf238fc98dd59d,libicu_normalizer-de95e3e71b680b9f,libicu_normalizer_data-8fea05bee0bb4e49,libicu_collections-b30a0c5b23d3a9c1,libutf8_iter-51566bbad89f3a68,libpotential_utf-0c3d767a9fda37b1,libicu_provider-934117bcef62158a,libicu_locale_core-4b321a80321ce1b6,libtinystr-d02a5ec8458ffbfd,liblitemap-dc288f07f8f61193,libwriteable-48b3e52227924bb5,libzerovec-64453c2b57e04116,libzerotrie-86867832a79bbcc7,libyoke-477b98923d9496a9,libstable_deref_trait-63cbf3f3d3f94e56,libzerofrom-aa2bed5d30bbc07f,libform_urlencoded-98cc7da289c29f13,libpercent_encoding-fa055ecaa1e57cfa,libhttp-c02de8dcf5641f93,libsync_wrapper-6bdfbc29c4269203,libfutures_core-1121ff913ed87f93,liblz4_flex-b118d703de0399c1,libtwox_hash-c9d9f93d232d2481,libbincode-9ee04eaf7cedf09e,liblib-f203996061dfbdd8,libstrum-1c4e15504d531528,libzarrs-06a11a5b5f679b41,libcrc32c-38c6383ae80b47f1,liblog-b262261d47bd2eba,librayon_iter_concurrent_limit-e5569a8b4af4e7c9,libzarrs_filesystem-c70106df17b0470f,libpathdiff-3903ede7ad100cac,libpage_size-4f60231f038a9271,libpositioned_io-04fe71aad75e759d,libwalkdir-7cc6f300a6f0bf06,libsame_file-ff49545450c0b63c,libbase64-32787b0325ea6df8,libzstd-2a5fb3b27ed2e7ed,libzstd_safe-5a96cae6c116a78d,libzstd_sys-c3999f7021bf74bc,libthread_local-b4f6fe44d641c0b1,libmoka-8292cd4834e3027f,libportable_atomic-b2c3e87a13df7d23,libtagptr-17baaf534c9c3f80,libuuid-22f769c641479344,libgetrandom-97c74ae77623c86a,libparking_lot-7bec6f8429b54bf1,libparking_lot_core-0302617a03f84137,libsmallvec-bc3128fdd57228fc,liblock_api-16d46fed645f7bff,libscopeguard-7ec2214574194454,libcrossbeam_channel-c975edaf87631b25,liblru-0737556c9484edfa,libzarrs_chunk_key_encoding-df86c4de66633922,libzarrs_metadata_ext-f9f4a03281fe0475,libzarrs_codec-a7287cd6390e951a,libzarrs_storage-c206974bafda7238,libunsafe_cell_slice-bdc6892a058649c1,libbytes-2ed9460101f17bbf,libzarrs_data_type-d1c335ec375eee1c,libnum-87af09b09298b11c,libnum_iter-3f1bb01decdfb6df,libnum_rational-c1ee3bcbcf08f20a,libnum_complex-8f5f7f91428a61cf,libnum_bigint-c9c088309f86031b,libnum_integer-dcae6c15256b2175,libnum_traits-5f5f7eaedd5abb87,libzarrs_chunk_grid-0d82ac23eb6f40a6,libinventory-4db84d261fa45ba5,libtinyvec-aaac35e3e185f648,libtinyvec_macros-7b77ea21c73594ca,libzarrs_plugin-81b0cddebf22f18c,libregex-ec2dc9d409c38a88,libregex_automata-bf751438404198b1,libaho_corasick-fa94425a423a79cf,libregex_syntax-6d6ee545e2ffad72,librayon-5b5b138d2f0c6a46,librayon_core-3758773107958d4b,libcrossbeam_deque-be5f647d9b7cfb41,libcrossbeam_epoch-2c19d130e745537c,libcrossbeam_utils-f696a08ab1e94e7a,libzarrs_metadata-100c62b169183d60,libmonostate-df9d1a5d30410511,libserde_json-f14b9f6abcd2dffd,libmemchr-5cfa70d22cb32987,libzmij-ef63f1da73704b4c,libitoa-5de11b3b23bfe572,libindexmap-41b416463496607a,libhashbrown-63a892cc2d36a2f0,libequivalent-6a754676e6af62ae,liballocator_api2-8d9c1e895dea53bd,libfoldhash-3b780c428974a407,libhalf-8572a1d3eabcc1a3,libcfg_if-83060ec5685761ae,libzerocopy-3b1bd0d47c66d3d5,libderive_more-bb36a6a357a1ccf6,libthiserror-5e90adc18491a337,libitertools-ab9447b3f188acc5,libeither-e5ea87bd27ac73a9,libmemmap2-f5b686c5f3cef5f8,liblibc-3394320f0eefe0b4,libroaring-5858703fda8f884e,libbytemuck-6fd812ff0584b7a6,libbyteorder-8f59b6d1bfdaa844,libserde-7b764bc0ba2ada0b,libserde_core-9c6a4a1faf3c1a34,libanyhow-9e4c44ac98d8e4ea}.rlib" "<sysroot>/lib/rustlib/x86_64-unknown-linux-gnu/lib/{libstd-*,libpanic_unwind-*,libobject-*,libmemchr-*,libaddr2line-*,libgimli-*,libcfg_if-*,librustc_demangle-*,libstd_detect-*,libhashbrown-*,librustc_std_workspace_alloc-*,libminiz_oxide-*,libadler2-*,libunwind-*,liblibc-*,librustc_std_workspace_core-*,liballoc-*,libcore-*,libcompiler_builtins-*}.rlib" "-Wl,-Bdynamic" "-lgcc_s" "-lutil" "-lrt" "-lpthread" "-lm" "-ldl" "-lc" "-L" "/opt/rustwide/target/debug/deps/rustczSgoTN/raw-dylibs" "-B<sysroot>/lib/rustlib/x86_64-unknown-linux-gnu/bin/gcc-ld" "-fuse-ld=lld" "-Wl,--eh-frame-hdr" "-Wl,-z,noexecstack" "-L" "/opt/rustwide/target/debug/build/aws-lc-sys-51cdf1d9cdcaff28/out" "-L" "/opt/rustwide/target/debug/build/zstd-sys-bd4c897aec6a2bf4/out" "-L" "<sysroot>/lib/rustlib/x86_64-unknown-linux-gnu/lib" "-o" "/opt/rustwide/target/debug/deps/migrate_paths_v4-76f7914bc3e05230" "-Wl,--gc-sections" "-pie" "-Wl,-z,relro,-z,now" "-nodefaultlibs"
[INFO] [stdout]   = note: some arguments are omitted. use `--verbose` to show all linker arguments
[INFO] [stdout]   = note: collect2: fatal error: ld terminated with signal 9 [Killed]
[INFO] [stdout]           compilation terminated.
[INFO] [stdout]           
[INFO] [stdout] 
[INFO] [stdout] 
[INFO] [stderr] error: could not compile `dragon` (bin "migrate_paths_v4") due to 1 previous error
[INFO] [stdout] error: linking with `cc` failed: exit status: 1
[INFO] [stdout]   |
[INFO] [stdout]   = note:  "cc" "-m64" "/opt/rustwide/target/debug/deps/rustcQF6Q8M/symbols.o" "<2 object files omitted>" "-Wl,--as-needed" "-Wl,-Bstatic" "/opt/rustwide/target/debug/deps/{libdragon-f538785485a393e8,libflate2-84acb1666c285b0c,libminiz_oxide-6d5382b540dd717a,libsimd_adler32-7babdb89f91b6742,libcrc32fast-77160f4e25d6fc25,libreqwest-cfe4a38153bd7573,librustls_platform_verifier-ec00070accda658f,librustls_native_certs-3469d38d03512d26,libopenssl_probe-6b1b371432012237,libhyper_rustls-cf3660a0cd346d9f,libtokio_rustls-4d3f81d03b284cb9,librustls-bbed6e27172d94cb,libsubtle-2ae6a7038b9a0630,libwebpki-44e404eb997ce659,libuntrusted-b2f816886faf2178,libaws_lc_rs-5127ea2122b5baac,libaws_lc_sys-8f142b86f7d30e1f,librustls_pki_types-fc5637970849fdde,libzeroize-7f213bea776ca5b6,libmime-0188e0814ca7ddbf,libencoding_rs-c7a67ac351c2b19f,libtower_http-97d2d8f9ed58860f,libbitflags-19bd3a07fb167555,libtower-084c9a295fdb7b40,libtower_layer-d908dd771b239ecd,libhyper_util-ca743e3bedd22801,libipnet-61ca7a5e1c2863d4,libtower_service-3fb88d28c2218805,libhyper-52c459290eb5a858,libwant-7a6260b9c50f1479,libtry_lock-8fa2f6971035be84,libhttparse-8c9b827b8f345444,libh2-1bb9bde54ca47afb,libtracing-8891879938231fdd,libtracing_core-89b602bc4a7d7f8a,libonce_cell-b5bdc597ed9676b3,libfnv-79e2cbfbe03dcd16,libtokio_util-910a4cdf8894e242,libatomic_waker-06950c8c08d2b8fa,libtokio-29217c1804f25956,libsocket2-e14689307aa742b6,libmio-b36602f137b91cf8,libhttp_body_util-4c062f446893de2a,libhttp_body-7456ed1522344ebf,libfutures_util-11045934aa1f092f,libfutures_io-a8805bd12b2ab705,libslab-0582d648e59ab406,libfutures_channel-04b287164a72dbf0,libpin_project_lite-0a15d51c77964692,libfutures_sink-3971bde37bb30e19,libfutures_task-36f327cfab86eddc,liburl-604cfdf3d8c58e7b,libidna-df6053b38c6bb4d5,libidna_adapter-589f8dac832396a9,libicu_properties-ec6289b42539aff9,libicu_properties_data-e6cf238fc98dd59d,libicu_normalizer-de95e3e71b680b9f,libicu_normalizer_data-8fea05bee0bb4e49,libicu_collections-b30a0c5b23d3a9c1,libutf8_iter-51566bbad89f3a68,libpotential_utf-0c3d767a9fda37b1,libicu_provider-934117bcef62158a,libicu_locale_core-4b321a80321ce1b6,libtinystr-d02a5ec8458ffbfd,liblitemap-dc288f07f8f61193,libwriteable-48b3e52227924bb5,libzerovec-64453c2b57e04116,libzerotrie-86867832a79bbcc7,libyoke-477b98923d9496a9,libstable_deref_trait-63cbf3f3d3f94e56,libzerofrom-aa2bed5d30bbc07f,libform_urlencoded-98cc7da289c29f13,libpercent_encoding-fa055ecaa1e57cfa,libhttp-c02de8dcf5641f93,libsync_wrapper-6bdfbc29c4269203,libfutures_core-1121ff913ed87f93,liblz4_flex-b118d703de0399c1,libtwox_hash-c9d9f93d232d2481,libbincode-9ee04eaf7cedf09e,liblib-f203996061dfbdd8,libstrum-1c4e15504d531528,libzarrs-06a11a5b5f679b41,libcrc32c-38c6383ae80b47f1,liblog-b262261d47bd2eba,librayon_iter_concurrent_limit-e5569a8b4af4e7c9,libzarrs_filesystem-c70106df17b0470f,libpathdiff-3903ede7ad100cac,libpage_size-4f60231f038a9271,libpositioned_io-04fe71aad75e759d,libwalkdir-7cc6f300a6f0bf06,libsame_file-ff49545450c0b63c,libbase64-32787b0325ea6df8,libzstd-2a5fb3b27ed2e7ed,libzstd_safe-5a96cae6c116a78d,libzstd_sys-c3999f7021bf74bc,libthread_local-b4f6fe44d641c0b1,libmoka-8292cd4834e3027f,libportable_atomic-b2c3e87a13df7d23,libtagptr-17baaf534c9c3f80,libuuid-22f769c641479344,libgetrandom-97c74ae77623c86a,libparking_lot-7bec6f8429b54bf1,libparking_lot_core-0302617a03f84137,libsmallvec-bc3128fdd57228fc,liblock_api-16d46fed645f7bff,libscopeguard-7ec2214574194454,libcrossbeam_channel-c975edaf87631b25,liblru-0737556c9484edfa,libzarrs_chunk_key_encoding-df86c4de66633922,libzarrs_metadata_ext-f9f4a03281fe0475,libzarrs_codec-a7287cd6390e951a,libzarrs_storage-c206974bafda7238,libunsafe_cell_slice-bdc6892a058649c1,libbytes-2ed9460101f17bbf,libzarrs_data_type-d1c335ec375eee1c,libnum-87af09b09298b11c,libnum_iter-3f1bb01decdfb6df,libnum_rational-c1ee3bcbcf08f20a,libnum_complex-8f5f7f91428a61cf,libnum_bigint-c9c088309f86031b,libnum_integer-dcae6c15256b2175,libnum_traits-5f5f7eaedd5abb87,libzarrs_chunk_grid-0d82ac23eb6f40a6,libinventory-4db84d261fa45ba5,libtinyvec-aaac35e3e185f648,libtinyvec_macros-7b77ea21c73594ca,libzarrs_plugin-81b0cddebf22f18c,libregex-ec2dc9d409c38a88,libregex_automata-bf751438404198b1,libaho_corasick-fa94425a423a79cf,libregex_syntax-6d6ee545e2ffad72,librayon-5b5b138d2f0c6a46,librayon_core-3758773107958d4b,libcrossbeam_deque-be5f647d9b7cfb41,libcrossbeam_epoch-2c19d130e745537c,libcrossbeam_utils-f696a08ab1e94e7a,libzarrs_metadata-100c62b169183d60,libmonostate-df9d1a5d30410511,libserde_json-f14b9f6abcd2dffd,libmemchr-5cfa70d22cb32987,libzmij-ef63f1da73704b4c,libitoa-5de11b3b23bfe572,libindexmap-41b416463496607a,libhashbrown-63a892cc2d36a2f0,libequivalent-6a754676e6af62ae,liballocator_api2-8d9c1e895dea53bd,libfoldhash-3b780c428974a407,libhalf-8572a1d3eabcc1a3,libcfg_if-83060ec5685761ae,libzerocopy-3b1bd0d47c66d3d5,libderive_more-bb36a6a357a1ccf6,libthiserror-5e90adc18491a337,libitertools-ab9447b3f188acc5,libeither-e5ea87bd27ac73a9,libmemmap2-f5b686c5f3cef5f8,liblibc-3394320f0eefe0b4,libroaring-5858703fda8f884e,libbytemuck-6fd812ff0584b7a6,libbyteorder-8f59b6d1bfdaa844,libserde-7b764bc0ba2ada0b,libserde_core-9c6a4a1faf3c1a34,libanyhow-9e4c44ac98d8e4ea}.rlib" "<sysroot>/lib/rustlib/x86_64-unknown-linux-gnu/lib/{libstd-*,libpanic_unwind-*,libobject-*,libmemchr-*,libaddr2line-*,libgimli-*,libcfg_if-*,librustc_demangle-*,libstd_detect-*,libhashbrown-*,librustc_std_workspace_alloc-*,libminiz_oxide-*,libadler2-*,libunwind-*,liblibc-*,librustc_std_workspace_core-*,liballoc-*,libcore-*,libcompiler_builtins-*}.rlib" "-Wl,-Bdynamic" "-lgcc_s" "-lutil" "-lrt" "-lpthread" "-lm" "-ldl" "-lc" "-L" "/opt/rustwide/target/debug/deps/rustcQF6Q8M/raw-dylibs" "-B<sysroot>/lib/rustlib/x86_64-unknown-linux-gnu/bin/gcc-ld" "-fuse-ld=lld" "-Wl,--eh-frame-hdr" "-Wl,-z,noexecstack" "-L" "/opt/rustwide/target/debug/build/aws-lc-sys-51cdf1d9cdcaff28/out" "-L" "/opt/rustwide/target/debug/build/zstd-sys-bd4c897aec6a2bf4/out" "-L" "<sysroot>/lib/rustlib/x86_64-unknown-linux-gnu/lib" "-o" "/opt/rustwide/target/debug/deps/bench_get_path-ed303dc0e3289e68" "-Wl,--gc-sections" "-pie" "-Wl,-z,relro,-z,now" "-nodefaultlibs"
[INFO] [stdout]   = note: some arguments are omitted. use `--verbose` to show all linker arguments
[INFO] [stdout]   = note: collect2: fatal error: ld terminated with signal 9 [Killed]
[INFO] [stdout]           compilation terminated.
[INFO] [stdout]           
[INFO] [stdout] 
[INFO] [stdout] 
[INFO] [stderr] error: could not compile `dragon` (bin "bench_get_path") due to 1 previous error
[INFO] [stdout] error: linking with `cc` failed: exit status: 1
[INFO] [stdout]   |
[INFO] [stdout]   = note:  "cc" "-m64" "/opt/rustwide/target/debug/deps/rustctcUa6Q/symbols.o" "<2 object files omitted>" "-Wl,--as-needed" "-Wl,-Bstatic" "/opt/rustwide/target/debug/deps/{libenv_logger-68ab69083c9414dc,libjiff-399991df1e8ac102,libanstream-14b271bd294f0187,libanstyle_query-635080b1d6343734,libis_terminal_polyfill-3ca4268cb2568267,libcolorchoice-33c0bd1745dd5ace,libanstyle_parse-88399b635fc44f8e,libutf8parse-92d0158219063202,libenv_filter-efbc2c1ece8014ac,libanstyle-9beaeb754742faae,libtempfile-56efbd795cb10146,libfastrand-ff1ca5fd13344b52,librustix-2186f077589ce598,liblinux_raw_sys-0b6cde911e9a3109}.rlib" "<sysroot>/lib/rustlib/x86_64-unknown-linux-gnu/lib/{libtest-*,libgetopts-*,librustc_std_workspace_std-*}.rlib" "/opt/rustwide/target/debug/deps/{libdragon-f538785485a393e8,libflate2-84acb1666c285b0c,libminiz_oxide-6d5382b540dd717a,libsimd_adler32-7babdb89f91b6742,libcrc32fast-77160f4e25d6fc25,libreqwest-cfe4a38153bd7573,librustls_platform_verifier-ec00070accda658f,librustls_native_certs-3469d38d03512d26,libopenssl_probe-6b1b371432012237,libhyper_rustls-cf3660a0cd346d9f,libtokio_rustls-4d3f81d03b284cb9,librustls-bbed6e27172d94cb,libsubtle-2ae6a7038b9a0630,libwebpki-44e404eb997ce659,libuntrusted-b2f816886faf2178,libaws_lc_rs-5127ea2122b5baac,libaws_lc_sys-8f142b86f7d30e1f,librustls_pki_types-fc5637970849fdde,libzeroize-7f213bea776ca5b6,libmime-0188e0814ca7ddbf,libencoding_rs-c7a67ac351c2b19f,libtower_http-97d2d8f9ed58860f,libbitflags-19bd3a07fb167555,libtower-084c9a295fdb7b40,libtower_layer-d908dd771b239ecd,libhyper_util-ca743e3bedd22801,libipnet-61ca7a5e1c2863d4,libtower_service-3fb88d28c2218805,libhyper-52c459290eb5a858,libwant-7a6260b9c50f1479,libtry_lock-8fa2f6971035be84,libhttparse-8c9b827b8f345444,libh2-1bb9bde54ca47afb,libtracing-8891879938231fdd,libtracing_core-89b602bc4a7d7f8a,libonce_cell-b5bdc597ed9676b3,libfnv-79e2cbfbe03dcd16,libtokio_util-910a4cdf8894e242,libatomic_waker-06950c8c08d2b8fa,libtokio-29217c1804f25956,libsocket2-e14689307aa742b6,libmio-b36602f137b91cf8,libhttp_body_util-4c062f446893de2a,libhttp_body-7456ed1522344ebf,libfutures_util-11045934aa1f092f,libfutures_io-a8805bd12b2ab705,libslab-0582d648e59ab406,libfutures_channel-04b287164a72dbf0,libpin_project_lite-0a15d51c77964692,libfutures_sink-3971bde37bb30e19,libfutures_task-36f327cfab86eddc,liburl-604cfdf3d8c58e7b,libidna-df6053b38c6bb4d5,libidna_adapter-589f8dac832396a9,libicu_properties-ec6289b42539aff9,libicu_properties_data-e6cf238fc98dd59d,libicu_normalizer-de95e3e71b680b9f,libicu_normalizer_data-8fea05bee0bb4e49,libicu_collections-b30a0c5b23d3a9c1,libutf8_iter-51566bbad89f3a68,libpotential_utf-0c3d767a9fda37b1,libicu_provider-934117bcef62158a,libicu_locale_core-4b321a80321ce1b6,libtinystr-d02a5ec8458ffbfd,liblitemap-dc288f07f8f61193,libwriteable-48b3e52227924bb5,libzerovec-64453c2b57e04116,libzerotrie-86867832a79bbcc7,libyoke-477b98923d9496a9,libstable_deref_trait-63cbf3f3d3f94e56,libzerofrom-aa2bed5d30bbc07f,libform_urlencoded-98cc7da289c29f13,libpercent_encoding-fa055ecaa1e57cfa,libhttp-c02de8dcf5641f93,libsync_wrapper-6bdfbc29c4269203,libfutures_core-1121ff913ed87f93,liblz4_flex-b118d703de0399c1,libtwox_hash-c9d9f93d232d2481,libbincode-9ee04eaf7cedf09e,liblib-f203996061dfbdd8,libstrum-1c4e15504d531528,libzarrs-06a11a5b5f679b41,libcrc32c-38c6383ae80b47f1,liblog-b262261d47bd2eba,librayon_iter_concurrent_limit-e5569a8b4af4e7c9,libzarrs_filesystem-c70106df17b0470f,libpathdiff-3903ede7ad100cac,libpage_size-4f60231f038a9271,libpositioned_io-04fe71aad75e759d,libwalkdir-7cc6f300a6f0bf06,libsame_file-ff49545450c0b63c,libbase64-32787b0325ea6df8,libzstd-2a5fb3b27ed2e7ed,libzstd_safe-5a96cae6c116a78d,libzstd_sys-c3999f7021bf74bc,libthread_local-b4f6fe44d641c0b1,libmoka-8292cd4834e3027f,libportable_atomic-b2c3e87a13df7d23,libtagptr-17baaf534c9c3f80,libuuid-22f769c641479344,libgetrandom-97c74ae77623c86a,libparking_lot-7bec6f8429b54bf1,libparking_lot_core-0302617a03f84137,libsmallvec-bc3128fdd57228fc,liblock_api-16d46fed645f7bff,libscopeguard-7ec2214574194454,libcrossbeam_channel-c975edaf87631b25,liblru-0737556c9484edfa,libzarrs_chunk_key_encoding-df86c4de66633922,libzarrs_metadata_ext-f9f4a03281fe0475,libzarrs_codec-a7287cd6390e951a,libzarrs_storage-c206974bafda7238,libunsafe_cell_slice-bdc6892a058649c1,libbytes-2ed9460101f17bbf,libzarrs_data_type-d1c335ec375eee1c,libnum-87af09b09298b11c,libnum_iter-3f1bb01decdfb6df,libnum_rational-c1ee3bcbcf08f20a,libnum_complex-8f5f7f91428a61cf,libnum_bigint-c9c088309f86031b,libnum_integer-dcae6c15256b2175,libnum_traits-5f5f7eaedd5abb87,libzarrs_chunk_grid-0d82ac23eb6f40a6,libinventory-4db84d261fa45ba5,libtinyvec-aaac35e3e185f648,libtinyvec_macros-7b77ea21c73594ca,libzarrs_plugin-81b0cddebf22f18c,libregex-ec2dc9d409c38a88,libregex_automata-bf751438404198b1,libaho_corasick-fa94425a423a79cf,libregex_syntax-6d6ee545e2ffad72,librayon-5b5b138d2f0c6a46,librayon_core-3758773107958d4b,libcrossbeam_deque-be5f647d9b7cfb41,libcrossbeam_epoch-2c19d130e745537c,libcrossbeam_utils-f696a08ab1e94e7a,libzarrs_metadata-100c62b169183d60,libmonostate-df9d1a5d30410511,libserde_json-f14b9f6abcd2dffd,libmemchr-5cfa70d22cb32987,libzmij-ef63f1da73704b4c,libitoa-5de11b3b23bfe572,libindexmap-41b416463496607a,libhashbrown-63a892cc2d36a2f0,libequivalent-6a754676e6af62ae,liballocator_api2-8d9c1e895dea53bd,libfoldhash-3b780c428974a407,libhalf-8572a1d3eabcc1a3,libcfg_if-83060ec5685761ae,libzerocopy-3b1bd0d47c66d3d5,libderive_more-bb36a6a357a1ccf6,libthiserror-5e90adc18491a337,libitertools-ab9447b3f188acc5,libeither-e5ea87bd27ac73a9,libmemmap2-f5b686c5f3cef5f8,liblibc-3394320f0eefe0b4,libroaring-5858703fda8f884e,libbytemuck-6fd812ff0584b7a6,libbyteorder-8f59b6d1bfdaa844,libanyhow-9e4c44ac98d8e4ea,libserde-7b764bc0ba2ada0b,libserde_core-9c6a4a1faf3c1a34}.rlib" "<sysroot>/lib/rustlib/x86_64-unknown-linux-gnu/lib/{libstd-*,libpanic_unwind-*,libobject-*,libmemchr-*,libaddr2line-*,libgimli-*,libcfg_if-*,librustc_demangle-*,libstd_detect-*,libhashbrown-*,librustc_std_workspace_alloc-*,libminiz_oxide-*,libadler2-*,libunwind-*,liblibc-*,librustc_std_workspace_core-*,liballoc-*,libcore-*,libcompiler_builtins-*}.rlib" "-Wl,-Bdynamic" "-lgcc_s" "-lutil" "-lrt" "-lpthread" "-lm" "-ldl" "-lc" "-L" "/opt/rustwide/target/debug/deps/rustctcUa6Q/raw-dylibs" "-B<sysroot>/lib/rustlib/x86_64-unknown-linux-gnu/bin/gcc-ld" "-fuse-ld=lld" "-Wl,--eh-frame-hdr" "-Wl,-z,noexecstack" "-L" "/opt/rustwide/target/debug/build/aws-lc-sys-51cdf1d9cdcaff28/out" "-L" "/opt/rustwide/target/debug/build/zstd-sys-bd4c897aec6a2bf4/out" "-L" "<sysroot>/lib/rustlib/x86_64-unknown-linux-gnu/lib" "-o" "/opt/rustwide/target/debug/deps/integration_paths_v3-8e0c55b475000a3f" "-Wl,--gc-sections" "-pie" "-Wl,-z,relro,-z,now" "-nodefaultlibs"
[INFO] [stdout]   = note: some arguments are omitted. use `--verbose` to show all linker arguments
[INFO] [stdout]   = note: collect2: fatal error: ld terminated with signal 9 [Killed]
[INFO] [stdout]           compilation terminated.
[INFO] [stdout]           
[INFO] [stdout] 
[INFO] [stdout] 
[INFO] [stderr] error: could not compile `dragon` (test "integration_paths_v3") due to 1 previous error
[INFO] running `Command { std: "docker" "inspect" "66cbf36a56249b46fe9f7b432dcf4272a6362112b12f23632476a1a81fc9facd", kill_on_drop: false }`
[INFO] running `Command { std: "docker" "rm" "-f" "66cbf36a56249b46fe9f7b432dcf4272a6362112b12f23632476a1a81fc9facd", kill_on_drop: false }`
[INFO] [stdout] 66cbf36a56249b46fe9f7b432dcf4272a6362112b12f23632476a1a81fc9facd
