[INFO] cloning repository https://github.com/lannonbr/zellig-plugin-time-logger
[INFO] running `Command { std: "git" "-c" "credential.helper=" "-c" "credential.helper=/workspace/cargo-home/bin/git-credential-null" "clone" "--bare" "https://github.com/lannonbr/zellig-plugin-time-logger" "/workspace/cache/git-repos/https%3A%2F%2Fgithub.com%2Flannonbr%2Fzellig-plugin-time-logger", kill_on_drop: false }`
[INFO] [stderr] Cloning into bare repository '/workspace/cache/git-repos/https%3A%2F%2Fgithub.com%2Flannonbr%2Fzellig-plugin-time-logger'...
[INFO] running `Command { std: "git" "rev-parse" "HEAD", kill_on_drop: false }`
[INFO] [stdout] 40ff71f6801bf36e3d946dbc294239ead40cd0c7
[INFO] testing lannonbr/zellig-plugin-time-logger against 1.98.0-beta.1 for beta-1.98-2
[INFO] running `Command { std: "git" "clone" "/workspace/cache/git-repos/https%3A%2F%2Fgithub.com%2Flannonbr%2Fzellig-plugin-time-logger" "/workspace/builds/worker-3-tc2/source", kill_on_drop: false }`
[INFO] [stderr] Cloning into '/workspace/builds/worker-3-tc2/source'...
[INFO] [stderr] done.
[INFO] removed /workspace/builds/worker-3-tc2/source/.cargo/config.toml
[INFO] started tweaking git repo https://github.com/lannonbr/zellig-plugin-time-logger
[INFO] finished tweaking git repo https://github.com/lannonbr/zellig-plugin-time-logger
[INFO] tweaked toml for git repo https://github.com/lannonbr/zellig-plugin-time-logger written to /workspace/builds/worker-3-tc2/source/Cargo.toml
[INFO] validating manifest of git repo https://github.com/lannonbr/zellig-plugin-time-logger on toolchain 1.98.0-beta.1
[INFO] running `Command { std: CARGO_HOME="/workspace/cargo-home" RUSTUP_HOME="/workspace/rustup-home" "/workspace/cargo-home/bin/cargo" "+1.98.0-beta.1" "metadata" "--manifest-path" "Cargo.toml" "--no-deps", kill_on_drop: false }`
[INFO] crate git repo https://github.com/lannonbr/zellig-plugin-time-logger already has a lockfile, it will not be regenerated
[INFO] running `Command { std: CARGO_HOME="/workspace/cargo-home" RUSTUP_HOME="/workspace/rustup-home" "/workspace/cargo-home/bin/cargo" "+1.98.0-beta.1" "fetch" "--manifest-path" "Cargo.toml", kill_on_drop: false }`
[INFO] running `Command { std: "docker" "create" "-v" "/var/lib/crater-agent-workspace/builds/worker-3-tc2/source:/opt/rustwide/workdir:ro,Z" "-v" "/var/lib/crater-agent-workspace/builds/worker-3-tc2/target:/opt/rustwide/target:rw,Z" "-v" "/var/lib/crater-agent-workspace/cargo-home:/opt/rustwide/cargo-home:ro,Z" "-v" "/var/lib/crater-agent-workspace/rustup-home:/opt/rustwide/rustup-home:ro,Z" "-m" "1610612736" "--network" "none" "ghcr.io/rust-lang/crates-build-env/linux@sha256:3d5ced03c013a94a2f102a4510f48a6e9184255caf5fd8244f58017bde7f5210" "sleep" "infinity", kill_on_drop: false }`
[INFO] [stdout] b9526cf6966ad2368291ad5fb1b2d9e1e044cb28c6974e68b5fccd98e23525af
[INFO] running `Command { std: "docker" "start" "b9526cf6966ad2368291ad5fb1b2d9e1e044cb28c6974e68b5fccd98e23525af", kill_on_drop: false }`
[INFO] running `Command { std: "docker" "inspect" "b9526cf6966ad2368291ad5fb1b2d9e1e044cb28c6974e68b5fccd98e23525af", kill_on_drop: false }`
[INFO] running `Command { std: "docker" "exec" "-e" "SOURCE_DIR=/opt/rustwide/workdir" "-e" "CARGO_HOME=/opt/rustwide/cargo-home" "-e" "RUSTUP_HOME=/opt/rustwide/rustup-home" "-e" "CARGO_TARGET_DIR=/opt/rustwide/target" "-w" "/opt/rustwide/workdir" "--user" "0:0" "b9526cf6966ad2368291ad5fb1b2d9e1e044cb28c6974e68b5fccd98e23525af" "/opt/rustwide/cargo-home/bin/cargo" "+1.98.0-beta.1" "metadata" "--no-deps" "--format-version=1", kill_on_drop: false }`
[INFO] running `Command { std: "docker" "inspect" "b9526cf6966ad2368291ad5fb1b2d9e1e044cb28c6974e68b5fccd98e23525af", kill_on_drop: false }`
[INFO] running `Command { std: "docker" "exec" "-e" "SOURCE_DIR=/opt/rustwide/workdir" "-e" "CARGO_HOME=/opt/rustwide/cargo-home" "-e" "RUSTUP_HOME=/opt/rustwide/rustup-home" "-e" "CARGO_TARGET_DIR=/opt/rustwide/target" "-e" "CARGO_INCREMENTAL=0" "-e" "RUST_BACKTRACE=full" "-e" "RUSTFLAGS=--cap-lints=warn" "-e" "RUSTDOCFLAGS=--cap-lints=warn" "-w" "/opt/rustwide/workdir" "--user" "0:0" "b9526cf6966ad2368291ad5fb1b2d9e1e044cb28c6974e68b5fccd98e23525af" "/opt/rustwide/cargo-home/bin/cargo" "+1.98.0-beta.1" "build" "--frozen" "--message-format=json", kill_on_drop: false }`
[INFO] [stderr]    Compiling proc-macro2 v1.0.26
[INFO] [stderr]    Compiling syn v1.0.72
[INFO] [stderr]    Compiling serde_derive v1.0.125
[INFO] [stderr]    Compiling serde v1.0.125
[INFO] [stderr]    Compiling libc v0.2.94
[INFO] [stderr]    Compiling num-traits v0.2.14
[INFO] [stderr]    Compiling num-integer v0.1.44
[INFO] [stderr]    Compiling serde_json v1.0.64
[INFO] [stderr]    Compiling heck v0.3.2
[INFO] [stderr]    Compiling itoa v0.4.7
[INFO] [stderr]    Compiling strum v0.20.0
[INFO] [stderr]    Compiling quote v1.0.9
[INFO] [stderr]    Compiling time v0.1.44
[INFO] [stderr]    Compiling chrono v0.4.19
[INFO] [stderr]    Compiling strum_macros v0.20.1
[INFO] [stderr]    Compiling zellij-tile v0.7.0
[INFO] [stderr]    Compiling zellig-plugin-time-logger v0.1.0 (/opt/rustwide/workdir)
[INFO] [stdout] warning: unused variable: `sec`
[INFO] [stdout]   --> src/main.rs:23:26
[INFO] [stdout]    |
[INFO] [stdout] 23 |             Event::Timer(sec) => {
[INFO] [stdout]    |                          ^^^ help: if this is intentional, prefix it with an underscore: `_sec`
[INFO] [stdout]    |
[INFO] [stdout]    = note: `#[warn(unused_variables)]` (part of `#[warn(unused)]`) on by default
[INFO] [stdout] 
[INFO] [stdout] 
[INFO] [stdout] warning: unused variable: `rows`
[INFO] [stdout]   --> src/main.rs:40:26
[INFO] [stdout]    |
[INFO] [stdout] 40 |     fn render(&mut self, rows: usize, cols: usize) {
[INFO] [stdout]    |                          ^^^^ help: if this is intentional, prefix it with an underscore: `_rows`
[INFO] [stdout] 
[INFO] [stdout] 
[INFO] [stdout] warning: unused variable: `cols`
[INFO] [stdout]   --> src/main.rs:40:39
[INFO] [stdout]    |
[INFO] [stdout] 40 |     fn render(&mut self, rows: usize, cols: usize) {
[INFO] [stdout]    |                                       ^^^^ help: if this is intentional, prefix it with an underscore: `_cols`
[INFO] [stdout] 
[INFO] [stdout] 
[INFO] [stdout] error: linking with `cc` failed: exit status: 1
[INFO] [stdout]   |
[INFO] [stdout]   = note:  "cc" "-m64" "/opt/rustwide/target/debug/deps/rustcXxSAgh/symbols.o" "<4 object files omitted>" "-Wl,--as-needed" "-Wl,-Bstatic" "/opt/rustwide/target/debug/deps/{libzellij_tile-758856cd8ca5ecd8,libserde_json-d244b979d168e08b,libryu-59d9eff8a179efc0,libitoa-758fc92d5290c8b4,libstrum-31d41c16459e1227,libserde-f8ec3fa7104d5536,libchrono-e82f8a57c6227907,libnum_integer-82fc9b3e6ff487fc,libnum_traits-ca88f391a76ec78c,libtime-751462eb27269d2b,liblibc-c15ddc4810e56305}.rlib" "<sysroot>/lib/rustlib/x86_64-unknown-linux-gnu/lib/{libstd-*,libpanic_unwind-*,libobject-*,libmemchr-*,libaddr2line-*,libgimli-*,libcfg_if-*,librustc_demangle-*,libstd_detect-*,libhashbrown-*,librustc_std_workspace_alloc-*,libminiz_oxide-*,libadler2-*,libunwind-*,liblibc-*,librustc_std_workspace_core-*,liballoc-*,libcore-*,libcompiler_builtins-*}.rlib" "-Wl,-Bdynamic" "-lgcc_s" "-lutil" "-lrt" "-lpthread" "-lm" "-ldl" "-lc" "-L" "/opt/rustwide/target/debug/deps/rustcXxSAgh/raw-dylibs" "-B<sysroot>/lib/rustlib/x86_64-unknown-linux-gnu/bin/gcc-ld" "-fuse-ld=lld" "-Wl,--eh-frame-hdr" "-Wl,-z,noexecstack" "-L" "<sysroot>/lib/rustlib/x86_64-unknown-linux-gnu/lib" "-o" "/opt/rustwide/target/debug/deps/zellig_plugin_time_logger-0b34b8bd551987cc" "-Wl,--gc-sections" "-pie" "-Wl,-z,relro,-z,now" "-nodefaultlibs"
[INFO] [stdout]   = note: some arguments are omitted. use `--verbose` to show all linker arguments
[INFO] [stdout]   = note: rust-lld: error: undefined symbol: host_set_timeout
[INFO] [stdout]           >>> referenced by shim.rs:46 (src/shim.rs:46)
[INFO] [stdout]           >>>               zellij_tile-758856cd8ca5ecd8.zellij_tile.4fd23f00f7955574-cgu.0.rcgu.o:(zellij_tile::shim::set_timeout) in archive /opt/rustwide/target/debug/deps/libzellij_tile-758856cd8ca5ecd8.rlib
[INFO] [stdout]           
[INFO] [stdout]           rust-lld: error: undefined symbol: host_subscribe
[INFO] [stdout]           >>> referenced by shim.rs:10 (src/shim.rs:10)
[INFO] [stdout]           >>>               zellij_tile-758856cd8ca5ecd8.zellij_tile.4fd23f00f7955574-cgu.0.rcgu.o:(zellij_tile::shim::subscribe) in archive /opt/rustwide/target/debug/deps/libzellij_tile-758856cd8ca5ecd8.rlib
[INFO] [stdout]           collect2: error: ld returned 1 exit status
[INFO] [stdout]           
[INFO] [stdout] 
[INFO] [stdout] 
[INFO] [stderr] error: could not compile `zellig-plugin-time-logger` (bin "zellig-plugin-time-logger") due to 1 previous error; 3 warnings emitted
[INFO] running `Command { std: "docker" "inspect" "b9526cf6966ad2368291ad5fb1b2d9e1e044cb28c6974e68b5fccd98e23525af", kill_on_drop: false }`
[INFO] running `Command { std: "docker" "rm" "-f" "b9526cf6966ad2368291ad5fb1b2d9e1e044cb28c6974e68b5fccd98e23525af", kill_on_drop: false }`
[INFO] [stdout] b9526cf6966ad2368291ad5fb1b2d9e1e044cb28c6974e68b5fccd98e23525af
