[INFO] cloning repository https://github.com/kyoybs/rust_dylib
[INFO] running `Command { std: "git" "-c" "credential.helper=" "-c" "credential.helper=/workspace/cargo-home/bin/git-credential-null" "clone" "--bare" "https://github.com/kyoybs/rust_dylib" "/workspace/cache/git-repos/https%3A%2F%2Fgithub.com%2Fkyoybs%2Frust_dylib", kill_on_drop: false }`
[INFO] [stderr] Cloning into bare repository '/workspace/cache/git-repos/https%3A%2F%2Fgithub.com%2Fkyoybs%2Frust_dylib'...
[INFO] running `Command { std: "git" "rev-parse" "HEAD", kill_on_drop: false }`
[INFO] [stdout] af9dbc90e8a99e2d901edc0b4a4ab4b26ea7b144
[INFO] testing kyoybs/rust_dylib against 1.97.0-beta.6 for beta-1.98-2
[INFO] running `Command { std: "git" "clone" "/workspace/cache/git-repos/https%3A%2F%2Fgithub.com%2Fkyoybs%2Frust_dylib" "/workspace/builds/worker-7-tc1/source", kill_on_drop: false }`
[INFO] [stderr] Cloning into '/workspace/builds/worker-7-tc1/source'...
[INFO] [stderr] done.
[INFO] started tweaking git repo https://github.com/kyoybs/rust_dylib
[INFO] finished tweaking git repo https://github.com/kyoybs/rust_dylib
[INFO] tweaked toml for git repo https://github.com/kyoybs/rust_dylib written to /workspace/builds/worker-7-tc1/source/Cargo.toml
[INFO] validating manifest of git repo https://github.com/kyoybs/rust_dylib on toolchain 1.97.0-beta.6
[INFO] running `Command { std: CARGO_HOME="/workspace/cargo-home" RUSTUP_HOME="/workspace/rustup-home" "/workspace/cargo-home/bin/cargo" "+1.97.0-beta.6" "metadata" "--manifest-path" "Cargo.toml" "--no-deps", kill_on_drop: false }`
[INFO] crate git repo https://github.com/kyoybs/rust_dylib already has a lockfile, it will not be regenerated
[INFO] running `Command { std: CARGO_HOME="/workspace/cargo-home" RUSTUP_HOME="/workspace/rustup-home" "/workspace/cargo-home/bin/cargo" "+1.97.0-beta.6" "fetch" "--manifest-path" "Cargo.toml", kill_on_drop: false }`
[INFO] [stderr]     Updating crates.io index
[INFO] [stderr]  Downloading crates ...
[INFO] [stderr]   Downloaded rust_dylib v0.1.0
[INFO] running `Command { std: "docker" "create" "-v" "/var/lib/crater-agent-workspace/builds/worker-7-tc1/source:/opt/rustwide/workdir:ro,Z" "-v" "/var/lib/crater-agent-workspace/builds/worker-7-tc1/target:/opt/rustwide/target:rw,Z" "-v" "/var/lib/crater-agent-workspace/cargo-home:/opt/rustwide/cargo-home:ro,Z" "-v" "/var/lib/crater-agent-workspace/rustup-home:/opt/rustwide/rustup-home:ro,Z" "-m" "1610612736" "--network" "none" "ghcr.io/rust-lang/crates-build-env/linux@sha256:3d5ced03c013a94a2f102a4510f48a6e9184255caf5fd8244f58017bde7f5210" "sleep" "infinity", kill_on_drop: false }`
[INFO] [stdout] 01cea61a8f8f32ba50f3f9e4e32a751399f5c5e9035dd305ced3652997e4c5d4
[INFO] running `Command { std: "docker" "start" "01cea61a8f8f32ba50f3f9e4e32a751399f5c5e9035dd305ced3652997e4c5d4", kill_on_drop: false }`
[INFO] running `Command { std: "docker" "inspect" "01cea61a8f8f32ba50f3f9e4e32a751399f5c5e9035dd305ced3652997e4c5d4", kill_on_drop: false }`
[INFO] running `Command { std: "docker" "exec" "-e" "SOURCE_DIR=/opt/rustwide/workdir" "-e" "CARGO_HOME=/opt/rustwide/cargo-home" "-e" "RUSTUP_HOME=/opt/rustwide/rustup-home" "-e" "CARGO_TARGET_DIR=/opt/rustwide/target" "-w" "/opt/rustwide/workdir" "--user" "0:0" "01cea61a8f8f32ba50f3f9e4e32a751399f5c5e9035dd305ced3652997e4c5d4" "/opt/rustwide/cargo-home/bin/cargo" "+1.97.0-beta.6" "metadata" "--no-deps" "--format-version=1", kill_on_drop: false }`
[INFO] running `Command { std: "docker" "inspect" "01cea61a8f8f32ba50f3f9e4e32a751399f5c5e9035dd305ced3652997e4c5d4", kill_on_drop: false }`
[INFO] running `Command { std: "docker" "exec" "-e" "SOURCE_DIR=/opt/rustwide/workdir" "-e" "CARGO_HOME=/opt/rustwide/cargo-home" "-e" "RUSTUP_HOME=/opt/rustwide/rustup-home" "-e" "CARGO_TARGET_DIR=/opt/rustwide/target" "-e" "CARGO_INCREMENTAL=0" "-e" "RUST_BACKTRACE=full" "-e" "RUSTFLAGS=--cap-lints=warn" "-e" "RUSTDOCFLAGS=--cap-lints=warn" "-w" "/opt/rustwide/workdir" "--user" "0:0" "01cea61a8f8f32ba50f3f9e4e32a751399f5c5e9035dd305ced3652997e4c5d4" "/opt/rustwide/cargo-home/bin/cargo" "+1.97.0-beta.6" "build" "--frozen" "--message-format=json", kill_on_drop: false }`
[INFO] [stderr]    Compiling rust_dylib_demo v0.1.0 (/opt/rustwide/workdir/rust_dylib_demo)
[INFO] [stderr]    Compiling my_lib v0.1.0 (/opt/rustwide/workdir/my_lib)
[INFO] [stderr]    Compiling syn v2.0.117
[INFO] [stderr]    Compiling rust_dylib v0.1.0
[INFO] [stderr]    Compiling rust_dylib v0.1.0 (/opt/rustwide/workdir/rust_dylib)
[INFO] [stderr]     Finished `dev` profile [unoptimized + debuginfo] target(s) in 5.83s
[INFO] running `Command { std: "docker" "inspect" "01cea61a8f8f32ba50f3f9e4e32a751399f5c5e9035dd305ced3652997e4c5d4", kill_on_drop: false }`
[INFO] running `Command { std: "docker" "exec" "-e" "SOURCE_DIR=/opt/rustwide/workdir" "-e" "CARGO_HOME=/opt/rustwide/cargo-home" "-e" "RUSTUP_HOME=/opt/rustwide/rustup-home" "-e" "CARGO_TARGET_DIR=/opt/rustwide/target" "-e" "CARGO_INCREMENTAL=0" "-e" "RUST_BACKTRACE=full" "-e" "RUSTFLAGS=--cap-lints=warn" "-e" "RUSTDOCFLAGS=--cap-lints=warn" "-w" "/opt/rustwide/workdir" "--user" "0:0" "01cea61a8f8f32ba50f3f9e4e32a751399f5c5e9035dd305ced3652997e4c5d4" "/opt/rustwide/cargo-home/bin/cargo" "+1.97.0-beta.6" "test" "--frozen" "--no-run" "--message-format=json", kill_on_drop: false }`
[INFO] [stderr]    Compiling my_lib v0.1.0 (/opt/rustwide/workdir/my_lib)
[INFO] [stderr]    Compiling rust_dylib_demo v0.1.0 (/opt/rustwide/workdir/rust_dylib_demo)
[INFO] [stderr]    Compiling rust_dylib v0.1.0 (/opt/rustwide/workdir/rust_dylib)
[INFO] [stderr]    Compiling rust_dylib v0.1.0
[INFO] [stdout] error[E0432]: unresolved import `platform`
[INFO] [stdout]  --> rust_dylib/tests/fallible.rs:1:5
[INFO] [stdout]   |
[INFO] [stdout] 1 | use platform::*;
[INFO] [stdout]   |     ^^^^^^^^ use of unresolved module or unlinked crate `platform`
[INFO] [stdout]   |
[INFO] [stdout]   = help: if you wanted to use a crate named `platform`, use `cargo add platform` to add it to your `Cargo.toml`
[INFO] [stdout] 
[INFO] [stdout] 
[INFO] [stdout] error[E0432]: unresolved import `windows_dll`
[INFO] [stdout]  --> rust_dylib/tests/fallible.rs:2:5
[INFO] [stdout]   |
[INFO] [stdout] 2 | use windows_dll::dll;
[INFO] [stdout]   |     ^^^^^^^^^^^ use of unresolved module or unlinked crate `windows_dll`
[INFO] [stdout]   |
[INFO] [stdout]   = help: if you wanted to use a crate named `windows_dll`, use `cargo add windows_dll` to add it to your `Cargo.toml`
[INFO] [stdout] 
[INFO] [stdout] 
[INFO] [stdout] error[E0432]: unresolved import `minifb`
[INFO] [stdout]  --> rust_dylib/examples/dark_mode.rs:2:5
[INFO] [stdout]   |
[INFO] [stdout] 2 | use minifb::{Key, Window, WindowOptions};
[INFO] [stdout]   |     ^^^^^^ use of unresolved module or unlinked crate `minifb`
[INFO] [stdout]   |
[INFO] [stdout]   = help: if you wanted to use a crate named `minifb`, use `cargo add minifb` to add it to your `Cargo.toml`
[INFO] [stdout] 
[INFO] [stdout] 
[INFO] [stdout] error[E0432]: unresolved import `windows_dll`
[INFO] [stdout]  --> rust_dylib/examples/dark_mode.rs:4:5
[INFO] [stdout]   |
[INFO] [stdout] 4 | use windows_dll::dll;
[INFO] [stdout]   |     ^^^^^^^^^^^ use of unresolved module or unlinked crate `windows_dll`
[INFO] [stdout]   |
[INFO] [stdout]   = help: if you wanted to use a crate named `windows_dll`, use `cargo add windows_dll` to add it to your `Cargo.toml`
[INFO] [stdout] 
[INFO] [stdout] 
[INFO] [stdout] error[E0432]: unresolved import `platform`
[INFO] [stdout]   --> rust_dylib/examples/dark_mode.rs:36:5
[INFO] [stdout]    |
[INFO] [stdout] 36 | use platform::dark_dwm_decorations;
[INFO] [stdout]    |     ^^^^^^^^ use of unresolved module or unlinked crate `platform`
[INFO] [stdout]    |
[INFO] [stdout]    = help: if you wanted to use a crate named `platform`, use `cargo add platform` to add it to your `Cargo.toml`
[INFO] [stdout] 
[INFO] [stdout] 
[INFO] [stdout] warning: unexpected `cfg` condition value: `winapi`
[INFO] [stdout]   --> rust_dylib/examples/dark_mode.rs:38:7
[INFO] [stdout]    |
[INFO] [stdout] 38 | #[cfg(feature = "winapi")]
[INFO] [stdout]    |       ^^^^^^^^^^^^^^^^^^ help: remove the condition
[INFO] [stdout]    |
[INFO] [stdout]    = note: no expected values for `feature`
[INFO] [stdout]    = help: consider adding `winapi` as a feature in `Cargo.toml`
[INFO] [stdout]    = note: see <https://doc.rust-lang.org/nightly/rustc/check-cfg/cargo-specifics.html> for more information about checking conditional configuration
[INFO] [stdout]    = note: `#[warn(unexpected_cfgs)]` on by default
[INFO] [stdout] 
[INFO] [stdout] 
[INFO] [stdout] warning: unexpected `cfg` condition value: `windows`
[INFO] [stdout]    --> rust_dylib/examples/dark_mode.rs:138:7
[INFO] [stdout]     |
[INFO] [stdout] 138 | #[cfg(feature = "windows")]
[INFO] [stdout]     |       ^^^^^^^^^^^^^^^^^^^ help: remove the condition
[INFO] [stdout]     |
[INFO] [stdout]     = note: no expected values for `feature`
[INFO] [stdout]     = help: consider adding `windows` as a feature in `Cargo.toml`
[INFO] [stdout]     = note: see <https://doc.rust-lang.org/nightly/rustc/check-cfg/cargo-specifics.html> for more information about checking conditional configuration
[INFO] [stdout] 
[INFO] [stdout] 
[INFO] [stdout] warning: unused imports: `ffi::c_void` and `mem`
[INFO] [stdout]  --> rust_dylib/examples/dark_mode.rs:1:12
[INFO] [stdout]   |
[INFO] [stdout] 1 | use core::{ffi::c_void, mem};
[INFO] [stdout]   |            ^^^^^^^^^^^  ^^^
[INFO] [stdout]   |
[INFO] [stdout]   = note: `#[warn(unused_imports)]` (part of `#[warn(unused)]`) on by default
[INFO] [stdout] 
[INFO] [stdout] 
[INFO] [stdout] warning: unused import: `once_cell::sync::Lazy`
[INFO] [stdout]  --> rust_dylib/examples/dark_mode.rs:3:5
[INFO] [stdout]   |
[INFO] [stdout] 3 | use once_cell::sync::Lazy;
[INFO] [stdout]   |     ^^^^^^^^^^^^^^^^^^^^^
[INFO] [stdout] 
[INFO] [stdout] 
[INFO] [stdout] error: cannot find attribute `fallible` in this scope
[INFO] [stdout]  --> rust_dylib/tests/fallible.rs:9:11
[INFO] [stdout]   |
[INFO] [stdout] 9 |         #[fallible]
[INFO] [stdout]   |           ^^^^^^^^
[INFO] [stdout] 
[INFO] [stdout] 
[INFO] [stdout] For more information about this error, try `rustc --explain E0432`.
[INFO] [stdout] 
[INFO] [stdout] warning: unexpected `cfg` condition value: `winapi`
[INFO] [stdout]   --> rust_dylib/tests/fallible.rs:28:7
[INFO] [stdout]    |
[INFO] [stdout] 28 | #[cfg(feature = "winapi")]
[INFO] [stdout]    |       ^^^^^^^^^^^^^^^^^^ help: remove the condition
[INFO] [stdout]    |
[INFO] [stdout]    = note: no expected values for `feature`
[INFO] [stdout]    = help: consider adding `winapi` as a feature in `Cargo.toml`
[INFO] [stdout]    = note: see <https://doc.rust-lang.org/nightly/rustc/check-cfg/cargo-specifics.html> for more information about checking conditional configuration
[INFO] [stdout]    = note: `#[warn(unexpected_cfgs)]` on by default
[INFO] [stdout] 
[INFO] [stdout] 
[INFO] [stderr] error: could not compile `rust_dylib` (example "dark_mode") due to 3 previous errors; 4 warnings emitted
[INFO] [stderr] warning: build failed, waiting for other jobs to finish...
[INFO] [stdout] warning: unexpected `cfg` condition value: `windows`
[INFO] [stdout]   --> rust_dylib/tests/fallible.rs:33:7
[INFO] [stdout]    |
[INFO] [stdout] 33 | #[cfg(feature = "windows")]
[INFO] [stdout]    |       ^^^^^^^^^^^^^^^^^^^ help: remove the condition
[INFO] [stdout]    |
[INFO] [stdout]    = note: no expected values for `feature`
[INFO] [stdout]    = help: consider adding `windows` as a feature in `Cargo.toml`
[INFO] [stdout]    = note: see <https://doc.rust-lang.org/nightly/rustc/check-cfg/cargo-specifics.html> for more information about checking conditional configuration
[INFO] [stdout] 
[INFO] [stdout] 
[INFO] [stdout] error[E0432]: unresolved import `platform`
[INFO] [stdout]  --> rust_dylib/tests/link_name.rs:1:5
[INFO] [stdout]   |
[INFO] [stdout] 1 | use platform::*;
[INFO] [stdout]   |     ^^^^^^^^ use of unresolved module or unlinked crate `platform`
[INFO] [stdout]   |
[INFO] [stdout]   = help: if you wanted to use a crate named `platform`, use `cargo add platform` to add it to your `Cargo.toml`
[INFO] [stdout] 
[INFO] [stdout] 
[INFO] [stdout] error[E0432]: unresolved import `windows_dll`
[INFO] [stdout]  --> rust_dylib/tests/link_name.rs:2:5
[INFO] [stdout]   |
[INFO] [stdout] 2 | use windows_dll::dll;
[INFO] [stdout]   |     ^^^^^^^^^^^ use of unresolved module or unlinked crate `windows_dll`
[INFO] [stdout]   |
[INFO] [stdout]   = help: if you wanted to use a crate named `windows_dll`, use `cargo add windows_dll` to add it to your `Cargo.toml`
[INFO] [stdout] 
[INFO] [stdout] 
[INFO] [stdout] warning: unexpected `cfg` condition value: `winapi`
[INFO] [stdout]   --> rust_dylib/tests/link_name.rs:27:7
[INFO] [stdout]    |
[INFO] [stdout] 27 | #[cfg(feature = "winapi")]
[INFO] [stdout]    |       ^^^^^^^^^^^^^^^^^^ help: remove the condition
[INFO] [stdout]    |
[INFO] [stdout]    = note: no expected values for `feature`
[INFO] [stdout]    = help: consider adding `winapi` as a feature in `Cargo.toml`
[INFO] [stdout]    = note: see <https://doc.rust-lang.org/nightly/rustc/check-cfg/cargo-specifics.html> for more information about checking conditional configuration
[INFO] [stdout]    = note: `#[warn(unexpected_cfgs)]` on by default
[INFO] [stdout] 
[INFO] [stdout] 
[INFO] [stdout] warning: unexpected `cfg` condition value: `windows`
[INFO] [stdout]   --> rust_dylib/tests/link_name.rs:32:7
[INFO] [stdout]    |
[INFO] [stdout] 32 | #[cfg(feature = "windows")]
[INFO] [stdout]    |       ^^^^^^^^^^^^^^^^^^^ help: remove the condition
[INFO] [stdout]    |
[INFO] [stdout]    = note: no expected values for `feature`
[INFO] [stdout]    = help: consider adding `windows` as a feature in `Cargo.toml`
[INFO] [stdout]    = note: see <https://doc.rust-lang.org/nightly/rustc/check-cfg/cargo-specifics.html> for more information about checking conditional configuration
[INFO] [stdout] 
[INFO] [stdout] 
[INFO] [stdout] For more information about this error, try `rustc --explain E0432`.
[INFO] [stdout] 
[INFO] [stdout] For more information about this error, try `rustc --explain E0432`.
[INFO] [stdout] 
[INFO] [stdout] error[E0432]: unresolved import `platform`
[INFO] [stdout]  --> rust_dylib/tests/fn_name.rs:1:5
[INFO] [stdout]   |
[INFO] [stdout] 1 | use platform::*;
[INFO] [stdout]   |     ^^^^^^^^ use of unresolved module or unlinked crate `platform`
[INFO] [stdout]   |
[INFO] [stdout]   = help: if you wanted to use a crate named `platform`, use `cargo add platform` to add it to your `Cargo.toml`
[INFO] [stdout] 
[INFO] [stdout] 
[INFO] [stdout] error[E0432]: unresolved import `windows_dll`
[INFO] [stdout]  --> rust_dylib/tests/fn_name.rs:2:5
[INFO] [stdout]   |
[INFO] [stdout] 2 | use windows_dll::dll;
[INFO] [stdout]   |     ^^^^^^^^^^^ use of unresolved module or unlinked crate `windows_dll`
[INFO] [stdout]   |
[INFO] [stdout]   = help: if you wanted to use a crate named `windows_dll`, use `cargo add windows_dll` to add it to your `Cargo.toml`
[INFO] [stdout] 
[INFO] [stdout] 
[INFO] [stderr] error: could not compile `rust_dylib` (test "fallible") due to 3 previous errors; 2 warnings emitted
[INFO] [stderr] error: could not compile `rust_dylib` (test "link_name") due to 2 previous errors; 2 warnings emitted
[INFO] [stdout] error[E0432]: unresolved import `platform`
[INFO] [stdout]  --> rust_dylib/tests/link_ordinal.rs:1:5
[INFO] [stdout]   |
[INFO] [stdout] 1 | use platform::*;
[INFO] [stdout]   |     ^^^^^^^^ use of unresolved module or unlinked crate `platform`
[INFO] [stdout]   |
[INFO] [stdout]   = help: if you wanted to use a crate named `platform`, use `cargo add platform` to add it to your `Cargo.toml`
[INFO] [stdout] 
[INFO] [stdout] 
[INFO] [stdout] error[E0432]: unresolved import `windows_dll`
[INFO] [stdout]  --> rust_dylib/tests/link_ordinal.rs:2:5
[INFO] [stdout]   |
[INFO] [stdout] 2 | use windows_dll::dll;
[INFO] [stdout]   |     ^^^^^^^^^^^ use of unresolved module or unlinked crate `windows_dll`
[INFO] [stdout]   |
[INFO] [stdout]   = help: if you wanted to use a crate named `windows_dll`, use `cargo add windows_dll` to add it to your `Cargo.toml`
[INFO] [stdout] 
[INFO] [stdout] 
[INFO] [stdout] error[E0432]: unresolved import `platform`
[INFO] [stdout]  --> rust_dylib/tests/loadlibraryex_flags.rs:1:5
[INFO] [stdout]   |
[INFO] [stdout] 1 | use platform::*;
[INFO] [stdout]   |     ^^^^^^^^ use of unresolved module or unlinked crate `platform`
[INFO] [stdout]   |
[INFO] [stdout]   = help: if you wanted to use a crate named `platform`, use `cargo add platform` to add it to your `Cargo.toml`
[INFO] [stdout] 
[INFO] [stdout] 
[INFO] [stdout] error[E0433]: cannot find module or crate `windows_dll` in this scope
[INFO] [stdout]  --> rust_dylib/tests/loadlibraryex_flags.rs:2:5
[INFO] [stdout]   |
[INFO] [stdout] 2 | use windows_dll::{dll, flags::*};
[INFO] [stdout]   |     ^^^^^^^^^^^ use of unresolved module or unlinked crate `windows_dll`
[INFO] [stdout]   |
[INFO] [stdout]   = help: if you wanted to use a crate named `windows_dll`, use `cargo add windows_dll` to add it to your `Cargo.toml`
[INFO] [stdout] 
[INFO] [stdout] 
[INFO] [stdout] error[E0432]: unresolved import `windows_dll`
[INFO] [stdout]  --> rust_dylib/tests/loadlibraryex_flags.rs:2:5
[INFO] [stdout]   |
[INFO] [stdout] 2 | use windows_dll::{dll, flags::*};
[INFO] [stdout]   |     ^^^^^^^^^^^ use of unresolved module or unlinked crate `windows_dll`
[INFO] [stdout]   |
[INFO] [stdout]   = help: if you wanted to use a crate named `windows_dll`, use `cargo add windows_dll` to add it to your `Cargo.toml`
[INFO] [stdout] 
[INFO] [stdout] 
[INFO] [stdout] warning: unexpected `cfg` condition value: `winapi`
[INFO] [stdout]   --> rust_dylib/tests/fn_name.rs:27:7
[INFO] [stdout]    |
[INFO] [stdout] 27 | #[cfg(feature = "winapi")]
[INFO] [stdout]    |       ^^^^^^^^^^^^^^^^^^ help: remove the condition
[INFO] [stdout]    |
[INFO] [stdout]    = note: no expected values for `feature`
[INFO] [stdout]    = help: consider adding `winapi` as a feature in `Cargo.toml`
[INFO] [stdout]    = note: see <https://doc.rust-lang.org/nightly/rustc/check-cfg/cargo-specifics.html> for more information about checking conditional configuration
[INFO] [stdout]    = note: `#[warn(unexpected_cfgs)]` on by default
[INFO] [stdout] 
[INFO] [stdout] 
[INFO] [stdout] warning: unexpected `cfg` condition value: `windows`
[INFO] [stdout]   --> rust_dylib/tests/fn_name.rs:32:7
[INFO] [stdout]    |
[INFO] [stdout] 32 | #[cfg(feature = "windows")]
[INFO] [stdout]    |       ^^^^^^^^^^^^^^^^^^^ help: remove the condition
[INFO] [stdout]    |
[INFO] [stdout]    = note: no expected values for `feature`
[INFO] [stdout]    = help: consider adding `windows` as a feature in `Cargo.toml`
[INFO] [stdout]    = note: see <https://doc.rust-lang.org/nightly/rustc/check-cfg/cargo-specifics.html> for more information about checking conditional configuration
[INFO] [stdout] 
[INFO] [stdout] 
[INFO] [stdout] warning: unexpected `cfg` condition value: `winapi`
[INFO] [stdout]   --> rust_dylib/tests/link_ordinal.rs:22:7
[INFO] [stdout]    |
[INFO] [stdout] 22 | #[cfg(feature = "winapi")]
[INFO] [stdout]    |       ^^^^^^^^^^^^^^^^^^ help: remove the condition
[INFO] [stdout]    |
[INFO] [stdout]    = note: no expected values for `feature`
[INFO] [stdout]    = help: consider adding `winapi` as a feature in `Cargo.toml`
[INFO] [stdout]    = note: see <https://doc.rust-lang.org/nightly/rustc/check-cfg/cargo-specifics.html> for more information about checking conditional configuration
[INFO] [stdout]    = note: `#[warn(unexpected_cfgs)]` on by default
[INFO] [stdout] 
[INFO] [stdout] 
[INFO] [stdout] warning: unexpected `cfg` condition value: `windows`
[INFO] [stdout]   --> rust_dylib/tests/link_ordinal.rs:27:7
[INFO] [stdout]    |
[INFO] [stdout] 27 | #[cfg(feature = "windows")]
[INFO] [stdout]    |       ^^^^^^^^^^^^^^^^^^^ help: remove the condition
[INFO] [stdout]    |
[INFO] [stdout]    = note: no expected values for `feature`
[INFO] [stdout]    = help: consider adding `windows` as a feature in `Cargo.toml`
[INFO] [stdout]    = note: see <https://doc.rust-lang.org/nightly/rustc/check-cfg/cargo-specifics.html> for more information about checking conditional configuration
[INFO] [stdout] 
[INFO] [stdout] 
[INFO] [stdout] error[E0539]: malformed `link_ordinal` attribute input
[INFO] [stdout]  --> rust_dylib/tests/link_ordinal.rs:8:9
[INFO] [stdout]   |
[INFO] [stdout] 8 |         #[link_ordinal = 137]
[INFO] [stdout]   |         ^^^^^^^^^^^^^^^-----^
[INFO] [stdout]   |                        |
[INFO] [stdout]   |                        expected this to be a list
[INFO] [stdout]   |
[INFO] [stdout]   = note: for more information, visit <https://doc.rust-lang.org/reference/items/external-blocks.html#the-link_ordinal-attribute>
[INFO] [stdout] help: must be of the form
[INFO] [stdout]   |
[INFO] [stdout] 8 -         #[link_ordinal = 137]
[INFO] [stdout] 8 +         #[link_ordinal(ordinal)]
[INFO] [stdout]   |
[INFO] [stdout] 
[INFO] [stdout] 
[INFO] [stdout] error[E0539]: malformed `link_ordinal` attribute input
[INFO] [stdout]   --> rust_dylib/tests/link_ordinal.rs:17:9
[INFO] [stdout]    |
[INFO] [stdout] 17 |         #[link_ordinal = 133]
[INFO] [stdout]    |         ^^^^^^^^^^^^^^^-----^
[INFO] [stdout]    |                        |
[INFO] [stdout]    |                        expected this to be a list
[INFO] [stdout]    |
[INFO] [stdout]    = note: for more information, visit <https://doc.rust-lang.org/reference/items/external-blocks.html#the-link_ordinal-attribute>
[INFO] [stdout] help: must be of the form
[INFO] [stdout]    |
[INFO] [stdout] 17 -         #[link_ordinal = 133]
[INFO] [stdout] 17 +         #[link_ordinal(ordinal)]
[INFO] [stdout]    |
[INFO] [stdout] 
[INFO] [stdout] 
[INFO] [stdout] For more information about this error, try `rustc --explain E0432`.
[INFO] [stdout] 
[INFO] [stdout] Some errors have detailed explanations: E0432, E0539.
[INFO] [stdout] 
[INFO] [stdout] For more information about an error, try `rustc --explain E0432`.
[INFO] [stdout] 
[INFO] [stderr] error: could not compile `rust_dylib` (test "link_ordinal") due to 4 previous errors; 2 warnings emitted
[INFO] [stderr] error: could not compile `rust_dylib` (test "fn_name") due to 2 previous errors; 2 warnings emitted
[INFO] [stdout] warning: unexpected `cfg` condition value: `winapi`
[INFO] [stdout]   --> rust_dylib/tests/loadlibraryex_flags.rs:34:7
[INFO] [stdout]    |
[INFO] [stdout] 34 | #[cfg(feature = "winapi")]
[INFO] [stdout]    |       ^^^^^^^^^^^^^^^^^^ help: remove the condition
[INFO] [stdout]    |
[INFO] [stdout]    = note: no expected values for `feature`
[INFO] [stdout]    = help: consider adding `winapi` as a feature in `Cargo.toml`
[INFO] [stdout]    = note: see <https://doc.rust-lang.org/nightly/rustc/check-cfg/cargo-specifics.html> for more information about checking conditional configuration
[INFO] [stdout]    = note: `#[warn(unexpected_cfgs)]` on by default
[INFO] [stdout] 
[INFO] [stdout] 
[INFO] [stdout] warning: unexpected `cfg` condition value: `windows`
[INFO] [stdout]   --> rust_dylib/tests/loadlibraryex_flags.rs:42:7
[INFO] [stdout]    |
[INFO] [stdout] 42 | #[cfg(feature = "windows")]
[INFO] [stdout]    |       ^^^^^^^^^^^^^^^^^^^ help: remove the condition
[INFO] [stdout]    |
[INFO] [stdout]    = note: no expected values for `feature`
[INFO] [stdout]    = help: consider adding `windows` as a feature in `Cargo.toml`
[INFO] [stdout]    = note: see <https://doc.rust-lang.org/nightly/rustc/check-cfg/cargo-specifics.html> for more information about checking conditional configuration
[INFO] [stdout] 
[INFO] [stdout] 
[INFO] [stdout] error[E0432]: unresolved import `platform`
[INFO] [stdout]  --> rust_dylib/tests/error_size.rs:1:5
[INFO] [stdout]   |
[INFO] [stdout] 1 | use platform::*;
[INFO] [stdout]   |     ^^^^^^^^ use of unresolved module or unlinked crate `platform`
[INFO] [stdout]   |
[INFO] [stdout]   = help: if you wanted to use a crate named `platform`, use `cargo add platform` to add it to your `Cargo.toml`
[INFO] [stdout] 
[INFO] [stdout] 
[INFO] [stdout] error[E0432]: unresolved import `windows_dll`
[INFO] [stdout]  --> rust_dylib/tests/error_size.rs:2:5
[INFO] [stdout]   |
[INFO] [stdout] 2 | use windows_dll::{dll, Error};
[INFO] [stdout]   |     ^^^^^^^^^^^ use of unresolved module or unlinked crate `windows_dll`
[INFO] [stdout]   |
[INFO] [stdout]   = help: if you wanted to use a crate named `windows_dll`, use `cargo add windows_dll` to add it to your `Cargo.toml`
[INFO] [stdout] 
[INFO] [stdout] 
[INFO] [stdout] Some errors have detailed explanations: E0432, E0433.
[INFO] [stdout] 
[INFO] [stdout] For more information about an error, try `rustc --explain E0432`.
[INFO] [stdout] 
[INFO] [stderr] error: could not compile `rust_dylib` (test "loadlibraryex_flags") due to 3 previous errors; 2 warnings emitted
[INFO] [stdout] error[E0432]: unresolved import `platform`
[INFO] [stdout]  --> rust_dylib/tests/shadowed_result.rs:1:5
[INFO] [stdout]   |
[INFO] [stdout] 1 | use platform::*;
[INFO] [stdout]   |     ^^^^^^^^ use of unresolved module or unlinked crate `platform`
[INFO] [stdout]   |
[INFO] [stdout]   = help: if you wanted to use a crate named `platform`, use `cargo add platform` to add it to your `Cargo.toml`
[INFO] [stdout] 
[INFO] [stdout] 
[INFO] [stdout] error[E0432]: unresolved import `windows_dll`
[INFO] [stdout]  --> rust_dylib/tests/shadowed_result.rs:2:5
[INFO] [stdout]   |
[INFO] [stdout] 2 | use windows_dll::dll;
[INFO] [stdout]   |     ^^^^^^^^^^^ use of unresolved module or unlinked crate `windows_dll`
[INFO] [stdout]   |
[INFO] [stdout]   = help: if you wanted to use a crate named `windows_dll`, use `cargo add windows_dll` to add it to your `Cargo.toml`
[INFO] [stdout] 
[INFO] [stdout] 
[INFO] [stdout] warning: unexpected `cfg` condition value: `winapi`
[INFO] [stdout]   --> rust_dylib/tests/shadowed_result.rs:28:7
[INFO] [stdout]    |
[INFO] [stdout] 28 | #[cfg(feature = "winapi")]
[INFO] [stdout]    |       ^^^^^^^^^^^^^^^^^^ help: remove the condition
[INFO] [stdout]    |
[INFO] [stdout]    = note: no expected values for `feature`
[INFO] [stdout]    = help: consider adding `winapi` as a feature in `Cargo.toml`
[INFO] [stdout]    = note: see <https://doc.rust-lang.org/nightly/rustc/check-cfg/cargo-specifics.html> for more information about checking conditional configuration
[INFO] [stdout]    = note: `#[warn(unexpected_cfgs)]` on by default
[INFO] [stdout] 
[INFO] [stdout] 
[INFO] [stdout] warning: unexpected `cfg` condition value: `windows`
[INFO] [stdout]   --> rust_dylib/tests/shadowed_result.rs:33:7
[INFO] [stdout]    |
[INFO] [stdout] 33 | #[cfg(feature = "windows")]
[INFO] [stdout]    |       ^^^^^^^^^^^^^^^^^^^ help: remove the condition
[INFO] [stdout]    |
[INFO] [stdout]    = note: no expected values for `feature`
[INFO] [stdout]    = help: consider adding `windows` as a feature in `Cargo.toml`
[INFO] [stdout]    = note: see <https://doc.rust-lang.org/nightly/rustc/check-cfg/cargo-specifics.html> for more information about checking conditional configuration
[INFO] [stdout] 
[INFO] [stdout] 
[INFO] [stdout] For more information about this error, try `rustc --explain E0432`.
[INFO] [stdout] 
[INFO] [stdout] error[E0432]: unresolved import `platform`
[INFO] [stdout]  --> rust_dylib/tests/fn_exists.rs:1:5
[INFO] [stdout]   |
[INFO] [stdout] 1 | use platform::*;
[INFO] [stdout]   |     ^^^^^^^^ use of unresolved module or unlinked crate `platform`
[INFO] [stdout]   |
[INFO] [stdout]   = help: if you wanted to use a crate named `platform`, use `cargo add platform` to add it to your `Cargo.toml`
[INFO] [stdout] 
[INFO] [stdout] 
[INFO] [stdout] error[E0432]: unresolved import `windows_dll`
[INFO] [stdout]  --> rust_dylib/tests/fn_exists.rs:2:5
[INFO] [stdout]   |
[INFO] [stdout] 2 | use windows_dll::dll;
[INFO] [stdout]   |     ^^^^^^^^^^^ use of unresolved module or unlinked crate `windows_dll`
[INFO] [stdout]   |
[INFO] [stdout]   = help: if you wanted to use a crate named `windows_dll`, use `cargo add windows_dll` to add it to your `Cargo.toml`
[INFO] [stdout] 
[INFO] [stdout] 
[INFO] [stderr] error: could not compile `rust_dylib` (test "shadowed_result") due to 2 previous errors; 2 warnings emitted
[INFO] [stdout] error[E0432]: unresolved import `self::platform`
[INFO] [stdout]  --> rust_dylib/tests/call.rs:4:11
[INFO] [stdout]   |
[INFO] [stdout] 4 | use self::platform::*;
[INFO] [stdout]   |           ^^^^^^^^ could not find `platform` in the crate root
[INFO] [stdout] 
[INFO] [stdout] 
[INFO] [stdout] error[E0432]: unresolved import `windows_dll`
[INFO] [stdout]  --> rust_dylib/tests/call.rs:2:5
[INFO] [stdout]   |
[INFO] [stdout] 2 | use windows_dll::dll;
[INFO] [stdout]   |     ^^^^^^^^^^^ use of unresolved module or unlinked crate `windows_dll`
[INFO] [stdout]   |
[INFO] [stdout]   = help: if you wanted to use a crate named `windows_dll`, use `cargo add windows_dll` to add it to your `Cargo.toml`
[INFO] [stdout] 
[INFO] [stdout] 
[INFO] [stdout] error: cannot find attribute `fallible` in this scope
[INFO] [stdout]  --> rust_dylib/tests/call.rs:9:7
[INFO] [stdout]   |
[INFO] [stdout] 9 |     #[fallible]
[INFO] [stdout]   |       ^^^^^^^^
[INFO] [stdout] 
[INFO] [stdout] 
[INFO] [stdout] warning: unexpected `cfg` condition value: `winapi`
[INFO] [stdout]   --> rust_dylib/tests/call.rs:24:7
[INFO] [stdout]    |
[INFO] [stdout] 24 | #[cfg(feature = "winapi")]
[INFO] [stdout]    |       ^^^^^^^^^^^^^^^^^^ help: remove the condition
[INFO] [stdout]    |
[INFO] [stdout]    = note: no expected values for `feature`
[INFO] [stdout]    = help: consider adding `winapi` as a feature in `Cargo.toml`
[INFO] [stdout]    = note: see <https://doc.rust-lang.org/nightly/rustc/check-cfg/cargo-specifics.html> for more information about checking conditional configuration
[INFO] [stdout]    = note: `#[warn(unexpected_cfgs)]` on by default
[INFO] [stdout] 
[INFO] [stdout] 
[INFO] [stdout] warning: unexpected `cfg` condition value: `windows`
[INFO] [stdout]   --> rust_dylib/tests/call.rs:57:7
[INFO] [stdout]    |
[INFO] [stdout] 57 | #[cfg(feature = "windows")]
[INFO] [stdout]    |       ^^^^^^^^^^^^^^^^^^^ help: remove the condition
[INFO] [stdout]    |
[INFO] [stdout]    = note: no expected values for `feature`
[INFO] [stdout]    = help: consider adding `windows` as a feature in `Cargo.toml`
[INFO] [stdout]    = note: see <https://doc.rust-lang.org/nightly/rustc/check-cfg/cargo-specifics.html> for more information about checking conditional configuration
[INFO] [stdout] 
[INFO] [stdout] 
[INFO] [stdout] warning: unused import: `std::error::Error`
[INFO] [stdout]  --> rust_dylib/tests/call.rs:1:5
[INFO] [stdout]   |
[INFO] [stdout] 1 | use std::error::Error;
[INFO] [stdout]   |     ^^^^^^^^^^^^^^^^^
[INFO] [stdout]   |
[INFO] [stdout]   = note: `#[warn(unused_imports)]` (part of `#[warn(unused)]`) on by default
[INFO] [stdout] 
[INFO] [stdout] 
[INFO] [stdout] For more information about this error, try `rustc --explain E0432`.
[INFO] [stdout] 
[INFO] [stdout] error: cannot find attribute `fallible` in this scope
[INFO] [stdout]  --> rust_dylib/tests/error_size.rs:9:11
[INFO] [stdout]   |
[INFO] [stdout] 9 |         #[fallible]
[INFO] [stdout]   |           ^^^^^^^^
[INFO] [stdout] 
[INFO] [stdout] 
[INFO] [stdout] warning: unexpected `cfg` condition value: `winapi`
[INFO] [stdout]   --> rust_dylib/tests/error_size.rs:33:7
[INFO] [stdout]    |
[INFO] [stdout] 33 | #[cfg(feature = "winapi")]
[INFO] [stdout]    |       ^^^^^^^^^^^^^^^^^^ help: remove the condition
[INFO] [stdout]    |
[INFO] [stdout]    = note: no expected values for `feature`
[INFO] [stdout]    = help: consider adding `winapi` as a feature in `Cargo.toml`
[INFO] [stdout]    = note: see <https://doc.rust-lang.org/nightly/rustc/check-cfg/cargo-specifics.html> for more information about checking conditional configuration
[INFO] [stdout]    = note: `#[warn(unexpected_cfgs)]` on by default
[INFO] [stdout] 
[INFO] [stdout] 
[INFO] [stdout] warning: unexpected `cfg` condition value: `windows`
[INFO] [stdout]   --> rust_dylib/tests/error_size.rs:38:7
[INFO] [stdout]    |
[INFO] [stdout] 38 | #[cfg(feature = "windows")]
[INFO] [stdout]    |       ^^^^^^^^^^^^^^^^^^^ help: remove the condition
[INFO] [stdout]    |
[INFO] [stdout]    = note: no expected values for `feature`
[INFO] [stdout]    = help: consider adding `windows` as a feature in `Cargo.toml`
[INFO] [stdout]    = note: see <https://doc.rust-lang.org/nightly/rustc/check-cfg/cargo-specifics.html> for more information about checking conditional configuration
[INFO] [stdout] 
[INFO] [stdout] 
[INFO] [stderr] error: could not compile `rust_dylib` (test "call") due to 3 previous errors; 3 warnings emitted
[INFO] [stdout] For more information about this error, try `rustc --explain E0432`.
[INFO] [stdout] 
[INFO] [stdout] warning: unexpected `cfg` condition value: `winapi`
[INFO] [stdout]   --> rust_dylib/tests/fn_exists.rs:47:7
[INFO] [stdout]    |
[INFO] [stdout] 47 | #[cfg(feature = "winapi")]
[INFO] [stdout]    |       ^^^^^^^^^^^^^^^^^^ help: remove the condition
[INFO] [stdout]    |
[INFO] [stdout]    = note: no expected values for `feature`
[INFO] [stdout]    = help: consider adding `winapi` as a feature in `Cargo.toml`
[INFO] [stdout]    = note: see <https://doc.rust-lang.org/nightly/rustc/check-cfg/cargo-specifics.html> for more information about checking conditional configuration
[INFO] [stdout]    = note: `#[warn(unexpected_cfgs)]` on by default
[INFO] [stdout] 
[INFO] [stdout] 
[INFO] [stdout] warning: unexpected `cfg` condition value: `windows`
[INFO] [stdout]   --> rust_dylib/tests/fn_exists.rs:52:7
[INFO] [stdout]    |
[INFO] [stdout] 52 | #[cfg(feature = "windows")]
[INFO] [stdout]    |       ^^^^^^^^^^^^^^^^^^^ help: remove the condition
[INFO] [stdout]    |
[INFO] [stdout]    = note: no expected values for `feature`
[INFO] [stdout]    = help: consider adding `windows` as a feature in `Cargo.toml`
[INFO] [stdout]    = note: see <https://doc.rust-lang.org/nightly/rustc/check-cfg/cargo-specifics.html> for more information about checking conditional configuration
[INFO] [stdout] 
[INFO] [stdout] 
[INFO] [stdout] warning: unused import: `user32::SetWindowCompositionAttribute`
[INFO] [stdout]   --> rust_dylib/tests/fn_exists.rs:31:9
[INFO] [stdout]    |
[INFO] [stdout] 31 |     use user32::SetWindowCompositionAttribute;
[INFO] [stdout]    |         ^^^^^^^^^^^^^^^^^^^^^^^^^^^^^^^^^^^^^
[INFO] [stdout]    |
[INFO] [stdout]    = note: `#[warn(unused_imports)]` (part of `#[warn(unused)]`) on by default
[INFO] [stdout] 
[INFO] [stdout] 
[INFO] [stderr] error: could not compile `rust_dylib` (test "error_size") due to 3 previous errors; 2 warnings emitted
[INFO] [stdout] For more information about this error, try `rustc --explain E0432`.
[INFO] [stdout] 
[INFO] [stderr] error: could not compile `rust_dylib` (test "fn_exists") due to 2 previous errors; 3 warnings emitted
[INFO] running `Command { std: "docker" "inspect" "01cea61a8f8f32ba50f3f9e4e32a751399f5c5e9035dd305ced3652997e4c5d4", kill_on_drop: false }`
[INFO] running `Command { std: "docker" "rm" "-f" "01cea61a8f8f32ba50f3f9e4e32a751399f5c5e9035dd305ced3652997e4c5d4", kill_on_drop: false }`
[INFO] [stdout] 01cea61a8f8f32ba50f3f9e4e32a751399f5c5e9035dd305ced3652997e4c5d4
