[INFO] cloning repository https://github.com/kylejlin/pong-amethyst
[INFO] running `Command { std: "git" "-c" "credential.helper=" "-c" "credential.helper=/workspace/cargo-home/bin/git-credential-null" "clone" "--bare" "https://github.com/kylejlin/pong-amethyst" "/workspace/cache/git-repos/https%3A%2F%2Fgithub.com%2Fkylejlin%2Fpong-amethyst", kill_on_drop: false }`
[INFO] [stderr] Cloning into bare repository '/workspace/cache/git-repos/https%3A%2F%2Fgithub.com%2Fkylejlin%2Fpong-amethyst'...
[INFO] running `Command { std: "git" "rev-parse" "HEAD", kill_on_drop: false }`
[INFO] [stdout] 878e74bdf062f69d7c3d8a139e403cfbc542fcbc
[INFO] testing kylejlin/pong-amethyst against 1.98.0-beta.1 for beta-1.98-2
[INFO] running `Command { std: "git" "clone" "/workspace/cache/git-repos/https%3A%2F%2Fgithub.com%2Fkylejlin%2Fpong-amethyst" "/workspace/builds/worker-5-tc2/source", kill_on_drop: false }`
[INFO] [stderr] Cloning into '/workspace/builds/worker-5-tc2/source'...
[INFO] [stderr] done.
[INFO] started tweaking git repo https://github.com/kylejlin/pong-amethyst
[INFO] finished tweaking git repo https://github.com/kylejlin/pong-amethyst
[INFO] tweaked toml for git repo https://github.com/kylejlin/pong-amethyst written to /workspace/builds/worker-5-tc2/source/Cargo.toml
[INFO] validating manifest of git repo https://github.com/kylejlin/pong-amethyst on toolchain 1.98.0-beta.1
[INFO] running `Command { std: CARGO_HOME="/workspace/cargo-home" RUSTUP_HOME="/workspace/rustup-home" "/workspace/cargo-home/bin/cargo" "+1.98.0-beta.1" "metadata" "--manifest-path" "Cargo.toml" "--no-deps", kill_on_drop: false }`
[INFO] crate git repo https://github.com/kylejlin/pong-amethyst already has a lockfile, it will not be regenerated
[INFO] running `Command { std: CARGO_HOME="/workspace/cargo-home" RUSTUP_HOME="/workspace/rustup-home" "/workspace/cargo-home/bin/cargo" "+1.98.0-beta.1" "fetch" "--manifest-path" "Cargo.toml", kill_on_drop: false }`
[INFO] running `Command { std: "docker" "create" "-v" "/var/lib/crater-agent-workspace/builds/worker-5-tc2/source:/opt/rustwide/workdir:ro,Z" "-v" "/var/lib/crater-agent-workspace/builds/worker-5-tc2/target:/opt/rustwide/target:rw,Z" "-v" "/var/lib/crater-agent-workspace/cargo-home:/opt/rustwide/cargo-home:ro,Z" "-v" "/var/lib/crater-agent-workspace/rustup-home:/opt/rustwide/rustup-home:ro,Z" "-m" "1610612736" "--network" "none" "ghcr.io/rust-lang/crates-build-env/linux@sha256:3d5ced03c013a94a2f102a4510f48a6e9184255caf5fd8244f58017bde7f5210" "sleep" "infinity", kill_on_drop: false }`
[INFO] [stdout] be2cada79601669c324472586f491fbf8fefecd769865e379f2ce46156d1ba99
[INFO] running `Command { std: "docker" "start" "be2cada79601669c324472586f491fbf8fefecd769865e379f2ce46156d1ba99", kill_on_drop: false }`
[INFO] running `Command { std: "docker" "inspect" "be2cada79601669c324472586f491fbf8fefecd769865e379f2ce46156d1ba99", kill_on_drop: false }`
[INFO] running `Command { std: "docker" "exec" "-e" "SOURCE_DIR=/opt/rustwide/workdir" "-e" "CARGO_HOME=/opt/rustwide/cargo-home" "-e" "RUSTUP_HOME=/opt/rustwide/rustup-home" "-e" "CARGO_TARGET_DIR=/opt/rustwide/target" "-w" "/opt/rustwide/workdir" "--user" "0:0" "be2cada79601669c324472586f491fbf8fefecd769865e379f2ce46156d1ba99" "/opt/rustwide/cargo-home/bin/cargo" "+1.98.0-beta.1" "metadata" "--no-deps" "--format-version=1", kill_on_drop: false }`
[INFO] running `Command { std: "docker" "inspect" "be2cada79601669c324472586f491fbf8fefecd769865e379f2ce46156d1ba99", kill_on_drop: false }`
[INFO] running `Command { std: "docker" "exec" "-e" "SOURCE_DIR=/opt/rustwide/workdir" "-e" "CARGO_HOME=/opt/rustwide/cargo-home" "-e" "RUSTUP_HOME=/opt/rustwide/rustup-home" "-e" "CARGO_TARGET_DIR=/opt/rustwide/target" "-e" "CARGO_INCREMENTAL=0" "-e" "RUST_BACKTRACE=full" "-e" "RUSTFLAGS=--cap-lints=warn" "-e" "RUSTDOCFLAGS=--cap-lints=warn" "-w" "/opt/rustwide/workdir" "--user" "0:0" "be2cada79601669c324472586f491fbf8fefecd769865e379f2ce46156d1ba99" "/opt/rustwide/cargo-home/bin/cargo" "+1.98.0-beta.1" "build" "--frozen" "--message-format=json", kill_on_drop: false }`
[INFO] [stderr]    Compiling libc v0.2.60
[INFO] [stderr]    Compiling unicode-xid v0.1.0
[INFO] [stderr]    Compiling proc-macro2 v0.4.30
[INFO] [stderr]    Compiling syn v0.15.42
[INFO] [stderr]    Compiling autocfg v0.1.5
[INFO] [stderr]    Compiling cfg-if v0.1.9
[INFO] [stderr]    Compiling serde v1.0.97
[INFO] [stderr]    Compiling cc v1.0.38
[INFO] [stderr]    Compiling semver-parser v0.7.0
[INFO] [stderr]    Compiling spin v0.5.0
[INFO] [stderr]    Compiling byteorder v1.3.2
[INFO] [stderr]    Compiling rand_core v0.4.0
[INFO] [stderr]    Compiling log v0.4.7
[INFO] [stderr]    Compiling arrayvec v0.4.11
[INFO] [stderr]    Compiling bitflags v1.1.0
[INFO] [stderr]    Compiling nodrop v0.1.13
[INFO] [stderr]    Compiling semver v0.9.0
[INFO] [stderr]    Compiling pkg-config v0.3.15
[INFO] [stderr]    Compiling either v1.5.2
[INFO] [stderr]    Compiling lazy_static v1.3.0
[INFO] [stderr]    Compiling rand_core v0.3.1
[INFO] [stderr]    Compiling crossbeam-utils v0.6.6
[INFO] [stderr]    Compiling rand_jitter v0.1.4
[INFO] [stderr]    Compiling scopeguard v1.0.0
[INFO] [stderr]    Compiling rustc-demangle v0.1.15
[INFO] [stderr]    Compiling rand_isaac v0.1.1
[INFO] [stderr]    Compiling rand_xorshift v0.1.1
[INFO] [stderr]    Compiling rand_hc v0.1.0
[INFO] [stderr]    Compiling scopeguard v0.3.3
[INFO] [stderr]    Compiling num-traits v0.2.8
[INFO] [stderr]    Compiling rustc_version v0.2.3
[INFO] [stderr]    Compiling rand_pcg v0.1.2
[INFO] [stderr]    Compiling rand_chacha v0.1.1
[INFO] [stderr]    Compiling rand v0.6.5
[INFO] [stderr]    Compiling stable_deref_trait v1.1.1
[INFO] [stderr]    Compiling num-integer v0.1.41
[INFO] [stderr]    Compiling owning_ref v0.4.0
[INFO] [stderr]    Compiling rayon-core v1.5.0
[INFO] [stderr]    Compiling failure_derive v0.1.5
[INFO] [stderr]    Compiling version_check v0.1.5
[INFO] [stderr]    Compiling futures v0.1.28
[INFO] [stderr]    Compiling rand_os v0.1.3
[INFO] [stderr]    Compiling num_cpus v1.10.1
[INFO] [stderr]    Compiling memoffset v0.5.1
[INFO] [stderr]    Compiling crossbeam-queue v0.1.2
[INFO] [stderr]    Compiling lock_api v0.1.5
[INFO] [stderr]    Compiling fxhash v0.2.1
[INFO] [stderr]    Compiling parking_lot_core v0.3.1
[INFO] [stderr]    Compiling rand v0.5.6
[INFO] [stderr]    Compiling parking_lot_core v0.4.0
[INFO] [stderr]    Compiling time v0.1.42
[INFO] [stderr]    Compiling void v1.0.2
[INFO] [stderr]    Compiling adler32 v1.0.3
[INFO] [stderr]    Compiling quote v0.6.13
[INFO] [stderr]    Compiling percent-encoding v1.0.1
[INFO] [stderr]    Compiling xml-rs v0.8.0
[INFO] [stderr]    Compiling itoa v0.4.4
[INFO] [stderr]    Compiling crossbeam-epoch v0.7.2
[INFO] [stderr]    Compiling slab v0.4.2
[INFO] [stderr]    Compiling num-iter v0.1.39
[INFO] [stderr]    Compiling num-bigint v0.2.2
[INFO] [stderr]    Compiling nix v0.14.1
[INFO] [stderr]    Compiling rustc-hash v1.0.1
[INFO] [stderr]    Compiling backtrace-sys v0.1.31
[INFO] [stderr]    Compiling libloading v0.5.2
[INFO] [stderr]    Compiling stb_truetype v0.2.6
[INFO] [stderr]    Compiling num-rational v0.2.2
[INFO] [stderr]    Compiling memchr v2.2.1
[INFO] [stderr]    Compiling atom v0.3.5
[INFO] [stderr]    Compiling fnv v1.0.6
[INFO] [stderr]    Compiling linked-hash-map v0.5.2
[INFO] [stderr]    Compiling ryu v1.0.0
[INFO] [stderr]    Compiling num-derive v0.2.5
[INFO] [stderr]    Compiling same-file v1.0.5
[INFO] [stderr]    Compiling gcc v0.3.55
[INFO] [stderr]    Compiling dlib v0.4.1
[INFO] [stderr]    Compiling walkdir v2.2.9
[INFO] [stderr]    Compiling crossbeam-deque v0.6.3
[INFO] [stderr]    Compiling crossbeam-deque v0.7.1
[INFO] [stderr]    Compiling wayland-sys v0.21.13
[INFO] [stderr]    Compiling approx v0.3.2
[INFO] [stderr]    Compiling ordered-float v1.0.2
[INFO] [stderr]    Compiling wayland-scanner v0.21.13
[INFO] [stderr]    Compiling unicase v1.4.2
[INFO] [stderr]    Compiling downcast-rs v1.0.4
[INFO] [stderr]    Compiling ucd-util v0.1.5
[INFO] [stderr]    Compiling lzw v0.10.0
[INFO] [stderr]    Compiling rusttype v0.7.7
[INFO] [stderr]    Compiling aho-corasick v0.7.4
[INFO] [stderr]    Compiling line_drawing v0.7.0
[INFO] [stderr]    Compiling rayon v1.1.0
[INFO] [stderr]    Compiling objc_exception v0.1.1
[INFO] [stderr]    Compiling backtrace v0.3.33
[INFO] [stderr]    Compiling regex-syntax v0.6.10
[INFO] [stderr]    Compiling deflate v0.7.20
[INFO] [stderr]    Compiling inflate v0.4.5
[INFO] [stderr]    Compiling x11-dl v2.18.3
[INFO] [stderr] warning: objc_exception@0.1.1: cc: fatal error: cannot execute 'cc1obj': execvp: No such file or directory
[INFO] [stderr] warning: objc_exception@0.1.1: compilation terminated.
[INFO] [stderr] error: failed to run custom build command for `objc_exception v0.1.1`
[INFO] [stderr] note: To improve backtraces for build dependencies, set the CARGO_PROFILE_DEV_BUILD_OVERRIDE_DEBUG=true environment variable to enable debug information generation.
[INFO] [stderr] 
[INFO] [stderr] Caused by:
[INFO] [stderr]   process didn't exit successfully: `/opt/rustwide/target/debug/build/objc_exception-a81ac6337de87efa/build-script-build` (exit status: 101)
[INFO] [stderr]   --- stdout
[INFO] [stderr]   TARGET = Some("x86_64-unknown-linux-gnu")
[INFO] [stderr]   OPT_LEVEL = Some("0")
[INFO] [stderr]   TARGET = Some("x86_64-unknown-linux-gnu")
[INFO] [stderr]   HOST = Some("x86_64-unknown-linux-gnu")
[INFO] [stderr]   TARGET = Some("x86_64-unknown-linux-gnu")
[INFO] [stderr]   TARGET = Some("x86_64-unknown-linux-gnu")
[INFO] [stderr]   HOST = Some("x86_64-unknown-linux-gnu")
[INFO] [stderr]   CC_x86_64-unknown-linux-gnu = None
[INFO] [stderr]   CC_x86_64_unknown_linux_gnu = None
[INFO] [stderr]   HOST_CC = None
[INFO] [stderr]   CC = None
[INFO] [stderr]   HOST = Some("x86_64-unknown-linux-gnu")
[INFO] [stderr]   TARGET = Some("x86_64-unknown-linux-gnu")
[INFO] [stderr]   HOST = Some("x86_64-unknown-linux-gnu")
[INFO] [stderr]   CFLAGS_x86_64-unknown-linux-gnu = None
[INFO] [stderr]   CFLAGS_x86_64_unknown_linux_gnu = None
[INFO] [stderr]   HOST_CFLAGS = None
[INFO] [stderr]   CFLAGS = None
[INFO] [stderr]   DEBUG = Some("true")
[INFO] [stderr]   running: "cc" "-O0" "-ffunction-sections" "-fdata-sections" "-fPIC" "-g" "-m64" "-Wall" "-Wextra" "-o" "/opt/rustwide/target/debug/build/objc_exception-a7f952af86b4229b/out/extern/exception.o" "-c" "extern/exception.m"
[INFO] [stderr]   cargo:warning=cc: fatal error: cannot execute 'cc1obj': execvp: No such file or directory
[INFO] [stderr]   cargo:warning=compilation terminated.
[INFO] [stderr]   exit status: 1
[INFO] [stderr] 
[INFO] [stderr]   --- stderr
[INFO] [stderr] 
[INFO] [stderr]   thread 'main' (1780) panicked at /opt/rustwide/cargo-home/registry/src/index.crates.io-1949cf8c6b5b557f/gcc-0.3.55/src/lib.rs:1672:5:
[INFO] [stderr] 
[INFO] [stderr] 
[INFO] [stderr]   Internal error occurred: Command "cc" "-O0" "-ffunction-sections" "-fdata-sections" "-fPIC" "-g" "-m64" "-Wall" "-Wextra" "-o" "/opt/rustwide/target/debug/build/objc_exception-a7f952af86b4229b/out/extern/exception.o" "-c" "extern/exception.m" with args "cc" did not execute successfully (status code exit status: 1).
[INFO] [stderr] 
[INFO] [stderr] 
[INFO] [stderr]   stack backtrace:
[INFO] [stderr]      0:     0x61be4a4a1d61 - std[73adb7dc35730857]::backtrace_rs::backtrace::libunwind::trace
[INFO] [stderr]                                  at /rustc/6b3fa26749ab40e159b2dd5cf577acaaf5902772/library/std/src/../../backtrace/src/backtrace/libunwind.rs:117:9
[INFO] [stderr]      1:     0x61be4a4a1d61 - std[73adb7dc35730857]::backtrace_rs::backtrace::trace_unsynchronized::<std[73adb7dc35730857]::sys::backtrace::_print_fmt::{closure#1}>
[INFO] [stderr]                                  at /rustc/6b3fa26749ab40e159b2dd5cf577acaaf5902772/library/std/src/../../backtrace/src/backtrace/mod.rs:66:14
[INFO] [stderr]      2:     0x61be4a4a1d61 - std[73adb7dc35730857]::sys::backtrace::_print_fmt
[INFO] [stderr]                                  at /rustc/6b3fa26749ab40e159b2dd5cf577acaaf5902772/library/std/src/sys/backtrace.rs:74:9
[INFO] [stderr]      3:     0x61be4a4a1d61 - <<std[73adb7dc35730857]::sys::backtrace::BacktraceLock>::print::DisplayBacktrace as core[6883ba1bc0fe4ed1]::fmt::Display>::fmt
[INFO] [stderr]                                  at /rustc/6b3fa26749ab40e159b2dd5cf577acaaf5902772/library/std/src/sys/backtrace.rs:44:26
[INFO] [stderr]      4:     0x61be4a4b4fda - <core[6883ba1bc0fe4ed1]::fmt::rt::Argument>::fmt
[INFO] [stderr]                                  at /rustc/6b3fa26749ab40e159b2dd5cf577acaaf5902772/library/core/src/fmt/rt.rs:152:76
[INFO] [stderr]      5:     0x61be4a4b4fda - core[6883ba1bc0fe4ed1]::fmt::write
[INFO] [stderr]      6:     0x61be4a4a752c - std[73adb7dc35730857]::io::default_write_fmt::<std[73adb7dc35730857]::sys::stdio::unix::Stderr>
[INFO] [stderr]                                  at /rustc/6b3fa26749ab40e159b2dd5cf577acaaf5902772/library/std/src/io/mod.rs:626:11
[INFO] [stderr]      7:     0x61be4a4a752c - <std[73adb7dc35730857]::sys::stdio::unix::Stderr as std[73adb7dc35730857]::io::Write>::write_fmt
[INFO] [stderr]                                  at /rustc/6b3fa26749ab40e159b2dd5cf577acaaf5902772/library/std/src/io/mod.rs:1730:13
[INFO] [stderr]      8:     0x61be4a4823a6 - <std[73adb7dc35730857]::sys::backtrace::BacktraceLock>::print
[INFO] [stderr]                                  at /rustc/6b3fa26749ab40e159b2dd5cf577acaaf5902772/library/std/src/sys/backtrace.rs:47:9
[INFO] [stderr]      9:     0x61be4a4823a6 - std[73adb7dc35730857]::panicking::default_hook::{closure#0}
[INFO] [stderr]                                  at /rustc/6b3fa26749ab40e159b2dd5cf577acaaf5902772/library/std/src/panicking.rs:292:27
[INFO] [stderr]     10:     0x61be4a49c0b1 - std[73adb7dc35730857]::panicking::default_hook
[INFO] [stderr]                                  at /rustc/6b3fa26749ab40e159b2dd5cf577acaaf5902772/library/std/src/panicking.rs:319:9
[INFO] [stderr]     11:     0x61be4a49c26b - std[73adb7dc35730857]::panicking::panic_with_hook
[INFO] [stderr]                                  at /rustc/6b3fa26749ab40e159b2dd5cf577acaaf5902772/library/std/src/panicking.rs:815:13
[INFO] [stderr]     12:     0x61be4a482452 - std[73adb7dc35730857]::panicking::panic_handler::{closure#0}
[INFO] [stderr]                                  at /rustc/6b3fa26749ab40e159b2dd5cf577acaaf5902772/library/std/src/panicking.rs:688:13
[INFO] [stderr]     13:     0x61be4a479d59 - std[73adb7dc35730857]::sys::backtrace::__rust_end_short_backtrace::<std[73adb7dc35730857]::panicking::panic_handler::{closure#0}, !>
[INFO] [stderr]                                  at /rustc/6b3fa26749ab40e159b2dd5cf577acaaf5902772/library/std/src/sys/backtrace.rs:182:18
[INFO] [stderr]     14:     0x61be4a482d1d - __rustc[a7b7b02e776dd976]::rust_begin_unwind
[INFO] [stderr]                                  at /rustc/6b3fa26749ab40e159b2dd5cf577acaaf5902772/library/std/src/panicking.rs:679:5
[INFO] [stderr]     15:     0x61be4a4b57ac - core[6883ba1bc0fe4ed1]::panicking::panic_fmt
[INFO] [stderr]                                  at /rustc/6b3fa26749ab40e159b2dd5cf577acaaf5902772/library/core/src/panicking.rs:80:14
[INFO] [stderr]     16:     0x61be4a447207 - gcc[de892471e36400fe]::fail
[INFO] [stderr]     17:     0x61be4a45233d - <gcc[de892471e36400fe]::Build>::compile
[INFO] [stderr]     18:     0x61be4a446863 - gcc[de892471e36400fe]::compile_library
[INFO] [stderr]     19:     0x61be4a444e9f - build_script_build[a46d383fd7c4c77f]::main
[INFO] [stderr]     20:     0x61be4a444ec3 - <fn() as core[6883ba1bc0fe4ed1]::ops::function::FnOnce<()>>::call_once
[INFO] [stderr]     21:     0x61be4a444e46 - std[73adb7dc35730857]::sys::backtrace::__rust_begin_short_backtrace::<fn(), ()>
[INFO] [stderr]     22:     0x61be4a444e59 - std[73adb7dc35730857]::rt::lang_start::<()>::{closure#0}
[INFO] [stderr]     23:     0x61be4a49b447 - <&dyn core[6883ba1bc0fe4ed1]::ops::function::Fn<(), Output = i32> + core[6883ba1bc0fe4ed1]::panic::unwind_safe::RefUnwindSafe + core[6883ba1bc0fe4ed1]::marker::Sync as core[6883ba1bc0fe4ed1]::ops::function::FnOnce<()>>::call_once
[INFO] [stderr]                                  at /rustc/6b3fa26749ab40e159b2dd5cf577acaaf5902772/library/core/src/ops/function.rs:287:21
[INFO] [stderr]     24:     0x61be4a49b447 - std[73adb7dc35730857]::panicking::catch_unwind::do_call::<&dyn core[6883ba1bc0fe4ed1]::ops::function::Fn<(), Output = i32> + core[6883ba1bc0fe4ed1]::panic::unwind_safe::RefUnwindSafe + core[6883ba1bc0fe4ed1]::marker::Sync, i32>
[INFO] [stderr]                                  at /rustc/6b3fa26749ab40e159b2dd5cf577acaaf5902772/library/std/src/panicking.rs:576:43
[INFO] [stderr]     25:     0x61be4a49b447 - std[73adb7dc35730857]::panicking::catch_unwind::<i32, &dyn core[6883ba1bc0fe4ed1]::ops::function::Fn<(), Output = i32> + core[6883ba1bc0fe4ed1]::panic::unwind_safe::RefUnwindSafe + core[6883ba1bc0fe4ed1]::marker::Sync>
[INFO] [stderr]                                  at /rustc/6b3fa26749ab40e159b2dd5cf577acaaf5902772/library/std/src/panicking.rs:544:19
[INFO] [stderr]     26:     0x61be4a49b447 - std[73adb7dc35730857]::panic::catch_unwind::<&dyn core[6883ba1bc0fe4ed1]::ops::function::Fn<(), Output = i32> + core[6883ba1bc0fe4ed1]::panic::unwind_safe::RefUnwindSafe + core[6883ba1bc0fe4ed1]::marker::Sync, i32>
[INFO] [stderr]                                  at /rustc/6b3fa26749ab40e159b2dd5cf577acaaf5902772/library/std/src/panic.rs:359:14
[INFO] [stderr]     27:     0x61be4a49b447 - std[73adb7dc35730857]::rt::lang_start_internal::{closure#0}
[INFO] [stderr]                                  at /rustc/6b3fa26749ab40e159b2dd5cf577acaaf5902772/library/std/src/rt.rs:175:24
[INFO] [stderr]     28:     0x61be4a49b447 - std[73adb7dc35730857]::panicking::catch_unwind::do_call::<std[73adb7dc35730857]::rt::lang_start_internal::{closure#0}, isize>
[INFO] [stderr]                                  at /rustc/6b3fa26749ab40e159b2dd5cf577acaaf5902772/library/std/src/panicking.rs:576:43
[INFO] [stderr]     29:     0x61be4a49b447 - std[73adb7dc35730857]::panicking::catch_unwind::<isize, std[73adb7dc35730857]::rt::lang_start_internal::{closure#0}>
[INFO] [stderr]                                  at /rustc/6b3fa26749ab40e159b2dd5cf577acaaf5902772/library/std/src/panicking.rs:544:19
[INFO] [stderr]     30:     0x61be4a49b447 - std[73adb7dc35730857]::panic::catch_unwind::<std[73adb7dc35730857]::rt::lang_start_internal::{closure#0}, isize>
[INFO] [stderr]                                  at /rustc/6b3fa26749ab40e159b2dd5cf577acaaf5902772/library/std/src/panic.rs:359:14
[INFO] [stderr]     31:     0x61be4a49b447 - std[73adb7dc35730857]::rt::lang_start_internal
[INFO] [stderr]                                  at /rustc/6b3fa26749ab40e159b2dd5cf577acaaf5902772/library/std/src/rt.rs:171:5
[INFO] [stderr]     32:     0x61be4a444e31 - std[73adb7dc35730857]::rt::lang_start::<()>
[INFO] [stderr]     33:     0x61be4a444f25 - main
[INFO] [stderr]     34:     0x77b7a935a1ca - <unknown>
[INFO] [stderr]     35:     0x77b7a935a28b - __libc_start_main
[INFO] [stderr]     36:     0x61be4a444d45 - _start
[INFO] [stderr]     37:                0x0 - <unknown>
[INFO] [stderr] warning: build failed, waiting for other jobs to finish...
[INFO] running `Command { std: "docker" "inspect" "be2cada79601669c324472586f491fbf8fefecd769865e379f2ce46156d1ba99", kill_on_drop: false }`
[INFO] running `Command { std: "docker" "rm" "-f" "be2cada79601669c324472586f491fbf8fefecd769865e379f2ce46156d1ba99", kill_on_drop: false }`
[INFO] [stdout] be2cada79601669c324472586f491fbf8fefecd769865e379f2ce46156d1ba99
