[INFO] cloning repository https://github.com/ktakahiro150397/shiny-automate
[INFO] running `Command { std: "git" "-c" "credential.helper=" "-c" "credential.helper=/workspace/cargo-home/bin/git-credential-null" "clone" "--bare" "https://github.com/ktakahiro150397/shiny-automate" "/workspace/cache/git-repos/https%3A%2F%2Fgithub.com%2Fktakahiro150397%2Fshiny-automate", kill_on_drop: false }`
[INFO] [stderr] Cloning into bare repository '/workspace/cache/git-repos/https%3A%2F%2Fgithub.com%2Fktakahiro150397%2Fshiny-automate'...
[INFO] running `Command { std: "git" "rev-parse" "HEAD", kill_on_drop: false }`
[INFO] [stdout] 1ee7c7518ef0c624101b2c870ee6cbd6a27d41a6
[INFO] testing ktakahiro150397/shiny-automate against 1.97.0-beta.6 for beta-1.98-2
[INFO] running `Command { std: "git" "clone" "/workspace/cache/git-repos/https%3A%2F%2Fgithub.com%2Fktakahiro150397%2Fshiny-automate" "/workspace/builds/worker-7-tc1/source", kill_on_drop: false }`
[INFO] [stderr] Cloning into '/workspace/builds/worker-7-tc1/source'...
[INFO] [stderr] done.
[INFO] started tweaking git repo https://github.com/ktakahiro150397/shiny-automate
[INFO] finished tweaking git repo https://github.com/ktakahiro150397/shiny-automate
[INFO] tweaked toml for git repo https://github.com/ktakahiro150397/shiny-automate written to /workspace/builds/worker-7-tc1/source/Cargo.toml
[INFO] validating manifest of git repo https://github.com/ktakahiro150397/shiny-automate on toolchain 1.97.0-beta.6
[INFO] running `Command { std: CARGO_HOME="/workspace/cargo-home" RUSTUP_HOME="/workspace/rustup-home" "/workspace/cargo-home/bin/cargo" "+1.97.0-beta.6" "metadata" "--manifest-path" "Cargo.toml" "--no-deps", kill_on_drop: false }`
[INFO] crate git repo https://github.com/ktakahiro150397/shiny-automate already has a lockfile, it will not be regenerated
[INFO] running `Command { std: CARGO_HOME="/workspace/cargo-home" RUSTUP_HOME="/workspace/rustup-home" "/workspace/cargo-home/bin/cargo" "+1.97.0-beta.6" "fetch" "--manifest-path" "Cargo.toml", kill_on_drop: false }`
[INFO] [stderr]     Updating crates.io index
[INFO] [stderr]  Downloading crates ...
[INFO] [stderr]   Downloaded win_ocr v0.1.3
[INFO] [stderr]   Downloaded screenshots v0.8.10
[INFO] [stderr]   Downloaded windows-core v0.51.1
[INFO] [stderr]   Downloaded display-info v0.4.8
[INFO] [stderr]   Downloaded hermit-abi v0.3.9
[INFO] [stderr]   Downloaded lebe v0.5.2
[INFO] [stderr]   Downloaded bit_field v0.10.2
[INFO] [stderr]   Downloaded thiserror-impl v1.0.63
[INFO] [stderr]   Downloaded crunchy v0.2.2
[INFO] [stderr]   Downloaded wayland-sys v0.30.1
[INFO] [stderr]   Downloaded wasm-bindgen-macro v0.2.92
[INFO] [stderr]   Downloaded wasm-bindgen-shared v0.2.92
[INFO] [stderr]   Downloaded libwayshot v0.2.0
[INFO] [stderr]   Downloaded crossbeam-deque v0.8.5
[INFO] [stderr]   Downloaded wasm-bindgen-macro-support v0.2.92
[INFO] [stderr]   Downloaded libloading v0.8.5
[INFO] [stderr]   Downloaded pkg-config v0.3.30
[INFO] [stderr]   Downloaded autocfg v1.3.0
[INFO] [stderr]   Downloaded wasm-bindgen-backend v0.2.92
[INFO] [stderr]   Downloaded memmap2 v0.7.1
[INFO] [stderr]   Downloaded fdeflate v0.3.4
[INFO] [stderr]   Downloaded wayland-scanner v0.30.1
[INFO] [stderr]   Downloaded gif v0.13.1
[INFO] [stderr]   Downloaded crossbeam-utils v0.8.20
[INFO] [stderr]   Downloaded anyhow v1.0.86
[INFO] [stderr]   Downloaded iana-time-zone v0.1.60
[INFO] [stderr]   Downloaded wayland-protocols-wlr v0.1.0
[INFO] [stderr]   Downloaded once_cell v1.19.0
[INFO] [stderr]   Downloaded thiserror v1.0.63
[INFO] [stderr]   Downloaded miniz_oxide v0.7.4
[INFO] [stderr]   Downloaded wayland-client v0.30.2
[INFO] [stderr]   Downloaded io-lifetimes v1.0.11
[INFO] [stderr]   Downloaded log v0.4.22
[INFO] [stderr]   Downloaded half v2.4.1
[INFO] [stderr]   Downloaded wayland-backend v0.1.2
[INFO] [stderr]   Downloaded cc v1.1.7
[INFO] [stderr]   Downloaded bytemuck v1.16.3
[INFO] [stderr]   Downloaded flume v0.11.0
[INFO] [stderr]   Downloaded core-foundation-sys v0.8.6
[INFO] [stderr]   Downloaded widestring v1.1.0
[INFO] [stderr]   Downloaded bumpalo v3.16.0
[INFO] [stderr]   Downloaded xcb v1.4.0
[INFO] [stderr]   Downloaded flate2 v1.0.31
[INFO] [stderr]   Downloaded js-sys v0.3.69
[INFO] [stderr]   Downloaded png v0.17.13
[INFO] [stderr]   Downloaded dbus v0.9.7
[INFO] [stderr]   Downloaded wayland-protocols v0.30.1
[INFO] [stderr]   Downloaded quick-xml v0.28.2
[INFO] [stderr]   Downloaded wasm-bindgen v0.2.92
[INFO] [stderr]   Downloaded chrono v0.4.38
[INFO] [stderr]   Downloaded nix v0.26.4
[INFO] [stderr]   Downloaded syn v2.0.72
[INFO] [stderr]   Downloaded exr v1.72.0
[INFO] [stderr]   Downloaded libc v0.2.155
[INFO] [stderr]   Downloaded libdbus-sys v0.2.5
[INFO] [stderr]   Downloaded image v0.24.9
[INFO] [stderr]   Downloaded windows v0.51.1
[INFO] [stderr]   Downloaded windows v0.52.0
[INFO] running `Command { std: "docker" "create" "-v" "/var/lib/crater-agent-workspace/builds/worker-7-tc1/source:/opt/rustwide/workdir:ro,Z" "-v" "/var/lib/crater-agent-workspace/builds/worker-7-tc1/target:/opt/rustwide/target:rw,Z" "-v" "/var/lib/crater-agent-workspace/cargo-home:/opt/rustwide/cargo-home:ro,Z" "-v" "/var/lib/crater-agent-workspace/rustup-home:/opt/rustwide/rustup-home:ro,Z" "-m" "1610612736" "--network" "none" "ghcr.io/rust-lang/crates-build-env/linux@sha256:3d5ced03c013a94a2f102a4510f48a6e9184255caf5fd8244f58017bde7f5210" "sleep" "infinity", kill_on_drop: false }`
[INFO] [stdout] d3f4bba8da70732e5bfcaf2200b1e5603f91af4269b26b07dc145a3f63bdb56a
[INFO] running `Command { std: "docker" "start" "d3f4bba8da70732e5bfcaf2200b1e5603f91af4269b26b07dc145a3f63bdb56a", kill_on_drop: false }`
[INFO] running `Command { std: "docker" "inspect" "d3f4bba8da70732e5bfcaf2200b1e5603f91af4269b26b07dc145a3f63bdb56a", kill_on_drop: false }`
[INFO] running `Command { std: "docker" "exec" "-e" "SOURCE_DIR=/opt/rustwide/workdir" "-e" "CARGO_HOME=/opt/rustwide/cargo-home" "-e" "RUSTUP_HOME=/opt/rustwide/rustup-home" "-e" "CARGO_TARGET_DIR=/opt/rustwide/target" "-w" "/opt/rustwide/workdir" "--user" "0:0" "d3f4bba8da70732e5bfcaf2200b1e5603f91af4269b26b07dc145a3f63bdb56a" "/opt/rustwide/cargo-home/bin/cargo" "+1.97.0-beta.6" "metadata" "--no-deps" "--format-version=1", kill_on_drop: false }`
[INFO] running `Command { std: "docker" "inspect" "d3f4bba8da70732e5bfcaf2200b1e5603f91af4269b26b07dc145a3f63bdb56a", kill_on_drop: false }`
[INFO] running `Command { std: "docker" "exec" "-e" "SOURCE_DIR=/opt/rustwide/workdir" "-e" "CARGO_HOME=/opt/rustwide/cargo-home" "-e" "RUSTUP_HOME=/opt/rustwide/rustup-home" "-e" "CARGO_TARGET_DIR=/opt/rustwide/target" "-e" "CARGO_INCREMENTAL=0" "-e" "RUST_BACKTRACE=full" "-e" "RUSTFLAGS=--cap-lints=warn" "-e" "RUSTDOCFLAGS=--cap-lints=warn" "-w" "/opt/rustwide/workdir" "--user" "0:0" "d3f4bba8da70732e5bfcaf2200b1e5603f91af4269b26b07dc145a3f63bdb56a" "/opt/rustwide/cargo-home/bin/cargo" "+1.97.0-beta.6" "build" "--frozen" "--message-format=json", kill_on_drop: false }`
[INFO] [stderr]    Compiling cfg-if v1.0.0
[INFO] [stderr]    Compiling autocfg v1.3.0
[INFO] [stderr]    Compiling libc v0.2.155
[INFO] [stderr]    Compiling proc-macro2 v1.0.86
[INFO] [stderr]    Compiling unicode-ident v1.0.12
[INFO] [stderr]    Compiling pkg-config v0.3.30
[INFO] [stderr]    Compiling memchr v2.7.4
[INFO] [stderr]    Compiling cc v1.1.7
[INFO] [stderr]    Compiling crossbeam-utils v0.8.20
[INFO] [stderr]    Compiling simd-adler32 v0.3.7
[INFO] [stderr]    Compiling rayon-core v1.12.1
[INFO] [stderr]    Compiling libloading v0.8.5
[INFO] [stderr]    Compiling memoffset v0.7.1
[INFO] [stderr]    Compiling wayland-sys v0.30.1
[INFO] [stderr]    Compiling lock_api v0.4.12
[INFO] [stderr]    Compiling io-lifetimes v1.0.11
[INFO] [stderr]    Compiling adler v1.0.2
[INFO] [stderr]    Compiling smallvec v1.13.2
[INFO] [stderr]    Compiling miniz_oxide v0.7.4
[INFO] [stderr]    Compiling dlib v0.5.2
[INFO] [stderr]    Compiling crossbeam-epoch v0.9.18
[INFO] [stderr]    Compiling log v0.4.22
[INFO] [stderr]    Compiling quote v1.0.36
[INFO] [stderr]    Compiling quick-xml v0.28.2
[INFO] [stderr]    Compiling syn v2.0.72
[INFO] [stderr]    Compiling crossbeam-deque v0.8.5
[INFO] [stderr]    Compiling num-traits v0.2.19
[INFO] [stderr]    Compiling crc32fast v1.4.2
[INFO] [stderr]    Compiling scoped-tls v1.0.1
[INFO] [stderr]    Compiling downcast-rs v1.2.1
[INFO] [stderr]    Compiling either v1.13.0
[INFO] [stderr]    Compiling windows_x86_64_gnu v0.48.5
[INFO] [stderr]    Compiling flate2 v1.0.31
[INFO] [stderr]    Compiling spin v0.9.8
[INFO] [stderr]    Compiling wayland-backend v0.1.2
[INFO] [stderr]    Compiling quick-xml v0.30.0
[INFO] [stderr]    Compiling weezl v0.1.8
[INFO] [stderr]    Compiling flume v0.11.0
[INFO] [stderr]    Compiling nix v0.26.4
[INFO] [stderr]    Compiling wayland-scanner v0.30.1
[INFO] [stderr]    Compiling rayon v1.10.0
[INFO] [stderr]    Compiling libdbus-sys v0.2.5
[INFO] [stderr]    Compiling zune-inflate v0.2.54
[INFO] [stderr]    Compiling fdeflate v0.3.4
[INFO] [stderr]    Compiling xcb v1.4.0
[INFO] [stderr]    Compiling half v2.4.1
[INFO] [stderr]    Compiling bytemuck v1.16.3
[INFO] [stderr]    Compiling lebe v0.5.2
[INFO] [stderr]    Compiling bit_field v0.10.2
[INFO] [stderr]    Compiling color_quant v1.1.0
[INFO] [stderr]    Compiling thiserror v1.0.63
[INFO] [stderr]    Compiling anyhow v1.0.86
[INFO] [stderr]    Compiling gif v0.13.1
[INFO] [stderr]    Compiling exr v1.72.0
[INFO] [stderr]    Compiling qoi v0.4.1
[INFO] [stderr]    Compiling png v0.17.13
[INFO] [stderr]    Compiling windows-targets v0.48.5
[INFO] [stderr]    Compiling getrandom v0.2.15
[INFO] [stderr]    Compiling zerocopy-derive v0.7.35
[INFO] [stderr]    Compiling thiserror-impl v1.0.63
[INFO] [stderr]    Compiling jpeg-decoder v0.3.1
[INFO] [stderr]    Compiling rand_core v0.6.4
[INFO] [stderr]    Compiling zerocopy v0.7.35
[INFO] [stderr]    Compiling windows-core v0.51.1
[INFO] [stderr]    Compiling tiff v0.9.1
[INFO] [stderr]    Compiling ppv-lite86 v0.2.20
[INFO] [stderr]    Compiling memmap2 v0.7.1
[INFO] [stderr]    Compiling winapi v0.3.9
[INFO] [stderr]    Compiling rand_chacha v0.3.1
[INFO] [stderr]    Compiling wayland-client v0.30.2
[INFO] [stderr]    Compiling image v0.24.9
[INFO] [stderr]    Compiling windows v0.51.1
[INFO] [stderr]    Compiling iana-time-zone v0.1.60
[INFO] [stderr]    Compiling percent-encoding v2.3.1
[INFO] [stderr]    Compiling chrono v0.4.38
[INFO] [stderr]    Compiling rand v0.8.5
[INFO] [stderr]    Compiling wayland-protocols v0.30.1
[INFO] [stderr]    Compiling dbus v0.9.7
[INFO] [stderr]    Compiling win_ocr v0.1.3
[INFO] [stderr]    Compiling display-info v0.4.8
[INFO] [stderr]    Compiling wayland-protocols-wlr v0.1.0
[INFO] [stderr]    Compiling libwayshot v0.2.0
[INFO] [stderr]    Compiling screenshots v0.8.10
[INFO] [stderr]    Compiling shiny-automate v0.1.0 (/opt/rustwide/workdir)
[INFO] [stdout] error[E0433]: cannot find `um` in `winapi`
[INFO] [stdout]  --> src/main.rs:7:13
[INFO] [stdout]   |
[INFO] [stdout] 7 | use winapi::um::winuser::{INPUT, MOUSEEVENTF_LEFTDOWN, MOUSEEVENTF_LEFTUP};
[INFO] [stdout]   |             ^^ could not find `um` in `winapi`
[INFO] [stdout] 
[INFO] [stdout] 
[INFO] [stdout] error[E0433]: cannot find `um` in `winapi`
[INFO] [stdout]    --> src/main.rs:154:17
[INFO] [stdout]     |
[INFO] [stdout] 154 |         winapi::um::winuser::SetCursorPos(x, y);
[INFO] [stdout]     |                 ^^ could not find `um` in `winapi`
[INFO] [stdout] 
[INFO] [stdout] 
[INFO] [stdout] error[E0433]: cannot find `um` in `winapi`
[INFO] [stdout]    --> src/main.rs:164:31
[INFO] [stdout]     |
[INFO] [stdout] 164 |         input.type_ = winapi::um::winuser::INPUT_MOUSE;
[INFO] [stdout]     |                               ^^ could not find `um` in `winapi`
[INFO] [stdout] 
[INFO] [stdout] 
[INFO] [stdout] error[E0433]: cannot find `um` in `winapi`
[INFO] [stdout]    --> src/main.rs:170:17
[INFO] [stdout]     |
[INFO] [stdout] 170 |         winapi::um::winuser::SendInput(1, &mut input, mem::size_of::<INPUT>() as i32);
[INFO] [stdout]     |                 ^^ could not find `um` in `winapi`
[INFO] [stdout] 
[INFO] [stdout] 
[INFO] [stdout] error[E0433]: cannot find `um` in `winapi`
[INFO] [stdout]    --> src/main.rs:176:31
[INFO] [stdout]     |
[INFO] [stdout] 176 |         input.type_ = winapi::um::winuser::INPUT_MOUSE;
[INFO] [stdout]     |                               ^^ could not find `um` in `winapi`
[INFO] [stdout] 
[INFO] [stdout] 
[INFO] [stdout] error[E0433]: cannot find `um` in `winapi`
[INFO] [stdout]    --> src/main.rs:182:17
[INFO] [stdout]     |
[INFO] [stdout] 182 |         winapi::um::winuser::SendInput(1, &mut input, mem::size_of::<INPUT>() as i32);
[INFO] [stdout]     |                 ^^ could not find `um` in `winapi`
[INFO] [stdout] 
[INFO] [stdout] 
[INFO] [stdout] For more information about this error, try `rustc --explain E0433`.
[INFO] [stdout] 
[INFO] [stderr] error: could not compile `shiny-automate` (bin "shiny-automate") due to 6 previous errors
[INFO] running `Command { std: "docker" "inspect" "d3f4bba8da70732e5bfcaf2200b1e5603f91af4269b26b07dc145a3f63bdb56a", kill_on_drop: false }`
[INFO] running `Command { std: "docker" "rm" "-f" "d3f4bba8da70732e5bfcaf2200b1e5603f91af4269b26b07dc145a3f63bdb56a", kill_on_drop: false }`
[INFO] [stdout] d3f4bba8da70732e5bfcaf2200b1e5603f91af4269b26b07dc145a3f63bdb56a
