[INFO] cloning repository https://github.com/kshitijl/psychic
[INFO] running `Command { std: "git" "-c" "credential.helper=" "-c" "credential.helper=/workspace/cargo-home/bin/git-credential-null" "clone" "--bare" "https://github.com/kshitijl/psychic" "/workspace/cache/git-repos/https%3A%2F%2Fgithub.com%2Fkshitijl%2Fpsychic", kill_on_drop: false }`
[INFO] [stderr] Cloning into bare repository '/workspace/cache/git-repos/https%3A%2F%2Fgithub.com%2Fkshitijl%2Fpsychic'...
[INFO] running `Command { std: "git" "rev-parse" "HEAD", kill_on_drop: false }`
[INFO] [stdout] 1f52d3bfd3228935f2897bd4b51a04aec7f6d001
[INFO] testing kshitijl/psychic against 1.97.0-beta.6 for beta-1.98-2
[INFO] running `Command { std: "git" "clone" "/workspace/cache/git-repos/https%3A%2F%2Fgithub.com%2Fkshitijl%2Fpsychic" "/workspace/builds/worker-3-tc1/source", kill_on_drop: false }`
[INFO] [stderr] Cloning into '/workspace/builds/worker-3-tc1/source'...
[INFO] [stderr] done.
[INFO] started tweaking git repo https://github.com/kshitijl/psychic
[INFO] finished tweaking git repo https://github.com/kshitijl/psychic
[INFO] tweaked toml for git repo https://github.com/kshitijl/psychic written to /workspace/builds/worker-3-tc1/source/Cargo.toml
[INFO] validating manifest of git repo https://github.com/kshitijl/psychic on toolchain 1.97.0-beta.6
[INFO] running `Command { std: CARGO_HOME="/workspace/cargo-home" RUSTUP_HOME="/workspace/rustup-home" "/workspace/cargo-home/bin/cargo" "+1.97.0-beta.6" "metadata" "--manifest-path" "Cargo.toml" "--no-deps", kill_on_drop: false }`
[INFO] crate git repo https://github.com/kshitijl/psychic already has a lockfile, it will not be regenerated
[INFO] running `Command { std: CARGO_HOME="/workspace/cargo-home" RUSTUP_HOME="/workspace/rustup-home" "/workspace/cargo-home/bin/cargo" "+1.97.0-beta.6" "fetch" "--manifest-path" "Cargo.toml", kill_on_drop: false }`
[INFO] [stderr]     Updating crates.io index
[INFO] [stderr]  Downloading crates ...
[INFO] [stderr]   Downloaded find-msvc-tools v0.1.3
[INFO] [stderr]   Downloaded timeago v0.4.2
[INFO] [stderr]   Downloaded cc v1.2.40
[INFO] [stderr]   Downloaded doxygen-rs v0.4.2
[INFO] [stderr]   Downloaded jiff-tzdb-platform v0.1.3
[INFO] [stderr]   Downloaded lightgbm3 v1.0.8
[INFO] [stderr]   Downloaded csv-core v0.1.12
[INFO] [stderr]   Downloaded jiff-tzdb v0.1.4
[INFO] [stderr]   Downloaded ansi-to-tui v7.0.0
[INFO] [stderr]   Downloaded clap v4.5.48
[INFO] [stderr]   Downloaded clap_builder v4.5.48
[INFO] [stderr]   Downloaded bindgen v0.71.1
[INFO] [stderr]   Downloaded fern v0.6.2
[INFO] [stderr]   Downloaded isolang v2.4.0
[INFO] [stderr]   Downloaded jiff v0.1.29
[INFO] [stderr]   Downloaded csv v1.3.1
[INFO] [stderr]   Downloaded windows-sys v0.61.1
[INFO] [stderr]   Downloaded lightgbm3-sys v1.0.8
[INFO] running `Command { std: "docker" "create" "-v" "/var/lib/crater-agent-workspace/builds/worker-3-tc1/source:/opt/rustwide/workdir:ro,Z" "-v" "/var/lib/crater-agent-workspace/builds/worker-3-tc1/target:/opt/rustwide/target:rw,Z" "-v" "/var/lib/crater-agent-workspace/cargo-home:/opt/rustwide/cargo-home:ro,Z" "-v" "/var/lib/crater-agent-workspace/rustup-home:/opt/rustwide/rustup-home:ro,Z" "-m" "1610612736" "--network" "none" "ghcr.io/rust-lang/crates-build-env/linux@sha256:3d5ced03c013a94a2f102a4510f48a6e9184255caf5fd8244f58017bde7f5210" "sleep" "infinity", kill_on_drop: false }`
[INFO] [stdout] 5d5793f6bc035c42e4d5d966a695018f2c96255e6a40bc3b5984993245789a5e
[INFO] running `Command { std: "docker" "start" "5d5793f6bc035c42e4d5d966a695018f2c96255e6a40bc3b5984993245789a5e", kill_on_drop: false }`
[INFO] running `Command { std: "docker" "inspect" "5d5793f6bc035c42e4d5d966a695018f2c96255e6a40bc3b5984993245789a5e", kill_on_drop: false }`
[INFO] running `Command { std: "docker" "exec" "-e" "SOURCE_DIR=/opt/rustwide/workdir" "-e" "CARGO_HOME=/opt/rustwide/cargo-home" "-e" "RUSTUP_HOME=/opt/rustwide/rustup-home" "-e" "CARGO_TARGET_DIR=/opt/rustwide/target" "-w" "/opt/rustwide/workdir" "--user" "0:0" "5d5793f6bc035c42e4d5d966a695018f2c96255e6a40bc3b5984993245789a5e" "/opt/rustwide/cargo-home/bin/cargo" "+1.97.0-beta.6" "metadata" "--no-deps" "--format-version=1", kill_on_drop: false }`
[INFO] running `Command { std: "docker" "inspect" "5d5793f6bc035c42e4d5d966a695018f2c96255e6a40bc3b5984993245789a5e", kill_on_drop: false }`
[INFO] running `Command { std: "docker" "exec" "-e" "SOURCE_DIR=/opt/rustwide/workdir" "-e" "CARGO_HOME=/opt/rustwide/cargo-home" "-e" "RUSTUP_HOME=/opt/rustwide/rustup-home" "-e" "CARGO_TARGET_DIR=/opt/rustwide/target" "-e" "CARGO_INCREMENTAL=0" "-e" "RUST_BACKTRACE=full" "-e" "RUSTFLAGS=--cap-lints=warn" "-e" "RUSTDOCFLAGS=--cap-lints=warn" "-w" "/opt/rustwide/workdir" "--user" "0:0" "5d5793f6bc035c42e4d5d966a695018f2c96255e6a40bc3b5984993245789a5e" "/opt/rustwide/cargo-home/bin/cargo" "+1.97.0-beta.6" "build" "--frozen" "--message-format=json", kill_on_drop: false }`
[INFO] [stderr]    Compiling proc-macro2 v1.0.101
[INFO] [stderr]    Compiling quote v1.0.41
[INFO] [stderr]    Compiling unicode-ident v1.0.19
[INFO] [stderr]    Compiling cfg-if v1.0.3
[INFO] [stderr]    Compiling libc v0.2.176
[INFO] [stderr]    Compiling siphasher v1.0.1
[INFO] [stderr]    Compiling find-msvc-tools v0.1.3
[INFO] [stderr]    Compiling glob v0.3.3
[INFO] [stderr]    Compiling zerocopy v0.8.27
[INFO] [stderr]    Compiling rand_core v0.6.4
[INFO] [stderr]    Compiling cc v1.2.40
[INFO] [stderr]    Compiling rand v0.8.5
[INFO] [stderr]    Compiling phf_shared v0.11.3
[INFO] [stderr]    Compiling prettyplease v0.2.37
[INFO] [stderr]    Compiling clang-sys v1.8.1
[INFO] [stderr]    Compiling regex-syntax v0.8.6
[INFO] [stderr]    Compiling nom v7.1.3
[INFO] [stderr]    Compiling phf_generator v0.11.3
[INFO] [stderr]    Compiling syn v2.0.106
[INFO] [stderr]    Compiling libloading v0.8.9
[INFO] [stderr]    Compiling smallvec v1.15.1
[INFO] [stderr]    Compiling fnv v1.0.7
[INFO] [stderr]    Compiling log v0.4.28
[INFO] [stderr]    Compiling bindgen v0.71.1
[INFO] [stderr]    Compiling signal-hook v0.3.18
[INFO] [stderr]    Compiling either v1.15.0
[INFO] [stderr]    Compiling signal-hook-registry v1.4.6
[INFO] [stderr]    Compiling regex-automata v0.4.11
[INFO] [stderr]    Compiling itertools v0.13.0
[INFO] [stderr]    Compiling rustix v0.38.44
[INFO] [stderr]    Compiling cexpr v0.6.0
[INFO] [stderr]    Compiling bitflags v2.9.4
[INFO] [stderr]    Compiling rustc-hash v2.1.1
[INFO] [stderr]    Compiling parking_lot_core v0.9.12
[INFO] [stderr]    Compiling mio v1.0.4
[INFO] [stderr]    Compiling cmake v0.1.54
[INFO] [stderr]    Compiling instability v0.3.9
[INFO] [stderr]    Compiling linux-raw-sys v0.4.15
[INFO] [stderr]    Compiling hashbrown v0.15.5
[INFO] [stderr]    Compiling signal-hook-mio v0.2.4
[INFO] [stderr]    Compiling ahash v0.8.12
[INFO] [stderr]    Compiling libsqlite3-sys v0.30.1
[INFO] [stderr]    Compiling parking_lot v0.12.5
[INFO] [stderr]    Compiling regex v1.11.3
[INFO] [stderr]    Compiling getrandom v0.2.16
[INFO] [stderr]    Compiling castaway v0.2.4
[INFO] [stderr]    Compiling anstyle-query v1.1.4
[INFO] [stderr]    Compiling unicode-width v0.1.14
[INFO] [stderr]    Compiling unicode-segmentation v1.12.0
[INFO] [stderr]    Compiling serde_json v1.0.145
[INFO] [stderr]    Compiling indoc v2.0.6
[INFO] [stderr]    Compiling crossterm v0.28.1
[INFO] [stderr]    Compiling compact_str v0.8.1
[INFO] [stderr]    Compiling anstream v0.6.21
[INFO] [stderr]    Compiling lru v0.12.5
[INFO] [stderr]    Compiling hashbrown v0.14.5
[INFO] [stderr]    Compiling ppv-lite86 v0.2.21
[INFO] [stderr]    Compiling darling_core v0.20.11
[INFO] [stderr]    Compiling unicode-truncate v1.1.0
[INFO] [stderr]    Compiling phf v0.11.3
[INFO] [stderr]    Compiling aho-corasick v1.1.3
[INFO] [stderr]    Compiling cassowary v0.3.0
[INFO] [stderr]    Compiling phf_macros v0.11.3
[INFO] [stderr]    Compiling strum_macros v0.26.4
[INFO] [stderr]    Compiling serde_derive v1.0.228
[INFO] [stderr]    Compiling doxygen-rs v0.4.2
[INFO] [stderr]    Compiling thiserror-impl v1.0.69
[INFO] [stderr]    Compiling darling_macro v0.20.11
[INFO] [stderr]    Compiling strum v0.26.3
[INFO] [stderr]    Compiling darling v0.20.11
[INFO] [stderr]    Compiling iana-time-zone v0.1.64
[INFO] [stderr]    Compiling clap_lex v0.7.5
[INFO] [stderr]    Compiling unicode-width v0.2.0
[INFO] [stderr]    Compiling clap_builder v4.5.48
[INFO] [stderr]    Compiling thiserror v1.0.69
[INFO] [stderr]    Compiling chrono v0.4.42
[INFO] [stderr]    Compiling ratatui v0.29.0
[INFO] [stderr]    Compiling clap_derive v4.5.47
[INFO] [stderr]    Compiling serde v1.0.228
[INFO] [stderr]    Compiling isolang v2.4.0
[INFO] [stderr]    Compiling hashlink v0.9.1
[INFO] [stderr]    Compiling rand_chacha v0.3.1
[INFO] [stderr]    Compiling crossbeam-channel v0.5.15
[INFO] [stderr]    Compiling crossbeam-queue v0.3.12
[INFO] [stderr]    Compiling thread_local v1.1.9
[INFO] [stderr]    Compiling csv-core v0.1.12
[INFO] [stderr]    Compiling lightgbm3-sys v1.0.8
[INFO] [stderr]    Compiling simdutf8 v0.1.5
[INFO] [stderr]    Compiling fallible-iterator v0.3.0
[INFO] [stderr]    Compiling fallible-streaming-iterator v0.1.9
[INFO] [stderr]    Compiling csv v1.3.1
[INFO] [stderr]    Compiling fuzzy-matcher v0.3.7
[INFO] [stderr]    Compiling crossbeam v0.8.4
[INFO] [stderr]    Compiling timeago v0.4.2
[INFO] [stderr]    Compiling clap v4.5.48
[INFO] [stderr]    Compiling fern v0.6.2
[INFO] [stderr]    Compiling jiff v0.1.29
[INFO] [stderr]    Compiling rusqlite v0.32.1
[INFO] [stderr]    Compiling ansi-to-tui v7.0.0
[INFO] [stderr] error: could not compile `jiff` (lib)
[INFO] [stderr] 
[INFO] [stderr] Caused by:
[INFO] [stderr]   process didn't exit successfully: `/opt/rustwide/rustup-home/toolchains/1.97.0-beta.6-x86_64-unknown-linux-gnu/bin/rustc --crate-name jiff --edition=2021 /opt/rustwide/cargo-home/registry/src/index.crates.io-1949cf8c6b5b557f/jiff-0.1.29/src/lib.rs --error-format=json --json=diagnostic-rendered-ansi,artifacts,future-incompat --crate-type lib --emit=dep-info,metadata,link -C embed-bitcode=no -C debuginfo=2 --cfg 'feature="alloc"' --cfg 'feature="default"' --cfg 'feature="std"' --cfg 'feature="tz-system"' --cfg 'feature="tzdb-bundle-platform"' --cfg 'feature="tzdb-concatenated"' --cfg 'feature="tzdb-zoneinfo"' --check-cfg 'cfg(docsrs,test)' --check-cfg 'cfg(feature, values("alloc", "default", "js", "logging", "serde", "std", "tz-system", "tzdb-bundle-always", "tzdb-bundle-platform", "tzdb-concatenated", "tzdb-zoneinfo"))' -C metadata=50b9b48f77ff6672 -C extra-filename=-d2cf9ec99c468eda --out-dir /opt/rustwide/target/debug/deps -L dependency=/opt/rustwide/target/debug/deps --cap-lints allow --cap-lints=warn` (signal: 9, SIGKILL: kill)
[INFO] [stderr] warning: build failed, waiting for other jobs to finish...
[INFO] [stderr] error: failed to run custom build command for `lightgbm3-sys v1.0.8`
[INFO] [stderr] note: To improve backtraces for build dependencies, set the CARGO_PROFILE_DEV_BUILD_OVERRIDE_DEBUG=true environment variable to enable debug information generation.
[INFO] [stderr] 
[INFO] [stderr] Caused by:
[INFO] [stderr]   process didn't exit successfully: `/opt/rustwide/target/debug/build/lightgbm3-sys-909d8785a38ba81d/build-script-build` (exit status: 101)
[INFO] [stderr]   --- stdout
[INFO] [stderr]   CMAKE_TOOLCHAIN_FILE_x86_64-unknown-linux-gnu = None
[INFO] [stderr]   CMAKE_TOOLCHAIN_FILE_x86_64_unknown_linux_gnu = None
[INFO] [stderr]   HOST_CMAKE_TOOLCHAIN_FILE = None
[INFO] [stderr]   CMAKE_TOOLCHAIN_FILE = None
[INFO] [stderr]   CMAKE_GENERATOR_x86_64-unknown-linux-gnu = None
[INFO] [stderr]   CMAKE_GENERATOR_x86_64_unknown_linux_gnu = None
[INFO] [stderr]   HOST_CMAKE_GENERATOR = None
[INFO] [stderr]   CMAKE_GENERATOR = None
[INFO] [stderr]   CMAKE_PREFIX_PATH_x86_64-unknown-linux-gnu = None
[INFO] [stderr]   CMAKE_PREFIX_PATH_x86_64_unknown_linux_gnu = None
[INFO] [stderr]   HOST_CMAKE_PREFIX_PATH = None
[INFO] [stderr]   CMAKE_PREFIX_PATH = None
[INFO] [stderr]   CMAKE_x86_64-unknown-linux-gnu = None
[INFO] [stderr]   CMAKE_x86_64_unknown_linux_gnu = None
[INFO] [stderr]   HOST_CMAKE = None
[INFO] [stderr]   CMAKE = None
[INFO] [stderr]   running: cd "/opt/rustwide/target/debug/build/lightgbm3-sys-7cfc2bc39aa0b660/out/build" && CMAKE_PREFIX_PATH="" LC_ALL="C" "cmake" "/opt/rustwide/target/debug/build/lightgbm3-sys-7cfc2bc39aa0b660/out/lightgbm" "-DBUILD_STATIC_LIB=ON" "-DUSE_OPENMP=OFF" "-DCMAKE_INSTALL_PREFIX=/opt/rustwide/target/debug/build/lightgbm3-sys-7cfc2bc39aa0b660/out" "-DCMAKE_C_FLAGS= -ffunction-sections -fdata-sections -fPIC -m64" "-DCMAKE_C_COMPILER=/usr/bin/cc" "-DCMAKE_CXX_FLAGS= -std=c++14 -ffunction-sections -fdata-sections -fPIC -m64" "-DCMAKE_CXX_COMPILER=/usr/bin/c++" "-DCMAKE_ASM_FLAGS= -ffunction-sections -fdata-sections -fPIC -m64" "-DCMAKE_ASM_COMPILER=/usr/bin/cc" "-DCMAKE_BUILD_TYPE=Release"
[INFO] [stderr]   -- The C compiler identification is GNU 13.3.0
[INFO] [stderr]   -- The CXX compiler identification is GNU 13.3.0
[INFO] [stderr]   -- Detecting C compiler ABI info
[INFO] [stderr]   -- Detecting C compiler ABI info - done
[INFO] [stderr]   -- Check for working C compiler: /usr/bin/cc - skipped
[INFO] [stderr]   -- Detecting C compile features
[INFO] [stderr]   -- Detecting C compile features - done
[INFO] [stderr]   -- Detecting CXX compiler ABI info
[INFO] [stderr]   -- Detecting CXX compiler ABI info - done
[INFO] [stderr]   -- Check for working CXX compiler: /usr/bin/c++ - skipped
[INFO] [stderr]   -- Detecting CXX compile features
[INFO] [stderr]   -- Detecting CXX compile features - done
[INFO] [stderr]   -- Performing Test MM_PREFETCH
[INFO] [stderr]   -- Performing Test MM_PREFETCH - Success
[INFO] [stderr]   -- Using _mm_prefetch
[INFO] [stderr]   -- Performing Test MM_MALLOC
[INFO] [stderr]   -- Performing Test MM_MALLOC - Success
[INFO] [stderr]   -- Using _mm_malloc
[INFO] [stderr]   -- Configuring done (5.9s)
[INFO] [stderr]   -- Generating done (0.0s)
[INFO] [stderr]   -- Build files have been written to: /opt/rustwide/target/debug/build/lightgbm3-sys-7cfc2bc39aa0b660/out/build
[INFO] [stderr]   running: cd "/opt/rustwide/target/debug/build/lightgbm3-sys-7cfc2bc39aa0b660/out/build" && LC_ALL="C" MAKEFLAGS="-j --jobserver-fds=4,5 --jobserver-auth=4,5" "cmake" "--build" "/opt/rustwide/target/debug/build/lightgbm3-sys-7cfc2bc39aa0b660/out/build" "--target" "install" "--config" "Release"
[INFO] [stderr]   [  2%] Building CXX object CMakeFiles/lightgbm_capi_objs.dir/src/c_api.cpp.o
[INFO] [stderr]   [  5%] Building CXX object CMakeFiles/lightgbm_objs.dir/src/boosting/gbdt_prediction.cpp.o
[INFO] [stderr]   [  7%] Building CXX object CMakeFiles/lightgbm_objs.dir/src/boosting/gbdt.cpp.o
[INFO] [stderr]   [ 10%] Building CXX object CMakeFiles/lightgbm_objs.dir/src/boosting/boosting.cpp.o
[INFO] [stderr]   [ 12%] Building CXX object CMakeFiles/lightgbm_objs.dir/src/boosting/gbdt_model_text.cpp.o
[INFO] [stderr]   [ 15%] Building CXX object CMakeFiles/lightgbm_objs.dir/src/boosting/prediction_early_stop.cpp.o
[INFO] [stderr]   [ 17%] Building CXX object CMakeFiles/lightgbm_objs.dir/src/boosting/sample_strategy.cpp.o
[INFO] [stderr]   [ 20%] Building CXX object CMakeFiles/lightgbm_objs.dir/src/io/bin.cpp.o
[INFO] [stderr]   [ 23%] Building CXX object CMakeFiles/lightgbm_objs.dir/src/io/config_auto.cpp.o
[INFO] [stderr]   [ 25%] Building CXX object CMakeFiles/lightgbm_objs.dir/src/io/config.cpp.o
[INFO] [stderr]   [ 28%] Building CXX object CMakeFiles/lightgbm_objs.dir/src/io/dataset_loader.cpp.o
[INFO] [stderr] 
[INFO] [stderr]   --- stderr
[INFO] [stderr]   CMake Warning:
[INFO] [stderr]     Manually-specified variables were not used by the project:
[INFO] [stderr] 
[INFO] [stderr]       CMAKE_ASM_COMPILER
[INFO] [stderr]       CMAKE_ASM_FLAGS
[INFO] [stderr] 
[INFO] [stderr] 
[INFO] [stderr]   c++: fatal error: Killed signal terminated program cc1plus
[INFO] [stderr]   compilation terminated.
[INFO] [stderr]   gmake[2]: *** [CMakeFiles/lightgbm_capi_objs.dir/build.make:76: CMakeFiles/lightgbm_capi_objs.dir/src/c_api.cpp.o] Error 1
[INFO] [stderr]   gmake[1]: *** [CMakeFiles/Makefile2:141: CMakeFiles/lightgbm_capi_objs.dir/all] Error 2
[INFO] [stderr]   gmake[1]: *** Waiting for unfinished jobs....
[INFO] [stderr]   c++: fatal error: Killed signal terminated program cc1plus
[INFO] [stderr]   compilation terminated.
[INFO] [stderr]   gmake[2]: *** [CMakeFiles/lightgbm_objs.dir/build.make:118: CMakeFiles/lightgbm_objs.dir/src/boosting/gbdt.cpp.o] Error 1
[INFO] [stderr]   gmake[2]: *** Waiting for unfinished jobs....
[INFO] [stderr]   gmake[1]: *** [CMakeFiles/Makefile2:89: CMakeFiles/lightgbm_objs.dir/all] Error 2
[INFO] [stderr]   gmake: *** [Makefile:136: all] Error 2
[INFO] [stderr] 
[INFO] [stderr]   thread 'main' (1511) panicked at /opt/rustwide/cargo-home/registry/src/index.crates.io-1949cf8c6b5b557f/cmake-0.1.54/src/lib.rs:1119:5:
[INFO] [stderr] 
[INFO] [stderr]   command did not execute successfully, got: exit status: 2
[INFO] [stderr] 
[INFO] [stderr]   build script failed, must exit now
[INFO] [stderr]   stack backtrace:
[INFO] [stderr]      0:     0x6230cda4a388 - std[10d71ac2c42b111e]::backtrace_rs::backtrace::libunwind::trace
[INFO] [stderr]                                  at /rustc/b2282dd5646a57d570fc86fbe8df0e8826665ef6/library/std/src/../../backtrace/src/backtrace/libunwind.rs:117:9
[INFO] [stderr]      1:     0x6230cda4a388 - std[10d71ac2c42b111e]::backtrace_rs::backtrace::trace_unsynchronized::<std[10d71ac2c42b111e]::sys::backtrace::_print_fmt::{closure#1}>
[INFO] [stderr]                                  at /rustc/b2282dd5646a57d570fc86fbe8df0e8826665ef6/library/std/src/../../backtrace/src/backtrace/mod.rs:66:14
[INFO] [stderr]      2:     0x6230cda4a388 - std[10d71ac2c42b111e]::sys::backtrace::_print_fmt
[INFO] [stderr]                                  at /rustc/b2282dd5646a57d570fc86fbe8df0e8826665ef6/library/std/src/sys/backtrace.rs:74:9
[INFO] [stderr]      3:     0x6230cda4a388 - <<std[10d71ac2c42b111e]::sys::backtrace::BacktraceLock>::print::DisplayBacktrace as core[8fb95b77d25ab6c8]::fmt::Display>::fmt
[INFO] [stderr]                                  at /rustc/b2282dd5646a57d570fc86fbe8df0e8826665ef6/library/std/src/sys/backtrace.rs:44:26
[INFO] [stderr]      4:     0x6230cda6197a - <core[8fb95b77d25ab6c8]::fmt::rt::Argument>::fmt
[INFO] [stderr]                                  at /rustc/b2282dd5646a57d570fc86fbe8df0e8826665ef6/library/core/src/fmt/rt.rs:152:76
[INFO] [stderr]      5:     0x6230cda6197a - core[8fb95b77d25ab6c8]::fmt::write
[INFO] [stderr]      6:     0x6230cda50702 - std[10d71ac2c42b111e]::io::default_write_fmt::<std[10d71ac2c42b111e]::sys::stdio::unix::Stderr>
[INFO] [stderr]                                  at /rustc/b2282dd5646a57d570fc86fbe8df0e8826665ef6/library/std/src/io/mod.rs:622:11
[INFO] [stderr]      7:     0x6230cda50702 - <std[10d71ac2c42b111e]::sys::stdio::unix::Stderr as std[10d71ac2c42b111e]::io::Write>::write_fmt
[INFO] [stderr]                                  at /rustc/b2282dd5646a57d570fc86fbe8df0e8826665ef6/library/std/src/io/mod.rs:1977:13
[INFO] [stderr]      8:     0x6230cda2a2b6 - <std[10d71ac2c42b111e]::sys::backtrace::BacktraceLock>::print
[INFO] [stderr]                                  at /rustc/b2282dd5646a57d570fc86fbe8df0e8826665ef6/library/std/src/sys/backtrace.rs:47:9
[INFO] [stderr]      9:     0x6230cda2a2b6 - std[10d71ac2c42b111e]::panicking::default_hook::{closure#0}
[INFO] [stderr]                                  at /rustc/b2282dd5646a57d570fc86fbe8df0e8826665ef6/library/std/src/panicking.rs:292:27
[INFO] [stderr]     10:     0x6230cda44311 - std[10d71ac2c42b111e]::panicking::default_hook
[INFO] [stderr]                                  at /rustc/b2282dd5646a57d570fc86fbe8df0e8826665ef6/library/std/src/panicking.rs:319:9
[INFO] [stderr]     11:     0x6230cda4458b - std[10d71ac2c42b111e]::panicking::panic_with_hook
[INFO] [stderr]                                  at /rustc/b2282dd5646a57d570fc86fbe8df0e8826665ef6/library/std/src/panicking.rs:825:13
[INFO] [stderr]     12:     0x6230cda2a372 - std[10d71ac2c42b111e]::panicking::panic_handler::{closure#0}
[INFO] [stderr]                                  at /rustc/b2282dd5646a57d570fc86fbe8df0e8826665ef6/library/std/src/panicking.rs:698:13
[INFO] [stderr]     13:     0x6230cda1f3c9 - std[10d71ac2c42b111e]::sys::backtrace::__rust_end_short_backtrace::<std[10d71ac2c42b111e]::panicking::panic_handler::{closure#0}, !>
[INFO] [stderr]                                  at /rustc/b2282dd5646a57d570fc86fbe8df0e8826665ef6/library/std/src/sys/backtrace.rs:182:18
[INFO] [stderr]     14:     0x6230cda2acdd - __rustc[3be9ba60078d4c86]::rust_begin_unwind
[INFO] [stderr]                                  at /rustc/b2282dd5646a57d570fc86fbe8df0e8826665ef6/library/std/src/panicking.rs:689:5
[INFO] [stderr]     15:     0x6230cda621bc - core[8fb95b77d25ab6c8]::panicking::panic_fmt
[INFO] [stderr]                                  at /rustc/b2282dd5646a57d570fc86fbe8df0e8826665ef6/library/core/src/panicking.rs:80:14
[INFO] [stderr]     16:     0x6230cd9acb37 - cmake[86d3a17f6e493e45]::fail
[INFO] [stderr]     17:     0x6230cd9ac7c3 - cmake[86d3a17f6e493e45]::run
[INFO] [stderr]     18:     0x6230cd9b266b - <cmake[86d3a17f6e493e45]::Config>::build
[INFO] [stderr]     19:     0x6230cd454553 - build_script_build[d41cfd04c2e994c5]::main
[INFO] [stderr]     20:     0x6230cd456963 - <fn() as core[8fb95b77d25ab6c8]::ops::function::FnOnce<()>>::call_once
[INFO] [stderr]     21:     0x6230cd453a86 - std[10d71ac2c42b111e]::sys::backtrace::__rust_begin_short_backtrace::<fn(), ()>
[INFO] [stderr]     22:     0x6230cd453a99 - std[10d71ac2c42b111e]::rt::lang_start::<()>::{closure#0}
[INFO] [stderr]     23:     0x6230cda43377 - <&dyn core[8fb95b77d25ab6c8]::ops::function::Fn<(), Output = i32> + core[8fb95b77d25ab6c8]::panic::unwind_safe::RefUnwindSafe + core[8fb95b77d25ab6c8]::marker::Sync as core[8fb95b77d25ab6c8]::ops::function::FnOnce<()>>::call_once
[INFO] [stderr]                                  at /rustc/b2282dd5646a57d570fc86fbe8df0e8826665ef6/library/core/src/ops/function.rs:287:21
[INFO] [stderr]     24:     0x6230cda43377 - std[10d71ac2c42b111e]::panicking::catch_unwind::do_call::<&dyn core[8fb95b77d25ab6c8]::ops::function::Fn<(), Output = i32> + core[8fb95b77d25ab6c8]::panic::unwind_safe::RefUnwindSafe + core[8fb95b77d25ab6c8]::marker::Sync, i32>
[INFO] [stderr]                                  at /rustc/b2282dd5646a57d570fc86fbe8df0e8826665ef6/library/std/src/panicking.rs:581:40
[INFO] [stderr]     25:     0x6230cda43377 - std[10d71ac2c42b111e]::panicking::catch_unwind::<i32, &dyn core[8fb95b77d25ab6c8]::ops::function::Fn<(), Output = i32> + core[8fb95b77d25ab6c8]::panic::unwind_safe::RefUnwindSafe + core[8fb95b77d25ab6c8]::marker::Sync>
[INFO] [stderr]                                  at /rustc/b2282dd5646a57d570fc86fbe8df0e8826665ef6/library/std/src/panicking.rs:544:19
[INFO] [stderr]     26:     0x6230cda43377 - std[10d71ac2c42b111e]::panic::catch_unwind::<&dyn core[8fb95b77d25ab6c8]::ops::function::Fn<(), Output = i32> + core[8fb95b77d25ab6c8]::panic::unwind_safe::RefUnwindSafe + core[8fb95b77d25ab6c8]::marker::Sync, i32>
[INFO] [stderr]                                  at /rustc/b2282dd5646a57d570fc86fbe8df0e8826665ef6/library/std/src/panic.rs:359:14
[INFO] [stderr]     27:     0x6230cda43377 - std[10d71ac2c42b111e]::rt::lang_start_internal::{closure#0}
[INFO] [stderr]                                  at /rustc/b2282dd5646a57d570fc86fbe8df0e8826665ef6/library/std/src/rt.rs:175:24
[INFO] [stderr]     28:     0x6230cda43377 - std[10d71ac2c42b111e]::panicking::catch_unwind::do_call::<std[10d71ac2c42b111e]::rt::lang_start_internal::{closure#0}, isize>
[INFO] [stderr]                                  at /rustc/b2282dd5646a57d570fc86fbe8df0e8826665ef6/library/std/src/panicking.rs:581:40
[INFO] [stderr]     29:     0x6230cda43377 - std[10d71ac2c42b111e]::panicking::catch_unwind::<isize, std[10d71ac2c42b111e]::rt::lang_start_internal::{closure#0}>
[INFO] [stderr]                                  at /rustc/b2282dd5646a57d570fc86fbe8df0e8826665ef6/library/std/src/panicking.rs:544:19
[INFO] [stderr]     30:     0x6230cda43377 - std[10d71ac2c42b111e]::panic::catch_unwind::<std[10d71ac2c42b111e]::rt::lang_start_internal::{closure#0}, isize>
[INFO] [stderr]                                  at /rustc/b2282dd5646a57d570fc86fbe8df0e8826665ef6/library/std/src/panic.rs:359:14
[INFO] [stderr]     31:     0x6230cda43377 - std[10d71ac2c42b111e]::rt::lang_start_internal
[INFO] [stderr]                                  at /rustc/b2282dd5646a57d570fc86fbe8df0e8826665ef6/library/std/src/rt.rs:171:5
[INFO] [stderr]     32:     0x6230cd453441 - std[10d71ac2c42b111e]::rt::lang_start::<()>
[INFO] [stderr]     33:     0x6230cd456d05 - main
[INFO] [stderr]     34:     0x74af0d1681ca - <unknown>
[INFO] [stderr]     35:     0x74af0d16828b - __libc_start_main
[INFO] [stderr]     36:     0x6230cd451b75 - _start
[INFO] [stderr]     37:                0x0 - <unknown>
[INFO] running `Command { std: "docker" "inspect" "5d5793f6bc035c42e4d5d966a695018f2c96255e6a40bc3b5984993245789a5e", kill_on_drop: false }`
[INFO] running `Command { std: "docker" "rm" "-f" "5d5793f6bc035c42e4d5d966a695018f2c96255e6a40bc3b5984993245789a5e", kill_on_drop: false }`
[INFO] [stdout] 5d5793f6bc035c42e4d5d966a695018f2c96255e6a40bc3b5984993245789a5e
