[INFO] cloning repository https://github.com/kortgrabb/jot
[INFO] running `Command { std: "git" "-c" "credential.helper=" "-c" "credential.helper=/workspace/cargo-home/bin/git-credential-null" "clone" "--bare" "https://github.com/kortgrabb/jot" "/workspace/cache/git-repos/https%3A%2F%2Fgithub.com%2Fkortgrabb%2Fjot", kill_on_drop: false }`
[INFO] [stderr] Cloning into bare repository '/workspace/cache/git-repos/https%3A%2F%2Fgithub.com%2Fkortgrabb%2Fjot'...
[INFO] running `Command { std: "git" "rev-parse" "HEAD", kill_on_drop: false }`
[INFO] [stdout] e9bacd7fd4df4092fc0a8675468e445ac0284987
[INFO] testing kortgrabb/jot against 1.98.0-beta.1 for beta-1.98-2
[INFO] running `Command { std: "git" "clone" "/workspace/cache/git-repos/https%3A%2F%2Fgithub.com%2Fkortgrabb%2Fjot" "/workspace/builds/worker-6-tc2/source", kill_on_drop: false }`
[INFO] [stderr] Cloning into '/workspace/builds/worker-6-tc2/source'...
[INFO] [stderr] done.
[INFO] started tweaking git repo https://github.com/kortgrabb/jot
[INFO] finished tweaking git repo https://github.com/kortgrabb/jot
[INFO] tweaked toml for git repo https://github.com/kortgrabb/jot written to /workspace/builds/worker-6-tc2/source/Cargo.toml
[INFO] validating manifest of git repo https://github.com/kortgrabb/jot on toolchain 1.98.0-beta.1
[INFO] running `Command { std: CARGO_HOME="/workspace/cargo-home" RUSTUP_HOME="/workspace/rustup-home" "/workspace/cargo-home/bin/cargo" "+1.98.0-beta.1" "metadata" "--manifest-path" "Cargo.toml" "--no-deps", kill_on_drop: false }`
[INFO] crate git repo https://github.com/kortgrabb/jot already has a lockfile, it will not be regenerated
[INFO] running `Command { std: CARGO_HOME="/workspace/cargo-home" RUSTUP_HOME="/workspace/rustup-home" "/workspace/cargo-home/bin/cargo" "+1.98.0-beta.1" "fetch" "--manifest-path" "Cargo.toml", kill_on_drop: false }`
[INFO] [stderr]     Blocking waiting for file lock on package cache
[INFO] [stderr]     Updating crates.io index
[INFO] [stderr]     Blocking waiting for file lock on package cache
[INFO] [stderr]      Locking 9 packages to latest compatible versions
[INFO] [stderr]       Adding assert_cmd v2.2.2
[INFO] [stderr]       Adding bstr v1.12.1 (available: v1.12.3)
[INFO] [stderr]       Adding difflib v0.4.0
[INFO] [stderr]       Adding predicates v3.1.4
[INFO] [stderr]       Adding predicates-core v1.0.10
[INFO] [stderr]       Adding predicates-tree v1.0.13
[INFO] [stderr]       Adding regex-automata v0.4.15
[INFO] [stderr]       Adding termtree v0.5.1
[INFO] [stderr]       Adding wait-timeout v0.2.1
[INFO] running `Command { std: "docker" "create" "-v" "/var/lib/crater-agent-workspace/builds/worker-6-tc2/source:/opt/rustwide/workdir:ro,Z" "-v" "/var/lib/crater-agent-workspace/builds/worker-6-tc2/target:/opt/rustwide/target:rw,Z" "-v" "/var/lib/crater-agent-workspace/cargo-home:/opt/rustwide/cargo-home:ro,Z" "-v" "/var/lib/crater-agent-workspace/rustup-home:/opt/rustwide/rustup-home:ro,Z" "-m" "1610612736" "--network" "none" "ghcr.io/rust-lang/crates-build-env/linux@sha256:3d5ced03c013a94a2f102a4510f48a6e9184255caf5fd8244f58017bde7f5210" "sleep" "infinity", kill_on_drop: false }`
[INFO] [stdout] 2d6b8bf6a56fc71f99506070e2c2cc0340262d2713594fe6d40ec197c06ace24
[INFO] running `Command { std: "docker" "start" "2d6b8bf6a56fc71f99506070e2c2cc0340262d2713594fe6d40ec197c06ace24", kill_on_drop: false }`
[INFO] running `Command { std: "docker" "inspect" "2d6b8bf6a56fc71f99506070e2c2cc0340262d2713594fe6d40ec197c06ace24", kill_on_drop: false }`
[INFO] running `Command { std: "docker" "exec" "-e" "SOURCE_DIR=/opt/rustwide/workdir" "-e" "CARGO_HOME=/opt/rustwide/cargo-home" "-e" "RUSTUP_HOME=/opt/rustwide/rustup-home" "-e" "CARGO_TARGET_DIR=/opt/rustwide/target" "-w" "/opt/rustwide/workdir" "--user" "0:0" "2d6b8bf6a56fc71f99506070e2c2cc0340262d2713594fe6d40ec197c06ace24" "/opt/rustwide/cargo-home/bin/cargo" "+1.98.0-beta.1" "metadata" "--no-deps" "--format-version=1", kill_on_drop: false }`
[INFO] running `Command { std: "docker" "inspect" "2d6b8bf6a56fc71f99506070e2c2cc0340262d2713594fe6d40ec197c06ace24", kill_on_drop: false }`
[INFO] running `Command { std: "docker" "exec" "-e" "SOURCE_DIR=/opt/rustwide/workdir" "-e" "CARGO_HOME=/opt/rustwide/cargo-home" "-e" "RUSTUP_HOME=/opt/rustwide/rustup-home" "-e" "CARGO_TARGET_DIR=/opt/rustwide/target" "-e" "CARGO_INCREMENTAL=0" "-e" "RUST_BACKTRACE=full" "-e" "RUSTFLAGS=--cap-lints=warn" "-e" "RUSTDOCFLAGS=--cap-lints=warn" "-w" "/opt/rustwide/workdir" "--user" "0:0" "2d6b8bf6a56fc71f99506070e2c2cc0340262d2713594fe6d40ec197c06ace24" "/opt/rustwide/cargo-home/bin/cargo" "+1.98.0-beta.1" "build" "--frozen" "--message-format=json", kill_on_drop: false }`
[INFO] [stderr]    Compiling unicode-ident v1.0.13
[INFO] [stderr]    Compiling serde v1.0.216
[INFO] [stderr]    Compiling libc v0.2.161
[INFO] [stderr]    Compiling rustix v0.38.42
[INFO] [stderr]    Compiling hashbrown v0.15.0
[INFO] [stderr]    Compiling thiserror v1.0.66
[INFO] [stderr]    Compiling anstyle v1.0.9
[INFO] [stderr]    Compiling serde_json v1.0.134
[INFO] [stderr]    Compiling fastrand v2.1.1
[INFO] [stderr]    Compiling thiserror v2.0.9
[INFO] [stderr]    Compiling shell-words v1.1.0
[INFO] [stderr]    Compiling colored v2.2.0
[INFO] [stderr]    Compiling proc-macro2 v1.0.92
[INFO] [stderr]    Compiling anstream v0.6.17
[INFO] [stderr]    Compiling clap_builder v4.5.23
[INFO] [stderr]    Compiling indexmap v2.6.0
[INFO] [stderr]    Compiling quote v1.0.37
[INFO] [stderr]    Compiling dirs-sys v0.4.1
[INFO] [stderr]    Compiling console v0.15.10
[INFO] [stderr]    Compiling dirs v5.0.1
[INFO] [stderr]    Compiling syn v2.0.91
[INFO] [stderr]    Compiling tempfile v3.14.0
[INFO] [stderr]    Compiling serde_derive v1.0.216
[INFO] [stderr]    Compiling thiserror-impl v1.0.66
[INFO] [stderr]    Compiling thiserror-impl v2.0.9
[INFO] [stderr]    Compiling clap_derive v4.5.18
[INFO] [stderr]    Compiling dialoguer v0.11.0
[INFO] [stderr]    Compiling clap v4.5.23
[INFO] [stderr]    Compiling serde_spanned v0.6.8
[INFO] [stderr]    Compiling toml_datetime v0.6.8
[INFO] [stderr]    Compiling chrono v0.4.39
[INFO] [stderr]    Compiling toml_edit v0.22.22
[INFO] [stderr]    Compiling toml v0.8.19
[INFO] [stderr]    Compiling OxidLog v0.1.1 (/opt/rustwide/workdir)
[INFO] [stdout] warning: unused import: `JotError`
[INFO] [stdout]  --> src/cli/mod.rs:2:20
[INFO] [stdout]   |
[INFO] [stdout] 2 | use crate::error::{JotError, JotResult};
[INFO] [stdout]   |                    ^^^^^^^^
[INFO] [stdout]   |
[INFO] [stdout]   = note: `#[warn(unused_imports)]` (part of `#[warn(unused)]`) on by default
[INFO] [stdout] 
[INFO] [stdout] 
[INFO] [stdout] warning: unused variable: `journal`
[INFO] [stdout]   --> src/commands/remove.rs:31:28
[INFO] [stdout]    |
[INFO] [stdout] 31 | fn remove_entries_by_range(journal: &mut Journal, range: &str) -> JotResult<Vec<usize>> {
[INFO] [stdout]    |                            ^^^^^^^ help: if this is intentional, prefix it with an underscore: `_journal`
[INFO] [stdout]    |
[INFO] [stdout]    = note: `#[warn(unused_variables)]` (part of `#[warn(unused)]`) on by default
[INFO] [stdout] 
[INFO] [stdout] 
[INFO] [stdout] warning: variants `BackupError` and `SearchError` are never constructed
[INFO] [stdout]   --> src/error/mod.rs:39:5
[INFO] [stdout]    |
[INFO] [stdout]  4 | pub enum JotError {
[INFO] [stdout]    |          -------- variants in this enum
[INFO] [stdout] ...
[INFO] [stdout] 39 |     BackupError(String),
[INFO] [stdout]    |     ^^^^^^^^^^^
[INFO] [stdout] ...
[INFO] [stdout] 42 |     SearchError(String),
[INFO] [stdout]    |     ^^^^^^^^^^^
[INFO] [stdout]    |
[INFO] [stdout]    = note: `JotError` has a derived impl for the trait `Debug`, but this is intentionally ignored during dead code analysis
[INFO] [stdout]    = note: `#[warn(dead_code)]` (part of `#[warn(unused)]`) on by default
[INFO] [stdout] 
[INFO] [stdout] 
[INFO] [stdout] warning: associated function `from_hash` is never used
[INFO] [stdout]   --> src/storage/journal.rs:16:12
[INFO] [stdout]    |
[INFO] [stdout] 11 | impl Tag {
[INFO] [stdout]    | -------- associated function in this implementation
[INFO] [stdout] ...
[INFO] [stdout] 16 |     pub fn from_hash(s: &str) -> Self {
[INFO] [stdout]    |            ^^^^^^^^^
[INFO] [stdout] 
[INFO] [stdout] 
[INFO] [stdout] warning: function `parse_tags` is never used
[INFO] [stdout]   --> src/utils/mod.rs:60:8
[INFO] [stdout]    |
[INFO] [stdout] 60 | pub fn parse_tags(tags: &str) -> Vec<Tag> {
[INFO] [stdout]    |        ^^^^^^^^^^
[INFO] [stdout] 
[INFO] [stdout] 
[INFO] [stderr]     Finished `dev` profile [unoptimized + debuginfo] target(s) in 29.33s
[INFO] running `Command { std: "docker" "inspect" "2d6b8bf6a56fc71f99506070e2c2cc0340262d2713594fe6d40ec197c06ace24", kill_on_drop: false }`
[INFO] running `Command { std: "docker" "exec" "-e" "SOURCE_DIR=/opt/rustwide/workdir" "-e" "CARGO_HOME=/opt/rustwide/cargo-home" "-e" "RUSTUP_HOME=/opt/rustwide/rustup-home" "-e" "CARGO_TARGET_DIR=/opt/rustwide/target" "-e" "CARGO_INCREMENTAL=0" "-e" "RUST_BACKTRACE=full" "-e" "RUSTFLAGS=--cap-lints=warn" "-e" "RUSTDOCFLAGS=--cap-lints=warn" "-w" "/opt/rustwide/workdir" "--user" "0:0" "2d6b8bf6a56fc71f99506070e2c2cc0340262d2713594fe6d40ec197c06ace24" "/opt/rustwide/cargo-home/bin/cargo" "+1.98.0-beta.1" "test" "--frozen" "--no-run" "--message-format=json", kill_on_drop: false }`
[INFO] [stderr]    Compiling predicates-core v1.0.10
[INFO] [stderr]    Compiling assert_cmd v2.2.2
[INFO] [stderr]    Compiling difflib v0.4.0
[INFO] [stderr]    Compiling regex-automata v0.4.15
[INFO] [stderr]    Compiling termtree v0.5.1
[INFO] [stderr]    Compiling wait-timeout v0.2.1
[INFO] [stdout] warning: unused import: `JotError`
[INFO] [stdout]  --> src/cli/mod.rs:2:20
[INFO] [stdout]   |
[INFO] [stdout] 2 | use crate::error::{JotError, JotResult};
[INFO] [stdout]   |                    ^^^^^^^^
[INFO] [stdout]   |
[INFO] [stdout]   = note: `#[warn(unused_imports)]` (part of `#[warn(unused)]`) on by default
[INFO] [stdout] 
[INFO] [stdout] 
[INFO] [stdout] warning: unused variable: `journal`
[INFO] [stdout]   --> src/commands/remove.rs:31:28
[INFO] [stdout]    |
[INFO] [stdout] 31 | fn remove_entries_by_range(journal: &mut Journal, range: &str) -> JotResult<Vec<usize>> {
[INFO] [stdout]    |                            ^^^^^^^ help: if this is intentional, prefix it with an underscore: `_journal`
[INFO] [stdout]    |
[INFO] [stdout]    = note: `#[warn(unused_variables)]` (part of `#[warn(unused)]`) on by default
[INFO] [stdout] 
[INFO] [stdout] 
[INFO] [stdout] warning: variants `BackupError` and `SearchError` are never constructed
[INFO] [stdout]   --> src/error/mod.rs:39:5
[INFO] [stdout]    |
[INFO] [stdout]  4 | pub enum JotError {
[INFO] [stdout]    |          -------- variants in this enum
[INFO] [stdout] ...
[INFO] [stdout] 39 |     BackupError(String),
[INFO] [stdout]    |     ^^^^^^^^^^^
[INFO] [stdout] ...
[INFO] [stdout] 42 |     SearchError(String),
[INFO] [stdout]    |     ^^^^^^^^^^^
[INFO] [stdout]    |
[INFO] [stdout]    = note: `JotError` has a derived impl for the trait `Debug`, but this is intentionally ignored during dead code analysis
[INFO] [stdout]    = note: `#[warn(dead_code)]` (part of `#[warn(unused)]`) on by default
[INFO] [stdout] 
[INFO] [stdout] 
[INFO] [stdout] warning: associated function `from_hash` is never used
[INFO] [stdout]   --> src/storage/journal.rs:16:12
[INFO] [stdout]    |
[INFO] [stdout] 11 | impl Tag {
[INFO] [stdout]    | -------- associated function in this implementation
[INFO] [stdout] ...
[INFO] [stdout] 16 |     pub fn from_hash(s: &str) -> Self {
[INFO] [stdout]    |            ^^^^^^^^^
[INFO] [stdout] 
[INFO] [stdout] 
[INFO] [stdout] warning: function `parse_tags` is never used
[INFO] [stdout]   --> src/utils/mod.rs:60:8
[INFO] [stdout]    |
[INFO] [stdout] 60 | pub fn parse_tags(tags: &str) -> Vec<Tag> {
[INFO] [stdout]    |        ^^^^^^^^^^
[INFO] [stdout] 
[INFO] [stdout] 
[INFO] [stderr]    Compiling predicates-tree v1.0.13
[INFO] [stderr]    Compiling predicates v3.1.4
[INFO] [stderr]    Compiling bstr v1.12.1
[INFO] [stderr]    Compiling OxidLog v0.1.1 (/opt/rustwide/workdir)
[INFO] [stdout] error[E0433]: cannot find module or crate `predicates` in this scope
[INFO] [stdout]  --> tests/cli_tests.rs:2:5
[INFO] [stdout]   |
[INFO] [stdout] 2 | use predicates::prelude::*;
[INFO] [stdout]   |     ^^^^^^^^^^ use of unresolved module or unlinked crate `predicates`
[INFO] [stdout]   |
[INFO] [stdout]   = help: if you wanted to use a crate named `predicates`, use `cargo add predicates` to add it to your `Cargo.toml`
[INFO] [stdout] 
[INFO] [stdout] 
[INFO] [stdout] error[E0432]: unresolved import `crate::storage`
[INFO] [stdout]  --> tests/storage_tests.rs:4:12
[INFO] [stdout]   |
[INFO] [stdout] 4 | use crate::storage::{self, Journal, Entry, Tag};
[INFO] [stdout]   |            ^^^^^^^ could not find `storage` in the crate root
[INFO] [stdout] 
[INFO] [stdout] 
[INFO] [stdout] warning: unused import: `std::path::PathBuf`
[INFO] [stdout]  --> tests/storage_tests.rs:3:5
[INFO] [stdout]   |
[INFO] [stdout] 3 | use std::path::PathBuf;
[INFO] [stdout]   |     ^^^^^^^^^^^^^^^^^^
[INFO] [stdout]   |
[INFO] [stdout]   = note: `#[warn(unused_imports)]` (part of `#[warn(unused)]`) on by default
[INFO] [stdout] 
[INFO] [stdout] 
[INFO] [stdout] error[E0433]: cannot find module or crate `predicate` in this scope
[INFO] [stdout]   --> tests/cli_tests.rs:13:17
[INFO] [stdout]    |
[INFO] [stdout] 13 |         .stdout(predicate::str::contains("Journal initialized successfully"));
[INFO] [stdout]    |                 ^^^^^^^^^ use of unresolved module or unlinked crate `predicate`
[INFO] [stdout]    |
[INFO] [stdout]    = help: if you wanted to use a crate named `predicate`, use `cargo add predicate` to add it to your `Cargo.toml`
[INFO] [stdout] 
[INFO] [stdout] 
[INFO] [stdout] error[E0433]: cannot find module or crate `predicate` in this scope
[INFO] [stdout]   --> tests/cli_tests.rs:31:17
[INFO] [stdout]    |
[INFO] [stdout] 31 |         .stdout(predicate::str::contains("Entry 1 added"));
[INFO] [stdout]    |                 ^^^^^^^^^ use of unresolved module or unlinked crate `predicate`
[INFO] [stdout]    |
[INFO] [stdout]    = help: if you wanted to use a crate named `predicate`, use `cargo add predicate` to add it to your `Cargo.toml`
[INFO] [stdout] 
[INFO] [stdout] 
[INFO] [stdout] error[E0433]: cannot find module or crate `predicate` in this scope
[INFO] [stdout]   --> tests/cli_tests.rs:55:17
[INFO] [stdout]    |
[INFO] [stdout] 55 |         .stdout(predicate::str::contains("Test entry"));
[INFO] [stdout]    |                 ^^^^^^^^^ use of unresolved module or unlinked crate `predicate`
[INFO] [stdout]    |
[INFO] [stdout]    = help: if you wanted to use a crate named `predicate`, use `cargo add predicate` to add it to your `Cargo.toml`
[INFO] [stdout] 
[INFO] [stdout] 
[INFO] [stdout] error[E0433]: cannot find module or crate `predicate` in this scope
[INFO] [stdout]   --> tests/cli_tests.rs:80:17
[INFO] [stdout]    |
[INFO] [stdout] 80 |         .stdout(predicate::str::contains("Entry 1 removed"));
[INFO] [stdout]    |                 ^^^^^^^^^ use of unresolved module or unlinked crate `predicate`
[INFO] [stdout]    |
[INFO] [stdout]    = help: if you wanted to use a crate named `predicate`, use `cargo add predicate` to add it to your `Cargo.toml`
[INFO] [stdout] 
[INFO] [stdout] 
[INFO] [stdout] For more information about this error, try `rustc --explain E0432`.
[INFO] [stdout] 
[INFO] [stdout] error[E0433]: cannot find module or crate `predicate` in this scope
[INFO] [stdout]    --> tests/cli_tests.rs:106:17
[INFO] [stdout]     |
[INFO] [stdout] 106 |         .stdout(predicate::str::contains("Entry updated"));
[INFO] [stdout]     |                 ^^^^^^^^^ use of unresolved module or unlinked crate `predicate`
[INFO] [stdout]     |
[INFO] [stdout]     = help: if you wanted to use a crate named `predicate`, use `cargo add predicate` to add it to your `Cargo.toml`
[INFO] [stdout] 
[INFO] [stdout] 
[INFO] [stderr] error: could not compile `OxidLog` (test "storage_tests") due to 1 previous error; 1 warning emitted
[INFO] [stderr] warning: build failed, waiting for other jobs to finish...
[INFO] [stdout] error[E0433]: cannot find module or crate `predicate` in this scope
[INFO] [stdout]    --> tests/cli_tests.rs:131:17
[INFO] [stdout]     |
[INFO] [stdout] 131 |         .stdout(predicate::str::contains("Test entry"));
[INFO] [stdout]     |                 ^^^^^^^^^ use of unresolved module or unlinked crate `predicate`
[INFO] [stdout]     |
[INFO] [stdout]     = help: if you wanted to use a crate named `predicate`, use `cargo add predicate` to add it to your `Cargo.toml`
[INFO] [stdout] 
[INFO] [stdout] 
[INFO] [stdout] error[E0433]: cannot find module or crate `predicate` in this scope
[INFO] [stdout]    --> tests/cli_tests.rs:157:17
[INFO] [stdout]     |
[INFO] [stdout] 157 |         .stdout(predicate::str::contains("Journal exported successfully"));
[INFO] [stdout]     |                 ^^^^^^^^^ use of unresolved module or unlinked crate `predicate`
[INFO] [stdout]     |
[INFO] [stdout]     = help: if you wanted to use a crate named `predicate`, use `cargo add predicate` to add it to your `Cargo.toml`
[INFO] [stdout] 
[INFO] [stdout] 
[INFO] [stdout] error[E0433]: cannot find module or crate `predicate` in this scope
[INFO] [stdout]    --> tests/cli_tests.rs:183:17
[INFO] [stdout]     |
[INFO] [stdout] 183 |         .stdout(predicate::str::contains("Backup created"));
[INFO] [stdout]     |                 ^^^^^^^^^ use of unresolved module or unlinked crate `predicate`
[INFO] [stdout]     |
[INFO] [stdout]     = help: if you wanted to use a crate named `predicate`, use `cargo add predicate` to add it to your `Cargo.toml`
[INFO] [stdout] 
[INFO] [stdout] 
[INFO] [stdout] error[E0432]: unresolved import `crate::utils`
[INFO] [stdout]  --> tests/utils_tests.rs:3:12
[INFO] [stdout]   |
[INFO] [stdout] 3 | use crate::utils::{get_input, do_tags_match, parse_tags, parse_date, format_entry, fuzzy_match, view_by_id, print_single_entry};
[INFO] [stdout]   |            ^^^^^ could not find `utils` in the crate root
[INFO] [stdout] 
[INFO] [stdout] 
[INFO] [stdout] For more information about this error, try `rustc --explain E0433`.
[INFO] [stdout] 
[INFO] [stdout] error[E0433]: cannot find `storage` in `crate`
[INFO] [stdout]  --> tests/utils_tests.rs:5:12
[INFO] [stdout]   |
[INFO] [stdout] 5 | use crate::storage::config::JournalConfig;
[INFO] [stdout]   |            ^^^^^^^ could not find `storage` in the crate root
[INFO] [stdout] 
[INFO] [stdout] 
[INFO] [stdout] error[E0432]: unresolved import `crate::storage`
[INFO] [stdout]  --> tests/utils_tests.rs:4:12
[INFO] [stdout]   |
[INFO] [stdout] 4 | use crate::storage::{Entry, Tag, Journal};
[INFO] [stdout]   |            ^^^^^^^ could not find `storage` in the crate root
[INFO] [stdout] 
[INFO] [stdout] 
[INFO] [stderr] error: could not compile `OxidLog` (test "cli_tests") due to 9 previous errors
[INFO] [stdout] warning: unused import: `Utc`
[INFO] [stdout]  --> tests/utils_tests.rs:6:25
[INFO] [stdout]   |
[INFO] [stdout] 6 | use chrono::{NaiveDate, Utc};
[INFO] [stdout]   |                         ^^^
[INFO] [stdout]   |
[INFO] [stdout]   = note: `#[warn(unused_imports)]` (part of `#[warn(unused)]`) on by default
[INFO] [stdout] 
[INFO] [stdout] 
[INFO] [stdout] warning: unused import: `JotError`
[INFO] [stdout]  --> src/cli/mod.rs:2:20
[INFO] [stdout]   |
[INFO] [stdout] 2 | use crate::error::{JotError, JotResult};
[INFO] [stdout]   |                    ^^^^^^^^
[INFO] [stdout]   |
[INFO] [stdout]   = note: `#[warn(unused_imports)]` (part of `#[warn(unused)]`) on by default
[INFO] [stdout] 
[INFO] [stdout] 
[INFO] [stdout] error[E0599]: no method named `write_all` found for struct `Stdin` in the current scope
[INFO] [stdout]   --> tests/utils_tests.rs:12:11
[INFO] [stdout]    |
[INFO] [stdout] 12 |     stdin.write_all(input).unwrap();
[INFO] [stdout]    |           ^^^^^^^^^ method not found in `Stdin`
[INFO] [stdout] 
[INFO] [stdout] 
[INFO] [stdout] error[E0433]: cannot find type `TagMatch` in this scope
[INFO] [stdout]   --> tests/utils_tests.rs:21:53
[INFO] [stdout]    |
[INFO] [stdout] 21 |     assert!(do_tags_match(&query_tags, &entry_tags, TagMatch::Any));
[INFO] [stdout]    |                                                     ^^^^^^^^ use of undeclared type `TagMatch`
[INFO] [stdout] 
[INFO] [stdout] 
[INFO] [stdout] error[E0433]: cannot find type `TagMatch` in this scope
[INFO] [stdout]   --> tests/utils_tests.rs:28:53
[INFO] [stdout]    |
[INFO] [stdout] 28 |     assert!(do_tags_match(&query_tags, &entry_tags, TagMatch::All));
[INFO] [stdout]    |                                                     ^^^^^^^^ use of undeclared type `TagMatch`
[INFO] [stdout] 
[INFO] [stdout] 
[INFO] [stdout] warning: use of deprecated associated function `chrono::NaiveDate::from_ymd`: use `from_ymd_opt()` instead
[INFO] [stdout]   --> tests/utils_tests.rs:45:33
[INFO] [stdout]    |
[INFO] [stdout] 45 |     assert_eq!(date, NaiveDate::from_ymd(2023, 9, 15));
[INFO] [stdout]    |                                 ^^^^^^^^
[INFO] [stdout]    |
[INFO] [stdout]    = note: `#[warn(deprecated)]` on by default
[INFO] [stdout] 
[INFO] [stdout] 
[INFO] [stdout] error[E0599]: `Stdout` doesn't implement `std::fmt::Display`
[INFO] [stdout]   --> tests/utils_tests.rs:80:25
[INFO] [stdout]    |
[INFO] [stdout] 80 |     let output = stdout.to_string();
[INFO] [stdout]    |                         ^^^^^^^^^ method cannot be called on `Stdout` due to unsatisfied trait bounds
[INFO] [stdout]    |
[INFO] [stdout]    = note: the following trait bounds were not satisfied:
[INFO] [stdout]            `Stdout: std::fmt::Display`
[INFO] [stdout]            which is required by `Stdout: ToString`
[INFO] [stdout] 
[INFO] [stdout] 
[INFO] [stdout] Some errors have detailed explanations: E0432, E0433, E0599.
[INFO] [stdout] 
[INFO] [stdout] For more information about an error, try `rustc --explain E0432`.
[INFO] [stdout] 
[INFO] [stderr] error: could not compile `OxidLog` (test "utils_tests") due to 7 previous errors; 2 warnings emitted
[INFO] [stdout] warning: unused variable: `journal`
[INFO] [stdout]   --> src/commands/remove.rs:31:28
[INFO] [stdout]    |
[INFO] [stdout] 31 | fn remove_entries_by_range(journal: &mut Journal, range: &str) -> JotResult<Vec<usize>> {
[INFO] [stdout]    |                            ^^^^^^^ help: if this is intentional, prefix it with an underscore: `_journal`
[INFO] [stdout]    |
[INFO] [stdout]    = note: `#[warn(unused_variables)]` (part of `#[warn(unused)]`) on by default
[INFO] [stdout] 
[INFO] [stdout] 
[INFO] [stdout] warning: variants `BackupError` and `SearchError` are never constructed
[INFO] [stdout]   --> src/error/mod.rs:39:5
[INFO] [stdout]    |
[INFO] [stdout]  4 | pub enum JotError {
[INFO] [stdout]    |          -------- variants in this enum
[INFO] [stdout] ...
[INFO] [stdout] 39 |     BackupError(String),
[INFO] [stdout]    |     ^^^^^^^^^^^
[INFO] [stdout] ...
[INFO] [stdout] 42 |     SearchError(String),
[INFO] [stdout]    |     ^^^^^^^^^^^
[INFO] [stdout]    |
[INFO] [stdout]    = note: `JotError` has a derived impl for the trait `Debug`, but this is intentionally ignored during dead code analysis
[INFO] [stdout]    = note: `#[warn(dead_code)]` (part of `#[warn(unused)]`) on by default
[INFO] [stdout] 
[INFO] [stdout] 
[INFO] [stdout] warning: associated function `from_hash` is never used
[INFO] [stdout]   --> src/storage/journal.rs:16:12
[INFO] [stdout]    |
[INFO] [stdout] 11 | impl Tag {
[INFO] [stdout]    | -------- associated function in this implementation
[INFO] [stdout] ...
[INFO] [stdout] 16 |     pub fn from_hash(s: &str) -> Self {
[INFO] [stdout]    |            ^^^^^^^^^
[INFO] [stdout] 
[INFO] [stdout] 
[INFO] [stdout] warning: function `parse_tags` is never used
[INFO] [stdout]   --> src/utils/mod.rs:60:8
[INFO] [stdout]    |
[INFO] [stdout] 60 | pub fn parse_tags(tags: &str) -> Vec<Tag> {
[INFO] [stdout]    |        ^^^^^^^^^^
[INFO] [stdout] 
[INFO] [stdout] 
[INFO] running `Command { std: "docker" "inspect" "2d6b8bf6a56fc71f99506070e2c2cc0340262d2713594fe6d40ec197c06ace24", kill_on_drop: false }`
[INFO] running `Command { std: "docker" "rm" "-f" "2d6b8bf6a56fc71f99506070e2c2cc0340262d2713594fe6d40ec197c06ace24", kill_on_drop: false }`
[INFO] [stdout] 2d6b8bf6a56fc71f99506070e2c2cc0340262d2713594fe6d40ec197c06ace24
