[INFO] cloning repository https://github.com/kolohelios/forth
[INFO] running `Command { std: "git" "-c" "credential.helper=" "-c" "credential.helper=/workspace/cargo-home/bin/git-credential-null" "clone" "--bare" "https://github.com/kolohelios/forth" "/workspace/cache/git-repos/https%3A%2F%2Fgithub.com%2Fkolohelios%2Fforth", kill_on_drop: false }`
[INFO] [stderr] Cloning into bare repository '/workspace/cache/git-repos/https%3A%2F%2Fgithub.com%2Fkolohelios%2Fforth'...
[INFO] running `Command { std: "git" "rev-parse" "HEAD", kill_on_drop: false }`
[INFO] [stdout] 83f63262fbba25a922c77935a2552ae5d60ada88
[INFO] testing kolohelios/forth against 1.97.0-beta.6 for beta-1.98-2
[INFO] running `Command { std: "git" "clone" "/workspace/cache/git-repos/https%3A%2F%2Fgithub.com%2Fkolohelios%2Fforth" "/workspace/builds/worker-0-tc1/source", kill_on_drop: false }`
[INFO] [stderr] Cloning into '/workspace/builds/worker-0-tc1/source'...
[INFO] [stderr] done.
[INFO] started tweaking git repo https://github.com/kolohelios/forth
[INFO] finished tweaking git repo https://github.com/kolohelios/forth
[INFO] tweaked toml for git repo https://github.com/kolohelios/forth written to /workspace/builds/worker-0-tc1/source/Cargo.toml
[INFO] validating manifest of git repo https://github.com/kolohelios/forth on toolchain 1.97.0-beta.6
[INFO] running `Command { std: CARGO_HOME="/workspace/cargo-home" RUSTUP_HOME="/workspace/rustup-home" "/workspace/cargo-home/bin/cargo" "+1.97.0-beta.6" "metadata" "--manifest-path" "Cargo.toml" "--no-deps", kill_on_drop: false }`
[INFO] crate git repo https://github.com/kolohelios/forth already has a lockfile, it will not be regenerated
[INFO] running `Command { std: CARGO_HOME="/workspace/cargo-home" RUSTUP_HOME="/workspace/rustup-home" "/workspace/cargo-home/bin/cargo" "+1.97.0-beta.6" "fetch" "--manifest-path" "Cargo.toml", kill_on_drop: false }`
[INFO] [stderr]     Updating crates.io index
[INFO] [stderr]  Downloading crates ...
[INFO] [stderr]   Downloaded log v0.4.11
[INFO] [stderr]   Downloaded getrandom v0.1.14
[INFO] [stderr]   Downloaded machine v0.3.0
[INFO] [stderr]   Downloaded ppv-lite86 v0.2.8
[INFO] [stderr]   Downloaded num v0.3.0
[INFO] [stderr]   Downloaded signal-hook-registry v1.2.1
[INFO] [stderr]   Downloaded darling_macro v0.10.2
[INFO] [stderr]   Downloaded case v1.0.0
[INFO] [stderr]   Downloaded num-iter v0.1.41
[INFO] [stderr]   Downloaded proc-macro-hack v0.5.18
[INFO] [stderr]   Downloaded pkg-config v0.3.18
[INFO] [stderr]   Downloaded enum-map v0.6.2
[INFO] [stderr]   Downloaded array-macro v1.0.5
[INFO] [stderr]   Downloaded enumset v1.0.1
[INFO] [stderr]   Downloaded const-random v0.1.8
[INFO] [stderr]   Downloaded num-integer v0.1.43
[INFO] [stderr]   Downloaded enum-map-derive v0.4.3
[INFO] [stderr]   Downloaded strsim v0.9.3
[INFO] [stderr]   Downloaded const-random-macro v0.1.8
[INFO] [stderr]   Downloaded signal-hook v0.1.16
[INFO] [stderr]   Downloaded autocfg v1.0.0
[INFO] [stderr]   Downloaded ahash v0.3.8
[INFO] [stderr]   Downloaded cursive v0.15.0
[INFO] [stderr]   Downloaded enumset_derive v0.5.0
[INFO] [stderr]   Downloaded darling v0.10.2
[INFO] [stderr]   Downloaded num-rational v0.3.0
[INFO] [stderr]   Downloaded num-complex v0.3.0
[INFO] [stderr]   Downloaded unicode-segmentation v1.6.0
[INFO] [stderr]   Downloaded ncurses v5.99.0
[INFO] [stderr]   Downloaded darling_core v0.10.2
[INFO] [stderr]   Downloaded arc-swap v0.4.7
[INFO] [stderr]   Downloaded num-traits v0.2.12
[INFO] [stderr]   Downloaded proc-macro2 v1.0.19
[INFO] [stderr]   Downloaded ahash v0.4.4
[INFO] [stderr]   Downloaded toml v0.5.6
[INFO] [stderr]   Downloaded cc v1.0.58
[INFO] [stderr]   Downloaded serde v1.0.114
[INFO] [stderr]   Downloaded xi-unicode v0.2.1
[INFO] [stderr]   Downloaded crossbeam-channel v0.4.3
[INFO] [stderr]   Downloaded chrono v0.4.13
[INFO] [stderr]   Downloaded cursive_core v0.1.1
[INFO] [stderr]   Downloaded syn v1.0.38
[INFO] [stderr]   Downloaded libc v0.2.74
[INFO] running `Command { std: "docker" "create" "-v" "/var/lib/crater-agent-workspace/builds/worker-0-tc1/source:/opt/rustwide/workdir:ro,Z" "-v" "/var/lib/crater-agent-workspace/builds/worker-0-tc1/target:/opt/rustwide/target:rw,Z" "-v" "/var/lib/crater-agent-workspace/cargo-home:/opt/rustwide/cargo-home:ro,Z" "-v" "/var/lib/crater-agent-workspace/rustup-home:/opt/rustwide/rustup-home:ro,Z" "-m" "1610612736" "--network" "none" "ghcr.io/rust-lang/crates-build-env/linux@sha256:3d5ced03c013a94a2f102a4510f48a6e9184255caf5fd8244f58017bde7f5210" "sleep" "infinity", kill_on_drop: false }`
[INFO] [stdout] d19b678b3db77157b67b44c2094f8b248d407a259f2c8a25b08c0533ced5585a
[INFO] running `Command { std: "docker" "start" "d19b678b3db77157b67b44c2094f8b248d407a259f2c8a25b08c0533ced5585a", kill_on_drop: false }`
[INFO] running `Command { std: "docker" "inspect" "d19b678b3db77157b67b44c2094f8b248d407a259f2c8a25b08c0533ced5585a", kill_on_drop: false }`
[INFO] running `Command { std: "docker" "exec" "-e" "SOURCE_DIR=/opt/rustwide/workdir" "-e" "CARGO_HOME=/opt/rustwide/cargo-home" "-e" "RUSTUP_HOME=/opt/rustwide/rustup-home" "-e" "CARGO_TARGET_DIR=/opt/rustwide/target" "-w" "/opt/rustwide/workdir" "--user" "0:0" "d19b678b3db77157b67b44c2094f8b248d407a259f2c8a25b08c0533ced5585a" "/opt/rustwide/cargo-home/bin/cargo" "+1.97.0-beta.6" "metadata" "--no-deps" "--format-version=1", kill_on_drop: false }`
[INFO] running `Command { std: "docker" "inspect" "d19b678b3db77157b67b44c2094f8b248d407a259f2c8a25b08c0533ced5585a", kill_on_drop: false }`
[INFO] running `Command { std: "docker" "exec" "-e" "SOURCE_DIR=/opt/rustwide/workdir" "-e" "CARGO_HOME=/opt/rustwide/cargo-home" "-e" "RUSTUP_HOME=/opt/rustwide/rustup-home" "-e" "CARGO_TARGET_DIR=/opt/rustwide/target" "-e" "CARGO_INCREMENTAL=0" "-e" "RUST_BACKTRACE=full" "-e" "RUSTFLAGS=--cap-lints=warn" "-e" "RUSTDOCFLAGS=--cap-lints=warn" "-w" "/opt/rustwide/workdir" "--user" "0:0" "d19b678b3db77157b67b44c2094f8b248d407a259f2c8a25b08c0533ced5585a" "/opt/rustwide/cargo-home/bin/cargo" "+1.97.0-beta.6" "build" "--frozen" "--message-format=json", kill_on_drop: false }`
[INFO] [stderr]    Compiling autocfg v1.0.0
[INFO] [stderr]    Compiling libc v0.2.74
[INFO] [stderr]    Compiling cfg-if v0.1.10
[INFO] [stderr]    Compiling proc-macro2 v1.0.19
[INFO] [stderr]    Compiling unicode-xid v0.2.1
[INFO] [stderr]    Compiling getrandom v0.1.14
[INFO] [stderr]    Compiling syn v1.0.38
[INFO] [stderr]    Compiling strsim v0.9.3
[INFO] [stderr]    Compiling fnv v1.0.7
[INFO] [stderr]    Compiling proc-macro-hack v0.5.18
[INFO] [stderr]    Compiling log v0.4.11
[INFO] [stderr]    Compiling serde v1.0.114
[INFO] [stderr]    Compiling proc-macro2 v0.4.30
[INFO] [stderr]    Compiling arc-swap v0.4.7
[INFO] [stderr]    Compiling cc v1.0.58
[INFO] [stderr]    Compiling num-traits v0.2.12
[INFO] [stderr]    Compiling num-integer v0.1.43
[INFO] [stderr]    Compiling crossbeam-utils v0.7.2
[INFO] [stderr]    Compiling num-iter v0.1.41
[INFO] [stderr]    Compiling num-rational v0.3.0
[INFO] [stderr]    Compiling quote v1.0.7
[INFO] [stderr]    Compiling unicode-xid v0.1.0
[INFO] [stderr]    Compiling pkg-config v0.3.18
[INFO] [stderr]    Compiling signal-hook-registry v1.2.1
[INFO] [stderr]    Compiling const-random-macro v0.1.8
[INFO] [stderr]    Compiling time v0.1.43
[INFO] [stderr]    Compiling ncurses v5.99.0
[INFO] [stderr]    Compiling const-random v0.1.8
[INFO] [stderr]    Compiling syn v0.15.44
[INFO] [stderr]    Compiling array-macro v1.0.5
[INFO] [stderr]    Compiling stable_deref_trait v1.2.0
[INFO] [stderr]    Compiling ahash v0.4.4
[INFO] [stderr]    Compiling owning_ref v0.4.1
[INFO] [stderr]    Compiling num-complex v0.3.0
[INFO] [stderr]    Compiling quote v0.6.13
[INFO] [stderr]    Compiling crossbeam-channel v0.4.3
[INFO] [stderr]    Compiling signal-hook v0.1.16
[INFO] [stderr]    Compiling chrono v0.4.13
[INFO] [stderr]    Compiling rand_core v0.5.1
[INFO] [stderr]    Compiling unicode-width v0.1.8
[INFO] [stderr]    Compiling num v0.3.0
[INFO] [stderr]    Compiling unicode-segmentation v1.6.0
[INFO] [stderr]    Compiling ppv-lite86 v0.2.8
[INFO] [stderr]    Compiling xi-unicode v0.2.1
[INFO] [stderr]    Compiling ahash v0.3.8
[INFO] [stderr]    Compiling term_size v0.3.2
[INFO] [stderr]    Compiling case v1.0.0
[INFO] [stderr]    Compiling rand_chacha v0.2.2
[INFO] [stderr]    Compiling rand v0.7.3
[INFO] [stderr]    Compiling darling_core v0.10.2
[INFO] [stderr]    Compiling toml v0.5.6
[INFO] [stderr]    Compiling enum-map-derive v0.4.3
[INFO] [stderr]    Compiling enum-map v0.6.2
[INFO] [stderr]    Compiling darling_macro v0.10.2
[INFO] [stderr]    Compiling darling v0.10.2
[INFO] [stderr]    Compiling enumset_derive v0.5.0
[INFO] [stderr]    Compiling machine v0.3.0
[INFO] [stderr]    Compiling enumset v1.0.1
[INFO] [stderr]    Compiling cursive_core v0.1.1
[INFO] [stderr]    Compiling cursive v0.15.0
[INFO] [stderr]    Compiling forth v0.0.1 (/opt/rustwide/workdir)
[INFO] [stdout] error: proc macro panicked
[INFO] [stdout]   --> src/flower.rs:3:1
[INFO] [stdout]    |
[INFO] [stdout]  3 | / machine!(
[INFO] [stdout]  4 | |     #[derive(Clone, Debug, PartialEq)]
[INFO] [stdout]  5 | |     enum Flower {
[INFO] [stdout]  6 | |         Seed,
[INFO] [stdout] ...  |
[INFO] [stdout] 38 | | );
[INFO] [stdout]    | |_^
[INFO] [stdout]    |
[INFO] [stdout]    = help: message: error writing machine definition: Os { code: 2, kind: NotFound, message: "No such file or directory" }
[INFO] [stdout] 
[INFO] [stdout] 
[INFO] [stdout] error: proc macro panicked
[INFO] [stdout]   --> src/flower.rs:51:1
[INFO] [stdout]    |
[INFO] [stdout] 51 | / transitions!(Flower, [
[INFO] [stdout] 52 | |     (Seed, Advance) => Germinating,
[INFO] [stdout] 53 | |     (Germinating, Fertilize) => [ Germinating, Growing ],
[INFO] [stdout] 54 | |     (Germinating, Water) => [ Germinating, Growing ],
[INFO] [stdout] ...  |
[INFO] [stdout] 59 | |     (Growing, Sunshine) => [ Growing, Flowering ]
[INFO] [stdout] 60 | | ]);
[INFO] [stdout]    | |__^
[INFO] [stdout]    |
[INFO] [stdout]    = help: message: error opening dot file: Os { code: 2, kind: NotFound, message: "No such file or directory" }
[INFO] [stdout] 
[INFO] [stdout] 
[INFO] [stdout] error[E0425]: cannot find type `Seed` in this scope
[INFO] [stdout]   --> src/flower.rs:62:6
[INFO] [stdout]    |
[INFO] [stdout] 62 | impl Seed {
[INFO] [stdout]    |      ^^^^
[INFO] [stdout]    |
[INFO] [stdout]   --> /rustc/b2282dd5646a57d570fc86fbe8df0e8826665ef6/library/core/src/marker.rs:92:0
[INFO] [stdout]    |
[INFO] [stdout]    = note: similarly named trait `Send` defined here
[INFO] [stdout] help: a trait with a similar name exists
[INFO] [stdout]    |
[INFO] [stdout] 62 - impl Seed {
[INFO] [stdout] 62 + impl Send {
[INFO] [stdout]    |
[INFO] [stdout] 
[INFO] [stdout] 
[INFO] [stdout] error[E0425]: cannot find type `Germinating` in this scope
[INFO] [stdout]   --> src/flower.rs:63:44
[INFO] [stdout]    |
[INFO] [stdout] 63 |     pub fn on_advance(self, _: Advance) -> Germinating {
[INFO] [stdout]    |                                            ^^^^^^^^^^^ not found in this scope
[INFO] [stdout] 
[INFO] [stdout] 
[INFO] [stdout] error[E0422]: cannot find struct, variant or union type `Germinating` in this scope
[INFO] [stdout]   --> src/flower.rs:64:9
[INFO] [stdout]    |
[INFO] [stdout] 64 |         Germinating {
[INFO] [stdout]    |         ^^^^^^^^^^^ not found in this scope
[INFO] [stdout] 
[INFO] [stdout] 
[INFO] [stdout] error[E0425]: cannot find type `Germinating` in this scope
[INFO] [stdout]   --> src/flower.rs:72:6
[INFO] [stdout]    |
[INFO] [stdout] 72 | impl Germinating {
[INFO] [stdout]    |      ^^^^^^^^^^^ not found in this scope
[INFO] [stdout] 
[INFO] [stdout] 
[INFO] [stdout] error[E0425]: cannot find type `Growing` in this scope
[INFO] [stdout]   --> src/flower.rs:73:44
[INFO] [stdout]    |
[INFO] [stdout] 73 |     pub fn on_advance(self, _: Advance) -> Growing {
[INFO] [stdout]    |                                            ^^^^^^^ not found in this scope
[INFO] [stdout] 
[INFO] [stdout] 
[INFO] [stdout] error[E0422]: cannot find struct, variant or union type `Growing` in this scope
[INFO] [stdout]   --> src/flower.rs:74:9
[INFO] [stdout]    |
[INFO] [stdout] 74 |         Growing {
[INFO] [stdout]    |         ^^^^^^^ not found in this scope
[INFO] [stdout] 
[INFO] [stdout] 
[INFO] [stdout] error[E0425]: cannot find type `Flower` in this scope
[INFO] [stdout]   --> src/flower.rs:81:48
[INFO] [stdout]    |
[INFO] [stdout] 81 |     pub fn on_fertilize(self, _: Fertilize) -> Flower {
[INFO] [stdout]    |                                                ^^^^^^ not found in this scope
[INFO] [stdout] 
[INFO] [stdout] 
[INFO] [stdout] error[E0425]: cannot find type `Flower` in this scope
[INFO] [stdout]   --> src/flower.rs:88:40
[INFO] [stdout]    |
[INFO] [stdout] 88 |     pub fn on_water(self, _: Water) -> Flower {
[INFO] [stdout]    |                                        ^^^^^^ not found in this scope
[INFO] [stdout] 
[INFO] [stdout] 
[INFO] [stdout] error[E0425]: cannot find type `Flower` in this scope
[INFO] [stdout]   --> src/flower.rs:95:50
[INFO] [stdout]    |
[INFO] [stdout] 95 |     pub fn on_sunshine(self, input: Sunshine) -> Flower {
[INFO] [stdout]    |                                                  ^^^^^^ not found in this scope
[INFO] [stdout] 
[INFO] [stdout] 
[INFO] [stdout] error[E0425]: cannot find type `Growing` in this scope
[INFO] [stdout]    --> src/flower.rs:104:6
[INFO] [stdout]     |
[INFO] [stdout] 104 | impl Growing {
[INFO] [stdout]     |      ^^^^^^^ not found in this scope
[INFO] [stdout] 
[INFO] [stdout] 
[INFO] [stdout] error[E0425]: cannot find type `Flower` in this scope
[INFO] [stdout]    --> src/flower.rs:105:44
[INFO] [stdout]     |
[INFO] [stdout] 105 |     pub fn on_advance(self, _: Advance) -> Flower {
[INFO] [stdout]     |                                            ^^^^^^ not found in this scope
[INFO] [stdout] 
[INFO] [stdout] 
[INFO] [stdout] error[E0425]: cannot find type `Flower` in this scope
[INFO] [stdout]    --> src/flower.rs:112:48
[INFO] [stdout]     |
[INFO] [stdout] 112 |     pub fn on_fertilize(self, _: Fertilize) -> Flower {
[INFO] [stdout]     |                                                ^^^^^^ not found in this scope
[INFO] [stdout] 
[INFO] [stdout] 
[INFO] [stdout] error[E0425]: cannot find type `Flower` in this scope
[INFO] [stdout]    --> src/flower.rs:119:40
[INFO] [stdout]     |
[INFO] [stdout] 119 |     pub fn on_water(self, _: Water) -> Flower {
[INFO] [stdout]     |                                        ^^^^^^ not found in this scope
[INFO] [stdout] 
[INFO] [stdout] 
[INFO] [stdout] error[E0425]: cannot find type `Flower` in this scope
[INFO] [stdout]    --> src/flower.rs:126:50
[INFO] [stdout]     |
[INFO] [stdout] 126 |     pub fn on_sunshine(self, input: Sunshine) -> Flower {
[INFO] [stdout]     |                                                  ^^^^^^ not found in this scope
[INFO] [stdout] 
[INFO] [stdout] 
[INFO] [stdout] error[E0425]: cannot find type `Flower` in this scope
[INFO] [stdout]    --> src/flower.rs:142:6
[INFO] [stdout]     |
[INFO] [stdout] 142 | impl Flower {
[INFO] [stdout]     |      ^^^^^^ not found in this scope
[INFO] [stdout] 
[INFO] [stdout] 
[INFO] [stdout] error[E0425]: cannot find type `Flower` in this scope
[INFO] [stdout]    --> src/flower.rs:155:31
[INFO] [stdout]     |
[INFO] [stdout] 155 |     pub fn create_flower() -> Flower {
[INFO] [stdout]     |                               ^^^^^^ not found in this scope
[INFO] [stdout] 
[INFO] [stdout] 
[INFO] [stdout] error[E0422]: cannot find struct, variant or union type `Seed` in this scope
[INFO] [stdout]    --> src/flower.rs:156:30
[INFO] [stdout]     |
[INFO] [stdout] 156 |         let f = Flower::Seed(Seed {});
[INFO] [stdout]     |                              ^^^^ not found in this scope
[INFO] [stdout] 
[INFO] [stdout] 
[INFO] [stdout] warning: unnecessary parentheses around `if` condition
[INFO] [stdout]    --> src/flower.rs:106:12
[INFO] [stdout]     |
[INFO] [stdout] 106 |         if (self.sunshine > 4 && self.watered && self.fertilized) {
[INFO] [stdout]     |            ^                                                    ^
[INFO] [stdout]     |
[INFO] [stdout]     = note: `#[warn(unused_parens)]` (part of `#[warn(unused)]`) on by default
[INFO] [stdout] help: remove these parentheses
[INFO] [stdout]     |
[INFO] [stdout] 106 -         if (self.sunshine > 4 && self.watered && self.fertilized) {
[INFO] [stdout] 106 +         if self.sunshine > 4 && self.watered && self.fertilized  {
[INFO] [stdout]     |
[INFO] [stdout] 
[INFO] [stdout] 
[INFO] [stdout] warning: unused import: `super::*`
[INFO] [stdout]    --> src/flower.rs:154:9
[INFO] [stdout]     |
[INFO] [stdout] 154 |     use super::*;
[INFO] [stdout]     |         ^^^^^^^^
[INFO] [stdout]     |
[INFO] [stdout]     = note: `#[warn(unused_imports)]` (part of `#[warn(unused)]`) on by default
[INFO] [stdout] 
[INFO] [stdout] 
[INFO] [stdout] warning: unused import: `ColorStyle`
[INFO] [stdout]  --> src/flower_display.rs:1:29
[INFO] [stdout]   |
[INFO] [stdout] 1 | use cursive::theme::{Color, ColorStyle};
[INFO] [stdout]   |                             ^^^^^^^^^^
[INFO] [stdout] 
[INFO] [stdout] 
[INFO] [stdout] error[E0433]: cannot find type `Flower` in this scope
[INFO] [stdout]   --> src/flower.rs:83:20
[INFO] [stdout]    |
[INFO] [stdout] 83 |             return Flower::growing(false, false, 0);
[INFO] [stdout]    |                    ^^^^^^ use of undeclared type `Flower`
[INFO] [stdout] 
[INFO] [stdout] 
[INFO] [stdout] error[E0433]: cannot find type `Flower` in this scope
[INFO] [stdout]   --> src/flower.rs:85:9
[INFO] [stdout]    |
[INFO] [stdout] 85 |         Flower::germinating(true, self.watered, self.sunshine)
[INFO] [stdout]    |         ^^^^^^ use of undeclared type `Flower`
[INFO] [stdout] 
[INFO] [stdout] 
[INFO] [stdout] error[E0433]: cannot find type `Flower` in this scope
[INFO] [stdout]   --> src/flower.rs:90:20
[INFO] [stdout]    |
[INFO] [stdout] 90 |             return Flower::growing(false, false, 0);
[INFO] [stdout]    |                    ^^^^^^ use of undeclared type `Flower`
[INFO] [stdout] 
[INFO] [stdout] 
[INFO] [stdout] error[E0433]: cannot find type `Flower` in this scope
[INFO] [stdout]   --> src/flower.rs:92:9
[INFO] [stdout]    |
[INFO] [stdout] 92 |         Flower::germinating(self.fertilized, true, self.sunshine)
[INFO] [stdout]    |         ^^^^^^ use of undeclared type `Flower`
[INFO] [stdout] 
[INFO] [stdout] 
[INFO] [stdout] error[E0433]: cannot find type `Flower` in this scope
[INFO] [stdout]   --> src/flower.rs:98:20
[INFO] [stdout]    |
[INFO] [stdout] 98 |             return Flower::growing(false, false, 0);
[INFO] [stdout]    |                    ^^^^^^ use of undeclared type `Flower`
[INFO] [stdout] 
[INFO] [stdout] 
[INFO] [stdout] error[E0433]: cannot find type `Flower` in this scope
[INFO] [stdout]    --> src/flower.rs:100:9
[INFO] [stdout]     |
[INFO] [stdout] 100 |         Flower::germinating(self.fertilized, self.watered, new_sunshine)
[INFO] [stdout]     |         ^^^^^^ use of undeclared type `Flower`
[INFO] [stdout] 
[INFO] [stdout] 
[INFO] [stdout] error[E0433]: cannot find type `Flower` in this scope
[INFO] [stdout]    --> src/flower.rs:107:20
[INFO] [stdout]     |
[INFO] [stdout] 107 |             return Flower::flowering(false, 0, 0);
[INFO] [stdout]     |                    ^^^^^^ use of undeclared type `Flower`
[INFO] [stdout] 
[INFO] [stdout] 
[INFO] [stdout] error[E0433]: cannot find type `Flower` in this scope
[INFO] [stdout]    --> src/flower.rs:109:9
[INFO] [stdout]     |
[INFO] [stdout] 109 |         Flower::growing(self.fertilized, self.watered, self.sunshine)
[INFO] [stdout]     |         ^^^^^^ use of undeclared type `Flower`
[INFO] [stdout] 
[INFO] [stdout] 
[INFO] [stdout] error[E0433]: cannot find type `Flower` in this scope
[INFO] [stdout]    --> src/flower.rs:114:20
[INFO] [stdout]     |
[INFO] [stdout] 114 |             return Flower::flowering(false, 0, 0);
[INFO] [stdout]     |                    ^^^^^^ use of undeclared type `Flower`
[INFO] [stdout] 
[INFO] [stdout] 
[INFO] [stdout] error[E0433]: cannot find type `Flower` in this scope
[INFO] [stdout]    --> src/flower.rs:116:9
[INFO] [stdout]     |
[INFO] [stdout] 116 |         Flower::growing(true, self.watered, self.sunshine)
[INFO] [stdout]     |         ^^^^^^ use of undeclared type `Flower`
[INFO] [stdout] 
[INFO] [stdout] 
[INFO] [stdout] error[E0433]: cannot find type `Flower` in this scope
[INFO] [stdout]    --> src/flower.rs:121:20
[INFO] [stdout]     |
[INFO] [stdout] 121 |             return Flower::flowering(false, 0, 0);
[INFO] [stdout]     |                    ^^^^^^ use of undeclared type `Flower`
[INFO] [stdout] 
[INFO] [stdout] 
[INFO] [stdout] error[E0433]: cannot find type `Flower` in this scope
[INFO] [stdout]    --> src/flower.rs:123:9
[INFO] [stdout]     |
[INFO] [stdout] 123 |         Flower::growing(self.fertilized, true, self.sunshine)
[INFO] [stdout]     |         ^^^^^^ use of undeclared type `Flower`
[INFO] [stdout] 
[INFO] [stdout] 
[INFO] [stdout] error[E0433]: cannot find type `Flower` in this scope
[INFO] [stdout]    --> src/flower.rs:129:20
[INFO] [stdout]     |
[INFO] [stdout] 129 |             return Flower::flowering(false, 0, 0);
[INFO] [stdout]     |                    ^^^^^^ use of undeclared type `Flower`
[INFO] [stdout] 
[INFO] [stdout] 
[INFO] [stdout] error[E0433]: cannot find type `Flower` in this scope
[INFO] [stdout]    --> src/flower.rs:131:9
[INFO] [stdout]     |
[INFO] [stdout] 131 |         Flower::growing(self.fertilized, self.watered, new_sunshine)
[INFO] [stdout]     |         ^^^^^^ use of undeclared type `Flower`
[INFO] [stdout] 
[INFO] [stdout] 
[INFO] [stdout] error[E0433]: cannot find type `Flower` in this scope
[INFO] [stdout]    --> src/flower.rs:156:17
[INFO] [stdout]     |
[INFO] [stdout] 156 |         let f = Flower::Seed(Seed {});
[INFO] [stdout]     |                 ^^^^^^ use of undeclared type `Flower`
[INFO] [stdout] 
[INFO] [stdout] 
[INFO] [stdout] warning: unused variable: `x_max`
[INFO] [stdout]   --> src/screen_layout.rs:31:9
[INFO] [stdout]    |
[INFO] [stdout] 31 |     let x_max = p.size.x as u8;
[INFO] [stdout]    |         ^^^^^ help: if this is intentional, prefix it with an underscore: `_x_max`
[INFO] [stdout]    |
[INFO] [stdout]    = note: `#[warn(unused_variables)]` (part of `#[warn(unused)]`) on by default
[INFO] [stdout] 
[INFO] [stdout] 
[INFO] [stdout] warning: variable does not need to be mutable
[INFO] [stdout]   --> src/main.rs:17:10
[INFO] [stdout]    |
[INFO] [stdout] 17 |     let (mut msg_sender, msg_receiver) = channel();
[INFO] [stdout]    |          ----^^^^^^^^^^
[INFO] [stdout]    |          |
[INFO] [stdout]    |          help: remove this `mut`
[INFO] [stdout]    |
[INFO] [stdout]    = note: `#[warn(unused_mut)]` (part of `#[warn(unused)]`) on by default
[INFO] [stdout] 
[INFO] [stdout] 
[INFO] [stdout] warning: unused variable: `m`
[INFO] [stdout]   --> src/main.rs:36:13
[INFO] [stdout]    |
[INFO] [stdout] 36 |         for m in msg_receiver.try_iter() {
[INFO] [stdout]    |             ^ help: if this is intentional, prefix it with an underscore: `_m`
[INFO] [stdout] 
[INFO] [stdout] 
[INFO] [stdout] warning: unused variable: `i`
[INFO] [stdout]   --> src/main.rs:53:9
[INFO] [stdout]    |
[INFO] [stdout] 53 |     for i in 1..1000 {
[INFO] [stdout]    |         ^ help: if this is intentional, prefix it with an underscore: `_i`
[INFO] [stdout] 
[INFO] [stdout] 
[INFO] [stdout] error[E0433]: cannot find type `Flower` in this scope
[INFO] [stdout]    --> src/flower.rs:145:13
[INFO] [stdout]     |
[INFO] [stdout] 145 |             Flower::Seed(ref _v) => println!("\x1b[1;30m Seed! (*)"),
[INFO] [stdout]     |             ^^^^^^ use of undeclared type `Flower`
[INFO] [stdout] 
[INFO] [stdout] 
[INFO] [stdout] error[E0433]: cannot find type `Flower` in this scope
[INFO] [stdout]    --> src/flower.rs:147:13
[INFO] [stdout]     |
[INFO] [stdout] 147 |             Flower::Growing(ref _v) => println!("\x1b[1;30m Growing! (~) \x1b[0m"),
[INFO] [stdout]     |             ^^^^^^ use of undeclared type `Flower`
[INFO] [stdout] 
[INFO] [stdout] 
[INFO] [stdout] error[E0433]: cannot find type `Flower` in this scope
[INFO] [stdout]    --> src/flower.rs:146:13
[INFO] [stdout]     |
[INFO] [stdout] 146 |             Flower::Germinating(ref _v) => println!("Planted! (~)"),
[INFO] [stdout]     |             ^^^^^^ use of undeclared type `Flower`
[INFO] [stdout] 
[INFO] [stdout] 
[INFO] [stdout] Some errors have detailed explanations: E0422, E0425, E0433.
[INFO] [stdout] 
[INFO] [stdout] For more information about an error, try `rustc --explain E0422`.
[INFO] [stdout] 
[INFO] [stderr] error: could not compile `forth` (bin "forth") due to 37 previous errors; 7 warnings emitted
[INFO] running `Command { std: "docker" "inspect" "d19b678b3db77157b67b44c2094f8b248d407a259f2c8a25b08c0533ced5585a", kill_on_drop: false }`
[INFO] running `Command { std: "docker" "rm" "-f" "d19b678b3db77157b67b44c2094f8b248d407a259f2c8a25b08c0533ced5585a", kill_on_drop: false }`
[INFO] [stdout] d19b678b3db77157b67b44c2094f8b248d407a259f2c8a25b08c0533ced5585a
