[INFO] cloning repository https://github.com/kleinermob/d3d9on12-proxy-rs
[INFO] running `Command { std: "git" "-c" "credential.helper=" "-c" "credential.helper=/workspace/cargo-home/bin/git-credential-null" "clone" "--bare" "https://github.com/kleinermob/d3d9on12-proxy-rs" "/workspace/cache/git-repos/https%3A%2F%2Fgithub.com%2Fkleinermob%2Fd3d9on12-proxy-rs", kill_on_drop: false }`
[INFO] [stderr] Cloning into bare repository '/workspace/cache/git-repos/https%3A%2F%2Fgithub.com%2Fkleinermob%2Fd3d9on12-proxy-rs'...
[INFO] running `Command { std: "git" "rev-parse" "HEAD", kill_on_drop: false }`
[INFO] [stdout] 24938919956bcdb1a0f4c49241fdbf4b32742433
[INFO] testing kleinermob/d3d9on12-proxy-rs against 1.98.0-beta.1 for beta-1.98-2
[INFO] running `Command { std: "git" "clone" "/workspace/cache/git-repos/https%3A%2F%2Fgithub.com%2Fkleinermob%2Fd3d9on12-proxy-rs" "/workspace/builds/worker-2-tc2/source", kill_on_drop: false }`
[INFO] [stderr] Cloning into '/workspace/builds/worker-2-tc2/source'...
[INFO] [stderr] done.
[INFO] removed /workspace/builds/worker-2-tc2/source/.cargo/config.toml
[INFO] started tweaking git repo https://github.com/kleinermob/d3d9on12-proxy-rs
[INFO] finished tweaking git repo https://github.com/kleinermob/d3d9on12-proxy-rs
[INFO] tweaked toml for git repo https://github.com/kleinermob/d3d9on12-proxy-rs written to /workspace/builds/worker-2-tc2/source/Cargo.toml
[INFO] validating manifest of git repo https://github.com/kleinermob/d3d9on12-proxy-rs on toolchain 1.98.0-beta.1
[INFO] running `Command { std: CARGO_HOME="/workspace/cargo-home" RUSTUP_HOME="/workspace/rustup-home" "/workspace/cargo-home/bin/cargo" "+1.98.0-beta.1" "metadata" "--manifest-path" "Cargo.toml" "--no-deps", kill_on_drop: false }`
[INFO] crate git repo https://github.com/kleinermob/d3d9on12-proxy-rs already has a lockfile, it will not be regenerated
[INFO] running `Command { std: CARGO_HOME="/workspace/cargo-home" RUSTUP_HOME="/workspace/rustup-home" "/workspace/cargo-home/bin/cargo" "+1.98.0-beta.1" "fetch" "--manifest-path" "Cargo.toml", kill_on_drop: false }`
[INFO] running `Command { std: "docker" "create" "-v" "/var/lib/crater-agent-workspace/builds/worker-2-tc2/source:/opt/rustwide/workdir:ro,Z" "-v" "/var/lib/crater-agent-workspace/builds/worker-2-tc2/target:/opt/rustwide/target:rw,Z" "-v" "/var/lib/crater-agent-workspace/cargo-home:/opt/rustwide/cargo-home:ro,Z" "-v" "/var/lib/crater-agent-workspace/rustup-home:/opt/rustwide/rustup-home:ro,Z" "-m" "1610612736" "--network" "none" "ghcr.io/rust-lang/crates-build-env/linux@sha256:3d5ced03c013a94a2f102a4510f48a6e9184255caf5fd8244f58017bde7f5210" "sleep" "infinity", kill_on_drop: false }`
[INFO] [stdout] a2c128ac40a2047e5fe52722b2640f90488b76349cc8d9028d3db7d2be669c53
[INFO] running `Command { std: "docker" "start" "a2c128ac40a2047e5fe52722b2640f90488b76349cc8d9028d3db7d2be669c53", kill_on_drop: false }`
[INFO] running `Command { std: "docker" "inspect" "a2c128ac40a2047e5fe52722b2640f90488b76349cc8d9028d3db7d2be669c53", kill_on_drop: false }`
[INFO] running `Command { std: "docker" "exec" "-e" "SOURCE_DIR=/opt/rustwide/workdir" "-e" "CARGO_HOME=/opt/rustwide/cargo-home" "-e" "RUSTUP_HOME=/opt/rustwide/rustup-home" "-e" "CARGO_TARGET_DIR=/opt/rustwide/target" "-w" "/opt/rustwide/workdir" "--user" "0:0" "a2c128ac40a2047e5fe52722b2640f90488b76349cc8d9028d3db7d2be669c53" "/opt/rustwide/cargo-home/bin/cargo" "+1.98.0-beta.1" "metadata" "--no-deps" "--format-version=1", kill_on_drop: false }`
[INFO] running `Command { std: "docker" "inspect" "a2c128ac40a2047e5fe52722b2640f90488b76349cc8d9028d3db7d2be669c53", kill_on_drop: false }`
[INFO] running `Command { std: "docker" "exec" "-e" "SOURCE_DIR=/opt/rustwide/workdir" "-e" "CARGO_HOME=/opt/rustwide/cargo-home" "-e" "RUSTUP_HOME=/opt/rustwide/rustup-home" "-e" "CARGO_TARGET_DIR=/opt/rustwide/target" "-e" "CARGO_INCREMENTAL=0" "-e" "RUST_BACKTRACE=full" "-e" "RUSTFLAGS=--cap-lints=warn" "-e" "RUSTDOCFLAGS=--cap-lints=warn" "-w" "/opt/rustwide/workdir" "--user" "0:0" "a2c128ac40a2047e5fe52722b2640f90488b76349cc8d9028d3db7d2be669c53" "/opt/rustwide/cargo-home/bin/cargo" "+1.98.0-beta.1" "build" "--frozen" "--message-format=json", kill_on_drop: false }`
[INFO] [stderr]    Compiling windows_x86_64_gnu v0.52.6
[INFO] [stderr]    Compiling syn v2.0.117
[INFO] [stderr]    Compiling windows-targets v0.52.6
[INFO] [stderr]    Compiling windows-result v0.2.0
[INFO] [stderr]    Compiling windows-strings v0.1.0
[INFO] [stderr]    Compiling windows-implement v0.58.0
[INFO] [stderr]    Compiling windows-interface v0.58.0
[INFO] [stderr]    Compiling windows-core v0.58.0
[INFO] [stderr]    Compiling windows v0.58.0
[INFO] [stderr]    Compiling d3d9 v0.1.0 (/opt/rustwide/workdir)
[INFO] [stdout] error[E0433]: cannot find `windows` in `os`
[INFO] [stdout]   --> src/lib.rs:48:14
[INFO] [stdout]    |
[INFO] [stdout] 48 | use std::os::windows::ffi::OsStrExt;
[INFO] [stdout]    |              ^^^^^^^ could not find `windows` in `os`
[INFO] [stdout] 
[INFO] [stdout] 
[INFO] [stdout] error[E0433]: cannot find `Win32` in `windows`
[INFO] [stdout]   --> src/lib.rs:52:14
[INFO] [stdout]    |
[INFO] [stdout] 52 | use windows::Win32::Foundation::{BOOL, HMODULE};
[INFO] [stdout]    |              ^^^^^ could not find `Win32` in `windows`
[INFO] [stdout] 
[INFO] [stdout] 
[INFO] [stdout] error[E0433]: cannot find `Win32` in `windows`
[INFO] [stdout]   --> src/lib.rs:53:14
[INFO] [stdout]    |
[INFO] [stdout] 53 | use windows::Win32::System::LibraryLoader::{GetProcAddress, LoadLibraryW};
[INFO] [stdout]    |              ^^^^^ could not find `Win32` in `windows`
[INFO] [stdout] 
[INFO] [stdout] 
[INFO] [stdout] error[E0433]: cannot find `Win32` in `windows`
[INFO] [stdout]   --> src/lib.rs:54:14
[INFO] [stdout]    |
[INFO] [stdout] 54 | use windows::Win32::System::SystemInformation::GetSystemDirectoryW;
[INFO] [stdout]    |              ^^^^^ could not find `Win32` in `windows`
[INFO] [stdout] 
[INFO] [stdout] 
[INFO] [stdout] error[E0433]: cannot find `Win32` in `windows`
[INFO] [stdout]   --> src/lib.rs:55:14
[INFO] [stdout]    |
[INFO] [stdout] 55 | use windows::Win32::System::SystemServices::DLL_PROCESS_ATTACH;
[INFO] [stdout]    |              ^^^^^ could not find `Win32` in `windows`
[INFO] [stdout] 
[INFO] [stdout] 
[INFO] [stdout] error[E0432]: unresolved import `windows::core`
[INFO] [stdout]   --> src/lib.rs:56:14
[INFO] [stdout]    |
[INFO] [stdout] 56 | use windows::core::{HRESULT, PCSTR};
[INFO] [stdout]    |              ^^^^ could not find `core` in `windows`
[INFO] [stdout] 
[INFO] [stdout] 
[INFO] [stdout] error[E0433]: cannot find `core` in `windows`
[INFO] [stdout]    --> src/lib.rs:372:45
[INFO] [stdout]     |
[INFO] [stdout] 372 |         let h = match LoadLibraryW(windows::core::PCWSTR(buf.as_ptr())) {
[INFO] [stdout]     |                                             ^^^^ could not find `core` in `windows`
[INFO] [stdout] 
[INFO] [stdout] 
[INFO] [stdout] error[E0599]: no method named `encode_wide` found for reference `&OsStr` in the current scope
[INFO] [stdout]    --> src/lib.rs:362:14
[INFO] [stdout]     |
[INFO] [stdout] 361 |           let suffix: Vec<u16> = OsStr::new("\\d3d9.dll")
[INFO] [stdout]     |  ________________________________-
[INFO] [stdout] 362 | |             .encode_wide()
[INFO] [stdout]     | |             -^^^^^^^^^^^ method not found in `&OsStr`
[INFO] [stdout]     | |_____________|
[INFO] [stdout]     |
[INFO] [stdout] 
[INFO] [stdout] 
[INFO] [stdout] Some errors have detailed explanations: E0432, E0433, E0599.
[INFO] [stdout] 
[INFO] [stdout] For more information about an error, try `rustc --explain E0432`.
[INFO] [stdout] 
[INFO] [stderr] error: could not compile `d3d9` (lib) due to 8 previous errors
[INFO] running `Command { std: "docker" "inspect" "a2c128ac40a2047e5fe52722b2640f90488b76349cc8d9028d3db7d2be669c53", kill_on_drop: false }`
[INFO] running `Command { std: "docker" "rm" "-f" "a2c128ac40a2047e5fe52722b2640f90488b76349cc8d9028d3db7d2be669c53", kill_on_drop: false }`
[INFO] [stdout] a2c128ac40a2047e5fe52722b2640f90488b76349cc8d9028d3db7d2be669c53
