[INFO] cloning repository https://github.com/kleinermob/d3d11on12-proxy-rs
[INFO] running `Command { std: "git" "-c" "credential.helper=" "-c" "credential.helper=/workspace/cargo-home/bin/git-credential-null" "clone" "--bare" "https://github.com/kleinermob/d3d11on12-proxy-rs" "/workspace/cache/git-repos/https%3A%2F%2Fgithub.com%2Fkleinermob%2Fd3d11on12-proxy-rs", kill_on_drop: false }`
[INFO] [stderr] Cloning into bare repository '/workspace/cache/git-repos/https%3A%2F%2Fgithub.com%2Fkleinermob%2Fd3d11on12-proxy-rs'...
[INFO] running `Command { std: "git" "rev-parse" "HEAD", kill_on_drop: false }`
[INFO] [stdout] 7cf568f948f040347ea5be1b0d24e6b04aec90fc
[INFO] testing kleinermob/d3d11on12-proxy-rs against 1.97.0-beta.6 for beta-1.98-2
[INFO] running `Command { std: "git" "clone" "/workspace/cache/git-repos/https%3A%2F%2Fgithub.com%2Fkleinermob%2Fd3d11on12-proxy-rs" "/workspace/builds/worker-1-tc1/source", kill_on_drop: false }`
[INFO] [stderr] Cloning into '/workspace/builds/worker-1-tc1/source'...
[INFO] [stderr] done.
[INFO] removed /workspace/builds/worker-1-tc1/source/.cargo/config.toml
[INFO] started tweaking git repo https://github.com/kleinermob/d3d11on12-proxy-rs
[INFO] finished tweaking git repo https://github.com/kleinermob/d3d11on12-proxy-rs
[INFO] tweaked toml for git repo https://github.com/kleinermob/d3d11on12-proxy-rs written to /workspace/builds/worker-1-tc1/source/Cargo.toml
[INFO] validating manifest of git repo https://github.com/kleinermob/d3d11on12-proxy-rs on toolchain 1.97.0-beta.6
[INFO] running `Command { std: CARGO_HOME="/workspace/cargo-home" RUSTUP_HOME="/workspace/rustup-home" "/workspace/cargo-home/bin/cargo" "+1.97.0-beta.6" "metadata" "--manifest-path" "Cargo.toml" "--no-deps", kill_on_drop: false }`
[INFO] crate git repo https://github.com/kleinermob/d3d11on12-proxy-rs already has a lockfile, it will not be regenerated
[INFO] running `Command { std: CARGO_HOME="/workspace/cargo-home" RUSTUP_HOME="/workspace/rustup-home" "/workspace/cargo-home/bin/cargo" "+1.97.0-beta.6" "fetch" "--manifest-path" "Cargo.toml", kill_on_drop: false }`
[INFO] running `Command { std: "docker" "create" "-v" "/var/lib/crater-agent-workspace/builds/worker-1-tc1/source:/opt/rustwide/workdir:ro,Z" "-v" "/var/lib/crater-agent-workspace/builds/worker-1-tc1/target:/opt/rustwide/target:rw,Z" "-v" "/var/lib/crater-agent-workspace/cargo-home:/opt/rustwide/cargo-home:ro,Z" "-v" "/var/lib/crater-agent-workspace/rustup-home:/opt/rustwide/rustup-home:ro,Z" "-m" "1610612736" "--network" "none" "ghcr.io/rust-lang/crates-build-env/linux@sha256:3d5ced03c013a94a2f102a4510f48a6e9184255caf5fd8244f58017bde7f5210" "sleep" "infinity", kill_on_drop: false }`
[INFO] [stdout] df731760c9ceb61adaf29c01fa0740837163815897a236f12641f25fba4058af
[INFO] running `Command { std: "docker" "start" "df731760c9ceb61adaf29c01fa0740837163815897a236f12641f25fba4058af", kill_on_drop: false }`
[INFO] running `Command { std: "docker" "inspect" "df731760c9ceb61adaf29c01fa0740837163815897a236f12641f25fba4058af", kill_on_drop: false }`
[INFO] running `Command { std: "docker" "exec" "-e" "SOURCE_DIR=/opt/rustwide/workdir" "-e" "CARGO_HOME=/opt/rustwide/cargo-home" "-e" "RUSTUP_HOME=/opt/rustwide/rustup-home" "-e" "CARGO_TARGET_DIR=/opt/rustwide/target" "-w" "/opt/rustwide/workdir" "--user" "0:0" "df731760c9ceb61adaf29c01fa0740837163815897a236f12641f25fba4058af" "/opt/rustwide/cargo-home/bin/cargo" "+1.97.0-beta.6" "metadata" "--no-deps" "--format-version=1", kill_on_drop: false }`
[INFO] running `Command { std: "docker" "inspect" "df731760c9ceb61adaf29c01fa0740837163815897a236f12641f25fba4058af", kill_on_drop: false }`
[INFO] running `Command { std: "docker" "exec" "-e" "SOURCE_DIR=/opt/rustwide/workdir" "-e" "CARGO_HOME=/opt/rustwide/cargo-home" "-e" "RUSTUP_HOME=/opt/rustwide/rustup-home" "-e" "CARGO_TARGET_DIR=/opt/rustwide/target" "-e" "CARGO_INCREMENTAL=0" "-e" "RUST_BACKTRACE=full" "-e" "RUSTFLAGS=--cap-lints=warn" "-e" "RUSTDOCFLAGS=--cap-lints=warn" "-w" "/opt/rustwide/workdir" "--user" "0:0" "df731760c9ceb61adaf29c01fa0740837163815897a236f12641f25fba4058af" "/opt/rustwide/cargo-home/bin/cargo" "+1.97.0-beta.6" "build" "--frozen" "--message-format=json", kill_on_drop: false }`
[INFO] [stderr]    Compiling windows_x86_64_gnu v0.52.6
[INFO] [stderr]    Compiling syn v2.0.117
[INFO] [stderr]    Compiling windows-targets v0.52.6
[INFO] [stderr]    Compiling windows-result v0.2.0
[INFO] [stderr]    Compiling windows-strings v0.1.0
[INFO] [stderr]    Compiling windows-interface v0.58.0
[INFO] [stderr]    Compiling windows-implement v0.58.0
[INFO] [stderr]    Compiling windows-core v0.58.0
[INFO] [stderr]    Compiling windows v0.58.0
[INFO] [stderr]    Compiling d3d11 v0.1.0 (/opt/rustwide/workdir)
[INFO] [stdout] error[E0433]: cannot find `Win32` in `windows`
[INFO] [stdout]   --> src/lib.rs:36:14
[INFO] [stdout]    |
[INFO] [stdout] 36 | use windows::Win32::Foundation::{BOOL, HMODULE, E_FAIL, E_INVALIDARG, S_OK};
[INFO] [stdout]    |              ^^^^^ could not find `Win32` in `windows`
[INFO] [stdout] 
[INFO] [stdout] 
[INFO] [stdout] error[E0433]: cannot find `Win32` in `windows`
[INFO] [stdout]   --> src/lib.rs:37:14
[INFO] [stdout]    |
[INFO] [stdout] 37 | use windows::Win32::Graphics::Direct3D::*;
[INFO] [stdout]    |              ^^^^^ could not find `Win32` in `windows`
[INFO] [stdout] 
[INFO] [stdout] 
[INFO] [stdout] error[E0433]: cannot find `Win32` in `windows`
[INFO] [stdout]   --> src/lib.rs:38:14
[INFO] [stdout]    |
[INFO] [stdout] 38 | use windows::Win32::Graphics::Direct3D12::*;
[INFO] [stdout]    |              ^^^^^ could not find `Win32` in `windows`
[INFO] [stdout] 
[INFO] [stdout] 
[INFO] [stdout] error[E0433]: cannot find `Win32` in `windows`
[INFO] [stdout]   --> src/lib.rs:39:14
[INFO] [stdout]    |
[INFO] [stdout] 39 | use windows::Win32::Graphics::Dxgi::*;
[INFO] [stdout]    |              ^^^^^ could not find `Win32` in `windows`
[INFO] [stdout] 
[INFO] [stdout] 
[INFO] [stdout] error[E0433]: cannot find `Win32` in `windows`
[INFO] [stdout]   --> src/lib.rs:40:14
[INFO] [stdout]    |
[INFO] [stdout] 40 | use windows::Win32::System::LibraryLoader::{GetProcAddress, LoadLibraryW};
[INFO] [stdout]    |              ^^^^^ could not find `Win32` in `windows`
[INFO] [stdout] 
[INFO] [stdout] 
[INFO] [stdout] error[E0433]: cannot find `Win32` in `windows`
[INFO] [stdout]   --> src/lib.rs:41:14
[INFO] [stdout]    |
[INFO] [stdout] 41 | use windows::Win32::System::SystemInformation::GetSystemDirectoryW;
[INFO] [stdout]    |              ^^^^^ could not find `Win32` in `windows`
[INFO] [stdout] 
[INFO] [stdout] 
[INFO] [stdout] error[E0433]: cannot find `Win32` in `windows`
[INFO] [stdout]   --> src/lib.rs:42:14
[INFO] [stdout]    |
[INFO] [stdout] 42 | use windows::Win32::System::SystemServices::DLL_PROCESS_ATTACH;
[INFO] [stdout]    |              ^^^^^ could not find `Win32` in `windows`
[INFO] [stdout] 
[INFO] [stdout] 
[INFO] [stdout] error[E0432]: unresolved import `windows::core`
[INFO] [stdout]   --> src/lib.rs:35:14
[INFO] [stdout]    |
[INFO] [stdout] 35 | use windows::core::{GUID, HRESULT, PCSTR};
[INFO] [stdout]    |              ^^^^ could not find `core` in `windows`
[INFO] [stdout] 
[INFO] [stdout] 
[INFO] [stdout] error[E0433]: cannot find `core` in `windows`
[INFO] [stdout]    --> src/lib.rs:126:39
[INFO] [stdout]     |
[INFO] [stdout] 126 |         let h = LoadLibraryW(windows::core::PCWSTR(name.as_ptr()))
[INFO] [stdout]     |                                       ^^^^ could not find `core` in `windows`
[INFO] [stdout] 
[INFO] [stdout] 
[INFO] [stdout] error[E0433]: cannot find `core` in `windows`
[INFO] [stdout]    --> src/lib.rs:214:46
[INFO] [stdout]     |
[INFO] [stdout] 214 |         let dxgi_mod = LoadLibraryW(windows::core::PCWSTR(dxgi_name.as_ptr()))
[INFO] [stdout]     |                                              ^^^^ could not find `core` in `windows`
[INFO] [stdout] 
[INFO] [stdout] 
[INFO] [stdout] error[E0433]: cannot find `core` in `windows`
[INFO] [stdout]    --> src/lib.rs:578:45
[INFO] [stdout]     |
[INFO] [stdout] 578 |         let h = match LoadLibraryW(windows::core::PCWSTR(buf.as_ptr())) {
[INFO] [stdout]     |                                             ^^^^ could not find `core` in `windows`
[INFO] [stdout] 
[INFO] [stdout] 
[INFO] [stdout] error[E0425]: cannot find type `D3D_FEATURE_LEVEL` in this scope
[INFO] [stdout]   --> src/lib.rs:55:28
[INFO] [stdout]    |
[INFO] [stdout] 55 |     minimum_feature_level: D3D_FEATURE_LEVEL,
[INFO] [stdout]    |                            ^^^^^^^^^^^^^^^^^ not found in this scope
[INFO] [stdout] 
[INFO] [stdout] 
[INFO] [stdout] error[E0425]: cannot find type `D3D12_COMMAND_QUEUE_DESC` in this scope
[INFO] [stdout]   --> src/lib.rs:62:20
[INFO] [stdout]    |
[INFO] [stdout] 62 |     p_desc: *const D3D12_COMMAND_QUEUE_DESC,
[INFO] [stdout]    |                    ^^^^^^^^^^^^^^^^^^^^^^^^ not found in this scope
[INFO] [stdout] 
[INFO] [stdout] 
[INFO] [stdout] error[E0425]: cannot find type `D3D_FEATURE_LEVEL` in this scope
[INFO] [stdout]   --> src/lib.rs:70:30
[INFO] [stdout]    |
[INFO] [stdout] 70 |     p_feature_levels: *const D3D_FEATURE_LEVEL,
[INFO] [stdout]    |                              ^^^^^^^^^^^^^^^^^ not found in this scope
[INFO] [stdout] 
[INFO] [stdout] 
[INFO] [stdout] error[E0425]: cannot find type `D3D_FEATURE_LEVEL` in this scope
[INFO] [stdout]   --> src/lib.rs:77:34
[INFO] [stdout]    |
[INFO] [stdout] 77 |     p_chosen_feature_level: *mut D3D_FEATURE_LEVEL,
[INFO] [stdout]    |                                  ^^^^^^^^^^^^^^^^^ not found in this scope
[INFO] [stdout] 
[INFO] [stdout] 
[INFO] [stdout] error[E0425]: cannot find type `D3D_DRIVER_TYPE` in this scope
[INFO] [stdout]    --> src/lib.rs:182:18
[INFO] [stdout]     |
[INFO] [stdout] 182 |     driver_type: D3D_DRIVER_TYPE,
[INFO] [stdout]     |                  ^^^^^^^^^^^^^^^ not found in this scope
[INFO] [stdout] 
[INFO] [stdout] 
[INFO] [stdout] error[E0425]: cannot find type `D3D_FEATURE_LEVEL` in this scope
[INFO] [stdout]    --> src/lib.rs:184:30
[INFO] [stdout]     |
[INFO] [stdout] 184 |     p_feature_levels: *const D3D_FEATURE_LEVEL,
[INFO] [stdout]     |                              ^^^^^^^^^^^^^^^^^ not found in this scope
[INFO] [stdout] 
[INFO] [stdout] 
[INFO] [stdout] error[E0425]: cannot find type `D3D_FEATURE_LEVEL` in this scope
[INFO] [stdout]    --> src/lib.rs:188:34
[INFO] [stdout]     |
[INFO] [stdout] 188 |     p_chosen_feature_level: *mut D3D_FEATURE_LEVEL,
[INFO] [stdout]     |                                  ^^^^^^^^^^^^^^^^^ not found in this scope
[INFO] [stdout] 
[INFO] [stdout] 
[INFO] [stdout] error[E0425]: cannot find type `IDXGIAdapter` in this scope
[INFO] [stdout]    --> src/lib.rs:201:30
[INFO] [stdout]     |
[INFO] [stdout] 201 |     let warp_adapter: ComPtr<IDXGIAdapter>;
[INFO] [stdout]     |                              ^^^^^^^^^^^^ not found in this scope
[INFO] [stdout]     |
[INFO] [stdout] help: you might be missing a type parameter
[INFO] [stdout]     |
[INFO] [stdout] 180 | unsafe fn create_d3d11on12_device<IDXGIAdapter>(
[INFO] [stdout]     |                                  ++++++++++++++
[INFO] [stdout] 
[INFO] [stdout] 
[INFO] [stdout] error[E0425]: cannot find value `D3D_DRIVER_TYPE_WARP` in this scope
[INFO] [stdout]    --> src/lib.rs:204:23
[INFO] [stdout]     |
[INFO] [stdout] 204 |     if driver_type == D3D_DRIVER_TYPE_WARP {
[INFO] [stdout]     |                       ^^^^^^^^^^^^^^^^^^^^ not found in this scope
[INFO] [stdout] 
[INFO] [stdout] 
[INFO] [stdout] error[E0425]: cannot find type `IDXGIAdapter` in this scope
[INFO] [stdout]    --> src/lib.rs:227:34
[INFO] [stdout]     |
[INFO] [stdout] 227 |         let mut found_warp: *mut IDXGIAdapter = std::ptr::null_mut();
[INFO] [stdout]     |                                  ^^^^^^^^^^^^ not found in this scope
[INFO] [stdout] 
[INFO] [stdout] 
[INFO] [stdout] error[E0425]: cannot find type `ID3D12Device` in this scope
[INFO] [stdout]    --> src/lib.rs:267:36
[INFO] [stdout]     |
[INFO] [stdout] 267 |     let mut d3d12_device_raw: *mut ID3D12Device = std::ptr::null_mut();
[INFO] [stdout]     |                                    ^^^^^^^^^^^^ not found in this scope
[INFO] [stdout] 
[INFO] [stdout] 
[INFO] [stdout] error[E0425]: cannot find value `D3D_FEATURE_LEVEL_11_0` in this scope
[INFO] [stdout]    --> src/lib.rs:270:9
[INFO] [stdout]     |
[INFO] [stdout] 270 |         D3D_FEATURE_LEVEL_11_0,
[INFO] [stdout]     |         ^^^^^^^^^^^^^^^^^^^^^^ not found in this scope
[INFO] [stdout] 
[INFO] [stdout] 
[INFO] [stdout] error[E0422]: cannot find struct, variant or union type `D3D12_COMMAND_QUEUE_DESC` in this scope
[INFO] [stdout]    --> src/lib.rs:280:16
[INFO] [stdout]     |
[INFO] [stdout] 280 |     let desc = D3D12_COMMAND_QUEUE_DESC {
[INFO] [stdout]     |                ^^^^^^^^^^^^^^^^^^^^^^^^ not found in this scope
[INFO] [stdout] 
[INFO] [stdout] 
[INFO] [stdout] error[E0425]: cannot find value `D3D12_COMMAND_LIST_TYPE_DIRECT` in this scope
[INFO] [stdout]    --> src/lib.rs:281:15
[INFO] [stdout]     |
[INFO] [stdout] 281 |         Type: D3D12_COMMAND_LIST_TYPE_DIRECT,
[INFO] [stdout]     |               ^^^^^^^^^^^^^^^^^^^^^^^^^^^^^^ not found in this scope
[INFO] [stdout] 
[INFO] [stdout] 
[INFO] [stdout] error[E0425]: cannot find value `D3D12_COMMAND_QUEUE_PRIORITY_NORMAL` in this scope
[INFO] [stdout]    --> src/lib.rs:282:19
[INFO] [stdout]     |
[INFO] [stdout] 282 |         Priority: D3D12_COMMAND_QUEUE_PRIORITY_NORMAL.0,
[INFO] [stdout]     |                   ^^^^^^^^^^^^^^^^^^^^^^^^^^^^^^^^^^^ not found in this scope
[INFO] [stdout] 
[INFO] [stdout] 
[INFO] [stdout] error[E0425]: cannot find value `D3D12_COMMAND_QUEUE_FLAG_NONE` in this scope
[INFO] [stdout]    --> src/lib.rs:283:16
[INFO] [stdout]     |
[INFO] [stdout] 283 |         Flags: D3D12_COMMAND_QUEUE_FLAG_NONE,
[INFO] [stdout]     |                ^^^^^^^^^^^^^^^^^^^^^^^^^^^^^ not found in this scope
[INFO] [stdout] 
[INFO] [stdout] 
[INFO] [stdout] error[E0425]: cannot find type `ID3D12CommandQueue` in this scope
[INFO] [stdout]    --> src/lib.rs:298:35
[INFO] [stdout]     |
[INFO] [stdout] 298 |     let mut d3d12_queue_raw: *mut ID3D12CommandQueue = std::ptr::null_mut();
[INFO] [stdout]     |                                   ^^^^^^^^^^^^^^^^^^ not found in this scope
[INFO] [stdout] 
[INFO] [stdout] 
[INFO] [stdout] error[E0425]: cannot find type `D3D_DRIVER_TYPE` in this scope
[INFO] [stdout]    --> src/lib.rs:338:18
[INFO] [stdout]     |
[INFO] [stdout] 338 |     driver_type: D3D_DRIVER_TYPE,
[INFO] [stdout]     |                  ^^^^^^^^^^^^^^^ not found in this scope
[INFO] [stdout] 
[INFO] [stdout] 
[INFO] [stdout] error[E0425]: cannot find type `D3D_FEATURE_LEVEL` in this scope
[INFO] [stdout]    --> src/lib.rs:341:30
[INFO] [stdout]     |
[INFO] [stdout] 341 |     p_feature_levels: *const D3D_FEATURE_LEVEL,
[INFO] [stdout]     |                              ^^^^^^^^^^^^^^^^^ not found in this scope
[INFO] [stdout] 
[INFO] [stdout] 
[INFO] [stdout] error[E0425]: cannot find type `D3D_FEATURE_LEVEL` in this scope
[INFO] [stdout]    --> src/lib.rs:345:27
[INFO] [stdout]     |
[INFO] [stdout] 345 |     p_feature_level: *mut D3D_FEATURE_LEVEL,
[INFO] [stdout]     |                           ^^^^^^^^^^^^^^^^^ not found in this scope
[INFO] [stdout] 
[INFO] [stdout] 
[INFO] [stdout] error[E0425]: cannot find type `D3D_DRIVER_TYPE` in this scope
[INFO] [stdout]    --> src/lib.rs:367:18
[INFO] [stdout]     |
[INFO] [stdout] 367 |     driver_type: D3D_DRIVER_TYPE,
[INFO] [stdout]     |                  ^^^^^^^^^^^^^^^ not found in this scope
[INFO] [stdout] 
[INFO] [stdout] 
[INFO] [stdout] error[E0425]: cannot find type `D3D_FEATURE_LEVEL` in this scope
[INFO] [stdout]    --> src/lib.rs:370:30
[INFO] [stdout]     |
[INFO] [stdout] 370 |     p_feature_levels: *const D3D_FEATURE_LEVEL,
[INFO] [stdout]     |                              ^^^^^^^^^^^^^^^^^ not found in this scope
[INFO] [stdout] 
[INFO] [stdout] 
[INFO] [stdout] error[E0425]: cannot find type `DXGI_SWAP_CHAIN_DESC` in this scope
[INFO] [stdout]    --> src/lib.rs:373:31
[INFO] [stdout]     |
[INFO] [stdout] 373 |     p_swap_chain_desc: *const DXGI_SWAP_CHAIN_DESC,
[INFO] [stdout]     |                               ^^^^^^^^^^^^^^^^^^^^ not found in this scope
[INFO] [stdout] 
[INFO] [stdout] 
[INFO] [stdout] error[E0425]: cannot find type `D3D_FEATURE_LEVEL` in this scope
[INFO] [stdout]    --> src/lib.rs:376:27
[INFO] [stdout]     |
[INFO] [stdout] 376 |     p_feature_level: *mut D3D_FEATURE_LEVEL,
[INFO] [stdout]     |                           ^^^^^^^^^^^^^^^^^ not found in this scope
[INFO] [stdout] 
[INFO] [stdout] 
[INFO] [stdout] error[E0425]: cannot find type `DXGI_SWAP_CHAIN_DESC` in this scope
[INFO] [stdout]    --> src/lib.rs:454:18
[INFO] [stdout]     |
[INFO] [stdout] 454 |             *mut DXGI_SWAP_CHAIN_DESC,
[INFO] [stdout]     |                  ^^^^^^^^^^^^^^^^^^^^ not found in this scope
[INFO] [stdout] 
[INFO] [stdout] 
[INFO] [stdout] error[E0425]: cannot find type `D3D_FEATURE_LEVEL` in this scope
[INFO] [stdout]    --> src/lib.rs:491:30
[INFO] [stdout]     |
[INFO] [stdout] 491 |     p_feature_levels: *const D3D_FEATURE_LEVEL,
[INFO] [stdout]     |                              ^^^^^^^^^^^^^^^^^ not found in this scope
[INFO] [stdout] 
[INFO] [stdout] 
[INFO] [stdout] error[E0425]: cannot find type `D3D_FEATURE_LEVEL` in this scope
[INFO] [stdout]    --> src/lib.rs:499:20
[INFO] [stdout]     |
[INFO] [stdout] 499 |             *const D3D_FEATURE_LEVEL, u32,
[INFO] [stdout]     |                    ^^^^^^^^^^^^^^^^^ not found in this scope
[INFO] [stdout] 
[INFO] [stdout] 
[INFO] [stdout] error[E0425]: cannot find type `D3D_FEATURE_LEVEL` in this scope
[INFO] [stdout]    --> src/lib.rs:499:20
[INFO] [stdout]     |
[INFO] [stdout] 499 |             *const D3D_FEATURE_LEVEL, u32,
[INFO] [stdout]     |                    ^^^^^^^^^^^^^^^^^ not found in this scope
[INFO] [stdout]     |
[INFO] [stdout] help: you might be missing a type parameter
[INFO] [stdout]     |
[INFO] [stdout] 487 | pub unsafe extern "system" fn D3D11CoreCreateDevice<D3D_FEATURE_LEVEL>(
[INFO] [stdout]     |                                                    +++++++++++++++++++
[INFO] [stdout] 
[INFO] [stdout] 
[INFO] [stdout] error[E0425]: cannot find type `D3D_FEATURE_LEVEL` in this scope
[INFO] [stdout]    --> src/lib.rs:509:30
[INFO] [stdout]     |
[INFO] [stdout] 509 |     p_feature_levels: *const D3D_FEATURE_LEVEL,
[INFO] [stdout]     |                              ^^^^^^^^^^^^^^^^^ not found in this scope
[INFO] [stdout] 
[INFO] [stdout] 
[INFO] [stdout] error[E0425]: cannot find type `D3D_FEATURE_LEVEL` in this scope
[INFO] [stdout]    --> src/lib.rs:516:34
[INFO] [stdout]     |
[INFO] [stdout] 516 |     p_chosen_feature_level: *mut D3D_FEATURE_LEVEL,
[INFO] [stdout]     |                                  ^^^^^^^^^^^^^^^^^ not found in this scope
[INFO] [stdout] 
[INFO] [stdout] 
[INFO] [stdout] error[E0425]: cannot find type `D3D_FEATURE_LEVEL` in this scope
[INFO] [stdout]    --> src/lib.rs:521:49
[INFO] [stdout]     |
[INFO] [stdout] 521 |             *mut core::ffi::c_void, u32, *const D3D_FEATURE_LEVEL, u32,
[INFO] [stdout]     |                                                 ^^^^^^^^^^^^^^^^^ not found in this scope
[INFO] [stdout] 
[INFO] [stdout] 
[INFO] [stdout] error[E0425]: cannot find type `D3D_FEATURE_LEVEL` in this scope
[INFO] [stdout]    --> src/lib.rs:525:18
[INFO] [stdout]     |
[INFO] [stdout] 525 |             *mut D3D_FEATURE_LEVEL) -> HRESULT,
[INFO] [stdout]     |                  ^^^^^^^^^^^^^^^^^ not found in this scope
[INFO] [stdout] 
[INFO] [stdout] 
[INFO] [stdout] error[E0425]: cannot find type `D3D_FEATURE_LEVEL` in this scope
[INFO] [stdout]    --> src/lib.rs:521:49
[INFO] [stdout]     |
[INFO] [stdout] 521 |             *mut core::ffi::c_void, u32, *const D3D_FEATURE_LEVEL, u32,
[INFO] [stdout]     |                                                 ^^^^^^^^^^^^^^^^^ not found in this scope
[INFO] [stdout]     |
[INFO] [stdout] help: you might be missing a type parameter
[INFO] [stdout]     |
[INFO] [stdout] 506 | pub unsafe extern "system" fn D3D11CreateDeviceForD3D12<D3D_FEATURE_LEVEL>(
[INFO] [stdout]     |                                                        +++++++++++++++++++
[INFO] [stdout] 
[INFO] [stdout] 
[INFO] [stdout] error[E0425]: cannot find type `D3D_FEATURE_LEVEL` in this scope
[INFO] [stdout]    --> src/lib.rs:525:18
[INFO] [stdout]     |
[INFO] [stdout] 525 |             *mut D3D_FEATURE_LEVEL) -> HRESULT,
[INFO] [stdout]     |                  ^^^^^^^^^^^^^^^^^ not found in this scope
[INFO] [stdout]     |
[INFO] [stdout] help: you might be missing a type parameter
[INFO] [stdout]     |
[INFO] [stdout] 506 | pub unsafe extern "system" fn D3D11CreateDeviceForD3D12<D3D_FEATURE_LEVEL>(
[INFO] [stdout]     |                                                        +++++++++++++++++++
[INFO] [stdout] 
[INFO] [stdout] 
[INFO] [stdout] error[E0425]: cannot find type `D3D_FEATURE_LEVEL` in this scope
[INFO] [stdout]    --> src/lib.rs:536:30
[INFO] [stdout]     |
[INFO] [stdout] 536 |     p_feature_levels: *const D3D_FEATURE_LEVEL,
[INFO] [stdout]     |                              ^^^^^^^^^^^^^^^^^ not found in this scope
[INFO] [stdout] 
[INFO] [stdout] 
[INFO] [stdout] error[E0425]: cannot find type `D3D_FEATURE_LEVEL` in this scope
[INFO] [stdout]    --> src/lib.rs:543:34
[INFO] [stdout]     |
[INFO] [stdout] 543 |     p_chosen_feature_level: *mut D3D_FEATURE_LEVEL,
[INFO] [stdout]     |                                  ^^^^^^^^^^^^^^^^^ not found in this scope
[INFO] [stdout] 
[INFO] [stdout] 
[INFO] [stdout] error[E0425]: cannot find type `D3D_FEATURE_LEVEL` in this scope
[INFO] [stdout]    --> src/lib.rs:548:49
[INFO] [stdout]     |
[INFO] [stdout] 548 |             *mut core::ffi::c_void, u32, *const D3D_FEATURE_LEVEL, u32,
[INFO] [stdout]     |                                                 ^^^^^^^^^^^^^^^^^ not found in this scope
[INFO] [stdout] 
[INFO] [stdout] 
[INFO] [stdout] error[E0425]: cannot find type `D3D_FEATURE_LEVEL` in this scope
[INFO] [stdout]    --> src/lib.rs:552:18
[INFO] [stdout]     |
[INFO] [stdout] 552 |             *mut D3D_FEATURE_LEVEL) -> HRESULT,
[INFO] [stdout]     |                  ^^^^^^^^^^^^^^^^^ not found in this scope
[INFO] [stdout] 
[INFO] [stdout] 
[INFO] [stdout] error[E0425]: cannot find type `D3D_FEATURE_LEVEL` in this scope
[INFO] [stdout]    --> src/lib.rs:548:49
[INFO] [stdout]     |
[INFO] [stdout] 548 |             *mut core::ffi::c_void, u32, *const D3D_FEATURE_LEVEL, u32,
[INFO] [stdout]     |                                                 ^^^^^^^^^^^^^^^^^ not found in this scope
[INFO] [stdout]     |
[INFO] [stdout] help: you might be missing a type parameter
[INFO] [stdout]     |
[INFO] [stdout] 533 | pub unsafe extern "system" fn D3D11On12CreateDevice<D3D_FEATURE_LEVEL>(
[INFO] [stdout]     |                                                    +++++++++++++++++++
[INFO] [stdout] 
[INFO] [stdout] 
[INFO] [stdout] error[E0425]: cannot find type `D3D_FEATURE_LEVEL` in this scope
[INFO] [stdout]    --> src/lib.rs:552:18
[INFO] [stdout]     |
[INFO] [stdout] 552 |             *mut D3D_FEATURE_LEVEL) -> HRESULT,
[INFO] [stdout]     |                  ^^^^^^^^^^^^^^^^^ not found in this scope
[INFO] [stdout]     |
[INFO] [stdout] help: you might be missing a type parameter
[INFO] [stdout]     |
[INFO] [stdout] 533 | pub unsafe extern "system" fn D3D11On12CreateDevice<D3D_FEATURE_LEVEL>(
[INFO] [stdout]     |                                                    +++++++++++++++++++
[INFO] [stdout] 
[INFO] [stdout] 
[INFO] [stdout] Some errors have detailed explanations: E0422, E0425, E0432, E0433.
[INFO] [stdout] 
[INFO] [stdout] For more information about an error, try `rustc --explain E0422`.
[INFO] [stdout] 
[INFO] [stderr] error: could not compile `d3d11` (lib) due to 51 previous errors
[INFO] running `Command { std: "docker" "inspect" "df731760c9ceb61adaf29c01fa0740837163815897a236f12641f25fba4058af", kill_on_drop: false }`
[INFO] running `Command { std: "docker" "rm" "-f" "df731760c9ceb61adaf29c01fa0740837163815897a236f12641f25fba4058af", kill_on_drop: false }`
[INFO] [stdout] df731760c9ceb61adaf29c01fa0740837163815897a236f12641f25fba4058af
