[INFO] cloning repository https://github.com/kittichanr/zero2prod
[INFO] running `Command { std: "git" "-c" "credential.helper=" "-c" "credential.helper=/workspace/cargo-home/bin/git-credential-null" "clone" "--bare" "https://github.com/kittichanr/zero2prod" "/workspace/cache/git-repos/https%3A%2F%2Fgithub.com%2Fkittichanr%2Fzero2prod", kill_on_drop: false }`
[INFO] [stderr] Cloning into bare repository '/workspace/cache/git-repos/https%3A%2F%2Fgithub.com%2Fkittichanr%2Fzero2prod'...
[INFO] running `Command { std: "git" "rev-parse" "HEAD", kill_on_drop: false }`
[INFO] [stdout] 7ae39126cb53caab7ba9c37deb25ad2d3dde6c08
[INFO] testing kittichanr/zero2prod against 1.97.0-beta.6 for beta-1.98-2
[INFO] running `Command { std: "git" "clone" "/workspace/cache/git-repos/https%3A%2F%2Fgithub.com%2Fkittichanr%2Fzero2prod" "/workspace/builds/worker-7-tc1/source", kill_on_drop: false }`
[INFO] [stderr] Cloning into '/workspace/builds/worker-7-tc1/source'...
[INFO] [stderr] done.
[INFO] started tweaking git repo https://github.com/kittichanr/zero2prod
[INFO] finished tweaking git repo https://github.com/kittichanr/zero2prod
[INFO] tweaked toml for git repo https://github.com/kittichanr/zero2prod written to /workspace/builds/worker-7-tc1/source/Cargo.toml
[INFO] validating manifest of git repo https://github.com/kittichanr/zero2prod on toolchain 1.97.0-beta.6
[INFO] running `Command { std: CARGO_HOME="/workspace/cargo-home" RUSTUP_HOME="/workspace/rustup-home" "/workspace/cargo-home/bin/cargo" "+1.97.0-beta.6" "metadata" "--manifest-path" "Cargo.toml" "--no-deps", kill_on_drop: false }`
[INFO] crate git repo https://github.com/kittichanr/zero2prod already has a lockfile, it will not be regenerated
[INFO] running `Command { std: CARGO_HOME="/workspace/cargo-home" RUSTUP_HOME="/workspace/rustup-home" "/workspace/cargo-home/bin/cargo" "+1.97.0-beta.6" "fetch" "--manifest-path" "Cargo.toml", kill_on_drop: false }`
[INFO] [stderr]     Updating crates.io index
[INFO] [stderr]  Downloading crates ...
[INFO] [stderr]   Downloaded validator v0.20.0
[INFO] [stderr]   Downloaded io-uring v0.7.8
[INFO] [stderr]   Downloaded redox_syscall v0.5.13
[INFO] [stderr]   Downloaded wiremock v0.6.4
[INFO] [stderr]   Downloaded tracing-actix-web v0.7.19
[INFO] [stderr]   Downloaded hyper-util v0.1.15
[INFO] [stderr]   Downloaded quinn-udp v0.5.13
[INFO] [stderr]   Downloaded toml v0.9.2
[INFO] [stderr]   Downloaded quickcheck_macros v1.1.0
[INFO] [stderr]   Downloaded config v0.15.13
[INFO] [stderr]   Downloaded quickcheck v1.0.3
[INFO] [stderr]   Downloaded toml_parser v1.0.1
[INFO] [stderr]   Downloaded toml_datetime v0.7.0
[INFO] [stderr]   Downloaded fake v4.3.0
[INFO] [stderr]   Downloaded yaml-rust2 v0.10.3
[INFO] [stderr]   Downloaded linkify v0.10.0
[INFO] [stderr]   Downloaded htmlescape v0.3.1
[INFO] [stderr]   Downloaded serde_spanned v1.0.0
[INFO] [stderr]   Downloaded rust-ini v0.21.2
[INFO] [stderr]   Downloaded actix-session v0.10.1
[INFO] [stderr]   Downloaded claims v0.8.0
[INFO] [stderr]   Downloaded redis v0.26.1
[INFO] running `Command { std: "docker" "create" "-v" "/var/lib/crater-agent-workspace/builds/worker-7-tc1/source:/opt/rustwide/workdir:ro,Z" "-v" "/var/lib/crater-agent-workspace/builds/worker-7-tc1/target:/opt/rustwide/target:rw,Z" "-v" "/var/lib/crater-agent-workspace/cargo-home:/opt/rustwide/cargo-home:ro,Z" "-v" "/var/lib/crater-agent-workspace/rustup-home:/opt/rustwide/rustup-home:ro,Z" "-m" "1610612736" "--network" "none" "ghcr.io/rust-lang/crates-build-env/linux@sha256:3d5ced03c013a94a2f102a4510f48a6e9184255caf5fd8244f58017bde7f5210" "sleep" "infinity", kill_on_drop: false }`
[INFO] [stdout] d8f90c8067a95187e43368a1025fc36e70e0f477e59ccd2976b3e56bd0338954
[INFO] running `Command { std: "docker" "start" "d8f90c8067a95187e43368a1025fc36e70e0f477e59ccd2976b3e56bd0338954", kill_on_drop: false }`
[INFO] running `Command { std: "docker" "inspect" "d8f90c8067a95187e43368a1025fc36e70e0f477e59ccd2976b3e56bd0338954", kill_on_drop: false }`
[INFO] running `Command { std: "docker" "exec" "-e" "SOURCE_DIR=/opt/rustwide/workdir" "-e" "CARGO_HOME=/opt/rustwide/cargo-home" "-e" "RUSTUP_HOME=/opt/rustwide/rustup-home" "-e" "CARGO_TARGET_DIR=/opt/rustwide/target" "-w" "/opt/rustwide/workdir" "--user" "0:0" "d8f90c8067a95187e43368a1025fc36e70e0f477e59ccd2976b3e56bd0338954" "/opt/rustwide/cargo-home/bin/cargo" "+1.97.0-beta.6" "metadata" "--no-deps" "--format-version=1", kill_on_drop: false }`
[INFO] running `Command { std: "docker" "inspect" "d8f90c8067a95187e43368a1025fc36e70e0f477e59ccd2976b3e56bd0338954", kill_on_drop: false }`
[INFO] running `Command { std: "docker" "exec" "-e" "SOURCE_DIR=/opt/rustwide/workdir" "-e" "CARGO_HOME=/opt/rustwide/cargo-home" "-e" "RUSTUP_HOME=/opt/rustwide/rustup-home" "-e" "CARGO_TARGET_DIR=/opt/rustwide/target" "-e" "CARGO_INCREMENTAL=0" "-e" "RUST_BACKTRACE=full" "-e" "RUSTFLAGS=--cap-lints=warn" "-e" "RUSTDOCFLAGS=--cap-lints=warn" "-w" "/opt/rustwide/workdir" "--user" "0:0" "d8f90c8067a95187e43368a1025fc36e70e0f477e59ccd2976b3e56bd0338954" "/opt/rustwide/cargo-home/bin/cargo" "+1.97.0-beta.6" "build" "--frozen" "--message-format=json", kill_on_drop: false }`
[INFO] [stderr]    Compiling libc v0.2.174
[INFO] [stderr]    Compiling serde v1.0.219
[INFO] [stderr]    Compiling memchr v2.7.5
[INFO] [stderr]    Compiling log v0.4.27
[INFO] [stderr]    Compiling slab v0.4.10
[INFO] [stderr]    Compiling syn v2.0.104
[INFO] [stderr]    Compiling tracing-core v0.1.34
[INFO] [stderr]    Compiling rustls-pki-types v1.12.0
[INFO] [stderr]    Compiling serde_json v1.0.142
[INFO] [stderr]    Compiling rustls v0.23.29
[INFO] [stderr]    Compiling hashbrown v0.15.4
[INFO] [stderr]    Compiling time-core v0.1.4
[INFO] [stderr]    Compiling num-conv v0.1.0
[INFO] [stderr]    Compiling deranged v0.4.0
[INFO] [stderr]    Compiling iana-time-zone v0.1.63
[INFO] [stderr]    Compiling time-macros v0.2.22
[INFO] [stderr]    Compiling regex-syntax v0.8.5
[INFO] [stderr]    Compiling digest v0.10.7
[INFO] [stderr]    Compiling bytestring v1.4.0
[INFO] [stderr]    Compiling event-listener v5.4.0
[INFO] [stderr]    Compiling tinyvec v1.9.0
[INFO] [stderr]    Compiling aho-corasick v1.1.3
[INFO] [stderr]    Compiling http v0.2.12
[INFO] [stderr]    Compiling encoding_rs v0.8.35
[INFO] [stderr]    Compiling webpki-roots v1.0.2
[INFO] [stderr]    Compiling regex-lite v0.1.6
[INFO] [stderr]    Compiling webpki-roots v0.26.11
[INFO] [stderr]    Compiling miniz_oxide v0.8.9
[INFO] [stderr]    Compiling actix-utils v3.0.1
[INFO] [stderr]    Compiling form_urlencoded v1.2.1
[INFO] [stderr]    Compiling cookie v0.16.2
[INFO] [stderr]    Compiling actix-service v2.0.3
[INFO] [stderr]    Compiling crc32fast v1.4.2
[INFO] [stderr]    Compiling brotli v8.0.1
[INFO] [stderr]    Compiling futures-util v0.3.31
[INFO] [stderr]    Compiling getrandom v0.2.16
[INFO] [stderr]    Compiling socket2 v0.6.0
[INFO] [stderr]    Compiling jobserver v0.1.33
[INFO] [stderr]    Compiling signal-hook-registry v1.4.5
[INFO] [stderr]    Compiling mio v1.0.4
[INFO] [stderr]    Compiling rand_core v0.6.4
[INFO] [stderr]    Compiling cc v1.2.29
[INFO] [stderr]    Compiling crypto-common v0.1.6
[INFO] [stderr]    Compiling rand_chacha v0.3.1
[INFO] [stderr]    Compiling getrandom v0.3.3
[INFO] [stderr]    Compiling indexmap v2.10.0
[INFO] [stderr]    Compiling time v0.3.41
[INFO] [stderr]    Compiling sha2 v0.10.9
[INFO] [stderr]    Compiling hmac v0.12.1
[INFO] [stderr]    Compiling universal-hash v0.5.1
[INFO] [stderr]    Compiling rand v0.8.5
[INFO] [stderr]    Compiling cipher v0.4.4
[INFO] [stderr]    Compiling socket2 v0.5.10
[INFO] [stderr]    Compiling hkdf v0.12.4
[INFO] [stderr]    Compiling regex-automata v0.4.9
[INFO] [stderr]    Compiling polyval v0.6.2
[INFO] [stderr]    Compiling rand_core v0.9.3
[INFO] [stderr]    Compiling ctr v0.9.2
[INFO] [stderr]    Compiling ghash v0.5.1
[INFO] [stderr]    Compiling aes v0.8.4
[INFO] [stderr]    Compiling rand_chacha v0.9.0
[INFO] [stderr]    Compiling aead v0.5.2
[INFO] [stderr]    Compiling unicode-normalization v0.1.24
[INFO] [stderr]    Compiling sha1 v0.10.6
[INFO] [stderr]    Compiling const-random-macro v0.1.16
[INFO] [stderr]    Compiling tokio v1.47.1
[INFO] [stderr]    Compiling aes-gcm v0.10.3
[INFO] [stderr]    Compiling rand v0.9.2
[INFO] [stderr]    Compiling flate2 v1.1.2
[INFO] [stderr]    Compiling hashlink v0.10.0
[INFO] [stderr]    Compiling stringprep v0.1.5
[INFO] [stderr]    Compiling chrono v0.4.41
[INFO] [stderr]    Compiling local-channel v0.1.5
[INFO] [stderr]    Compiling uuid v1.17.0
[INFO] [stderr]    Compiling whoami v1.6.0
[INFO] [stderr]    Compiling base64 v0.20.0
[INFO] [stderr]    Compiling ring v0.17.14
[INFO] [stderr]    Compiling zstd-sys v2.0.15+zstd.1.5.7
[INFO] [stderr]    Compiling language-tags v0.3.2
[INFO] [stderr]    Compiling const-random v0.1.18
[INFO] [stderr]    Compiling md-5 v0.10.6
[INFO] [stderr]    Compiling cookie v0.18.1
[INFO] [stderr]    Compiling impl-more v0.1.9
[INFO] [stderr]    Compiling bitflags v2.9.1
[INFO] [stderr]    Compiling anyhow v1.0.98
[INFO] [stderr]    Compiling dlv-list v0.5.2
[INFO] [stderr]    Compiling rustls-pemfile v2.2.0
[INFO] [stderr]    Compiling ahash v0.8.12
[INFO] [stderr]    Compiling psl-types v2.0.11
[INFO] [stderr]    Compiling litrs v0.4.2
[INFO] [stderr]    Compiling winnow v0.7.12
[INFO] [stderr]    Compiling rustls-native-certs v0.7.3
[INFO] [stderr]    Compiling ordered-multimap v0.7.3
[INFO] [stderr]    Compiling num-bigint v0.4.6
[INFO] [stderr]    Compiling synstructure v0.13.2
[INFO] [stderr]    Compiling tracing-log v0.2.0
[INFO] [stderr]    Compiling document-features v0.2.11
[INFO] [stderr]    Compiling atoi v2.0.0
[INFO] [stderr]    Compiling ordered-float v2.10.1
[INFO] [stderr]    Compiling regex v1.11.1
[INFO] [stderr]    Compiling thread_local v1.1.9
[INFO] [stderr]    Compiling arraydeque v0.5.1
[INFO] [stderr]    Compiling base64ct v1.8.0
[INFO] [stderr]    Compiling arc-swap v1.7.1
[INFO] [stderr]    Compiling convert_case v0.6.0
[INFO] [stderr]    Compiling yaml-rust2 v0.10.3
[INFO] [stderr]    Compiling rust-ini v0.21.2
[INFO] [stderr]    Compiling password-hash v0.5.0
[INFO] [stderr]    Compiling blake2 v0.10.6
[INFO] [stderr]    Compiling gethostname v0.2.3
[INFO] [stderr]    Compiling tracing-log v0.1.4
[INFO] [stderr]    Compiling mutually_exclusive_features v0.1.0
[INFO] [stderr]    Compiling pathdiff v0.2.3
[INFO] [stderr]    Compiling htmlescape v0.3.1
[INFO] [stderr]    Compiling argon2 v0.5.3
[INFO] [stderr]    Compiling claims v0.8.0
[INFO] [stderr]    Compiling serde_derive v1.0.219
[INFO] [stderr]    Compiling zerofrom-derive v0.1.6
[INFO] [stderr]    Compiling yoke-derive v0.8.0
[INFO] [stderr]    Compiling zerovec-derive v0.11.1
[INFO] [stderr]    Compiling displaydoc v0.2.5
[INFO] [stderr]    Compiling tokio-macros v2.5.0
[INFO] [stderr]    Compiling tracing-attributes v0.1.30
[INFO] [stderr]    Compiling futures-macro v0.3.31
[INFO] [stderr]    Compiling thiserror-impl v2.0.12
[INFO] [stderr]    Compiling derive_more-impl v2.0.1
[INFO] [stderr]    Compiling pin-project-internal v1.1.10
[INFO] [stderr]    Compiling actix-macros v0.2.4
[INFO] [stderr]    Compiling async-trait v0.1.88
[INFO] [stderr]    Compiling toml_parser v1.0.1
[INFO] [stderr]    Compiling derive_more-impl v1.0.0
[INFO] [stderr]    Compiling thiserror-impl v1.0.69
[INFO] [stderr]    Compiling zerofrom v0.1.6
[INFO] [stderr]    Compiling tracing v0.1.41
[INFO] [stderr]    Compiling yoke v0.8.0
[INFO] [stderr]    Compiling zerovec v0.11.2
[INFO] [stderr]    Compiling zerotrie v0.2.2
[INFO] [stderr]    Compiling pin-project v1.1.10
[INFO] [stderr]    Compiling tokio-stream v0.1.17
[INFO] [stderr]    Compiling thiserror v2.0.12
[INFO] [stderr]    Compiling thiserror v1.0.69
[INFO] [stderr]    Compiling pest v2.8.1
[INFO] [stderr]    Compiling rustls-webpki v0.103.4
[INFO] [stderr]    Compiling tinystr v0.8.1
[INFO] [stderr]    Compiling potential_utf v0.1.2
[INFO] [stderr]    Compiling derive_more v1.0.0
[INFO] [stderr]    Compiling zstd-safe v7.2.4
[INFO] [stderr]    Compiling icu_locale_core v2.0.0
[INFO] [stderr]    Compiling icu_collections v2.0.0
[INFO] [stderr]    Compiling derive_more v2.0.1
[INFO] [stderr]    Compiling pest_meta v2.8.1
[INFO] [stderr]    Compiling zstd v0.13.3
[INFO] [stderr]    Compiling icu_provider v2.0.0
[INFO] [stderr]    Compiling icu_properties v2.0.1
[INFO] [stderr]    Compiling pest_generator v2.8.1
[INFO] [stderr]    Compiling futures-executor v0.3.31
[INFO] [stderr]    Compiling pest_derive v2.8.1
[INFO] [stderr]    Compiling futures v0.3.31
[INFO] [stderr]    Compiling smallvec v1.15.1
[INFO] [stderr]    Compiling either v1.15.0
[INFO] [stderr]    Compiling actix-router v0.5.3
[INFO] [stderr]    Compiling serde_urlencoded v0.7.1
[INFO] [stderr]    Compiling serde_spanned v1.0.0
[INFO] [stderr]    Compiling toml_datetime v0.7.0
[INFO] [stderr]    Compiling serde-value v0.7.0
[INFO] [stderr]    Compiling json5 v0.4.1
[INFO] [stderr]    Compiling ron v0.8.1
[INFO] [stderr]    Compiling secrecy v0.10.3
[INFO] [stderr]    Compiling icu_normalizer v2.0.0
[INFO] [stderr]    Compiling parking_lot_core v0.9.11
[INFO] [stderr]    Compiling toml v0.9.2
[INFO] [stderr]    Compiling parking_lot v0.12.4
[INFO] [stderr]    Compiling tracing-subscriber v0.3.19
[INFO] [stderr]    Compiling futures-intrusive v0.5.0
[INFO] [stderr]    Compiling idna_adapter v1.2.1
[INFO] [stderr]    Compiling actix-web-codegen v4.3.0
[INFO] [stderr]    Compiling idna v1.0.3
[INFO] [stderr]    Compiling url v2.5.4
[INFO] [stderr]    Compiling config v0.15.13
[INFO] [stderr]    Compiling serde-aux v4.7.0
[INFO] [stderr]    Compiling publicsuffix v2.3.0
[INFO] [stderr]    Compiling sqlx-core v0.8.6
[INFO] [stderr]    Compiling tracing-bunyan-formatter v0.3.10
[INFO] [stderr]    Compiling cookie_store v0.21.1
[INFO] [stderr]    Compiling validator v0.20.0
[INFO] [stderr]    Compiling sqlx-postgres v0.8.6
[INFO] [stderr]    Compiling tokio-util v0.7.15
[INFO] [stderr]    Compiling actix-rt v2.10.0
[INFO] [stderr]    Compiling tokio-rustls v0.26.2
[INFO] [stderr]    Compiling hyper v1.6.0
[INFO] [stderr]    Compiling tower v0.5.2
[INFO] [stderr]    Compiling tokio-retry v0.3.0
[INFO] [stderr]    Compiling actix-server v2.6.0
[INFO] [stderr]    Compiling tower-http v0.6.6
[INFO] [stderr]    Compiling actix-codec v0.5.2
[INFO] [stderr]    Compiling h2 v0.3.27
[INFO] [stderr]    Compiling combine v4.6.7
[INFO] [stderr]    Compiling hyper-util v0.1.15
[INFO] [stderr]    Compiling hyper-rustls v0.27.7
[INFO] [stderr]    Compiling reqwest v0.12.22
[INFO] [stderr]    Compiling redis v0.26.1
[INFO] [stderr]    Compiling sqlx-macros-core v0.8.6
[INFO] [stderr]    Compiling actix-http v3.11.0
[INFO] [stderr]    Compiling sqlx-macros v0.8.6
[INFO] [stderr]    Compiling actix-web v4.11.0
[INFO] [stderr]    Compiling sqlx v0.8.6
[INFO] [stderr]    Compiling tracing-actix-web v0.7.19
[INFO] [stderr]    Compiling actix-web-flash-messages v0.5.0
[INFO] [stderr]    Compiling actix-session v0.10.1
[INFO] [stderr]    Compiling zero2prod v0.1.0 (/opt/rustwide/workdir)
[INFO] [stdout] error: error communicating with database: Connection refused (os error 111)
[INFO] [stdout]   --> src/authentication/password.rs:79:15
[INFO] [stdout]    |
[INFO] [stdout] 79 |       let row = sqlx::query!(
[INFO] [stdout]    |  _______________^
[INFO] [stdout] 80 | |         r#"
[INFO] [stdout] 81 | |         SELECT user_id, password_hash
[INFO] [stdout] 82 | |         FROM users
[INFO] [stdout] ...  |
[INFO] [stdout] 85 | |         username
[INFO] [stdout] 86 | |     )
[INFO] [stdout]    | |_____^
[INFO] [stdout]    |
[INFO] [stdout]    = note: this error originates in the macro `$crate::sqlx_macros::expand_query` which comes from the expansion of the macro `sqlx::query` (in Nightly builds, run with -Z macro-backtrace for more info)
[INFO] [stdout] 
[INFO] [stdout] 
[INFO] [stdout] error: error communicating with database: Connection refused (os error 111)
[INFO] [stdout]    --> src/authentication/password.rs:105:5
[INFO] [stdout]     |
[INFO] [stdout] 105 | /     sqlx::query!(
[INFO] [stdout] 106 | |         r#"
[INFO] [stdout] 107 | |         UPDATE users
[INFO] [stdout] 108 | |         SET password_hash = $1
[INFO] [stdout] ...   |
[INFO] [stdout] 112 | |         user_id
[INFO] [stdout] 113 | |     )
[INFO] [stdout]     | |_____^
[INFO] [stdout]     |
[INFO] [stdout]     = note: this error originates in the macro `$crate::sqlx_macros::expand_query` which comes from the expansion of the macro `sqlx::query` (in Nightly builds, run with -Z macro-backtrace for more info)
[INFO] [stdout] 
[INFO] [stdout] 
[INFO] [stdout] error: error communicating with database: Connection refused (os error 111)
[INFO] [stdout]   --> src/idempotency/persistence.rs:21:26
[INFO] [stdout]    |
[INFO] [stdout] 21 |       let saved_response = sqlx::query!(
[INFO] [stdout]    |  __________________________^
[INFO] [stdout] 22 | |         r#"
[INFO] [stdout] 23 | |         SELECT 
[INFO] [stdout] 24 | |             response_status_code as "response_status_code!", 
[INFO] [stdout] ...  |
[INFO] [stdout] 33 | |         idempotency_key.as_ref()
[INFO] [stdout] 34 | |     )
[INFO] [stdout]    | |_____^
[INFO] [stdout]    |
[INFO] [stdout]    = note: this error originates in the macro `$crate::sqlx_macros::expand_query` which comes from the expansion of the macro `sqlx::query` (in Nightly builds, run with -Z macro-backtrace for more info)
[INFO] [stdout] 
[INFO] [stdout] 
[INFO] [stdout] error: error communicating with database: Connection refused (os error 111)
[INFO] [stdout]   --> src/idempotency/persistence.rs:68:18
[INFO] [stdout]    |
[INFO] [stdout] 68 |           .execute(sqlx::query_unchecked!(
[INFO] [stdout]    |  __________________^
[INFO] [stdout] 69 | |             r#"
[INFO] [stdout] 70 | |         UPDATE idempotency
[INFO] [stdout] 71 | |         SET 
[INFO] [stdout] ...  |
[INFO] [stdout] 83 | |             body.as_ref()
[INFO] [stdout] 84 | |         ))
[INFO] [stdout]    | |_________^
[INFO] [stdout]    |
[INFO] [stdout]    = note: this error originates in the macro `$crate::sqlx_macros::expand_query` which comes from the expansion of the macro `sqlx::query_unchecked` (in Nightly builds, run with -Z macro-backtrace for more info)
[INFO] [stdout] 
[INFO] [stdout] 
[INFO] [stdout] error: error communicating with database: Connection refused (os error 111)
[INFO] [stdout]    --> src/idempotency/persistence.rs:105:17
[INFO] [stdout]     |
[INFO] [stdout] 105 |       let query = sqlx::query!(
[INFO] [stdout]     |  _________________^
[INFO] [stdout] 106 | |         r#"
[INFO] [stdout] 107 | |         INSERT INTO idempotency (
[INFO] [stdout] 108 | |             user_id, 
[INFO] [stdout] ...   |
[INFO] [stdout] 116 | |         idempotency_key.as_ref()
[INFO] [stdout] 117 | |     );
[INFO] [stdout]     | |_____^
[INFO] [stdout]     |
[INFO] [stdout]     = note: this error originates in the macro `$crate::sqlx_macros::expand_query` which comes from the expansion of the macro `sqlx::query` (in Nightly builds, run with -Z macro-backtrace for more info)
[INFO] [stdout] 
[INFO] [stdout] 
[INFO] [stdout] error: error communicating with database: Connection refused (os error 111)
[INFO] [stdout]   --> src/routes/admin/dashboard.rs:46:15
[INFO] [stdout]    |
[INFO] [stdout] 46 |       let row = sqlx::query!(
[INFO] [stdout]    |  _______________^
[INFO] [stdout] 47 | |         r#"
[INFO] [stdout] 48 | |         SELECT username
[INFO] [stdout] 49 | |         FROM users
[INFO] [stdout] ...  |
[INFO] [stdout] 52 | |         user_id,
[INFO] [stdout] 53 | |     )
[INFO] [stdout]    | |_____^
[INFO] [stdout]    |
[INFO] [stdout]    = note: this error originates in the macro `$crate::sqlx_macros::expand_query` which comes from the expansion of the macro `sqlx::query` (in Nightly builds, run with -Z macro-backtrace for more info)
[INFO] [stdout] 
[INFO] [stdout] 
[INFO] [stdout] error: error communicating with database: Connection refused (os error 111)
[INFO] [stdout]   --> src/routes/admin/newsletter/post.rs:72:17
[INFO] [stdout]    |
[INFO] [stdout] 72 |       let query = sqlx::query!(
[INFO] [stdout]    |  _________________^
[INFO] [stdout] 73 | |         r#"
[INFO] [stdout] 74 | |         INSERT INTO newsletter_issues (
[INFO] [stdout] 75 | |             newsletter_issue_id,
[INFO] [stdout] ...  |
[INFO] [stdout] 86 | |         html_content
[INFO] [stdout] 87 | |     );
[INFO] [stdout]    | |_____^
[INFO] [stdout]    |
[INFO] [stdout]    = note: this error originates in the macro `$crate::sqlx_macros::expand_query` which comes from the expansion of the macro `sqlx::query` (in Nightly builds, run with -Z macro-backtrace for more info)
[INFO] [stdout] 
[INFO] [stdout] 
[INFO] [stdout] error: error communicating with database: Connection refused (os error 111)
[INFO] [stdout]    --> src/routes/admin/newsletter/post.rs:96:17
[INFO] [stdout]     |
[INFO] [stdout]  96 |       let query = sqlx::query!(
[INFO] [stdout]     |  _________________^
[INFO] [stdout]  97 | |         r#"
[INFO] [stdout]  98 | |         INSERT INTO issue_delivery_queue (
[INFO] [stdout]  99 | |             newsletter_issue_id,
[INFO] [stdout] ...   |
[INFO] [stdout] 106 | |         newsletter_issue_id
[INFO] [stdout] 107 | |     );
[INFO] [stdout]     | |_____^
[INFO] [stdout]     |
[INFO] [stdout]     = note: this error originates in the macro `$crate::sqlx_macros::expand_query` which comes from the expansion of the macro `sqlx::query` (in Nightly builds, run with -Z macro-backtrace for more info)
[INFO] [stdout] 
[INFO] [stdout] 
[INFO] [stdout] error: error communicating with database: Connection refused (os error 111)
[INFO] [stdout]    --> src/routes/subscriptions.rs:141:17
[INFO] [stdout]     |
[INFO] [stdout] 141 |       let query = sqlx::query!(
[INFO] [stdout]     |  _________________^
[INFO] [stdout] 142 | |         r#"INSERT INTO subscription_tokens (subscription_token, subscriber_id) VALUES ($1, $2)"#,
[INFO] [stdout] 143 | |         subscription_token,
[INFO] [stdout] 144 | |         subscriber_id
[INFO] [stdout] 145 | |     );
[INFO] [stdout]     | |_____^
[INFO] [stdout]     |
[INFO] [stdout]     = note: this error originates in the macro `$crate::sqlx_macros::expand_query` which comes from the expansion of the macro `sqlx::query` (in Nightly builds, run with -Z macro-backtrace for more info)
[INFO] [stdout] 
[INFO] [stdout] 
[INFO] [stdout] error: error communicating with database: Connection refused (os error 111)
[INFO] [stdout]    --> src/routes/subscriptions.rs:196:17
[INFO] [stdout]     |
[INFO] [stdout] 196 |       let query = sqlx::query!(
[INFO] [stdout]     |  _________________^
[INFO] [stdout] 197 | |         r#"INSERT INTO subscriptions (id, email, name, subscribed_at, status) VALUES ($1, $2, $3, $4, 'pending_confirmation')"#,
[INFO] [stdout] 198 | |         subscriber_id,
[INFO] [stdout] 199 | |         new_subscriber.email.as_ref(),
[INFO] [stdout] 200 | |         new_subscriber.name.as_ref(),
[INFO] [stdout] 201 | |         chrono::Utc::now(),
[INFO] [stdout] 202 | |     );
[INFO] [stdout]     | |_____^
[INFO] [stdout]     |
[INFO] [stdout]     = note: this error originates in the macro `$crate::sqlx_macros::expand_query` which comes from the expansion of the macro `sqlx::query` (in Nightly builds, run with -Z macro-backtrace for more info)
[INFO] [stdout] 
[INFO] [stdout] 
[INFO] [stdout] error: error communicating with database: Connection refused (os error 111)
[INFO] [stdout]   --> src/routes/subscriptions_confirm.rs:30:5
[INFO] [stdout]    |
[INFO] [stdout] 30 | /     sqlx::query!(
[INFO] [stdout] 31 | |         "UPDATE subscriptions SET status = 'confirmed' WHERE id = $1",
[INFO] [stdout] 32 | |         subscriber_id
[INFO] [stdout] 33 | |     )
[INFO] [stdout]    | |_____^
[INFO] [stdout]    |
[INFO] [stdout]    = note: this error originates in the macro `$crate::sqlx_macros::expand_query` which comes from the expansion of the macro `sqlx::query` (in Nightly builds, run with -Z macro-backtrace for more info)
[INFO] [stdout] 
[INFO] [stdout] 
[INFO] [stdout] error: error communicating with database: Connection refused (os error 111)
[INFO] [stdout]   --> src/routes/subscriptions_confirm.rs:48:18
[INFO] [stdout]    |
[INFO] [stdout] 48 |       let result = sqlx::query!(
[INFO] [stdout]    |  __________________^
[INFO] [stdout] 49 | |         "SELECT subscriber_id FROM subscription_tokens WHERE subscription_token = $1",
[INFO] [stdout] 50 | |         subscription_token
[INFO] [stdout] 51 | |     )
[INFO] [stdout]    | |_____^
[INFO] [stdout]    |
[INFO] [stdout]    = note: this error originates in the macro `$crate::sqlx_macros::expand_query` which comes from the expansion of the macro `sqlx::query` (in Nightly builds, run with -Z macro-backtrace for more info)
[INFO] [stdout] 
[INFO] [stdout] 
[INFO] [stdout] error: error communicating with database: Connection refused (os error 111)
[INFO] [stdout]    --> src/issue_delivery_worker.rs:93:13
[INFO] [stdout]     |
[INFO] [stdout]  93 |       let r = sqlx::query!(
[INFO] [stdout]     |  _____________^
[INFO] [stdout]  94 | |         r#"
[INFO] [stdout]  95 | |         SELECT newsletter_issue_id, subscriber_email
[INFO] [stdout]  96 | |         FROM issue_delivery_queue
[INFO] [stdout] ...   |
[INFO] [stdout] 100 | |         "#,
[INFO] [stdout] 101 | |     )
[INFO] [stdout]     | |_____^
[INFO] [stdout]     |
[INFO] [stdout]     = note: this error originates in the macro `$crate::sqlx_macros::expand_query` which comes from the expansion of the macro `sqlx::query` (in Nightly builds, run with -Z macro-backtrace for more info)
[INFO] [stdout] 
[INFO] [stdout] 
[INFO] [stdout] error: error communicating with database: Connection refused (os error 111)
[INFO] [stdout]    --> src/issue_delivery_worker.rs:121:5
[INFO] [stdout]     |
[INFO] [stdout] 121 | /     sqlx::query!(
[INFO] [stdout] 122 | |         r#"
[INFO] [stdout] 123 | |         DELETE FROM issue_delivery_queue
[INFO] [stdout] 124 | |         WHERE 
[INFO] [stdout] ...   |
[INFO] [stdout] 129 | |         email
[INFO] [stdout] 130 | |     )
[INFO] [stdout]     | |_____^
[INFO] [stdout]     |
[INFO] [stdout]     = note: this error originates in the macro `$crate::sqlx_macros::expand_query` which comes from the expansion of the macro `sqlx::query` (in Nightly builds, run with -Z macro-backtrace for more info)
[INFO] [stdout] 
[INFO] [stdout] 
[INFO] [stdout] error: error communicating with database: Connection refused (os error 111)
[INFO] [stdout]    --> src/issue_delivery_worker.rs:145:17
[INFO] [stdout]     |
[INFO] [stdout] 145 |       let issue = sqlx::query_as!(
[INFO] [stdout]     |  _________________^
[INFO] [stdout] 146 | |         NewsletterIssue,
[INFO] [stdout] 147 | |         r#"
[INFO] [stdout] 148 | |         SELECT title, text_content, html_content
[INFO] [stdout] ...   |
[INFO] [stdout] 153 | |         issue_id
[INFO] [stdout] 154 | |     )
[INFO] [stdout]     | |_____^
[INFO] [stdout]     |
[INFO] [stdout]     = note: this error originates in the macro `$crate::sqlx_macros::expand_query` which comes from the expansion of the macro `sqlx::query_as` (in Nightly builds, run with -Z macro-backtrace for more info)
[INFO] [stdout] 
[INFO] [stdout] 
[INFO] [stdout] warning: unused import: `crate::domain::SubscriberEmail`
[INFO] [stdout]  --> src/routes/admin/newsletter/post.rs:2:5
[INFO] [stdout]   |
[INFO] [stdout] 2 | use crate::domain::SubscriberEmail;
[INFO] [stdout]   |     ^^^^^^^^^^^^^^^^^^^^^^^^^^^^^^
[INFO] [stdout]   |
[INFO] [stdout]   = note: `#[warn(unused_imports)]` (part of `#[warn(unused)]`) on by default
[INFO] [stdout] 
[INFO] [stdout] 
[INFO] [stdout] warning: unused variable: `payload`
[INFO] [stdout]   --> src/session_state.rs:36:9
[INFO] [stdout]    |
[INFO] [stdout] 36 |         payload: &mut actix_web::dev::Payload,
[INFO] [stdout]    |         ^^^^^^^ help: if this is intentional, prefix it with an underscore: `_payload`
[INFO] [stdout]    |
[INFO] [stdout]    = note: `#[warn(unused_variables)]` (part of `#[warn(unused)]`) on by default
[INFO] [stdout] 
[INFO] [stdout] 
[INFO] [stderr] error: could not compile `zero2prod` (lib) due to 15 previous errors; 2 warnings emitted
[INFO] running `Command { std: "docker" "inspect" "d8f90c8067a95187e43368a1025fc36e70e0f477e59ccd2976b3e56bd0338954", kill_on_drop: false }`
[INFO] running `Command { std: "docker" "rm" "-f" "d8f90c8067a95187e43368a1025fc36e70e0f477e59ccd2976b3e56bd0338954", kill_on_drop: false }`
[INFO] [stdout] d8f90c8067a95187e43368a1025fc36e70e0f477e59ccd2976b3e56bd0338954
