[INFO] cloning repository https://github.com/kickhead13/percolation-sim-rs
[INFO] running `Command { std: "git" "-c" "credential.helper=" "-c" "credential.helper=/workspace/cargo-home/bin/git-credential-null" "clone" "--bare" "https://github.com/kickhead13/percolation-sim-rs" "/workspace/cache/git-repos/https%3A%2F%2Fgithub.com%2Fkickhead13%2Fpercolation-sim-rs", kill_on_drop: false }`
[INFO] [stderr] Cloning into bare repository '/workspace/cache/git-repos/https%3A%2F%2Fgithub.com%2Fkickhead13%2Fpercolation-sim-rs'...
[INFO] running `Command { std: "git" "rev-parse" "HEAD", kill_on_drop: false }`
[INFO] [stdout] ec9c9c0acb2528902238c9ae216952dc6dfe461c
[INFO] testing kickhead13/percolation-sim-rs against 1.97.0-beta.6 for beta-1.98-2
[INFO] running `Command { std: "git" "clone" "/workspace/cache/git-repos/https%3A%2F%2Fgithub.com%2Fkickhead13%2Fpercolation-sim-rs" "/workspace/builds/worker-4-tc1/source", kill_on_drop: false }`
[INFO] [stderr] Cloning into '/workspace/builds/worker-4-tc1/source'...
[INFO] [stderr] done.
[INFO] started tweaking git repo https://github.com/kickhead13/percolation-sim-rs
[INFO] finished tweaking git repo https://github.com/kickhead13/percolation-sim-rs
[INFO] tweaked toml for git repo https://github.com/kickhead13/percolation-sim-rs written to /workspace/builds/worker-4-tc1/source/Cargo.toml
[INFO] validating manifest of git repo https://github.com/kickhead13/percolation-sim-rs on toolchain 1.97.0-beta.6
[INFO] running `Command { std: CARGO_HOME="/workspace/cargo-home" RUSTUP_HOME="/workspace/rustup-home" "/workspace/cargo-home/bin/cargo" "+1.97.0-beta.6" "metadata" "--manifest-path" "Cargo.toml" "--no-deps", kill_on_drop: false }`
[INFO] crate git repo https://github.com/kickhead13/percolation-sim-rs already has a lockfile, it will not be regenerated
[INFO] running `Command { std: CARGO_HOME="/workspace/cargo-home" RUSTUP_HOME="/workspace/rustup-home" "/workspace/cargo-home/bin/cargo" "+1.97.0-beta.6" "fetch" "--manifest-path" "Cargo.toml", kill_on_drop: false }`
[INFO] [stderr]  Downloading crates ...
[INFO] [stderr]   Downloaded getrandom v0.2.14
[INFO] running `Command { std: "docker" "create" "-v" "/var/lib/crater-agent-workspace/builds/worker-4-tc1/source:/opt/rustwide/workdir:ro,Z" "-v" "/var/lib/crater-agent-workspace/builds/worker-4-tc1/target:/opt/rustwide/target:rw,Z" "-v" "/var/lib/crater-agent-workspace/cargo-home:/opt/rustwide/cargo-home:ro,Z" "-v" "/var/lib/crater-agent-workspace/rustup-home:/opt/rustwide/rustup-home:ro,Z" "-m" "1610612736" "--network" "none" "ghcr.io/rust-lang/crates-build-env/linux@sha256:3d5ced03c013a94a2f102a4510f48a6e9184255caf5fd8244f58017bde7f5210" "sleep" "infinity", kill_on_drop: false }`
[INFO] [stdout] 548dda421debd21d6fa6bd3a0835aa341f463ee79da28efc01f5eb70e009174d
[INFO] running `Command { std: "docker" "start" "548dda421debd21d6fa6bd3a0835aa341f463ee79da28efc01f5eb70e009174d", kill_on_drop: false }`
[INFO] running `Command { std: "docker" "inspect" "548dda421debd21d6fa6bd3a0835aa341f463ee79da28efc01f5eb70e009174d", kill_on_drop: false }`
[INFO] running `Command { std: "docker" "exec" "-e" "SOURCE_DIR=/opt/rustwide/workdir" "-e" "CARGO_HOME=/opt/rustwide/cargo-home" "-e" "RUSTUP_HOME=/opt/rustwide/rustup-home" "-e" "CARGO_TARGET_DIR=/opt/rustwide/target" "-w" "/opt/rustwide/workdir" "--user" "0:0" "548dda421debd21d6fa6bd3a0835aa341f463ee79da28efc01f5eb70e009174d" "/opt/rustwide/cargo-home/bin/cargo" "+1.97.0-beta.6" "metadata" "--no-deps" "--format-version=1", kill_on_drop: false }`
[INFO] running `Command { std: "docker" "inspect" "548dda421debd21d6fa6bd3a0835aa341f463ee79da28efc01f5eb70e009174d", kill_on_drop: false }`
[INFO] running `Command { std: "docker" "exec" "-e" "SOURCE_DIR=/opt/rustwide/workdir" "-e" "CARGO_HOME=/opt/rustwide/cargo-home" "-e" "RUSTUP_HOME=/opt/rustwide/rustup-home" "-e" "CARGO_TARGET_DIR=/opt/rustwide/target" "-e" "CARGO_INCREMENTAL=0" "-e" "RUST_BACKTRACE=full" "-e" "RUSTFLAGS=--cap-lints=warn" "-e" "RUSTDOCFLAGS=--cap-lints=warn" "-w" "/opt/rustwide/workdir" "--user" "0:0" "548dda421debd21d6fa6bd3a0835aa341f463ee79da28efc01f5eb70e009174d" "/opt/rustwide/cargo-home/bin/cargo" "+1.97.0-beta.6" "build" "--frozen" "--message-format=json", kill_on_drop: false }`
[INFO] [stderr]     Finished `dev` profile [unoptimized + debuginfo] target(s) in 0.02s
[INFO] running `Command { std: "docker" "inspect" "548dda421debd21d6fa6bd3a0835aa341f463ee79da28efc01f5eb70e009174d", kill_on_drop: false }`
[INFO] running `Command { std: "docker" "exec" "-e" "SOURCE_DIR=/opt/rustwide/workdir" "-e" "CARGO_HOME=/opt/rustwide/cargo-home" "-e" "RUSTUP_HOME=/opt/rustwide/rustup-home" "-e" "CARGO_TARGET_DIR=/opt/rustwide/target" "-e" "CARGO_INCREMENTAL=0" "-e" "RUST_BACKTRACE=full" "-e" "RUSTFLAGS=--cap-lints=warn" "-e" "RUSTDOCFLAGS=--cap-lints=warn" "-w" "/opt/rustwide/workdir" "--user" "0:0" "548dda421debd21d6fa6bd3a0835aa341f463ee79da28efc01f5eb70e009174d" "/opt/rustwide/cargo-home/bin/cargo" "+1.97.0-beta.6" "test" "--frozen" "--no-run" "--message-format=json", kill_on_drop: false }`
[INFO] [stderr]    Compiling ppv-lite86 v0.2.17
[INFO] [stderr]    Compiling getrandom v0.2.14
[INFO] [stderr]    Compiling rand_core v0.6.4
[INFO] [stderr]    Compiling rand_chacha v0.3.1
[INFO] [stderr]    Compiling rand v0.8.5
[INFO] [stderr]    Compiling percolation-sim v0.1.0 (/opt/rustwide/workdir)
[INFO] [stdout] error[E0583]: file not found for module `simulator`
[INFO] [stdout]  --> examples/ex3.rs:1:1
[INFO] [stdout]   |
[INFO] [stdout] 1 | mod simulator;
[INFO] [stdout]   | ^^^^^^^^^^^^^^
[INFO] [stdout]   |
[INFO] [stdout]   = help: to create the module `simulator`, create file "examples/simulator.rs" or "examples/simulator/mod.rs"
[INFO] [stdout]   = note: if there is a `mod simulator` elsewhere in the crate already, import it with `use crate::...` instead
[INFO] [stdout] 
[INFO] [stdout] 
[INFO] [stdout] error[E0583]: file not found for module `simulator`
[INFO] [stdout]  --> examples/ex2.rs:1:1
[INFO] [stdout]   |
[INFO] [stdout] 1 | mod simulator;
[INFO] [stdout]   | ^^^^^^^^^^^^^^
[INFO] [stdout]   |
[INFO] [stdout]   = help: to create the module `simulator`, create file "examples/simulator.rs" or "examples/simulator/mod.rs"
[INFO] [stdout]   = note: if there is a `mod simulator` elsewhere in the crate already, import it with `use crate::...` instead
[INFO] [stdout] 
[INFO] [stdout] 
[INFO] [stdout] error[E0583]: file not found for module `simulator`
[INFO] [stdout]  --> examples/ex1.rs:1:1
[INFO] [stdout]   |
[INFO] [stdout] 1 | mod simulator;
[INFO] [stdout]   | ^^^^^^^^^^^^^^
[INFO] [stdout]   |
[INFO] [stdout]   = help: to create the module `simulator`, create file "examples/simulator.rs" or "examples/simulator/mod.rs"
[INFO] [stdout]   = note: if there is a `mod simulator` elsewhere in the crate already, import it with `use crate::...` instead
[INFO] [stdout] 
[INFO] [stdout] 
[INFO] [stdout] For more information about this error, try `rustc --explain E0583`.
[INFO] [stdout] 
[INFO] [stderr] error: could not compile `percolation-sim` (example "ex3") due to 1 previous error
[INFO] [stderr] warning: build failed, waiting for other jobs to finish...
[INFO] [stdout] For more information about this error, try `rustc --explain E0583`.
[INFO] [stdout] 
[INFO] [stderr] error: could not compile `percolation-sim` (example "ex2") due to 1 previous error
[INFO] [stdout] For more information about this error, try `rustc --explain E0583`.
[INFO] [stdout] 
[INFO] [stderr] error: could not compile `percolation-sim` (example "ex1") due to 1 previous error
[INFO] running `Command { std: "docker" "inspect" "548dda421debd21d6fa6bd3a0835aa341f463ee79da28efc01f5eb70e009174d", kill_on_drop: false }`
[INFO] running `Command { std: "docker" "rm" "-f" "548dda421debd21d6fa6bd3a0835aa341f463ee79da28efc01f5eb70e009174d", kill_on_drop: false }`
[INFO] [stdout] 548dda421debd21d6fa6bd3a0835aa341f463ee79da28efc01f5eb70e009174d
