[INFO] cloning repository https://github.com/kevin-rs/lmm
[INFO] running `Command { std: "git" "-c" "credential.helper=" "-c" "credential.helper=/workspace/cargo-home/bin/git-credential-null" "clone" "--bare" "https://github.com/kevin-rs/lmm" "/workspace/cache/git-repos/https%3A%2F%2Fgithub.com%2Fkevin-rs%2Flmm", kill_on_drop: false }`
[INFO] [stderr] Cloning into bare repository '/workspace/cache/git-repos/https%3A%2F%2Fgithub.com%2Fkevin-rs%2Flmm'...
[INFO] running `Command { std: "git" "rev-parse" "HEAD", kill_on_drop: false }`
[INFO] [stdout] 415e8e9d8faca9967aee8788d849a470fbe12a27
[INFO] testing kevin-rs/lmm against 1.98.0-beta.1 for beta-1.98-2
[INFO] running `Command { std: "git" "clone" "/workspace/cache/git-repos/https%3A%2F%2Fgithub.com%2Fkevin-rs%2Flmm" "/workspace/builds/worker-6-tc2/source", kill_on_drop: false }`
[INFO] [stderr] Cloning into '/workspace/builds/worker-6-tc2/source'...
[INFO] [stderr] done.
[INFO] started tweaking git repo https://github.com/kevin-rs/lmm
[INFO] finished tweaking git repo https://github.com/kevin-rs/lmm
[INFO] tweaked toml for git repo https://github.com/kevin-rs/lmm written to /workspace/builds/worker-6-tc2/source/Cargo.toml
[INFO] validating manifest of git repo https://github.com/kevin-rs/lmm on toolchain 1.98.0-beta.1
[INFO] running `Command { std: CARGO_HOME="/workspace/cargo-home" RUSTUP_HOME="/workspace/rustup-home" "/workspace/cargo-home/bin/cargo" "+1.98.0-beta.1" "metadata" "--manifest-path" "Cargo.toml" "--no-deps", kill_on_drop: false }`
[INFO] crate git repo https://github.com/kevin-rs/lmm already has a lockfile, it will not be regenerated
[INFO] running `Command { std: CARGO_HOME="/workspace/cargo-home" RUSTUP_HOME="/workspace/rustup-home" "/workspace/cargo-home/bin/cargo" "+1.98.0-beta.1" "fetch" "--manifest-path" "Cargo.toml", kill_on_drop: false }`
[INFO] running `Command { std: "docker" "create" "-v" "/var/lib/crater-agent-workspace/builds/worker-6-tc2/source:/opt/rustwide/workdir:ro,Z" "-v" "/var/lib/crater-agent-workspace/builds/worker-6-tc2/target:/opt/rustwide/target:rw,Z" "-v" "/var/lib/crater-agent-workspace/cargo-home:/opt/rustwide/cargo-home:ro,Z" "-v" "/var/lib/crater-agent-workspace/rustup-home:/opt/rustwide/rustup-home:ro,Z" "-m" "1610612736" "--network" "none" "ghcr.io/rust-lang/crates-build-env/linux@sha256:3d5ced03c013a94a2f102a4510f48a6e9184255caf5fd8244f58017bde7f5210" "sleep" "infinity", kill_on_drop: false }`
[INFO] [stdout] 6abb282fab2868e0dbb57334a81e7f4dc43568200d5edef66dd84e3e95dda82e
[INFO] running `Command { std: "docker" "start" "6abb282fab2868e0dbb57334a81e7f4dc43568200d5edef66dd84e3e95dda82e", kill_on_drop: false }`
[INFO] running `Command { std: "docker" "inspect" "6abb282fab2868e0dbb57334a81e7f4dc43568200d5edef66dd84e3e95dda82e", kill_on_drop: false }`
[INFO] running `Command { std: "docker" "exec" "-e" "SOURCE_DIR=/opt/rustwide/workdir" "-e" "CARGO_HOME=/opt/rustwide/cargo-home" "-e" "RUSTUP_HOME=/opt/rustwide/rustup-home" "-e" "CARGO_TARGET_DIR=/opt/rustwide/target" "-w" "/opt/rustwide/workdir" "--user" "0:0" "6abb282fab2868e0dbb57334a81e7f4dc43568200d5edef66dd84e3e95dda82e" "/opt/rustwide/cargo-home/bin/cargo" "+1.98.0-beta.1" "metadata" "--no-deps" "--format-version=1", kill_on_drop: false }`
[INFO] running `Command { std: "docker" "inspect" "6abb282fab2868e0dbb57334a81e7f4dc43568200d5edef66dd84e3e95dda82e", kill_on_drop: false }`
[INFO] running `Command { std: "docker" "exec" "-e" "SOURCE_DIR=/opt/rustwide/workdir" "-e" "CARGO_HOME=/opt/rustwide/cargo-home" "-e" "RUSTUP_HOME=/opt/rustwide/rustup-home" "-e" "CARGO_TARGET_DIR=/opt/rustwide/target" "-e" "CARGO_INCREMENTAL=0" "-e" "RUST_BACKTRACE=full" "-e" "RUSTFLAGS=--cap-lints=warn" "-e" "RUSTDOCFLAGS=--cap-lints=warn" "-w" "/opt/rustwide/workdir" "--user" "0:0" "6abb282fab2868e0dbb57334a81e7f4dc43568200d5edef66dd84e3e95dda82e" "/opt/rustwide/cargo-home/bin/cargo" "+1.98.0-beta.1" "build" "--frozen" "--message-format=json", kill_on_drop: false }`
[INFO] [stderr]    Compiling proc-macro2 v1.0.106
[INFO] [stderr]    Compiling quote v1.0.45
[INFO] [stderr]    Compiling unicode-ident v1.0.24
[INFO] [stderr]    Compiling libc v0.2.185
[INFO] [stderr]    Compiling cfg-if v1.0.4
[INFO] [stderr]    Compiling serde_core v1.0.228
[INFO] [stderr]    Compiling pin-project-lite v0.2.17
[INFO] [stderr]    Compiling siphasher v1.0.2
[INFO] [stderr]    Compiling memchr v2.8.0
[INFO] [stderr]    Compiling rand_core v0.10.1
[INFO] [stderr]    Compiling getrandom v0.4.2
[INFO] [stderr]    Compiling serde v1.0.228
[INFO] [stderr]    Compiling zmij v1.0.21
[INFO] [stderr]    Compiling futures-sink v0.3.32
[INFO] [stderr]    Compiling futures-core v0.3.32
[INFO] [stderr]    Compiling parking_lot_core v0.9.12
[INFO] [stderr]    Compiling autocfg v1.5.0
[INFO] [stderr]    Compiling fastrand v2.4.1
[INFO] [stderr]    Compiling futures-channel v0.3.32
[INFO] [stderr]    Compiling smallvec v1.15.1
[INFO] [stderr]    Compiling heck v0.5.0
[INFO] [stderr]    Compiling scopeguard v1.2.0
[INFO] [stderr]    Compiling anyhow v1.0.102
[INFO] [stderr]    Compiling slab v0.4.12
[INFO] [stderr]    Compiling cpufeatures v0.3.0
[INFO] [stderr]    Compiling futures-io v0.3.32
[INFO] [stderr]    Compiling once_cell v1.21.4
[INFO] [stderr]    Compiling serde_json v1.0.149
[INFO] [stderr]    Compiling phf_shared v0.13.1
[INFO] [stderr]    Compiling thiserror v2.0.18
[INFO] [stderr]    Compiling futures-task v0.3.32
[INFO] [stderr]    Compiling chacha20 v0.10.0
[INFO] [stderr]    Compiling tracing-core v0.1.36
[INFO] [stderr]    Compiling lock_api v0.4.14
[INFO] [stderr]    Compiling lmm v0.2.8 (/opt/rustwide/workdir/lmm)
[INFO] [stderr]    Compiling itoa v1.0.18
[INFO] [stderr]    Compiling phf_generator v0.13.1
[INFO] [stderr]    Compiling iana-time-zone v0.1.65
[INFO] [stderr]    Compiling bytes v1.11.1
[INFO] [stderr]    Compiling num-traits v0.2.19
[INFO] [stderr]    Compiling syn v2.0.117
[INFO] [stderr]    Compiling errno v0.3.14
[INFO] [stderr]    Compiling socket2 v0.6.3
[INFO] [stderr]    Compiling mio v1.2.0
[INFO] [stderr]    Compiling signal-hook-registry v1.4.8
[INFO] [stderr]    Compiling rand v0.10.1
[INFO] [stderr]    Compiling uuid v1.23.1
[INFO] [stderr]    Compiling parking_lot v0.12.5
[INFO] [stderr]    Compiling futures-macro v0.3.32
[INFO] [stderr]    Compiling serde_derive v1.0.228
[INFO] [stderr]    Compiling phf_macros v0.13.1
[INFO] [stderr]    Compiling thiserror-impl v2.0.18
[INFO] [stderr]    Compiling strum_macros v0.28.0
[INFO] [stderr]    Compiling tracing-attributes v0.1.31
[INFO] [stderr]    Compiling async-trait v0.1.89
[INFO] [stderr]    Compiling tokio-macros v2.7.0
[INFO] [stderr]    Compiling phf v0.13.1
[INFO] [stderr]    Compiling tokio v1.52.1
[INFO] [stderr]    Compiling futures-util v0.3.32
[INFO] [stderr]    Compiling lmm-derive v0.0.2 (/opt/rustwide/workdir/lmm-derive)
[INFO] [stderr]    Compiling tracing v0.1.44
[INFO] [stderr]    Compiling strum v0.28.0
[INFO] [stderr]    Compiling chrono v0.4.44
[INFO] [stderr]    Compiling futures-executor v0.3.32
[INFO] [stderr]    Compiling futures v0.3.32
[INFO] [stderr]    Compiling lmm-agent v0.1.2 (/opt/rustwide/workdir/lmm-agent)
[INFO] [stderr]     Finished `dev` profile [unoptimized + debuginfo] target(s) in 34.15s
[INFO] running `Command { std: "docker" "inspect" "6abb282fab2868e0dbb57334a81e7f4dc43568200d5edef66dd84e3e95dda82e", kill_on_drop: false }`
[INFO] running `Command { std: "docker" "exec" "-e" "SOURCE_DIR=/opt/rustwide/workdir" "-e" "CARGO_HOME=/opt/rustwide/cargo-home" "-e" "RUSTUP_HOME=/opt/rustwide/rustup-home" "-e" "CARGO_TARGET_DIR=/opt/rustwide/target" "-e" "CARGO_INCREMENTAL=0" "-e" "RUST_BACKTRACE=full" "-e" "RUSTFLAGS=--cap-lints=warn" "-e" "RUSTDOCFLAGS=--cap-lints=warn" "-w" "/opt/rustwide/workdir" "--user" "0:0" "6abb282fab2868e0dbb57334a81e7f4dc43568200d5edef66dd84e3e95dda82e" "/opt/rustwide/cargo-home/bin/cargo" "+1.98.0-beta.1" "test" "--frozen" "--no-run" "--message-format=json", kill_on_drop: false }`
[INFO] [stderr]    Compiling unicode-ident v1.0.24
[INFO] [stderr]    Compiling futures-core v0.3.32
[INFO] [stderr]    Compiling futures-sink v0.3.32
[INFO] [stderr]    Compiling slab v0.4.12
[INFO] [stderr]    Compiling smallvec v1.15.1
[INFO] [stderr]    Compiling stable_deref_trait v1.2.1
[INFO] [stderr]    Compiling phf_shared v0.13.1
[INFO] [stderr]    Compiling shlex v1.3.0
[INFO] [stderr]    Compiling proc-macro2 v1.0.106
[INFO] [stderr]    Compiling find-msvc-tools v0.1.9
[INFO] [stderr]    Compiling version_check v0.9.5
[INFO] [stderr]    Compiling jobserver v0.1.34
[INFO] [stderr]    Compiling hashbrown v0.17.0
[INFO] [stderr]    Compiling equivalent v1.0.2
[INFO] [stderr]    Compiling fs_extra v1.3.0
[INFO] [stderr]    Compiling dunce v1.0.5
[INFO] [stderr]    Compiling percent-encoding v2.3.2
[INFO] [stderr]    Compiling writeable v0.6.3
[INFO] [stderr]    Compiling litemap v0.8.2
[INFO] [stderr]    Compiling futures-channel v0.3.32
[INFO] [stderr]    Compiling icu_properties_data v2.2.0
[INFO] [stderr]    Compiling aws-lc-rs v1.16.3
[INFO] [stderr]    Compiling zeroize v1.8.2
[INFO] [stderr]    Compiling parking_lot_core v0.9.12
[INFO] [stderr]    Compiling utf8_iter v1.0.4
[INFO] [stderr]    Compiling fnv v1.0.7
[INFO] [stderr]    Compiling icu_normalizer_data v2.2.0
[INFO] [stderr]    Compiling phf_generator v0.13.1
[INFO] [stderr]    Compiling http v1.4.0
[INFO] [stderr]    Compiling form_urlencoded v1.2.2
[INFO] [stderr]    Compiling cc v1.2.60
[INFO] [stderr]    Compiling new_debug_unreachable v1.0.6
[INFO] [stderr]    Compiling log v0.4.29
[INFO] [stderr]    Compiling rustls-pki-types v1.14.0
[INFO] [stderr]    Compiling untrusted v0.9.0
[INFO] [stderr]    Compiling rustls v0.23.38
[INFO] [stderr]    Compiling httparse v1.10.1
[INFO] [stderr]    Compiling phf_codegen v0.13.1
[INFO] [stderr]    Compiling precomputed-hash v0.1.1
[INFO] [stderr]    Compiling parking_lot v0.12.5
[INFO] [stderr]    Compiling atomic-waker v1.1.2
[INFO] [stderr]    Compiling subtle v2.6.1
[INFO] [stderr]    Compiling num-conv v0.2.1
[INFO] [stderr]    Compiling powerfmt v0.2.0
[INFO] [stderr]    Compiling time-core v0.1.8
[INFO] [stderr]    Compiling ryu v1.0.23
[INFO] [stderr]    Compiling try-lock v0.2.5
[INFO] [stderr]    Compiling tower-service v0.3.3
[INFO] [stderr]    Compiling cookie v0.18.1
[INFO] [stderr]    Compiling utf-8 v0.7.6
[INFO] [stderr]    Compiling want v0.3.1
[INFO] [stderr]    Compiling bitflags v2.11.1
[INFO] [stderr]    Compiling dtoa v1.0.11
[INFO] [stderr]    Compiling selectors v0.36.1
[INFO] [stderr]    Compiling deranged v0.5.8
[INFO] [stderr]    Compiling sync_wrapper v1.0.2
[INFO] [stderr]    Compiling phf_shared v0.12.1
[INFO] [stderr]    Compiling time-macros v0.2.27
[INFO] [stderr]    Compiling string_cache v0.9.0
[INFO] [stderr]    Compiling tendril v0.5.0
[INFO] [stderr]    Compiling dtoa-short v0.3.5
[INFO] [stderr]    Compiling openssl-probe v0.2.1
[INFO] [stderr]    Compiling quote v1.0.45
[INFO] [stderr]    Compiling psl-types v2.0.11
[INFO] [stderr]    Compiling litrs v1.0.0
[INFO] [stderr]    Compiling indexmap v2.14.0
[INFO] [stderr]    Compiling tower-layer v0.3.3
[INFO] [stderr]    Compiling base64 v0.22.1
[INFO] [stderr]    Compiling ipnet v2.12.0
[INFO] [stderr]    Compiling phf_generator v0.12.1
[INFO] [stderr]    Compiling syn v2.0.117
[INFO] [stderr]    Compiling string_cache_codegen v0.6.1
[INFO] [stderr]    Compiling rustls-native-certs v0.8.3
[INFO] [stderr]    Compiling servo_arc v0.4.3
[INFO] [stderr]    Compiling aho-corasick v1.1.4
[INFO] [stderr]    Compiling iri-string v0.7.12
[INFO] [stderr]    Compiling regex-syntax v0.8.10
[INFO] [stderr]    Compiling unicode-width v0.2.2
[INFO] [stderr]    Compiling rustc-hash v2.1.2
[INFO] [stderr]    Compiling encoding_rs v0.8.35
[INFO] [stderr]    Compiling getopts v0.2.24
[INFO] [stderr]    Compiling duckduckgo v0.3.2
[INFO] [stderr]    Compiling mime v0.3.17
[INFO] [stderr]    Compiling ego-tree v0.11.0
[INFO] [stderr]    Compiling web_atoms v0.2.4
[INFO] [stderr]    Compiling http-body v1.0.1
[INFO] [stderr]    Compiling document-features v0.2.12
[INFO] [stderr]    Compiling urlencoding v2.1.3
[INFO] [stderr]    Compiling http-body-util v0.1.3
[INFO] [stderr]    Compiling rustversion v1.0.22
[INFO] [stderr]    Compiling cmake v0.1.58
[INFO] [stderr]    Compiling time v0.3.47
[INFO] [stderr]    Compiling wasm-bindgen-shared v0.2.118
[INFO] [stderr]    Compiling bumpalo v3.20.2
[INFO] [stderr]    Compiling thiserror v1.0.69
[INFO] [stderr]    Compiling winnow v0.5.40
[INFO] [stderr]    Compiling toml_datetime v0.6.11
[INFO] [stderr]    Compiling proc-macro-error-attr v1.0.4
[INFO] [stderr]    Compiling syn v1.0.109
[INFO] [stderr]    Compiling proc-macro-error v1.0.4
[INFO] [stderr]    Compiling prettyplease v0.2.37
[INFO] [stderr]    Compiling http v0.2.12
[INFO] [stderr]    Compiling num_cpus v1.17.0
[INFO] [stderr]    Compiling aws-lc-sys v0.40.0
[INFO] [stderr]    Compiling wasm-bindgen v0.2.118
[INFO] [stderr]    Compiling regex-automata v0.4.14
[INFO] [stderr]    Compiling toml_edit v0.19.15
[INFO] [stderr]    Compiling synstructure v0.13.2
[INFO] [stderr]    Compiling wasm-bindgen-macro-support v0.2.118
[INFO] [stderr]    Compiling regex v1.12.3
[INFO] [stderr]    Compiling futures-macro v0.3.32
[INFO] [stderr]    Compiling zerofrom-derive v0.1.7
[INFO] [stderr]    Compiling yoke-derive v0.8.2
[INFO] [stderr]    Compiling serde_derive v1.0.228
[INFO] [stderr]    Compiling zerovec-derive v0.11.3
[INFO] [stderr]    Compiling tokio-macros v2.7.0
[INFO] [stderr]    Compiling displaydoc v0.2.5
[INFO] [stderr]    Compiling tracing-attributes v0.1.31
[INFO] [stderr]    Compiling futures-util v0.3.32
[INFO] [stderr]    Compiling tokio v1.52.1
[INFO] [stderr]    Compiling phf_macros v0.13.1
[INFO] [stderr]    Compiling cssparser-macros v0.6.1
[INFO] [stderr]    Compiling derive_more-impl v2.1.1
[INFO] [stderr]    Compiling zerofrom v0.1.7
[INFO] [stderr]    Compiling thiserror-impl v2.0.18
[INFO] [stderr]    Compiling yoke v0.8.2
[INFO] [stderr]    Compiling strum_macros v0.28.0
[INFO] [stderr]    Compiling phf v0.13.1
[INFO] [stderr]    Compiling zerotrie v0.2.4
[INFO] [stderr]    Compiling zerovec v0.11.6
[INFO] [stderr]    Compiling phf_macros v0.12.1
[INFO] [stderr]    Compiling tracing v0.1.44
[INFO] [stderr]    Compiling cssparser v0.36.0
[INFO] [stderr]    Compiling async-trait v0.1.89
[INFO] [stderr]    Compiling thiserror-impl v1.0.69
[INFO] [stderr]    Compiling phf v0.12.1
[INFO] [stderr]    Compiling pin-project-internal v1.1.11
[INFO] [stderr]    Compiling derive_more v2.1.1
[INFO] [stderr]    Compiling proc-macro-crate v1.3.1
[INFO] [stderr]    Compiling implicit-clone-derive v0.1.2
[INFO] [stderr]    Compiling tinystr v0.8.3
[INFO] [stderr]    Compiling potential_utf v0.1.5
[INFO] [stderr]    Compiling icu_collections v2.2.0
[INFO] [stderr]    Compiling markup5ever v0.39.0
[INFO] [stderr]    Compiling gloo-worker-macros v0.1.0
[INFO] [stderr]    Compiling icu_locale_core v2.2.0
[INFO] [stderr]    Compiling thiserror v2.0.18
[INFO] [stderr]    Compiling html5ever v0.39.0
[INFO] [stderr]    Compiling lmm-derive v0.0.2 (/opt/rustwide/workdir/lmm-derive)
[INFO] [stderr]    Compiling implicit-clone v0.6.0
[INFO] [stderr]    Compiling yew-macro v0.23.0
[INFO] [stderr]    Compiling wasm-bindgen-macro v0.2.118
[INFO] [stderr]    Compiling pin-project v1.1.11
[INFO] [stderr]    Compiling icu_provider v2.2.0
[INFO] [stderr]    Compiling strum v0.28.0
[INFO] [stderr]    Compiling serde v1.0.228
[INFO] [stderr]    Compiling icu_properties v2.2.0
[INFO] [stderr]    Compiling icu_normalizer v2.2.0
[INFO] [stderr]    Compiling scraper v0.26.0
[INFO] [stderr]    Compiling serde_urlencoded v0.7.1
[INFO] [stderr]    Compiling chrono v0.4.44
[INFO] [stderr]    Compiling bincode v1.3.3
[INFO] [stderr]    Compiling lmm v0.2.8 (/opt/rustwide/workdir/lmm)
[INFO] [stderr]    Compiling futures-executor v0.3.32
[INFO] [stderr]    Compiling futures v0.3.32
[INFO] [stderr]    Compiling pinned v0.1.0
[INFO] [stderr]    Compiling js-sys v0.3.95
[INFO] [stderr]    Compiling console_error_panic_hook v0.1.7
[INFO] [stderr]    Compiling idna_adapter v1.2.1
[INFO] [stderr]    Compiling idna v1.1.0
[INFO] [stderr]    Compiling url v2.5.8
[INFO] [stderr]    Compiling publicsuffix v2.3.0
[INFO] [stderr]    Compiling tokio-util v0.7.18
[INFO] [stderr]    Compiling tower v0.5.3
[INFO] [stderr]    Compiling tokio-stream v0.1.18
[INFO] [stderr]    Compiling tokise v0.2.1
[INFO] [stderr]    Compiling cookie_store v0.22.1
[INFO] [stderr]    Compiling h2 v0.4.13
[INFO] [stderr]    Compiling tower-http v0.6.8
[INFO] [stderr]    Compiling rustls-webpki v0.103.13
[INFO] [stderr]    Compiling hyper v1.9.0
[INFO] [stderr]    Compiling hyper-util v0.1.20
[INFO] [stderr]    Compiling tokio-rustls v0.26.4
[INFO] [stderr]    Compiling rustls-platform-verifier v0.6.2
[INFO] [stderr]    Compiling hyper-rustls v0.27.9
[INFO] [stderr]    Compiling reqwest v0.13.2
[INFO] [stderr]    Compiling web-sys v0.3.95
[INFO] [stderr]    Compiling wasm-bindgen-futures v0.4.68
[INFO] [stderr]    Compiling serde-wasm-bindgen v0.6.5
[INFO] [stderr]    Compiling gloo-timers v0.3.0
[INFO] [stderr]    Compiling lmm-agent v0.1.2 (/opt/rustwide/workdir/lmm-agent)
[INFO] [stderr]    Compiling gloo-utils v0.2.0
[INFO] [stderr]    Compiling gloo-events v0.2.0
[INFO] [stderr]    Compiling gloo-render v0.2.0
[INFO] [stderr]    Compiling gloo-dialogs v0.2.0
[INFO] [stderr]    Compiling gloo-worker v0.5.0
[INFO] [stderr]    Compiling gloo-net v0.5.0
[INFO] [stderr]    Compiling gloo-storage v0.3.0
[INFO] [stderr]    Compiling gloo-console v0.3.0
[INFO] [stderr]    Compiling gloo-history v0.2.2
[INFO] [stderr]    Compiling gloo-file v0.3.0
[INFO] [stderr]    Compiling gloo v0.11.0
[INFO] [stderr]    Compiling yew v0.23.0
[INFO] [stderr] error: could not compile `lmm-agent` (example "multi_agent_pipeline")
[INFO] [stderr] 
[INFO] [stderr] Caused by:
[INFO] [stderr]   process didn't exit successfully: `/opt/rustwide/rustup-home/toolchains/1.98.0-beta.1-x86_64-unknown-linux-gnu/bin/rustc --crate-name multi_agent_pipeline --edition=2024 lmm-agent/examples/multi_agent_pipeline.rs --error-format=json --json=diagnostic-rendered-ansi,artifacts,future-incompat --crate-type bin --emit=dep-info,link -C embed-bitcode=no -C debuginfo=2 -C split-debuginfo=off --cfg 'feature="default"' --cfg 'feature="duckduckgo"' --cfg 'feature="net"' --cfg 'feature="reqwest"' --check-cfg 'cfg(docsrs,test)' --check-cfg 'cfg(feature, values("default", "duckduckgo", "knowledge", "lopdf", "net", "reqwest"))' -C metadata=e0ecb1f6282d130b -C extra-filename=-9b2557a7f956796d --out-dir /opt/rustwide/target/debug/examples -L dependency=/opt/rustwide/target/debug/deps --extern anyhow=/opt/rustwide/target/debug/deps/libanyhow-af20dce66ca7ae5f.rlib --extern async_trait=/opt/rustwide/target/debug/deps/libasync_trait-2d0107093ff4a8ed.so --extern chrono=/opt/rustwide/target/debug/deps/libchrono-1ca4c41abbf5c20f.rlib --extern duckduckgo=/opt/rustwide/target/debug/deps/libduckduckgo-d170a46c20df65fb.rlib --extern futures=/opt/rustwide/target/debug/deps/libfutures-246b9d48b60117b3.rlib --extern lmm=/opt/rustwide/target/debug/deps/liblmm.rlib --extern lmm_agent=/opt/rustwide/target/debug/deps/liblmm_agent-b72868beb861759d.rlib --extern lmm_derive=/opt/rustwide/target/debug/deps/liblmm_derive-4c11483369c58a6c.so --extern phf=/opt/rustwide/target/debug/deps/libphf-5bc1bc2daf52e679.rlib --extern rand=/opt/rustwide/target/debug/deps/librand-94691f594b9aa5bc.rlib --extern reqwest=/opt/rustwide/target/debug/deps/libreqwest-b552c9571cbf5367.rlib --extern serde=/opt/rustwide/target/debug/deps/libserde-c7a5f8b76aec5dd6.rlib --extern serde_json=/opt/rustwide/target/debug/deps/libserde_json-fe90ff5d80e64d59.rlib --extern thiserror=/opt/rustwide/target/debug/deps/libthiserror-c227ff8671ff64e2.rlib --extern tokio=/opt/rustwide/target/debug/deps/libtokio-3d3bf75242c60a23.rlib --extern tracing=/opt/rustwide/target/debug/deps/libtracing-5a9f53cc70a3851a.rlib --extern uuid=/opt/rustwide/target/debug/deps/libuuid-529f493816b318ac.rlib --cap-lints=warn -L native=/opt/rustwide/target/debug/build/aws-lc-sys-2b451c27a6f66e69/out` (signal: 9, SIGKILL: kill)
[INFO] [stderr] warning: build failed, waiting for other jobs to finish...
[INFO] [stderr] error: could not compile `lmm-agent` (test "agent_builder")
[INFO] [stderr] 
[INFO] [stderr] Caused by:
[INFO] [stderr]   process didn't exit successfully: `/opt/rustwide/rustup-home/toolchains/1.98.0-beta.1-x86_64-unknown-linux-gnu/bin/rustc --crate-name agent_builder --edition=2024 lmm-agent/tests/agent_builder.rs --error-format=json --json=diagnostic-rendered-ansi,artifacts,future-incompat --emit=dep-info,link -C embed-bitcode=no -C debuginfo=2 -C split-debuginfo=off --test --cfg 'feature="default"' --cfg 'feature="duckduckgo"' --cfg 'feature="net"' --cfg 'feature="reqwest"' --check-cfg 'cfg(docsrs,test)' --check-cfg 'cfg(feature, values("default", "duckduckgo", "knowledge", "lopdf", "net", "reqwest"))' -C metadata=0aa273f475aecfe0 -C extra-filename=-73b3219396065451 --out-dir /opt/rustwide/target/debug/deps -L dependency=/opt/rustwide/target/debug/deps --extern anyhow=/opt/rustwide/target/debug/deps/libanyhow-af20dce66ca7ae5f.rlib --extern async_trait=/opt/rustwide/target/debug/deps/libasync_trait-2d0107093ff4a8ed.so --extern chrono=/opt/rustwide/target/debug/deps/libchrono-1ca4c41abbf5c20f.rlib --extern duckduckgo=/opt/rustwide/target/debug/deps/libduckduckgo-d170a46c20df65fb.rlib --extern futures=/opt/rustwide/target/debug/deps/libfutures-246b9d48b60117b3.rlib --extern lmm=/opt/rustwide/target/debug/deps/liblmm.rlib --extern lmm_agent=/opt/rustwide/target/debug/deps/liblmm_agent-b72868beb861759d.rlib --extern lmm_derive=/opt/rustwide/target/debug/deps/liblmm_derive-4c11483369c58a6c.so --extern phf=/opt/rustwide/target/debug/deps/libphf-5bc1bc2daf52e679.rlib --extern rand=/opt/rustwide/target/debug/deps/librand-94691f594b9aa5bc.rlib --extern reqwest=/opt/rustwide/target/debug/deps/libreqwest-b552c9571cbf5367.rlib --extern serde=/opt/rustwide/target/debug/deps/libserde-c7a5f8b76aec5dd6.rlib --extern serde_json=/opt/rustwide/target/debug/deps/libserde_json-fe90ff5d80e64d59.rlib --extern thiserror=/opt/rustwide/target/debug/deps/libthiserror-c227ff8671ff64e2.rlib --extern tokio=/opt/rustwide/target/debug/deps/libtokio-3d3bf75242c60a23.rlib --extern tracing=/opt/rustwide/target/debug/deps/libtracing-5a9f53cc70a3851a.rlib --extern uuid=/opt/rustwide/target/debug/deps/libuuid-529f493816b318ac.rlib --cap-lints=warn -L native=/opt/rustwide/target/debug/build/aws-lc-sys-2b451c27a6f66e69/out` (signal: 9, SIGKILL: kill)
[INFO] [stderr] error: could not compile `lmm-agent` (example "learning_agent")
[INFO] [stderr] 
[INFO] [stderr] Caused by:
[INFO] [stderr]   process didn't exit successfully: `/opt/rustwide/rustup-home/toolchains/1.98.0-beta.1-x86_64-unknown-linux-gnu/bin/rustc --crate-name learning_agent --edition=2024 lmm-agent/examples/learning_agent.rs --error-format=json --json=diagnostic-rendered-ansi,artifacts,future-incompat --crate-type bin --emit=dep-info,link -C embed-bitcode=no -C debuginfo=2 -C split-debuginfo=off --cfg 'feature="default"' --cfg 'feature="duckduckgo"' --cfg 'feature="net"' --cfg 'feature="reqwest"' --check-cfg 'cfg(docsrs,test)' --check-cfg 'cfg(feature, values("default", "duckduckgo", "knowledge", "lopdf", "net", "reqwest"))' -C metadata=9c01f1fa53c1c99f -C extra-filename=-0c11cd743e74bcee --out-dir /opt/rustwide/target/debug/examples -L dependency=/opt/rustwide/target/debug/deps --extern anyhow=/opt/rustwide/target/debug/deps/libanyhow-af20dce66ca7ae5f.rlib --extern async_trait=/opt/rustwide/target/debug/deps/libasync_trait-2d0107093ff4a8ed.so --extern chrono=/opt/rustwide/target/debug/deps/libchrono-1ca4c41abbf5c20f.rlib --extern duckduckgo=/opt/rustwide/target/debug/deps/libduckduckgo-d170a46c20df65fb.rlib --extern futures=/opt/rustwide/target/debug/deps/libfutures-246b9d48b60117b3.rlib --extern lmm=/opt/rustwide/target/debug/deps/liblmm.rlib --extern lmm_agent=/opt/rustwide/target/debug/deps/liblmm_agent-b72868beb861759d.rlib --extern lmm_derive=/opt/rustwide/target/debug/deps/liblmm_derive-4c11483369c58a6c.so --extern phf=/opt/rustwide/target/debug/deps/libphf-5bc1bc2daf52e679.rlib --extern rand=/opt/rustwide/target/debug/deps/librand-94691f594b9aa5bc.rlib --extern reqwest=/opt/rustwide/target/debug/deps/libreqwest-b552c9571cbf5367.rlib --extern serde=/opt/rustwide/target/debug/deps/libserde-c7a5f8b76aec5dd6.rlib --extern serde_json=/opt/rustwide/target/debug/deps/libserde_json-fe90ff5d80e64d59.rlib --extern thiserror=/opt/rustwide/target/debug/deps/libthiserror-c227ff8671ff64e2.rlib --extern tokio=/opt/rustwide/target/debug/deps/libtokio-3d3bf75242c60a23.rlib --extern tracing=/opt/rustwide/target/debug/deps/libtracing-5a9f53cc70a3851a.rlib --extern uuid=/opt/rustwide/target/debug/deps/libuuid-529f493816b318ac.rlib --cap-lints=warn -L native=/opt/rustwide/target/debug/build/aws-lc-sys-2b451c27a6f66e69/out` (signal: 9, SIGKILL: kill)
[INFO] [stderr] error: could not compile `yew` (lib)
[INFO] [stderr] 
[INFO] [stderr] Caused by:
[INFO] [stderr]   process didn't exit successfully: `/opt/rustwide/rustup-home/toolchains/1.98.0-beta.1-x86_64-unknown-linux-gnu/bin/rustc --crate-name yew --edition=2021 /opt/rustwide/cargo-home/registry/src/index.crates.io-1949cf8c6b5b557f/yew-0.23.0/src/lib.rs --error-format=json --json=diagnostic-rendered-ansi,artifacts,future-incompat --crate-type lib --emit=dep-info,metadata,link -C embed-bitcode=no -C debuginfo=2 -C split-debuginfo=off --warn=unexpected_cfgs --check-cfg 'cfg(documenting)' --check-cfg 'cfg(verbose_tests)' --check-cfg 'cfg(yew_lints)' --check-cfg 'cfg(nightly_yew)' --check-cfg 'cfg(wasm_bindgen_unstable_test_coverage)' --cfg 'feature="default"' --check-cfg 'cfg(docsrs,test)' --check-cfg 'cfg(feature, values("csr", "default", "hydration", "not_browser_env", "serde", "ssr", "test"))' -C metadata=612b35614b683aa6 -C extra-filename=-09b8dadb9ea1c99f --out-dir /opt/rustwide/target/debug/deps -L dependency=/opt/rustwide/target/debug/deps --extern console_error_panic_hook=/opt/rustwide/target/debug/deps/libconsole_error_panic_hook-08c9178398286d6c.rmeta --extern futures=/opt/rustwide/target/debug/deps/libfutures-246b9d48b60117b3.rmeta --extern gloo=/opt/rustwide/target/debug/deps/libgloo-48b2ffd32c68abfb.rmeta --extern implicit_clone=/opt/rustwide/target/debug/deps/libimplicit_clone-75ec7b94ebc4c97d.rmeta --extern indexmap=/opt/rustwide/target/debug/deps/libindexmap-a3af8e0098a680f6.rmeta --extern js_sys=/opt/rustwide/target/debug/deps/libjs_sys-b74fad1a37e86bc4.rmeta --extern rustversion=/opt/rustwide/target/debug/deps/librustversion-86dc3cbac74740f0.so --extern serde=/opt/rustwide/target/debug/deps/libserde-c7a5f8b76aec5dd6.rmeta --extern slab=/opt/rustwide/target/debug/deps/libslab-75ccc65fe4e88159.rmeta --extern thiserror=/opt/rustwide/target/debug/deps/libthiserror-c227ff8671ff64e2.rmeta --extern tokio=/opt/rustwide/target/debug/deps/libtokio-3d3bf75242c60a23.rmeta --extern tokise=/opt/rustwide/target/debug/deps/libtokise-6910c0b004069c29.rmeta --extern tracing=/opt/rustwide/target/debug/deps/libtracing-5a9f53cc70a3851a.rmeta --extern wasm_bindgen=/opt/rustwide/target/debug/deps/libwasm_bindgen-34c336b06a0a1e27.rmeta --extern web_sys=/opt/rustwide/target/debug/deps/libweb_sys-feb4c54f090ec717.rmeta --extern yew_macro=/opt/rustwide/target/debug/deps/libyew_macro-8711dc15e68fd301.so --cap-lints allow --cap-lints=warn` (signal: 9, SIGKILL: kill)
[INFO] [stderr] error: could not compile `lmm-agent` (example "federated_learning")
[INFO] [stderr] 
[INFO] [stderr] Caused by:
[INFO] [stderr]   process didn't exit successfully: `/opt/rustwide/rustup-home/toolchains/1.98.0-beta.1-x86_64-unknown-linux-gnu/bin/rustc --crate-name federated_learning --edition=2024 lmm-agent/examples/federated_learning.rs --error-format=json --json=diagnostic-rendered-ansi,artifacts,future-incompat --crate-type bin --emit=dep-info,link -C embed-bitcode=no -C debuginfo=2 -C split-debuginfo=off --cfg 'feature="default"' --cfg 'feature="duckduckgo"' --cfg 'feature="net"' --cfg 'feature="reqwest"' --check-cfg 'cfg(docsrs,test)' --check-cfg 'cfg(feature, values("default", "duckduckgo", "knowledge", "lopdf", "net", "reqwest"))' -C metadata=64fa5ef75d49b09d -C extra-filename=-fa08d42d5352c941 --out-dir /opt/rustwide/target/debug/examples -L dependency=/opt/rustwide/target/debug/deps --extern anyhow=/opt/rustwide/target/debug/deps/libanyhow-af20dce66ca7ae5f.rlib --extern async_trait=/opt/rustwide/target/debug/deps/libasync_trait-2d0107093ff4a8ed.so --extern chrono=/opt/rustwide/target/debug/deps/libchrono-1ca4c41abbf5c20f.rlib --extern duckduckgo=/opt/rustwide/target/debug/deps/libduckduckgo-d170a46c20df65fb.rlib --extern futures=/opt/rustwide/target/debug/deps/libfutures-246b9d48b60117b3.rlib --extern lmm=/opt/rustwide/target/debug/deps/liblmm.rlib --extern lmm_agent=/opt/rustwide/target/debug/deps/liblmm_agent-b72868beb861759d.rlib --extern lmm_derive=/opt/rustwide/target/debug/deps/liblmm_derive-4c11483369c58a6c.so --extern phf=/opt/rustwide/target/debug/deps/libphf-5bc1bc2daf52e679.rlib --extern rand=/opt/rustwide/target/debug/deps/librand-94691f594b9aa5bc.rlib --extern reqwest=/opt/rustwide/target/debug/deps/libreqwest-b552c9571cbf5367.rlib --extern serde=/opt/rustwide/target/debug/deps/libserde-c7a5f8b76aec5dd6.rlib --extern serde_json=/opt/rustwide/target/debug/deps/libserde_json-fe90ff5d80e64d59.rlib --extern thiserror=/opt/rustwide/target/debug/deps/libthiserror-c227ff8671ff64e2.rlib --extern tokio=/opt/rustwide/target/debug/deps/libtokio-3d3bf75242c60a23.rlib --extern tracing=/opt/rustwide/target/debug/deps/libtracing-5a9f53cc70a3851a.rlib --extern uuid=/opt/rustwide/target/debug/deps/libuuid-529f493816b318ac.rlib --cap-lints=warn -L native=/opt/rustwide/target/debug/build/aws-lc-sys-2b451c27a6f66e69/out` (signal: 9, SIGKILL: kill)
[INFO] [stdout] error: linking with `cc` failed: exit status: 1
[INFO] [stdout]   |
[INFO] [stdout]   = note:  "cc" "-m64" "/opt/rustwide/target/debug/deps/rustcw0gdMo/symbols.o" "<3 object files omitted>" "-Wl,--as-needed" "-Wl,-Bstatic" "<sysroot>/lib/rustlib/x86_64-unknown-linux-gnu/lib/{libtest-*,libgetopts-*,librustc_std_workspace_std-*}.rlib" "/opt/rustwide/target/debug/deps/{liblmm_agent-b72868beb861759d,libfutures-246b9d48b60117b3,libfutures_executor-297fa7691045645c,libuuid-529f493816b318ac,libduckduckgo-d170a46c20df65fb,libreqwest-b552c9571cbf5367,libserde_urlencoded-03723ccfaff6299a,libryu-678eb9d5c5d9b645,librustls_platform_verifier-f7db80e6b457375d,librustls_native_certs-610d1f809147535e,libopenssl_probe-10bf8ca88b053ded,libcookie_store-5471c06a51e32597,libpublicsuffix-d253672142dce1e1,libpsl_types-24a0c5523f0d7e0a,libcookie-034618994e5cddee,libtime-594f1cbb65ecef27,libtime_core-23017673bd6d7717,libnum_conv-582e2c0f8d818ce4,libderanged-2d37201647b03c51,libpowerfmt-ac3bbf21ced15082,libhyper_rustls-324f57278625befa,libtokio_rustls-a9ddab335404783b,librustls-83e45d9cf6b075e7,libsubtle-e74573b72800e2e2,libwebpki-5b2486db36b85cb6,libuntrusted-f90678777918b482,libaws_lc_rs-86dd033189608e16,libaws_lc_sys-833452afdd960f79,librustls_pki_types-2108c88dc124d696,libzeroize-d0762ae6c43fda65,libmime-b29a2b93b381cec0,libencoding_rs-11abde961c543607,libtower_http-32ea414ca04b8c01,libiri_string-c867b4afb9037906,libtower-8585776f178c1775,libtower_layer-e02eab4f52bd5f77,libhyper_util-697e92d1761303ba,libbase64-10b63612f378dc57,libipnet-a3010fe2a3e2085c,libtower_service-2083665686875519,libhyper-6fd75f0086ab9c4e,libwant-f08061c5b03b696a,libtry_lock-1f9cc13ad60f3d7b,libhttparse-90ce29fa0fa35bed,libh2-c67d28766bdc490e,libtracing-5a9f53cc70a3851a,libtracing_core-60b7c707ee06816d,libonce_cell-a31850dc82e64938,libindexmap-a3af8e0098a680f6,libequivalent-bdb5e68d2d52beef,libhashbrown-ecb43efa36d7fed0,libfnv-41e3b661a35ad5ca,libtokio_util-81baf7352f35fb62,libatomic_waker-49b1b7da916078a8,libfutures_util-ce56f47d7a45048d,libfutures_io-a13c2db91953e563,libslab-75ccc65fe4e88159,libfutures_channel-a8eca10995a98894,libfutures_sink-4bc58c1bf54c7fc1,libfutures_task-9cead738e07efc5b,libtokio-3d3bf75242c60a23,libsignal_hook_registry-ff532973b3b96195,liberrno-73db70095a35b3ca,libsocket2-7da29771edbdf063,libmio-03c88aa3edfbbbdc,libhttp_body_util-1ecb507dd71c28ac,libpin_project_lite-a4f0b17b76fb0dd7,libhttp_body-c3859017422733c9,liburl-5e77e75e701eb13f,libidna-97b82994712e5803,libidna_adapter-8c8be7f70de976a5,libicu_properties-b05652a0071127dd,libicu_properties_data-35ed2966bb4c6086,libicu_normalizer-e1d132ead3676cb6,libicu_normalizer_data-40c0bfac24771ad1,libicu_collections-450561cb2f251623,libutf8_iter-c9e4086d03cbc6ab,libpotential_utf-b2218a80b8045501,libicu_provider-2bd5def17ff2fb10,libicu_locale_core-c33ca72f3f5c594a,libtinystr-9ae2e67b60d23b3e,liblitemap-63295922d27a0868,libwriteable-38939dec61087146,libzerovec-48ca50d5e10f9d62,libzerotrie-f7364016aacfc2d8,libyoke-251879723931af7f,libzerofrom-043a4601b5f4bd40,libform_urlencoded-1a374dcd348fb42b,libpercent_encoding-046cf60633a8269a,libhttp-9bab045bbb42aac0,libbytes-5b2f82cce12503a8,libsync_wrapper-de7c21a08b1fc4cb,libfutures_core-5f982f2721c57312,libphf-510db92a5b749ffd,libphf_shared-8ff3e53ca49b011d,libserde_json-fe90ff5d80e64d59,libzmij-928b330b83bfd554,libscraper-edacfbd4b8c8bbe7,libego_tree-9165edfec21c003c,libselectors-1af2d35d5903aa3d,librustc_hash-d58cbc89d504ca3b,libservo_arc-f46b07404934a0f1,libstable_deref_trait-dc61873783c52492,libderive_more-cd01bd6367a7d5fd,libbitflags-afb9504556fc4668,libcssparser-d2ec200030fd4c26,libitoa-a86fbd5c93d82d8f,libdtoa_short-2436e9d9e6ec4e11,libdtoa-2df5a974336813af,libhtml5ever-bf39bd66fda8cb6f,liblog-0b74c2589ede0d8b,libmarkup5ever-2e8e1c0b6352381f,libtendril-c7861903956b4380,libutf8-b11d22ca23ea5416,libweb_atoms-e4ab240aa371d667,libstring_cache-d538234803169d76,libprecomputed_hash-6cef0fc8666244b3,libparking_lot-47244784e5d89542,libparking_lot_core-89ef31fb439b7fea,libsmallvec-c640facaff345019,liblock_api-b5cf4da59f96f98b,libscopeguard-ca51877ee698a856,libdebug_unreachable-bd623a58b7f661c0,libregex-c011d45809fe91a1,libregex_automata-53a8c6bb034344e5,libaho_corasick-577d7d165722bba9,libmemchr-caa02ddecce3b1e9,libregex_syntax-63502633e17594c6,libchrono-1ca4c41abbf5c20f,libiana_time_zone-da4601e25325f35c,libnum_traits-82986bf64df4f5e4,libserde-c7a5f8b76aec5dd6,libserde_core-7470be3ae22ae58a,liblmm,libstrum-8437063479058bf5,libphf-5bc1bc2daf52e679,libphf_shared-1fcb0f0bb7b7cc5e,libsiphasher-1409c38f61414731,libthiserror-c227ff8671ff64e2,librand-94691f594b9aa5bc,libgetrandom-1237dbf02c016ba7,liblibc-e5538abf273fb631,libchacha20-54ee2fe89779ed51,libcpufeatures-7321f3111b5ca6ff,libcfg_if-78a8e4d818679511,librand_core-e1e8e036791fdcaa,libanyhow-af20dce66ca7ae5f}.rlib" "<sysroot>/lib/rustlib/x86_64-unknown-linux-gnu/lib/{libstd-*,libpanic_unwind-*,libobject-*,libmemchr-*,libaddr2line-*,libgimli-*,libcfg_if-*,librustc_demangle-*,libstd_detect-*,libhashbrown-*,librustc_std_workspace_alloc-*,libminiz_oxide-*,libadler2-*,libunwind-*,liblibc-*,librustc_std_workspace_core-*,liballoc-*,libcore-*,libcompiler_builtins-*}.rlib" "-Wl,-Bdynamic" "-lgcc_s" "-lutil" "-lrt" "-lpthread" "-lm" "-ldl" "-lc" "-L" "/opt/rustwide/target/debug/deps/rustcw0gdMo/raw-dylibs" "-B<sysroot>/lib/rustlib/x86_64-unknown-linux-gnu/bin/gcc-ld" "-fuse-ld=lld" "-Wl,--eh-frame-hdr" "-Wl,-z,noexecstack" "-L" "/opt/rustwide/target/debug/build/aws-lc-sys-2b451c27a6f66e69/out" "-L" "<sysroot>/lib/rustlib/x86_64-unknown-linux-gnu/lib" "-o" "/opt/rustwide/target/debug/deps/agent-c8f292e308ddca8d" "-Wl,--gc-sections" "-pie" "-Wl,-z,relro,-z,now" "-nodefaultlibs"
[INFO] [stdout]   = note: some arguments are omitted. use `--verbose` to show all linker arguments
[INFO] [stdout]   = note: collect2: fatal error: ld terminated with signal 9 [Killed]
[INFO] [stdout]           compilation terminated.
[INFO] [stdout]           
[INFO] [stdout] 
[INFO] [stdout] 
[INFO] [stderr] error: could not compile `lmm-agent` (test "agent") due to 1 previous error
[INFO] [stdout] error: linking with `cc` failed: exit status: 1
[INFO] [stdout]   |
[INFO] [stdout]   = note:  "cc" "-m64" "/opt/rustwide/target/debug/deps/rustcE4mpPp/symbols.o" "<3 object files omitted>" "-Wl,--as-needed" "-Wl,-Bstatic" "<sysroot>/lib/rustlib/x86_64-unknown-linux-gnu/lib/{libtest-*,libgetopts-*,librustc_std_workspace_std-*}.rlib" "/opt/rustwide/target/debug/deps/{liblmm_agent-b72868beb861759d,libfutures-246b9d48b60117b3,libfutures_executor-297fa7691045645c,libuuid-529f493816b318ac,libduckduckgo-d170a46c20df65fb,libreqwest-b552c9571cbf5367,libserde_urlencoded-03723ccfaff6299a,libryu-678eb9d5c5d9b645,librustls_platform_verifier-f7db80e6b457375d,librustls_native_certs-610d1f809147535e,libopenssl_probe-10bf8ca88b053ded,libcookie_store-5471c06a51e32597,libpublicsuffix-d253672142dce1e1,libpsl_types-24a0c5523f0d7e0a,libcookie-034618994e5cddee,libtime-594f1cbb65ecef27,libtime_core-23017673bd6d7717,libnum_conv-582e2c0f8d818ce4,libderanged-2d37201647b03c51,libpowerfmt-ac3bbf21ced15082,libhyper_rustls-324f57278625befa,libtokio_rustls-a9ddab335404783b,librustls-83e45d9cf6b075e7,libsubtle-e74573b72800e2e2,libwebpki-5b2486db36b85cb6,libuntrusted-f90678777918b482,libaws_lc_rs-86dd033189608e16,libaws_lc_sys-833452afdd960f79,librustls_pki_types-2108c88dc124d696,libzeroize-d0762ae6c43fda65,libmime-b29a2b93b381cec0,libencoding_rs-11abde961c543607,libtower_http-32ea414ca04b8c01,libiri_string-c867b4afb9037906,libtower-8585776f178c1775,libtower_layer-e02eab4f52bd5f77,libhyper_util-697e92d1761303ba,libbase64-10b63612f378dc57,libipnet-a3010fe2a3e2085c,libtower_service-2083665686875519,libhyper-6fd75f0086ab9c4e,libwant-f08061c5b03b696a,libtry_lock-1f9cc13ad60f3d7b,libhttparse-90ce29fa0fa35bed,libh2-c67d28766bdc490e,libtracing-5a9f53cc70a3851a,libtracing_core-60b7c707ee06816d,libonce_cell-a31850dc82e64938,libindexmap-a3af8e0098a680f6,libequivalent-bdb5e68d2d52beef,libhashbrown-ecb43efa36d7fed0,libfnv-41e3b661a35ad5ca,libtokio_util-81baf7352f35fb62,libatomic_waker-49b1b7da916078a8,libfutures_util-ce56f47d7a45048d,libfutures_io-a13c2db91953e563,libslab-75ccc65fe4e88159,libfutures_channel-a8eca10995a98894,libfutures_sink-4bc58c1bf54c7fc1,libfutures_task-9cead738e07efc5b,libtokio-3d3bf75242c60a23,libsignal_hook_registry-ff532973b3b96195,liberrno-73db70095a35b3ca,libsocket2-7da29771edbdf063,libmio-03c88aa3edfbbbdc,libhttp_body_util-1ecb507dd71c28ac,libpin_project_lite-a4f0b17b76fb0dd7,libhttp_body-c3859017422733c9,liburl-5e77e75e701eb13f,libidna-97b82994712e5803,libidna_adapter-8c8be7f70de976a5,libicu_properties-b05652a0071127dd,libicu_properties_data-35ed2966bb4c6086,libicu_normalizer-e1d132ead3676cb6,libicu_normalizer_data-40c0bfac24771ad1,libicu_collections-450561cb2f251623,libutf8_iter-c9e4086d03cbc6ab,libpotential_utf-b2218a80b8045501,libicu_provider-2bd5def17ff2fb10,libicu_locale_core-c33ca72f3f5c594a,libtinystr-9ae2e67b60d23b3e,liblitemap-63295922d27a0868,libwriteable-38939dec61087146,libzerovec-48ca50d5e10f9d62,libzerotrie-f7364016aacfc2d8,libyoke-251879723931af7f,libzerofrom-043a4601b5f4bd40,libform_urlencoded-1a374dcd348fb42b,libpercent_encoding-046cf60633a8269a,libhttp-9bab045bbb42aac0,libbytes-5b2f82cce12503a8,libsync_wrapper-de7c21a08b1fc4cb,libfutures_core-5f982f2721c57312,libphf-510db92a5b749ffd,libphf_shared-8ff3e53ca49b011d,libserde_json-fe90ff5d80e64d59,libzmij-928b330b83bfd554,libscraper-edacfbd4b8c8bbe7,libego_tree-9165edfec21c003c,libselectors-1af2d35d5903aa3d,librustc_hash-d58cbc89d504ca3b,libservo_arc-f46b07404934a0f1,libstable_deref_trait-dc61873783c52492,libderive_more-cd01bd6367a7d5fd,libbitflags-afb9504556fc4668,libcssparser-d2ec200030fd4c26,libitoa-a86fbd5c93d82d8f,libdtoa_short-2436e9d9e6ec4e11,libdtoa-2df5a974336813af,libhtml5ever-bf39bd66fda8cb6f,liblog-0b74c2589ede0d8b,libmarkup5ever-2e8e1c0b6352381f,libtendril-c7861903956b4380,libutf8-b11d22ca23ea5416,libweb_atoms-e4ab240aa371d667,libstring_cache-d538234803169d76,libprecomputed_hash-6cef0fc8666244b3,libparking_lot-47244784e5d89542,libparking_lot_core-89ef31fb439b7fea,libsmallvec-c640facaff345019,liblock_api-b5cf4da59f96f98b,libscopeguard-ca51877ee698a856,libdebug_unreachable-bd623a58b7f661c0,libregex-c011d45809fe91a1,libregex_automata-53a8c6bb034344e5,libaho_corasick-577d7d165722bba9,libmemchr-caa02ddecce3b1e9,libregex_syntax-63502633e17594c6,libchrono-1ca4c41abbf5c20f,libiana_time_zone-da4601e25325f35c,libnum_traits-82986bf64df4f5e4,libserde-c7a5f8b76aec5dd6,libserde_core-7470be3ae22ae58a,liblmm,libstrum-8437063479058bf5,libphf-5bc1bc2daf52e679,libphf_shared-1fcb0f0bb7b7cc5e,libsiphasher-1409c38f61414731,libthiserror-c227ff8671ff64e2,librand-94691f594b9aa5bc,libgetrandom-1237dbf02c016ba7,liblibc-e5538abf273fb631,libchacha20-54ee2fe89779ed51,libcpufeatures-7321f3111b5ca6ff,libcfg_if-78a8e4d818679511,librand_core-e1e8e036791fdcaa,libanyhow-af20dce66ca7ae5f}.rlib" "<sysroot>/lib/rustlib/x86_64-unknown-linux-gnu/lib/{libstd-*,libpanic_unwind-*,libobject-*,libmemchr-*,libaddr2line-*,libgimli-*,libcfg_if-*,librustc_demangle-*,libstd_detect-*,libhashbrown-*,librustc_std_workspace_alloc-*,libminiz_oxide-*,libadler2-*,libunwind-*,liblibc-*,librustc_std_workspace_core-*,liballoc-*,libcore-*,libcompiler_builtins-*}.rlib" "-Wl,-Bdynamic" "-lgcc_s" "-lutil" "-lrt" "-lpthread" "-lm" "-ldl" "-lc" "-L" "/opt/rustwide/target/debug/deps/rustcE4mpPp/raw-dylibs" "-B<sysroot>/lib/rustlib/x86_64-unknown-linux-gnu/bin/gcc-ld" "-fuse-ld=lld" "-Wl,--eh-frame-hdr" "-Wl,-z,noexecstack" "-L" "/opt/rustwide/target/debug/build/aws-lc-sys-2b451c27a6f66e69/out" "-L" "<sysroot>/lib/rustlib/x86_64-unknown-linux-gnu/lib" "-o" "/opt/rustwide/target/debug/deps/cognition_knowledge-932b8b2e25a6e51d" "-Wl,--gc-sections" "-pie" "-Wl,-z,relro,-z,now" "-nodefaultlibs"
[INFO] [stdout]   = note: some arguments are omitted. use `--verbose` to show all linker arguments
[INFO] [stdout]   = note: collect2: fatal error: ld terminated with signal 9 [Killed]
[INFO] [stdout]           compilation terminated.
[INFO] [stdout]           
[INFO] [stdout] 
[INFO] [stdout] 
[INFO] [stderr] error: could not compile `lmm-agent` (test "cognition_knowledge") due to 1 previous error
[INFO] [stdout] error: linking with `cc` failed: exit status: 1
[INFO] [stdout]   |
[INFO] [stdout]   = note:  "cc" "-m64" "/opt/rustwide/target/debug/deps/rustce8MEtN/symbols.o" "<4 object files omitted>" "-Wl,--as-needed" "-Wl,-Bstatic" "<sysroot>/lib/rustlib/x86_64-unknown-linux-gnu/lib/{libtest-*,libgetopts-*,librustc_std_workspace_std-*}.rlib" "/opt/rustwide/target/debug/deps/{liblmm_agent-b72868beb861759d,libfutures-246b9d48b60117b3,libfutures_executor-297fa7691045645c,libuuid-529f493816b318ac,libduckduckgo-d170a46c20df65fb,libreqwest-b552c9571cbf5367,libserde_urlencoded-03723ccfaff6299a,libryu-678eb9d5c5d9b645,librustls_platform_verifier-f7db80e6b457375d,librustls_native_certs-610d1f809147535e,libopenssl_probe-10bf8ca88b053ded,libcookie_store-5471c06a51e32597,libpublicsuffix-d253672142dce1e1,libpsl_types-24a0c5523f0d7e0a,libcookie-034618994e5cddee,libtime-594f1cbb65ecef27,libtime_core-23017673bd6d7717,libnum_conv-582e2c0f8d818ce4,libderanged-2d37201647b03c51,libpowerfmt-ac3bbf21ced15082,libhyper_rustls-324f57278625befa,libtokio_rustls-a9ddab335404783b,librustls-83e45d9cf6b075e7,libsubtle-e74573b72800e2e2,libwebpki-5b2486db36b85cb6,libuntrusted-f90678777918b482,libaws_lc_rs-86dd033189608e16,libaws_lc_sys-833452afdd960f79,librustls_pki_types-2108c88dc124d696,libzeroize-d0762ae6c43fda65,libmime-b29a2b93b381cec0,libencoding_rs-11abde961c543607,libtower_http-32ea414ca04b8c01,libiri_string-c867b4afb9037906,libtower-8585776f178c1775,libtower_layer-e02eab4f52bd5f77,libhyper_util-697e92d1761303ba,libbase64-10b63612f378dc57,libipnet-a3010fe2a3e2085c,libtower_service-2083665686875519,libhyper-6fd75f0086ab9c4e,libwant-f08061c5b03b696a,libtry_lock-1f9cc13ad60f3d7b,libhttparse-90ce29fa0fa35bed,libh2-c67d28766bdc490e,libtracing-5a9f53cc70a3851a,libtracing_core-60b7c707ee06816d,libonce_cell-a31850dc82e64938,libindexmap-a3af8e0098a680f6,libequivalent-bdb5e68d2d52beef,libhashbrown-ecb43efa36d7fed0,libfnv-41e3b661a35ad5ca,libtokio_util-81baf7352f35fb62,libatomic_waker-49b1b7da916078a8,libfutures_util-ce56f47d7a45048d,libfutures_io-a13c2db91953e563,libslab-75ccc65fe4e88159,libfutures_channel-a8eca10995a98894,libfutures_sink-4bc58c1bf54c7fc1,libfutures_task-9cead738e07efc5b,libtokio-3d3bf75242c60a23,libsignal_hook_registry-ff532973b3b96195,liberrno-73db70095a35b3ca,libsocket2-7da29771edbdf063,libmio-03c88aa3edfbbbdc,libhttp_body_util-1ecb507dd71c28ac,libpin_project_lite-a4f0b17b76fb0dd7,libhttp_body-c3859017422733c9,liburl-5e77e75e701eb13f,libidna-97b82994712e5803,libidna_adapter-8c8be7f70de976a5,libicu_properties-b05652a0071127dd,libicu_properties_data-35ed2966bb4c6086,libicu_normalizer-e1d132ead3676cb6,libicu_normalizer_data-40c0bfac24771ad1,libicu_collections-450561cb2f251623,libutf8_iter-c9e4086d03cbc6ab,libpotential_utf-b2218a80b8045501,libicu_provider-2bd5def17ff2fb10,libicu_locale_core-c33ca72f3f5c594a,libtinystr-9ae2e67b60d23b3e,liblitemap-63295922d27a0868,libwriteable-38939dec61087146,libzerovec-48ca50d5e10f9d62,libzerotrie-f7364016aacfc2d8,libyoke-251879723931af7f,libzerofrom-043a4601b5f4bd40,libform_urlencoded-1a374dcd348fb42b,libpercent_encoding-046cf60633a8269a,libhttp-9bab045bbb42aac0,libbytes-5b2f82cce12503a8,libsync_wrapper-de7c21a08b1fc4cb,libfutures_core-5f982f2721c57312,libphf-510db92a5b749ffd,libphf_shared-8ff3e53ca49b011d,libserde_json-fe90ff5d80e64d59,libzmij-928b330b83bfd554,libscraper-edacfbd4b8c8bbe7,libego_tree-9165edfec21c003c,libselectors-1af2d35d5903aa3d,librustc_hash-d58cbc89d504ca3b,libservo_arc-f46b07404934a0f1,libstable_deref_trait-dc61873783c52492,libderive_more-cd01bd6367a7d5fd,libbitflags-afb9504556fc4668,libcssparser-d2ec200030fd4c26,libitoa-a86fbd5c93d82d8f,libdtoa_short-2436e9d9e6ec4e11,libdtoa-2df5a974336813af,libhtml5ever-bf39bd66fda8cb6f,liblog-0b74c2589ede0d8b,libmarkup5ever-2e8e1c0b6352381f,libtendril-c7861903956b4380,libutf8-b11d22ca23ea5416,libweb_atoms-e4ab240aa371d667,libstring_cache-d538234803169d76,libprecomputed_hash-6cef0fc8666244b3,libparking_lot-47244784e5d89542,libparking_lot_core-89ef31fb439b7fea,libsmallvec-c640facaff345019,liblock_api-b5cf4da59f96f98b,libscopeguard-ca51877ee698a856,libdebug_unreachable-bd623a58b7f661c0,libregex-c011d45809fe91a1,libregex_automata-53a8c6bb034344e5,libaho_corasick-577d7d165722bba9,libmemchr-caa02ddecce3b1e9,libregex_syntax-63502633e17594c6,libchrono-1ca4c41abbf5c20f,libiana_time_zone-da4601e25325f35c,libnum_traits-82986bf64df4f5e4,libserde-c7a5f8b76aec5dd6,libserde_core-7470be3ae22ae58a,liblmm,libstrum-8437063479058bf5,libphf-5bc1bc2daf52e679,libphf_shared-1fcb0f0bb7b7cc5e,libsiphasher-1409c38f61414731,libthiserror-c227ff8671ff64e2,librand-94691f594b9aa5bc,libgetrandom-1237dbf02c016ba7,liblibc-e5538abf273fb631,libchacha20-54ee2fe89779ed51,libcpufeatures-7321f3111b5ca6ff,libcfg_if-78a8e4d818679511,librand_core-e1e8e036791fdcaa,libanyhow-af20dce66ca7ae5f}.rlib" "<sysroot>/lib/rustlib/x86_64-unknown-linux-gnu/lib/{libstd-*,libpanic_unwind-*,libobject-*,libmemchr-*,libaddr2line-*,libgimli-*,libcfg_if-*,librustc_demangle-*,libstd_detect-*,libhashbrown-*,librustc_std_workspace_alloc-*,libminiz_oxide-*,libadler2-*,libunwind-*,liblibc-*,librustc_std_workspace_core-*,liballoc-*,libcore-*,libcompiler_builtins-*}.rlib" "-Wl,-Bdynamic" "-lgcc_s" "-lutil" "-lrt" "-lpthread" "-lm" "-ldl" "-lc" "-L" "/opt/rustwide/target/debug/deps/rustce8MEtN/raw-dylibs" "-B<sysroot>/lib/rustlib/x86_64-unknown-linux-gnu/bin/gcc-ld" "-fuse-ld=lld" "-Wl,--eh-frame-hdr" "-Wl,-z,noexecstack" "-L" "/opt/rustwide/target/debug/build/aws-lc-sys-2b451c27a6f66e69/out" "-L" "<sysroot>/lib/rustlib/x86_64-unknown-linux-gnu/lib" "-o" "/opt/rustwide/target/debug/deps/learning_persist-4d4df52bf8f537b3" "-Wl,--gc-sections" "-pie" "-Wl,-z,relro,-z,now" "-nodefaultlibs"
[INFO] [stdout]   = note: some arguments are omitted. use `--verbose` to show all linker arguments
[INFO] [stdout]   = note: collect2: fatal error: ld terminated with signal 9 [Killed]
[INFO] [stdout]           compilation terminated.
[INFO] [stdout]           
[INFO] [stdout] 
[INFO] [stdout] 
[INFO] [stderr] error: could not compile `lmm-agent` (test "learning_persist") due to 1 previous error
[INFO] running `Command { std: "docker" "inspect" "6abb282fab2868e0dbb57334a81e7f4dc43568200d5edef66dd84e3e95dda82e", kill_on_drop: false }`
[INFO] running `Command { std: "docker" "rm" "-f" "6abb282fab2868e0dbb57334a81e7f4dc43568200d5edef66dd84e3e95dda82e", kill_on_drop: false }`
[INFO] [stdout] 6abb282fab2868e0dbb57334a81e7f4dc43568200d5edef66dd84e3e95dda82e
