[INFO] cloning repository https://github.com/keeslinp/LDS-Tools-Google-Sheets-Sync
[INFO] running `Command { std: "git" "-c" "credential.helper=" "-c" "credential.helper=/workspace/cargo-home/bin/git-credential-null" "clone" "--bare" "https://github.com/keeslinp/LDS-Tools-Google-Sheets-Sync" "/workspace/cache/git-repos/https%3A%2F%2Fgithub.com%2Fkeeslinp%2FLDS-Tools-Google-Sheets-Sync", kill_on_drop: false }`
[INFO] [stderr] Cloning into bare repository '/workspace/cache/git-repos/https%3A%2F%2Fgithub.com%2Fkeeslinp%2FLDS-Tools-Google-Sheets-Sync'...
[INFO] running `Command { std: "git" "rev-parse" "HEAD", kill_on_drop: false }`
[INFO] [stdout] 3169d94bc8c9fe0fc011a55a530073e410a55722
[INFO] testing keeslinp/LDS-Tools-Google-Sheets-Sync against 1.97.0-beta.6 for beta-1.98-2
[INFO] running `Command { std: "git" "clone" "/workspace/cache/git-repos/https%3A%2F%2Fgithub.com%2Fkeeslinp%2FLDS-Tools-Google-Sheets-Sync" "/workspace/builds/worker-5-tc1/source", kill_on_drop: false }`
[INFO] [stderr] Cloning into '/workspace/builds/worker-5-tc1/source'...
[INFO] [stderr] done.
[INFO] started tweaking git repo https://github.com/keeslinp/LDS-Tools-Google-Sheets-Sync
[INFO] finished tweaking git repo https://github.com/keeslinp/LDS-Tools-Google-Sheets-Sync
[INFO] tweaked toml for git repo https://github.com/keeslinp/LDS-Tools-Google-Sheets-Sync written to /workspace/builds/worker-5-tc1/source/Cargo.toml
[INFO] validating manifest of git repo https://github.com/keeslinp/LDS-Tools-Google-Sheets-Sync on toolchain 1.97.0-beta.6
[INFO] running `Command { std: CARGO_HOME="/workspace/cargo-home" RUSTUP_HOME="/workspace/rustup-home" "/workspace/cargo-home/bin/cargo" "+1.97.0-beta.6" "metadata" "--manifest-path" "Cargo.toml" "--no-deps", kill_on_drop: false }`
[INFO] crate git repo https://github.com/keeslinp/LDS-Tools-Google-Sheets-Sync already has a lockfile, it will not be regenerated
[INFO] running `Command { std: CARGO_HOME="/workspace/cargo-home" RUSTUP_HOME="/workspace/rustup-home" "/workspace/cargo-home/bin/cargo" "+1.97.0-beta.6" "fetch" "--manifest-path" "Cargo.toml", kill_on_drop: false }`
[INFO] [stderr]     Blocking waiting for file lock on package cache
[INFO] [stderr]     Updating crates.io index
[INFO] [stderr]  Downloading crates ...
[INFO] [stderr]   Downloaded bytes v1.3.0
[INFO] [stderr]   Downloaded proc-macro2 v1.0.49
[INFO] [stderr]   Downloaded try-lock v0.2.4
[INFO] [stderr]   Downloaded ipnet v2.7.1
[INFO] [stderr]   Downloaded ryu v1.0.12
[INFO] [stderr]   Downloaded itoa v1.0.5
[INFO] [stderr]   Downloaded sha-1 v0.8.2
[INFO] [stderr]   Downloaded autocfg v0.1.8
[INFO] [stderr]   Downloaded tokio-native-tls v0.3.0
[INFO] [stderr]   Downloaded websocket-base v0.26.5
[INFO] [stderr]   Downloaded typeable v0.1.2
[INFO] [stderr]   Downloaded schannel v0.1.21
[INFO] [stderr]   Downloaded percent-encoding v1.0.1
[INFO] [stderr]   Downloaded unicase v1.4.2
[INFO] [stderr]   Downloaded mime v0.2.6
[INFO] [stderr]   Downloaded safemem v0.3.3
[INFO] [stderr]   Downloaded derive_builder_macro v0.12.0
[INFO] [stderr]   Downloaded openssl-sys v0.9.80
[INFO] [stderr]   Downloaded log v0.3.9
[INFO] [stderr]   Downloaded websocket v0.26.5
[INFO] [stderr]   Downloaded derive_builder_core v0.12.0
[INFO] [stderr]   Downloaded base64 v0.9.3
[INFO] [stderr]   Downloaded auto_generate_cdp v0.4.0
[INFO] [stderr]   Downloaded gcp_auth v0.7.5
[INFO] [stderr]   Downloaded rustls-pemfile v1.0.2
[INFO] [stderr]   Downloaded hyper-rustls v0.23.2
[INFO] [stderr]   Downloaded async-trait v0.1.61
[INFO] [stderr]   Downloaded derive_builder v0.12.0
[INFO] [stderr]   Downloaded anyhow v1.0.68
[INFO] [stderr]   Downloaded url v1.7.2
[INFO] [stderr]   Downloaded headless_chrome v1.0.1
[INFO] [stderr]   Downloaded serde_json v1.0.91
[INFO] [stderr]   Downloaded base64 v0.21.0
[INFO] [stderr]   Downloaded hyper v0.10.16
[INFO] [stderr]   Downloaded reqwest v0.11.13
[INFO] [stderr]   Downloaded h2 v0.3.15
[INFO] [stderr]   Downloaded ureq v2.6.2
[INFO] [stderr]   Downloaded hyper v0.14.23
[INFO] [stderr]   Downloaded openssl v0.10.45
[INFO] [stderr]   Downloaded idna v0.1.5
[INFO] [stderr]   Downloaded rustls v0.20.8
[INFO] [stderr]   Downloaded webpki-roots v0.22.6
[INFO] [stderr]   Downloaded tokio v1.24.1
[INFO] running `Command { std: "docker" "create" "-v" "/var/lib/crater-agent-workspace/builds/worker-5-tc1/source:/opt/rustwide/workdir:ro,Z" "-v" "/var/lib/crater-agent-workspace/builds/worker-5-tc1/target:/opt/rustwide/target:rw,Z" "-v" "/var/lib/crater-agent-workspace/cargo-home:/opt/rustwide/cargo-home:ro,Z" "-v" "/var/lib/crater-agent-workspace/rustup-home:/opt/rustwide/rustup-home:ro,Z" "-m" "1610612736" "--network" "none" "ghcr.io/rust-lang/crates-build-env/linux@sha256:3d5ced03c013a94a2f102a4510f48a6e9184255caf5fd8244f58017bde7f5210" "sleep" "infinity", kill_on_drop: false }`
[INFO] [stdout] a461204d658b8f64927c243a8892f30a37c913ec4e7178ff8256d99863f74ded
[INFO] running `Command { std: "docker" "start" "a461204d658b8f64927c243a8892f30a37c913ec4e7178ff8256d99863f74ded", kill_on_drop: false }`
[INFO] running `Command { std: "docker" "inspect" "a461204d658b8f64927c243a8892f30a37c913ec4e7178ff8256d99863f74ded", kill_on_drop: false }`
[INFO] running `Command { std: "docker" "exec" "-e" "SOURCE_DIR=/opt/rustwide/workdir" "-e" "CARGO_HOME=/opt/rustwide/cargo-home" "-e" "RUSTUP_HOME=/opt/rustwide/rustup-home" "-e" "CARGO_TARGET_DIR=/opt/rustwide/target" "-w" "/opt/rustwide/workdir" "--user" "0:0" "a461204d658b8f64927c243a8892f30a37c913ec4e7178ff8256d99863f74ded" "/opt/rustwide/cargo-home/bin/cargo" "+1.97.0-beta.6" "metadata" "--no-deps" "--format-version=1", kill_on_drop: false }`
[INFO] running `Command { std: "docker" "inspect" "a461204d658b8f64927c243a8892f30a37c913ec4e7178ff8256d99863f74ded", kill_on_drop: false }`
[INFO] running `Command { std: "docker" "exec" "-e" "SOURCE_DIR=/opt/rustwide/workdir" "-e" "CARGO_HOME=/opt/rustwide/cargo-home" "-e" "RUSTUP_HOME=/opt/rustwide/rustup-home" "-e" "CARGO_TARGET_DIR=/opt/rustwide/target" "-e" "CARGO_INCREMENTAL=0" "-e" "RUST_BACKTRACE=full" "-e" "RUSTFLAGS=--cap-lints=warn" "-e" "RUSTDOCFLAGS=--cap-lints=warn" "-w" "/opt/rustwide/workdir" "--user" "0:0" "a461204d658b8f64927c243a8892f30a37c913ec4e7178ff8256d99863f74ded" "/opt/rustwide/cargo-home/bin/cargo" "+1.97.0-beta.6" "build" "--frozen" "--message-format=json", kill_on_drop: false }`
[INFO] [stderr]    Compiling proc-macro2 v1.0.49
[INFO] [stderr]    Compiling unicode-ident v1.0.6
[INFO] [stderr]    Compiling quote v1.0.23
[INFO] [stderr]    Compiling syn v1.0.107
[INFO] [stderr]    Compiling libc v0.2.139
[INFO] [stderr]    Compiling cc v1.0.78
[INFO] [stderr]    Compiling once_cell v1.17.0
[INFO] [stderr]    Compiling log v0.4.17
[INFO] [stderr]    Compiling spin v0.5.2
[INFO] [stderr]    Compiling untrusted v0.7.1
[INFO] [stderr]    Compiling itoa v1.0.5
[INFO] [stderr]    Compiling memchr v2.5.0
[INFO] [stderr]    Compiling tinyvec_macros v0.1.0
[INFO] [stderr]    Compiling tinyvec v1.6.0
[INFO] [stderr]    Compiling pin-project-lite v0.2.9
[INFO] [stderr]    Compiling serde_derive v1.0.152
[INFO] [stderr]    Compiling unicode-bidi v0.3.8
[INFO] [stderr]    Compiling autocfg v0.1.8
[INFO] [stderr]    Compiling rand_core v0.4.2
[INFO] [stderr]    Compiling bytes v1.3.0
[INFO] [stderr]    Compiling tokio v1.24.1
[INFO] [stderr]    Compiling futures-core v0.3.25
[INFO] [stderr]    Compiling num_cpus v1.15.0
[INFO] [stderr]    Compiling rustls v0.20.8
[INFO] [stderr]    Compiling socket2 v0.4.7
[INFO] [stderr]    Compiling ring v0.16.20
[INFO] [stderr]    Compiling unicode-normalization v0.1.22
[INFO] [stderr]    Compiling mio v0.8.5
[INFO] [stderr]    Compiling httparse v1.8.0
[INFO] [stderr]    Compiling pkg-config v0.3.26
[INFO] [stderr]    Compiling percent-encoding v2.2.0
[INFO] [stderr]    Compiling form_urlencoded v1.1.0
[INFO] [stderr]    Compiling tracing-core v0.1.30
[INFO] [stderr]    Compiling typenum v1.16.0
[INFO] [stderr]    Compiling futures-task v0.3.25
[INFO] [stderr]    Compiling openssl-sys v0.9.80
[INFO] [stderr]    Compiling ryu v1.0.12
[INFO] [stderr]    Compiling serde_json v1.0.91
[INFO] [stderr]    Compiling idna v0.3.0
[INFO] [stderr]    Compiling rand_core v0.3.1
[INFO] [stderr]    Compiling indexmap v1.9.2
[INFO] [stderr]    Compiling slab v0.4.7
[INFO] [stderr]    Compiling futures-util v0.3.25
[INFO] [stderr]    Compiling serde v1.0.152
[INFO] [stderr]    Compiling byteorder v1.4.3
[INFO] [stderr]    Compiling crc32fast v1.3.2
[INFO] [stderr]    Compiling http v0.2.8
[INFO] [stderr]    Compiling futures-sink v0.3.25
[INFO] [stderr]    Compiling url v2.3.1
[INFO] [stderr]    Compiling futures-channel v0.3.25
[INFO] [stderr]    Compiling adler v1.0.2
[INFO] [stderr]    Compiling openssl-probe v0.1.5
[INFO] [stderr]    Compiling strsim v0.10.0
[INFO] [stderr]    Compiling miniz_oxide v0.6.2
[INFO] [stderr]    Compiling generic-array v0.12.4
[INFO] [stderr]    Compiling rand_pcg v0.1.2
[INFO] [stderr]    Compiling rand_chacha v0.1.1
[INFO] [stderr]    Compiling try-lock v0.2.4
[INFO] [stderr]    Compiling version_check v0.1.5
[INFO] [stderr]    Compiling openssl v0.10.45
[INFO] [stderr]    Compiling byte-tools v0.3.1
[INFO] [stderr]    Compiling want v0.3.0
[INFO] [stderr]    Compiling block-padding v0.1.5
[INFO] [stderr]    Compiling flate2 v1.0.25
[INFO] [stderr]    Compiling http-body v0.4.5
[INFO] [stderr]    Compiling unicase v1.4.2
[INFO] [stderr]    Compiling rand v0.6.5
[INFO] [stderr]    Compiling matches v0.1.9
[INFO] [stderr]    Compiling httpdate v1.0.2
[INFO] [stderr]    Compiling native-tls v0.2.11
[INFO] [stderr]    Compiling tower-service v0.3.2
[INFO] [stderr]    Compiling webpki v0.22.0
[INFO] [stderr]    Compiling sct v0.7.0
[INFO] [stderr]    Compiling idna v0.1.5
[INFO] [stderr]    Compiling block-buffer v0.7.3
[INFO] [stderr]    Compiling webpki-roots v0.22.6
[INFO] [stderr]    Compiling digest v0.8.1
[INFO] [stderr]    Compiling rand_xorshift v0.1.1
[INFO] [stderr]    Compiling rand_hc v0.1.0
[INFO] [stderr]    Compiling rand_isaac v0.1.1
[INFO] [stderr]    Compiling rand_os v0.1.3
[INFO] [stderr]    Compiling getrandom v0.2.8
[INFO] [stderr]    Compiling rand_jitter v0.1.4
[INFO] [stderr]    Compiling log v0.3.9
[INFO] [stderr]    Compiling fake-simd v0.1.2
[INFO] [stderr]    Compiling base64 v0.21.0
[INFO] [stderr]    Compiling thiserror v1.0.38
[INFO] [stderr]    Compiling percent-encoding v1.0.1
[INFO] [stderr]    Compiling opaque-debug v0.2.3
[INFO] [stderr]    Compiling safemem v0.3.3
[INFO] [stderr]    Compiling darling_core v0.14.2
[INFO] [stderr]    Compiling base64 v0.9.3
[INFO] [stderr]    Compiling sha-1 v0.8.2
[INFO] [stderr]    Compiling url v1.7.2
[INFO] [stderr]    Compiling mime v0.2.6
[INFO] [stderr]    Compiling rustls-pemfile v1.0.2
[INFO] [stderr]    Compiling rand_core v0.6.4
[INFO] [stderr]    Compiling base64 v0.10.1
[INFO] [stderr]    Compiling time v0.1.45
[INFO] [stderr]    Compiling either v1.8.0
[INFO] [stderr]    Compiling language-tags v0.2.2
[INFO] [stderr]    Compiling async-trait v0.1.61
[INFO] [stderr]    Compiling typeable v0.1.2
[INFO] [stderr]    Compiling anyhow v1.0.68
[INFO] [stderr]    Compiling encoding_rs v0.8.31
[INFO] [stderr]    Compiling traitobject v0.1.0
[INFO] [stdout] error[E0119]: conflicting implementations of trait `Trait` for type `(dyn Send + Sync + 'static)`
[INFO] [stdout]   --> /opt/rustwide/cargo-home/registry/src/index.crates.io-1949cf8c6b5b557f/traitobject-0.1.0/src/impls.rs:72:1
[INFO] [stdout]    |
[INFO] [stdout] 71 | unsafe impl Trait for ::std::marker::Send + Sync { }
[INFO] [stdout]    | ------------------------------------------------ first implementation here
[INFO] [stdout] 72 | unsafe impl Trait for ::std::marker::Send + Send + Sync { }
[INFO] [stdout]    | ^^^^^^^^^^^^^^^^^^^^^^^^^^^^^^^^^^^^^^^^^^^^^^^^^^^^^^^ conflicting implementation for `(dyn Send + Sync + 'static)`
[INFO] [stdout] 
[INFO] [stdout] 
[INFO] [stdout] error[E0119]: conflicting implementations of trait `Trait` for type `(dyn Send + Sync + 'static)`
[INFO] [stdout]   --> /opt/rustwide/cargo-home/registry/src/index.crates.io-1949cf8c6b5b557f/traitobject-0.1.0/src/impls.rs:73:1
[INFO] [stdout]    |
[INFO] [stdout] 71 | unsafe impl Trait for ::std::marker::Send + Sync { }
[INFO] [stdout]    | ------------------------------------------------ first implementation here
[INFO] [stdout] 72 | unsafe impl Trait for ::std::marker::Send + Send + Sync { }
[INFO] [stdout] 73 | unsafe impl Trait for ::std::marker::Sync + Send { }
[INFO] [stdout]    | ^^^^^^^^^^^^^^^^^^^^^^^^^^^^^^^^^^^^^^^^^^^^^^^^ conflicting implementation for `(dyn Send + Sync + 'static)`
[INFO] [stdout] 
[INFO] [stdout] 
[INFO] [stdout] error[E0119]: conflicting implementations of trait `Trait` for type `(dyn Send + Sync + 'static)`
[INFO] [stdout]   --> /opt/rustwide/cargo-home/registry/src/index.crates.io-1949cf8c6b5b557f/traitobject-0.1.0/src/impls.rs:75:1
[INFO] [stdout]    |
[INFO] [stdout] 71 | unsafe impl Trait for ::std::marker::Send + Sync { }
[INFO] [stdout]    | ------------------------------------------------ first implementation here
[INFO] [stdout] ...
[INFO] [stdout] 75 | unsafe impl Trait for ::std::marker::Sync + Send + Sync { }
[INFO] [stdout]    | ^^^^^^^^^^^^^^^^^^^^^^^^^^^^^^^^^^^^^^^^^^^^^^^^^^^^^^^ conflicting implementation for `(dyn Send + Sync + 'static)`
[INFO] [stdout] 
[INFO] [stdout] 
[INFO] [stdout] For more information about this error, try `rustc --explain E0119`.
[INFO] [stdout] 
[INFO] [stderr] error: could not compile `traitobject` (lib) due to 3 previous errors
[INFO] [stderr] warning: build failed, waiting for other jobs to finish...
[INFO] running `Command { std: "docker" "inspect" "a461204d658b8f64927c243a8892f30a37c913ec4e7178ff8256d99863f74ded", kill_on_drop: false }`
[INFO] running `Command { std: "docker" "rm" "-f" "a461204d658b8f64927c243a8892f30a37c913ec4e7178ff8256d99863f74ded", kill_on_drop: false }`
[INFO] [stdout] a461204d658b8f64927c243a8892f30a37c913ec4e7178ff8256d99863f74ded
