[INFO] cloning repository https://github.com/keerthana-ai23/filesplit
[INFO] running `Command { std: "git" "-c" "credential.helper=" "-c" "credential.helper=/workspace/cargo-home/bin/git-credential-null" "clone" "--bare" "https://github.com/keerthana-ai23/filesplit" "/workspace/cache/git-repos/https%3A%2F%2Fgithub.com%2Fkeerthana-ai23%2Ffilesplit", kill_on_drop: false }`
[INFO] [stderr] Cloning into bare repository '/workspace/cache/git-repos/https%3A%2F%2Fgithub.com%2Fkeerthana-ai23%2Ffilesplit'...
[INFO] running `Command { std: "git" "rev-parse" "HEAD", kill_on_drop: false }`
[INFO] [stdout] fa2aa0c06b07e0aa2117814268b22e442a921546
[INFO] testing keerthana-ai23/filesplit against 1.98.0-beta.1 for beta-1.98-2
[INFO] running `Command { std: "git" "clone" "/workspace/cache/git-repos/https%3A%2F%2Fgithub.com%2Fkeerthana-ai23%2Ffilesplit" "/workspace/builds/worker-6-tc2/source", kill_on_drop: false }`
[INFO] [stderr] Cloning into '/workspace/builds/worker-6-tc2/source'...
[INFO] [stderr] done.
[INFO] started tweaking git repo https://github.com/keerthana-ai23/filesplit
[INFO] finished tweaking git repo https://github.com/keerthana-ai23/filesplit
[INFO] tweaked toml for git repo https://github.com/keerthana-ai23/filesplit written to /workspace/builds/worker-6-tc2/source/Cargo.toml
[INFO] validating manifest of git repo https://github.com/keerthana-ai23/filesplit on toolchain 1.98.0-beta.1
[INFO] running `Command { std: CARGO_HOME="/workspace/cargo-home" RUSTUP_HOME="/workspace/rustup-home" "/workspace/cargo-home/bin/cargo" "+1.98.0-beta.1" "metadata" "--manifest-path" "Cargo.toml" "--no-deps", kill_on_drop: false }`
[INFO] crate git repo https://github.com/keerthana-ai23/filesplit already has a lockfile, it will not be regenerated
[INFO] running `Command { std: CARGO_HOME="/workspace/cargo-home" RUSTUP_HOME="/workspace/rustup-home" "/workspace/cargo-home/bin/cargo" "+1.98.0-beta.1" "fetch" "--manifest-path" "Cargo.toml", kill_on_drop: false }`
[INFO] running `Command { std: "docker" "create" "-v" "/var/lib/crater-agent-workspace/builds/worker-6-tc2/source:/opt/rustwide/workdir:ro,Z" "-v" "/var/lib/crater-agent-workspace/builds/worker-6-tc2/target:/opt/rustwide/target:rw,Z" "-v" "/var/lib/crater-agent-workspace/cargo-home:/opt/rustwide/cargo-home:ro,Z" "-v" "/var/lib/crater-agent-workspace/rustup-home:/opt/rustwide/rustup-home:ro,Z" "-m" "1610612736" "--network" "none" "ghcr.io/rust-lang/crates-build-env/linux@sha256:3d5ced03c013a94a2f102a4510f48a6e9184255caf5fd8244f58017bde7f5210" "sleep" "infinity", kill_on_drop: false }`
[INFO] [stdout] a4ae5f54e3e7c5b9495f7980090a63ca1fb8a794101ada63c83139f9b35511f8
[INFO] running `Command { std: "docker" "start" "a4ae5f54e3e7c5b9495f7980090a63ca1fb8a794101ada63c83139f9b35511f8", kill_on_drop: false }`
[INFO] running `Command { std: "docker" "inspect" "a4ae5f54e3e7c5b9495f7980090a63ca1fb8a794101ada63c83139f9b35511f8", kill_on_drop: false }`
[INFO] running `Command { std: "docker" "exec" "-e" "SOURCE_DIR=/opt/rustwide/workdir" "-e" "CARGO_HOME=/opt/rustwide/cargo-home" "-e" "RUSTUP_HOME=/opt/rustwide/rustup-home" "-e" "CARGO_TARGET_DIR=/opt/rustwide/target" "-w" "/opt/rustwide/workdir" "--user" "0:0" "a4ae5f54e3e7c5b9495f7980090a63ca1fb8a794101ada63c83139f9b35511f8" "/opt/rustwide/cargo-home/bin/cargo" "+1.98.0-beta.1" "metadata" "--no-deps" "--format-version=1", kill_on_drop: false }`
[INFO] running `Command { std: "docker" "inspect" "a4ae5f54e3e7c5b9495f7980090a63ca1fb8a794101ada63c83139f9b35511f8", kill_on_drop: false }`
[INFO] running `Command { std: "docker" "exec" "-e" "SOURCE_DIR=/opt/rustwide/workdir" "-e" "CARGO_HOME=/opt/rustwide/cargo-home" "-e" "RUSTUP_HOME=/opt/rustwide/rustup-home" "-e" "CARGO_TARGET_DIR=/opt/rustwide/target" "-e" "CARGO_INCREMENTAL=0" "-e" "RUST_BACKTRACE=full" "-e" "RUSTFLAGS=--cap-lints=warn" "-e" "RUSTDOCFLAGS=--cap-lints=warn" "-w" "/opt/rustwide/workdir" "--user" "0:0" "a4ae5f54e3e7c5b9495f7980090a63ca1fb8a794101ada63c83139f9b35511f8" "/opt/rustwide/cargo-home/bin/cargo" "+1.98.0-beta.1" "build" "--frozen" "--message-format=json", kill_on_drop: false }`
[INFO] [stderr]    Compiling syn v2.0.117
[INFO] [stderr]    Compiling serde_core v1.0.228
[INFO] [stderr]    Compiling once_cell v1.21.4
[INFO] [stderr]    Compiling colorchoice v1.0.5
[INFO] [stderr]    Compiling memchr v2.8.0
[INFO] [stderr]    Compiling regex-syntax v0.8.10
[INFO] [stderr]    Compiling anstyle v1.0.14
[INFO] [stderr]    Compiling hashbrown v0.17.0
[INFO] [stderr]    Compiling libm v0.2.16
[INFO] [stderr]    Compiling portable-atomic v1.13.1
[INFO] [stderr]    Compiling libc v0.2.186
[INFO] [stderr]    Compiling anstyle-parse v1.0.0
[INFO] [stderr]    Compiling zmij v1.0.21
[INFO] [stderr]    Compiling itoa v1.0.18
[INFO] [stderr]    Compiling clap_lex v1.1.0
[INFO] [stderr]    Compiling anyhow v1.0.102
[INFO] [stderr]    Compiling tracing-core v0.1.36
[INFO] [stderr]    Compiling winnow v0.7.15
[INFO] [stderr]    Compiling log v0.4.29
[INFO] [stderr]    Compiling serde_json v1.0.149
[INFO] [stderr]    Compiling thread_local v1.1.9
[INFO] [stderr]    Compiling anstream v1.0.0
[INFO] [stderr]    Compiling number_prefix v0.4.0
[INFO] [stderr]    Compiling smallvec v1.15.1
[INFO] [stderr]    Compiling nu-ansi-term v0.50.3
[INFO] [stderr]    Compiling ryu v1.0.23
[INFO] [stderr]    Compiling bytesize v1.3.3
[INFO] [stderr]    Compiling colored v3.1.1
[INFO] [stderr]    Compiling clap_builder v4.6.0
[INFO] [stderr]    Compiling csv-core v0.1.13
[INFO] [stderr]    Compiling tracing-log v0.2.0
[INFO] [stderr]    Compiling console v0.15.11
[INFO] [stderr]    Compiling indexmap v2.14.0
[INFO] [stderr]    Compiling humansize v2.1.3
[INFO] [stderr]    Compiling regex-automata v0.4.14
[INFO] [stderr]    Compiling indicatif v0.17.11
[INFO] [stderr]    Compiling csv v1.4.0
[INFO] [stderr]    Compiling matchers v0.2.0
[INFO] [stderr]    Compiling serde_derive v1.0.228
[INFO] [stderr]    Compiling tracing-attributes v0.1.31
[INFO] [stderr]    Compiling thiserror-impl v1.0.69
[INFO] [stderr]    Compiling clap_derive v4.6.1
[INFO] [stderr]    Compiling thiserror v1.0.69
[INFO] [stderr]    Compiling tracing v0.1.44
[INFO] [stderr]    Compiling tracing-subscriber v0.3.23
[INFO] [stderr]    Compiling clap v4.6.1
[INFO] [stderr]    Compiling serde v1.0.228
[INFO] [stderr]    Compiling serde_spanned v0.6.9
[INFO] [stderr]    Compiling toml_datetime v0.6.11
[INFO] [stderr]    Compiling toml_edit v0.22.27
[INFO] [stderr]    Compiling toml v0.8.23
[INFO] [stderr]    Compiling filesplit v0.1.0 (/opt/rustwide/workdir)
[INFO] [stdout] warning: unused import: `crate::format::format_bytes`
[INFO] [stdout]  --> src/report.rs:7:5
[INFO] [stdout]   |
[INFO] [stdout] 7 | use crate::format::format_bytes;
[INFO] [stdout]   |     ^^^^^^^^^^^^^^^^^^^^^^^^^^^
[INFO] [stdout]   |
[INFO] [stdout]   = note: `#[warn(unused_imports)]` (part of `#[warn(unused)]`) on by default
[INFO] [stdout] 
[INFO] [stdout] 
[INFO] [stdout] warning: variable does not need to be mutable
[INFO] [stdout]    --> src/splitter.rs:157:9
[INFO] [stdout]     |
[INFO] [stdout] 157 |     let mut open_chunk = |part: usize| -> Result<(BufWriter<File>, PathBuf)> {
[INFO] [stdout]     |         ----^^^^^^^^^^
[INFO] [stdout]     |         |
[INFO] [stdout]     |         help: remove this `mut`
[INFO] [stdout]     |
[INFO] [stdout]     = note: `#[warn(unused_mut)]` (part of `#[warn(unused)]`) on by default
[INFO] [stdout] 
[INFO] [stdout] 
[INFO] [stdout] warning: value assigned to `current_writer` is never read
[INFO] [stdout]    --> src/splitter.rs:151:55
[INFO] [stdout]     |
[INFO] [stdout] 151 |     let mut current_writer: Option<BufWriter<File>> = None;
[INFO] [stdout]     |                                                       ^^^^ this value is reassigned later and never used
[INFO] [stdout] ...
[INFO] [stdout] 230 |             current_writer = Some(w);
[INFO] [stdout]     |             -------------- `current_writer` is overwritten here before the previous value is read
[INFO] [stdout]     |
[INFO] [stdout]     = note: `#[warn(unused_assignments)]` (part of `#[warn(unused)]`) on by default
[INFO] [stdout] 
[INFO] [stdout] 
[INFO] [stdout] warning: value assigned to `current_path` is never read
[INFO] [stdout]    --> src/splitter.rs:154:28
[INFO] [stdout]     |
[INFO] [stdout] 154 |     let mut current_path = PathBuf::new();
[INFO] [stdout]     |                            ^^^^^^^^^^^^^^ this value is reassigned later and never used
[INFO] [stdout] ...
[INFO] [stdout] 231 |             current_path = p;
[INFO] [stdout]     |             ------------ `current_path` is overwritten here before the previous value is read
[INFO] [stdout] 
[INFO] [stdout] 
[INFO] [stdout] warning: struct `Config` is never constructed
[INFO] [stdout]  --> src/config.rs:5:12
[INFO] [stdout]   |
[INFO] [stdout] 5 | pub struct Config {
[INFO] [stdout]   |            ^^^^^^
[INFO] [stdout]   |
[INFO] [stdout]   = note: `#[warn(dead_code)]` (part of `#[warn(unused)]`) on by default
[INFO] [stdout] 
[INFO] [stdout] 
[INFO] [stdout] warning: associated function `load` is never used
[INFO] [stdout]   --> src/config.rs:13:12
[INFO] [stdout]    |
[INFO] [stdout] 12 | impl Config {
[INFO] [stdout]    | ----------- associated function in this implementation
[INFO] [stdout] 13 |     pub fn load(path: &str) -> Self {
[INFO] [stdout]    |            ^^^^
[INFO] [stdout] 
[INFO] [stdout] 
[INFO] [stderr]     Finished `dev` profile [unoptimized + debuginfo] target(s) in 32.86s
[INFO] running `Command { std: "docker" "inspect" "a4ae5f54e3e7c5b9495f7980090a63ca1fb8a794101ada63c83139f9b35511f8", kill_on_drop: false }`
[INFO] running `Command { std: "docker" "exec" "-e" "SOURCE_DIR=/opt/rustwide/workdir" "-e" "CARGO_HOME=/opt/rustwide/cargo-home" "-e" "RUSTUP_HOME=/opt/rustwide/rustup-home" "-e" "CARGO_TARGET_DIR=/opt/rustwide/target" "-e" "CARGO_INCREMENTAL=0" "-e" "RUST_BACKTRACE=full" "-e" "RUSTFLAGS=--cap-lints=warn" "-e" "RUSTDOCFLAGS=--cap-lints=warn" "-w" "/opt/rustwide/workdir" "--user" "0:0" "a4ae5f54e3e7c5b9495f7980090a63ca1fb8a794101ada63c83139f9b35511f8" "/opt/rustwide/cargo-home/bin/cargo" "+1.98.0-beta.1" "test" "--frozen" "--no-run" "--message-format=json", kill_on_drop: false }`
[INFO] [stderr]    Compiling serde_core v1.0.228
[INFO] [stderr]    Compiling serde v1.0.228
[INFO] [stderr]    Compiling zerocopy v0.8.48
[INFO] [stderr]    Compiling regex-automata v0.4.14
[INFO] [stderr]    Compiling num-traits v0.2.19
[INFO] [stderr]    Compiling either v1.15.0
[INFO] [stderr]    Compiling crossbeam-epoch v0.9.18
[INFO] [stderr]    Compiling zerocopy-derive v0.8.48
[INFO] [stderr]    Compiling rayon-core v1.13.0
[INFO] [stderr]    Compiling plotters-backend v0.3.7
[INFO] [stderr]    Compiling rustix v1.1.4
[INFO] [stderr]    Compiling getrandom v0.4.2
[INFO] [stderr]    Compiling ciborium-io v0.2.2
[INFO] [stderr]    Compiling bitflags v2.11.1
[INFO] [stderr]    Compiling cast v0.3.0
[INFO] [stderr]    Compiling linux-raw-sys v0.12.1
[INFO] [stderr]    Compiling is-terminal v0.4.17
[INFO] [stderr]    Compiling anes v0.1.6
[INFO] [stderr]    Compiling oorandom v11.1.5
[INFO] [stderr]    Compiling itertools v0.10.5
[INFO] [stderr]    Compiling fastrand v2.4.1
[INFO] [stderr]    Compiling plotters-svg v0.3.7
[INFO] [stderr]    Compiling crossbeam-deque v0.8.6
[INFO] [stderr]    Compiling rayon v1.12.0
[INFO] [stderr]    Compiling plotters v0.3.7
[INFO] [stderr]    Compiling criterion-plot v0.5.0
[INFO] [stderr]    Compiling tempfile v3.27.0
[INFO] [stderr]    Compiling matchers v0.2.0
[INFO] [stderr]    Compiling regex v1.12.3
[INFO] [stderr]    Compiling tracing-subscriber v0.3.23
[INFO] [stderr]    Compiling serde_json v1.0.149
[INFO] [stderr]    Compiling csv v1.4.0
[INFO] [stderr]    Compiling serde_spanned v0.6.9
[INFO] [stderr]    Compiling toml_datetime v0.6.11
[INFO] [stderr]    Compiling tinytemplate v1.2.1
[INFO] [stderr]    Compiling toml_edit v0.22.27
[INFO] [stderr]    Compiling half v2.7.1
[INFO] [stderr]    Compiling ciborium-ll v0.2.2
[INFO] [stderr]    Compiling ciborium v0.2.2
[INFO] [stderr]    Compiling criterion v0.5.1
[INFO] [stderr]    Compiling toml v0.8.23
[INFO] [stderr]    Compiling filesplit v0.1.0 (/opt/rustwide/workdir)
[INFO] [stdout] warning: unused import: `crate::format::format_bytes`
[INFO] [stdout]  --> src/report.rs:7:5
[INFO] [stdout]   |
[INFO] [stdout] 7 | use crate::format::format_bytes;
[INFO] [stdout]   |     ^^^^^^^^^^^^^^^^^^^^^^^^^^^
[INFO] [stdout]   |
[INFO] [stdout]   = note: `#[warn(unused_imports)]` (part of `#[warn(unused)]`) on by default
[INFO] [stdout] 
[INFO] [stdout] 
[INFO] [stdout] warning: variable does not need to be mutable
[INFO] [stdout]    --> src/splitter.rs:157:9
[INFO] [stdout]     |
[INFO] [stdout] 157 |     let mut open_chunk = |part: usize| -> Result<(BufWriter<File>, PathBuf)> {
[INFO] [stdout]     |         ----^^^^^^^^^^
[INFO] [stdout]     |         |
[INFO] [stdout]     |         help: remove this `mut`
[INFO] [stdout]     |
[INFO] [stdout]     = note: `#[warn(unused_mut)]` (part of `#[warn(unused)]`) on by default
[INFO] [stdout] 
[INFO] [stdout] 
[INFO] [stdout] warning: value assigned to `current_writer` is never read
[INFO] [stdout]    --> src/splitter.rs:151:55
[INFO] [stdout]     |
[INFO] [stdout] 151 |     let mut current_writer: Option<BufWriter<File>> = None;
[INFO] [stdout]     |                                                       ^^^^ this value is reassigned later and never used
[INFO] [stdout] ...
[INFO] [stdout] 230 |             current_writer = Some(w);
[INFO] [stdout]     |             -------------- `current_writer` is overwritten here before the previous value is read
[INFO] [stdout]     |
[INFO] [stdout]     = note: `#[warn(unused_assignments)]` (part of `#[warn(unused)]`) on by default
[INFO] [stdout] 
[INFO] [stdout] 
[INFO] [stdout] warning: value assigned to `current_path` is never read
[INFO] [stdout]    --> src/splitter.rs:154:28
[INFO] [stdout]     |
[INFO] [stdout] 154 |     let mut current_path = PathBuf::new();
[INFO] [stdout]     |                            ^^^^^^^^^^^^^^ this value is reassigned later and never used
[INFO] [stdout] ...
[INFO] [stdout] 231 |             current_path = p;
[INFO] [stdout]     |             ------------ `current_path` is overwritten here before the previous value is read
[INFO] [stdout] 
[INFO] [stdout] 
[INFO] [stdout] warning: struct `Config` is never constructed
[INFO] [stdout]  --> src/config.rs:5:12
[INFO] [stdout]   |
[INFO] [stdout] 5 | pub struct Config {
[INFO] [stdout]   |            ^^^^^^
[INFO] [stdout]   |
[INFO] [stdout]   = note: `#[warn(dead_code)]` (part of `#[warn(unused)]`) on by default
[INFO] [stdout] 
[INFO] [stdout] 
[INFO] [stdout] warning: associated function `load` is never used
[INFO] [stdout]   --> src/config.rs:13:12
[INFO] [stdout]    |
[INFO] [stdout] 12 | impl Config {
[INFO] [stdout]    | ----------- associated function in this implementation
[INFO] [stdout] 13 |     pub fn load(path: &str) -> Self {
[INFO] [stdout]    |            ^^^^
[INFO] [stdout] 
[INFO] [stdout] 
[INFO] [stdout] error[E0433]: cannot find module or crate `filesplit` in this scope
[INFO] [stdout]    --> tests/integration_tests.rs:279:9
[INFO] [stdout]     |
[INFO] [stdout] 279 |     use filesplit::format::parse_size;
[INFO] [stdout]     |         ^^^^^^^^^ use of unresolved module or unlinked crate `filesplit`
[INFO] [stdout]     |
[INFO] [stdout]     = help: if you wanted to use a crate named `filesplit`, use `cargo add filesplit` to add it to your `Cargo.toml`
[INFO] [stdout] 
[INFO] [stdout] 
[INFO] [stdout] warning: unused import: `crate::format::format_bytes`
[INFO] [stdout]  --> src/report.rs:7:5
[INFO] [stdout]   |
[INFO] [stdout] 7 | use crate::format::format_bytes;
[INFO] [stdout]   |     ^^^^^^^^^^^^^^^^^^^^^^^^^^^
[INFO] [stdout]   |
[INFO] [stdout]   = note: `#[warn(unused_imports)]` (part of `#[warn(unused)]`) on by default
[INFO] [stdout] 
[INFO] [stdout] 
[INFO] [stdout] error[E0433]: cannot find module or crate `filesplit` in this scope
[INFO] [stdout]   --> tests/integration_tests.rs:96:15
[INFO] [stdout]    |
[INFO] [stdout] 96 |     let cli = filesplit::cli::Cli {
[INFO] [stdout]    |               ^^^^^^^^^ use of unresolved module or unlinked crate `filesplit`
[INFO] [stdout]    |
[INFO] [stdout]    = help: if you wanted to use a crate named `filesplit`, use `cargo add filesplit` to add it to your `Cargo.toml`
[INFO] [stdout] 
[INFO] [stdout] 
[INFO] [stdout] error[E0433]: cannot find module or crate `filesplit` in this scope
[INFO] [stdout]    --> tests/integration_tests.rs:100:17
[INFO] [stdout]     |
[INFO] [stdout] 100 |         format: filesplit::cli::FileFormat::Csv,
[INFO] [stdout]     |                 ^^^^^^^^^ use of unresolved module or unlinked crate `filesplit`
[INFO] [stdout]     |
[INFO] [stdout]     = help: if you wanted to use a crate named `filesplit`, use `cargo add filesplit` to add it to your `Cargo.toml`
[INFO] [stdout] 
[INFO] [stdout] 
[INFO] [stdout] error[E0433]: cannot find module or crate `filesplit` in this scope
[INFO] [stdout]    --> tests/integration_tests.rs:112:19
[INFO] [stdout]     |
[INFO] [stdout] 112 |     let summary = filesplit::splitter::run(cli).unwrap();
[INFO] [stdout]     |                   ^^^^^^^^^ use of unresolved module or unlinked crate `filesplit`
[INFO] [stdout]     |
[INFO] [stdout]     = help: if you wanted to use a crate named `filesplit`, use `cargo add filesplit` to add it to your `Cargo.toml`
[INFO] [stdout] 
[INFO] [stdout] 
[INFO] [stdout] error[E0433]: cannot find module or crate `filesplit` in this scope
[INFO] [stdout]    --> tests/integration_tests.rs:150:15
[INFO] [stdout]     |
[INFO] [stdout] 150 |     let cli = filesplit::cli::Cli {
[INFO] [stdout]     |               ^^^^^^^^^ use of unresolved module or unlinked crate `filesplit`
[INFO] [stdout]     |
[INFO] [stdout]     = help: if you wanted to use a crate named `filesplit`, use `cargo add filesplit` to add it to your `Cargo.toml`
[INFO] [stdout] 
[INFO] [stdout] 
[INFO] [stdout] error[E0433]: cannot find module or crate `filesplit` in this scope
[INFO] [stdout]    --> tests/integration_tests.rs:154:17
[INFO] [stdout]     |
[INFO] [stdout] 154 |         format: filesplit::cli::FileFormat::Csv,
[INFO] [stdout]     |                 ^^^^^^^^^ use of unresolved module or unlinked crate `filesplit`
[INFO] [stdout]     |
[INFO] [stdout]     = help: if you wanted to use a crate named `filesplit`, use `cargo add filesplit` to add it to your `Cargo.toml`
[INFO] [stdout] 
[INFO] [stdout] 
[INFO] [stdout] error[E0433]: cannot find module or crate `filesplit` in this scope
[INFO] [stdout]    --> tests/integration_tests.rs:166:19
[INFO] [stdout]     |
[INFO] [stdout] 166 |     let summary = filesplit::splitter::run(cli).unwrap();
[INFO] [stdout]     |                   ^^^^^^^^^ use of unresolved module or unlinked crate `filesplit`
[INFO] [stdout]     |
[INFO] [stdout]     = help: if you wanted to use a crate named `filesplit`, use `cargo add filesplit` to add it to your `Cargo.toml`
[INFO] [stdout] 
[INFO] [stdout] 
[INFO] [stdout] error[E0433]: cannot find module or crate `filesplit` in this scope
[INFO] [stdout]    --> tests/integration_tests.rs:197:15
[INFO] [stdout]     |
[INFO] [stdout] 197 |     let cli = filesplit::cli::Cli {
[INFO] [stdout]     |               ^^^^^^^^^ use of unresolved module or unlinked crate `filesplit`
[INFO] [stdout]     |
[INFO] [stdout]     = help: if you wanted to use a crate named `filesplit`, use `cargo add filesplit` to add it to your `Cargo.toml`
[INFO] [stdout] 
[INFO] [stdout] 
[INFO] [stdout] error[E0433]: cannot find module or crate `filesplit` in this scope
[INFO] [stdout]    --> tests/integration_tests.rs:201:17
[INFO] [stdout]     |
[INFO] [stdout] 201 |         format: filesplit::cli::FileFormat::Text,
[INFO] [stdout]     |                 ^^^^^^^^^ use of unresolved module or unlinked crate `filesplit`
[INFO] [stdout]     |
[INFO] [stdout]     = help: if you wanted to use a crate named `filesplit`, use `cargo add filesplit` to add it to your `Cargo.toml`
[INFO] [stdout] 
[INFO] [stdout] 
[INFO] [stdout] error[E0433]: cannot find module or crate `filesplit` in this scope
[INFO] [stdout]    --> tests/integration_tests.rs:213:19
[INFO] [stdout]     |
[INFO] [stdout] 213 |     let summary = filesplit::splitter::run(cli).unwrap();
[INFO] [stdout]     |                   ^^^^^^^^^ use of unresolved module or unlinked crate `filesplit`
[INFO] [stdout]     |
[INFO] [stdout]     = help: if you wanted to use a crate named `filesplit`, use `cargo add filesplit` to add it to your `Cargo.toml`
[INFO] [stdout] 
[INFO] [stdout] 
[INFO] [stdout] error[E0433]: cannot find module or crate `filesplit` in this scope
[INFO] [stdout]    --> tests/integration_tests.rs:242:15
[INFO] [stdout]     |
[INFO] [stdout] 242 |     let cli = filesplit::cli::Cli {
[INFO] [stdout]     |               ^^^^^^^^^ use of unresolved module or unlinked crate `filesplit`
[INFO] [stdout]     |
[INFO] [stdout]     = help: if you wanted to use a crate named `filesplit`, use `cargo add filesplit` to add it to your `Cargo.toml`
[INFO] [stdout] 
[INFO] [stdout] 
[INFO] [stdout] error[E0433]: cannot find module or crate `filesplit` in this scope
[INFO] [stdout]    --> tests/integration_tests.rs:246:17
[INFO] [stdout]     |
[INFO] [stdout] 246 |         format: filesplit::cli::FileFormat::Csv,
[INFO] [stdout]     |                 ^^^^^^^^^ use of unresolved module or unlinked crate `filesplit`
[INFO] [stdout]     |
[INFO] [stdout]     = help: if you wanted to use a crate named `filesplit`, use `cargo add filesplit` to add it to your `Cargo.toml`
[INFO] [stdout] 
[INFO] [stdout] 
[INFO] [stdout] error[E0433]: cannot find module or crate `filesplit` in this scope
[INFO] [stdout]    --> tests/integration_tests.rs:258:19
[INFO] [stdout]     |
[INFO] [stdout] 258 |     let summary = filesplit::splitter::run(cli).unwrap();
[INFO] [stdout]     |                   ^^^^^^^^^ use of unresolved module or unlinked crate `filesplit`
[INFO] [stdout]     |
[INFO] [stdout]     = help: if you wanted to use a crate named `filesplit`, use `cargo add filesplit` to add it to your `Cargo.toml`
[INFO] [stdout] 
[INFO] [stdout] 
[INFO] [stdout] error[E0433]: cannot find module or crate `filesplit` in this scope
[INFO] [stdout]    --> tests/integration_tests.rs:295:15
[INFO] [stdout]     |
[INFO] [stdout] 295 |     let cli = filesplit::cli::Cli {
[INFO] [stdout]     |               ^^^^^^^^^ use of unresolved module or unlinked crate `filesplit`
[INFO] [stdout]     |
[INFO] [stdout]     = help: if you wanted to use a crate named `filesplit`, use `cargo add filesplit` to add it to your `Cargo.toml`
[INFO] [stdout] 
[INFO] [stdout] 
[INFO] [stdout] error[E0433]: cannot find module or crate `filesplit` in this scope
[INFO] [stdout]    --> tests/integration_tests.rs:299:17
[INFO] [stdout]     |
[INFO] [stdout] 299 |         format: filesplit::cli::FileFormat::Csv,
[INFO] [stdout]     |                 ^^^^^^^^^ use of unresolved module or unlinked crate `filesplit`
[INFO] [stdout]     |
[INFO] [stdout]     = help: if you wanted to use a crate named `filesplit`, use `cargo add filesplit` to add it to your `Cargo.toml`
[INFO] [stdout] 
[INFO] [stdout] 
[INFO] [stdout] error[E0433]: cannot find module or crate `filesplit` in this scope
[INFO] [stdout]    --> tests/integration_tests.rs:311:5
[INFO] [stdout]     |
[INFO] [stdout] 311 |     filesplit::splitter::run(cli).unwrap();
[INFO] [stdout]     |     ^^^^^^^^^ use of unresolved module or unlinked crate `filesplit`
[INFO] [stdout]     |
[INFO] [stdout]     = help: if you wanted to use a crate named `filesplit`, use `cargo add filesplit` to add it to your `Cargo.toml`
[INFO] [stdout] 
[INFO] [stdout] 
[INFO] [stdout] For more information about this error, try `rustc --explain E0433`.
[INFO] [stdout] 
[INFO] [stdout] warning: variable does not need to be mutable
[INFO] [stdout]    --> src/splitter.rs:157:9
[INFO] [stdout]     |
[INFO] [stdout] 157 |     let mut open_chunk = |part: usize| -> Result<(BufWriter<File>, PathBuf)> {
[INFO] [stdout]     |         ----^^^^^^^^^^
[INFO] [stdout]     |         |
[INFO] [stdout]     |         help: remove this `mut`
[INFO] [stdout]     |
[INFO] [stdout]     = note: `#[warn(unused_mut)]` (part of `#[warn(unused)]`) on by default
[INFO] [stdout] 
[INFO] [stdout] 
[INFO] [stdout] warning: value assigned to `current_writer` is never read
[INFO] [stdout]    --> src/splitter.rs:151:55
[INFO] [stdout]     |
[INFO] [stdout] 151 |     let mut current_writer: Option<BufWriter<File>> = None;
[INFO] [stdout]     |                                                       ^^^^ this value is reassigned later and never used
[INFO] [stdout] ...
[INFO] [stdout] 230 |             current_writer = Some(w);
[INFO] [stdout]     |             -------------- `current_writer` is overwritten here before the previous value is read
[INFO] [stdout]     |
[INFO] [stdout]     = note: `#[warn(unused_assignments)]` (part of `#[warn(unused)]`) on by default
[INFO] [stdout] 
[INFO] [stdout] 
[INFO] [stderr] error: could not compile `filesplit` (test "integration_tests") due to 16 previous errors
[INFO] [stderr] warning: build failed, waiting for other jobs to finish...
[INFO] [stdout] warning: value assigned to `current_path` is never read
[INFO] [stdout]    --> src/splitter.rs:154:28
[INFO] [stdout]     |
[INFO] [stdout] 154 |     let mut current_path = PathBuf::new();
[INFO] [stdout]     |                            ^^^^^^^^^^^^^^ this value is reassigned later and never used
[INFO] [stdout] ...
[INFO] [stdout] 231 |             current_path = p;
[INFO] [stdout]     |             ------------ `current_path` is overwritten here before the previous value is read
[INFO] [stdout] 
[INFO] [stdout] 
[INFO] [stdout] warning: struct `Config` is never constructed
[INFO] [stdout]  --> src/config.rs:5:12
[INFO] [stdout]   |
[INFO] [stdout] 5 | pub struct Config {
[INFO] [stdout]   |            ^^^^^^
[INFO] [stdout]   |
[INFO] [stdout]   = note: `#[warn(dead_code)]` (part of `#[warn(unused)]`) on by default
[INFO] [stdout] 
[INFO] [stdout] 
[INFO] [stdout] warning: associated function `load` is never used
[INFO] [stdout]   --> src/config.rs:13:12
[INFO] [stdout]    |
[INFO] [stdout] 12 | impl Config {
[INFO] [stdout]    | ----------- associated function in this implementation
[INFO] [stdout] 13 |     pub fn load(path: &str) -> Self {
[INFO] [stdout]    |            ^^^^
[INFO] [stdout] 
[INFO] [stdout] 
[INFO] running `Command { std: "docker" "inspect" "a4ae5f54e3e7c5b9495f7980090a63ca1fb8a794101ada63c83139f9b35511f8", kill_on_drop: false }`
[INFO] running `Command { std: "docker" "rm" "-f" "a4ae5f54e3e7c5b9495f7980090a63ca1fb8a794101ada63c83139f9b35511f8", kill_on_drop: false }`
[INFO] [stdout] a4ae5f54e3e7c5b9495f7980090a63ca1fb8a794101ada63c83139f9b35511f8
