[INFO] cloning repository https://github.com/karstenes/snes_disassembler
[INFO] running `Command { std: "git" "-c" "credential.helper=" "-c" "credential.helper=/workspace/cargo-home/bin/git-credential-null" "clone" "--bare" "https://github.com/karstenes/snes_disassembler" "/workspace/cache/git-repos/https%3A%2F%2Fgithub.com%2Fkarstenes%2Fsnes_disassembler", kill_on_drop: false }`
[INFO] [stderr] Cloning into bare repository '/workspace/cache/git-repos/https%3A%2F%2Fgithub.com%2Fkarstenes%2Fsnes_disassembler'...
[INFO] running `Command { std: "git" "rev-parse" "HEAD", kill_on_drop: false }`
[INFO] [stdout] b2e75c62b895905a881540b5058a25df36ce2454
[INFO] testing karstenes/snes_disassembler against 1.98.0-beta.1 for beta-1.98-2
[INFO] running `Command { std: "git" "clone" "/workspace/cache/git-repos/https%3A%2F%2Fgithub.com%2Fkarstenes%2Fsnes_disassembler" "/workspace/builds/worker-5-tc2/source", kill_on_drop: false }`
[INFO] [stderr] Cloning into '/workspace/builds/worker-5-tc2/source'...
[INFO] [stderr] done.
[INFO] started tweaking git repo https://github.com/karstenes/snes_disassembler
[INFO] finished tweaking git repo https://github.com/karstenes/snes_disassembler
[INFO] tweaked toml for git repo https://github.com/karstenes/snes_disassembler written to /workspace/builds/worker-5-tc2/source/Cargo.toml
[INFO] validating manifest of git repo https://github.com/karstenes/snes_disassembler on toolchain 1.98.0-beta.1
[INFO] running `Command { std: CARGO_HOME="/workspace/cargo-home" RUSTUP_HOME="/workspace/rustup-home" "/workspace/cargo-home/bin/cargo" "+1.98.0-beta.1" "metadata" "--manifest-path" "Cargo.toml" "--no-deps", kill_on_drop: false }`
[INFO] crate git repo https://github.com/karstenes/snes_disassembler already has a lockfile, it will not be regenerated
[INFO] running `Command { std: CARGO_HOME="/workspace/cargo-home" RUSTUP_HOME="/workspace/rustup-home" "/workspace/cargo-home/bin/cargo" "+1.98.0-beta.1" "fetch" "--manifest-path" "Cargo.toml", kill_on_drop: false }`
[INFO] running `Command { std: "docker" "create" "-v" "/var/lib/crater-agent-workspace/builds/worker-5-tc2/source:/opt/rustwide/workdir:ro,Z" "-v" "/var/lib/crater-agent-workspace/builds/worker-5-tc2/target:/opt/rustwide/target:rw,Z" "-v" "/var/lib/crater-agent-workspace/cargo-home:/opt/rustwide/cargo-home:ro,Z" "-v" "/var/lib/crater-agent-workspace/rustup-home:/opt/rustwide/rustup-home:ro,Z" "-m" "1610612736" "--network" "none" "ghcr.io/rust-lang/crates-build-env/linux@sha256:3d5ced03c013a94a2f102a4510f48a6e9184255caf5fd8244f58017bde7f5210" "sleep" "infinity", kill_on_drop: false }`
[INFO] [stdout] d29a1158735a7caca36f1115ffe40fc4f9a66f32c769b6f113cb6af0580cdb57
[INFO] running `Command { std: "docker" "start" "d29a1158735a7caca36f1115ffe40fc4f9a66f32c769b6f113cb6af0580cdb57", kill_on_drop: false }`
[INFO] running `Command { std: "docker" "inspect" "d29a1158735a7caca36f1115ffe40fc4f9a66f32c769b6f113cb6af0580cdb57", kill_on_drop: false }`
[INFO] running `Command { std: "docker" "exec" "-e" "SOURCE_DIR=/opt/rustwide/workdir" "-e" "CARGO_HOME=/opt/rustwide/cargo-home" "-e" "RUSTUP_HOME=/opt/rustwide/rustup-home" "-e" "CARGO_TARGET_DIR=/opt/rustwide/target" "-w" "/opt/rustwide/workdir" "--user" "0:0" "d29a1158735a7caca36f1115ffe40fc4f9a66f32c769b6f113cb6af0580cdb57" "/opt/rustwide/cargo-home/bin/cargo" "+1.98.0-beta.1" "metadata" "--no-deps" "--format-version=1", kill_on_drop: false }`
[INFO] running `Command { std: "docker" "inspect" "d29a1158735a7caca36f1115ffe40fc4f9a66f32c769b6f113cb6af0580cdb57", kill_on_drop: false }`
[INFO] running `Command { std: "docker" "exec" "-e" "SOURCE_DIR=/opt/rustwide/workdir" "-e" "CARGO_HOME=/opt/rustwide/cargo-home" "-e" "RUSTUP_HOME=/opt/rustwide/rustup-home" "-e" "CARGO_TARGET_DIR=/opt/rustwide/target" "-e" "CARGO_INCREMENTAL=0" "-e" "RUST_BACKTRACE=full" "-e" "RUSTFLAGS=--cap-lints=warn" "-e" "RUSTDOCFLAGS=--cap-lints=warn" "-w" "/opt/rustwide/workdir" "--user" "0:0" "d29a1158735a7caca36f1115ffe40fc4f9a66f32c769b6f113cb6af0580cdb57" "/opt/rustwide/cargo-home/bin/cargo" "+1.98.0-beta.1" "build" "--frozen" "--message-format=json", kill_on_drop: false }`
[INFO] [stderr]    Compiling crossbeam-utils v0.8.21
[INFO] [stderr]    Compiling libc v0.2.174
[INFO] [stderr]    Compiling tracing-core v0.1.34
[INFO] [stderr]    Compiling hashbrown v0.15.4
[INFO] [stderr]    Compiling thread_local v1.1.9
[INFO] [stderr]    Compiling owo-colors v4.2.2
[INFO] [stderr]    Compiling object v0.36.7
[INFO] [stderr]    Compiling winnow v0.7.12
[INFO] [stderr]    Compiling lock_api v0.4.13
[INFO] [stderr]    Compiling rayon-core v1.12.1
[INFO] [stderr]    Compiling eyre v0.6.12
[INFO] [stderr]    Compiling memchr v2.7.5
[INFO] [stderr]    Compiling color-spantrace v0.3.0
[INFO] [stderr]    Compiling gimli v0.31.1
[INFO] [stderr]    Compiling tracing-subscriber v0.3.19
[INFO] [stderr]    Compiling tracing v0.1.41
[INFO] [stderr]    Compiling crossbeam-epoch v0.9.18
[INFO] [stderr]    Compiling indexmap v2.10.0
[INFO] [stderr]    Compiling crossbeam-deque v0.8.6
[INFO] [stderr]    Compiling miniz_oxide v0.8.9
[INFO] [stderr]    Compiling syn v2.0.104
[INFO] [stderr]    Compiling indenter v0.3.3
[INFO] [stderr]    Compiling rustc-demangle v0.1.25
[INFO] [stderr]    Compiling parking_lot_core v0.9.11
[INFO] [stderr]    Compiling tracing-error v0.2.1
[INFO] [stderr]    Compiling toml_edit v0.22.27
[INFO] [stderr]    Compiling crossbeam-queue v0.3.12
[INFO] [stderr]    Compiling crossbeam-channel v0.5.15
[INFO] [stderr]    Compiling either v1.15.0
[INFO] [stderr]    Compiling parking_lot v0.12.4
[INFO] [stderr]    Compiling addr2line v0.24.2
[INFO] [stderr]    Compiling rayon v1.10.0
[INFO] [stderr]    Compiling crossbeam v0.8.4
[INFO] [stderr]    Compiling proc-macro-crate v3.3.0
[INFO] [stderr]    Compiling num_enum_derive v0.7.4
[INFO] [stderr]    Compiling backtrace v0.3.75
[INFO] [stderr]    Compiling num_enum v0.7.4
[INFO] [stderr]    Compiling color-eyre v0.6.5
[INFO] [stderr]    Compiling snes_disassembler v0.1.0 (/opt/rustwide/workdir)
[INFO] [stdout] error: expected `;`, found `}`
[INFO] [stdout]     --> src/cpu.rs:1397:7
[INFO] [stdout]      |
[INFO] [stdout] 1397 |     })
[INFO] [stdout]      |       ^ help: add `;` here
[INFO] [stdout] 1398 | }
[INFO] [stdout]      | - unexpected token
[INFO] [stdout] 
[INFO] [stdout] 
[INFO] [stdout] error[E0308]: mismatched types
[INFO] [stdout]     --> src/cpu.rs:1287:64
[INFO] [stdout]      |
[INFO] [stdout] 1287 | pub fn decode_instruction_noaddr(instruction: u8, loc: u32) -> Result<DisassemblyContext> {
[INFO] [stdout]      |        -------------------------                               ^^^^^^^^^^^^^^^^^^^^^^^^^^ expected `Result<DisassemblyContext, Report>`, found `()`
[INFO] [stdout]      |        |
[INFO] [stdout]      |        implicitly returns `()` as its body has no tail or `return` expression
[INFO] [stdout]      |
[INFO] [stdout]      = note:   expected enum `Result<DisassemblyContext, ErrReport>`
[INFO] [stdout]              found unit type `()`
[INFO] [stdout] help: consider returning the local binding `size`
[INFO] [stdout]      |
[INFO] [stdout] 1397 ~     })
[INFO] [stdout] 1398 +     size
[INFO] [stdout]      |
[INFO] [stdout] 
[INFO] [stdout] 
[INFO] [stdout] error[E0063]: missing fields `is_root`, `is_subroutine`, `parent` and 4 other fields in initializer of `Job`
[INFO] [stdout]    --> src/main.rs:115:17
[INFO] [stdout]     |
[INFO] [stdout] 115 |     sender.send(Job {});
[INFO] [stdout]     |                 ^^^ missing `is_root`, `is_subroutine`, `parent` and 4 other fields
[INFO] [stdout] 
[INFO] [stdout] 
[INFO] [stdout] error[E0004]: non-exhaustive patterns: `cpu::OpCode::ADC`, `cpu::OpCode::AND`, `cpu::OpCode::ASL` and 84 more not covered
[INFO] [stdout]   --> src/main.rs:56:52
[INFO] [stdout]    |
[INFO] [stdout] 56 |         let (status_stack_new, status_new) = match context.opcode {
[INFO] [stdout]    |                                                    ^^^^^^^^^^^^^^ patterns `cpu::OpCode::ADC`, `cpu::OpCode::AND`, `cpu::OpCode::ASL` and 84 more not covered
[INFO] [stdout]    |
[INFO] [stdout] note: `cpu::OpCode` defined here
[INFO] [stdout]   --> src/cpu.rs:74:10
[INFO] [stdout]    |
[INFO] [stdout] 74 | pub enum OpCode {
[INFO] [stdout]    |          ^^^^^^
[INFO] [stdout] 75 |     ADC,
[INFO] [stdout]    |     --- not covered
[INFO] [stdout] 76 |     AND,
[INFO] [stdout]    |     --- not covered
[INFO] [stdout] 77 |     ASL,
[INFO] [stdout]    |     --- not covered
[INFO] [stdout] 78 |     BCC,
[INFO] [stdout]    |     --- not covered
[INFO] [stdout] 79 |     BCS,
[INFO] [stdout]    |     --- not covered
[INFO] [stdout]    = note: the matched value is of type `cpu::OpCode`
[INFO] [stdout] help: ensure that all possible cases are being handled by adding a match arm with a wildcard pattern as shown, or multiple match arms
[INFO] [stdout]    |
[INFO] [stdout] 95 ~             },
[INFO] [stdout] 96 +             _ => todo!()
[INFO] [stdout]    |
[INFO] [stdout] 
[INFO] [stdout] 
[INFO] [stdout] Some errors have detailed explanations: E0004, E0063, E0308.
[INFO] [stdout] 
[INFO] [stdout] For more information about an error, try `rustc --explain E0004`.
[INFO] [stdout] 
[INFO] [stderr] error: could not compile `snes_disassembler` (bin "snes_disassembler") due to 4 previous errors
[INFO] running `Command { std: "docker" "inspect" "d29a1158735a7caca36f1115ffe40fc4f9a66f32c769b6f113cb6af0580cdb57", kill_on_drop: false }`
[INFO] running `Command { std: "docker" "rm" "-f" "d29a1158735a7caca36f1115ffe40fc4f9a66f32c769b6f113cb6af0580cdb57", kill_on_drop: false }`
[INFO] [stdout] d29a1158735a7caca36f1115ffe40fc4f9a66f32c769b6f113cb6af0580cdb57
