[INFO] cloning repository https://github.com/karchx/spotifyarch
[INFO] running `Command { std: "git" "-c" "credential.helper=" "-c" "credential.helper=/workspace/cargo-home/bin/git-credential-null" "clone" "--bare" "https://github.com/karchx/spotifyarch" "/workspace/cache/git-repos/https%3A%2F%2Fgithub.com%2Fkarchx%2Fspotifyarch", kill_on_drop: false }`
[INFO] [stderr] Cloning into bare repository '/workspace/cache/git-repos/https%3A%2F%2Fgithub.com%2Fkarchx%2Fspotifyarch'...
[INFO] running `Command { std: "git" "rev-parse" "HEAD", kill_on_drop: false }`
[INFO] [stdout] 811d481e459615b3770cb19662dcffec3b214118
[INFO] testing karchx/spotifyarch against 1.98.0-beta.1 for beta-1.98-2
[INFO] running `Command { std: "git" "clone" "/workspace/cache/git-repos/https%3A%2F%2Fgithub.com%2Fkarchx%2Fspotifyarch" "/workspace/builds/worker-4-tc2/source", kill_on_drop: false }`
[INFO] [stderr] Cloning into '/workspace/builds/worker-4-tc2/source'...
[INFO] [stderr] done.
[INFO] started tweaking git repo https://github.com/karchx/spotifyarch
[INFO] finished tweaking git repo https://github.com/karchx/spotifyarch
[INFO] tweaked toml for git repo https://github.com/karchx/spotifyarch written to /workspace/builds/worker-4-tc2/source/Cargo.toml
[INFO] validating manifest of git repo https://github.com/karchx/spotifyarch on toolchain 1.98.0-beta.1
[INFO] running `Command { std: CARGO_HOME="/workspace/cargo-home" RUSTUP_HOME="/workspace/rustup-home" "/workspace/cargo-home/bin/cargo" "+1.98.0-beta.1" "metadata" "--manifest-path" "Cargo.toml" "--no-deps", kill_on_drop: false }`
[INFO] crate git repo https://github.com/karchx/spotifyarch already has a lockfile, it will not be regenerated
[INFO] running `Command { std: CARGO_HOME="/workspace/cargo-home" RUSTUP_HOME="/workspace/rustup-home" "/workspace/cargo-home/bin/cargo" "+1.98.0-beta.1" "fetch" "--manifest-path" "Cargo.toml", kill_on_drop: false }`
[INFO] [stderr]     Blocking waiting for file lock on package cache
[INFO] running `Command { std: "docker" "create" "-v" "/var/lib/crater-agent-workspace/builds/worker-4-tc2/source:/opt/rustwide/workdir:ro,Z" "-v" "/var/lib/crater-agent-workspace/builds/worker-4-tc2/target:/opt/rustwide/target:rw,Z" "-v" "/var/lib/crater-agent-workspace/cargo-home:/opt/rustwide/cargo-home:ro,Z" "-v" "/var/lib/crater-agent-workspace/rustup-home:/opt/rustwide/rustup-home:ro,Z" "-m" "1610612736" "--network" "none" "ghcr.io/rust-lang/crates-build-env/linux@sha256:3d5ced03c013a94a2f102a4510f48a6e9184255caf5fd8244f58017bde7f5210" "sleep" "infinity", kill_on_drop: false }`
[INFO] [stdout] a54bb042ca6385fa3eba935ed99fd5f2dfccb22344b6e043cb8a8a4dedb6c630
[INFO] running `Command { std: "docker" "start" "a54bb042ca6385fa3eba935ed99fd5f2dfccb22344b6e043cb8a8a4dedb6c630", kill_on_drop: false }`
[INFO] running `Command { std: "docker" "inspect" "a54bb042ca6385fa3eba935ed99fd5f2dfccb22344b6e043cb8a8a4dedb6c630", kill_on_drop: false }`
[INFO] running `Command { std: "docker" "exec" "-e" "SOURCE_DIR=/opt/rustwide/workdir" "-e" "CARGO_HOME=/opt/rustwide/cargo-home" "-e" "RUSTUP_HOME=/opt/rustwide/rustup-home" "-e" "CARGO_TARGET_DIR=/opt/rustwide/target" "-w" "/opt/rustwide/workdir" "--user" "0:0" "a54bb042ca6385fa3eba935ed99fd5f2dfccb22344b6e043cb8a8a4dedb6c630" "/opt/rustwide/cargo-home/bin/cargo" "+1.98.0-beta.1" "metadata" "--no-deps" "--format-version=1", kill_on_drop: false }`
[INFO] running `Command { std: "docker" "inspect" "a54bb042ca6385fa3eba935ed99fd5f2dfccb22344b6e043cb8a8a4dedb6c630", kill_on_drop: false }`
[INFO] running `Command { std: "docker" "exec" "-e" "SOURCE_DIR=/opt/rustwide/workdir" "-e" "CARGO_HOME=/opt/rustwide/cargo-home" "-e" "RUSTUP_HOME=/opt/rustwide/rustup-home" "-e" "CARGO_TARGET_DIR=/opt/rustwide/target" "-e" "CARGO_INCREMENTAL=0" "-e" "RUST_BACKTRACE=full" "-e" "RUSTFLAGS=--cap-lints=warn" "-e" "RUSTDOCFLAGS=--cap-lints=warn" "-w" "/opt/rustwide/workdir" "--user" "0:0" "a54bb042ca6385fa3eba935ed99fd5f2dfccb22344b6e043cb8a8a4dedb6c630" "/opt/rustwide/cargo-home/bin/cargo" "+1.98.0-beta.1" "build" "--frozen" "--message-format=json", kill_on_drop: false }`
[INFO] [stderr]    Compiling proc-macro2 v1.0.69
[INFO] [stderr]    Compiling unicode-ident v1.0.12
[INFO] [stderr]    Compiling libc v0.2.149
[INFO] [stderr]    Compiling once_cell v1.18.0
[INFO] [stderr]    Compiling lock_api v0.4.10
[INFO] [stderr]    Compiling pin-project-lite v0.2.13
[INFO] [stderr]    Compiling log v0.4.20
[INFO] [stderr]    Compiling futures-core v0.3.28
[INFO] [stderr]    Compiling parking_lot_core v0.9.8
[INFO] [stderr]    Compiling smallvec v1.11.1
[INFO] [stderr]    Compiling bytes v1.5.0
[INFO] [stderr]    Compiling serde v1.0.188
[INFO] [stderr]    Compiling generic-array v0.14.7
[INFO] [stderr]    Compiling futures-sink v0.3.28
[INFO] [stderr]    Compiling itoa v1.0.9
[INFO] [stderr]    Compiling slab v0.4.9
[INFO] [stderr]    Compiling futures-task v0.3.28
[INFO] [stderr]    Compiling futures-channel v0.3.28
[INFO] [stderr]    Compiling futures-util v0.3.28
[INFO] [stderr]    Compiling tracing-core v0.1.31
[INFO] [stderr]    Compiling pkg-config v0.3.27
[INFO] [stderr]    Compiling futures-io v0.3.28
[INFO] [stderr]    Compiling memchr v2.6.4
[INFO] [stderr]    Compiling iana-time-zone v0.1.57
[INFO] [stderr]    Compiling ahash v0.8.6
[INFO] [stderr]    Compiling num-traits v0.2.17
[INFO] [stderr]    Compiling bitflags v2.4.0
[INFO] [stderr]    Compiling protobuf v2.28.0
[INFO] [stderr]    Compiling thiserror v1.0.49
[INFO] [stderr]    Compiling openssl v0.10.57
[INFO] [stderr]    Compiling zerocopy v0.7.26
[INFO] [stderr]    Compiling http v0.2.9
[INFO] [stderr]    Compiling tinyvec v1.6.0
[INFO] [stderr]    Compiling want v0.3.1
[INFO] [stderr]    Compiling native-tls v0.2.11
[INFO] [stderr]    Compiling ryu v1.0.15
[INFO] [stderr]    Compiling percent-encoding v2.3.0
[INFO] [stderr]    Compiling semver v1.0.20
[INFO] [stderr]    Compiling allocator-api2 v0.2.16
[INFO] [stderr]    Compiling serde_json v1.0.107
[INFO] [stderr]    Compiling cpufeatures v0.2.9
[INFO] [stderr]    Compiling quote v1.0.33
[INFO] [stderr]    Compiling crossbeam-utils v0.8.16
[INFO] [stderr]    Compiling signal-hook-registry v1.4.1
[INFO] [stderr]    Compiling mio v0.8.8
[INFO] [stderr]    Compiling socket2 v0.5.4
[INFO] [stderr]    Compiling syn v2.0.38
[INFO] [stderr]    Compiling num_cpus v1.16.0
[INFO] [stderr]    Compiling cc v1.0.83
[INFO] [stderr]    Compiling getrandom v0.2.10
[INFO] [stderr]    Compiling crypto-common v0.1.6
[INFO] [stderr]    Compiling block-buffer v0.10.4
[INFO] [stderr]    Compiling socket2 v0.4.9
[INFO] [stderr]    Compiling parking_lot v0.12.1
[INFO] [stderr]    Compiling rustversion v1.0.14
[INFO] [stderr]    Compiling digest v0.10.7
[INFO] [stderr]    Compiling hashbrown v0.14.1
[INFO] [stderr]    Compiling chrono v0.4.31
[INFO] [stderr]    Compiling form_urlencoded v1.2.0
[INFO] [stderr]    Compiling openssl-probe v0.1.5
[INFO] [stderr]    Compiling unicode-bidi v0.3.13
[INFO] [stderr]    Compiling base64 v0.21.4
[INFO] [stderr]    Compiling either v1.9.0
[INFO] [stderr]    Compiling unicode-normalization v0.1.22
[INFO] [stderr]    Compiling rand_core v0.6.4
[INFO] [stderr]    Compiling http-body v0.4.5
[INFO] [stderr]    Compiling memoffset v0.9.0
[INFO] [stderr]    Compiling signal-hook v0.3.17
[INFO] [stderr]    Compiling rand_chacha v0.3.1
[INFO] [stderr]    Compiling digest v0.9.0
[INFO] [stderr]    Compiling num-integer v0.1.45
[INFO] [stderr]    Compiling rustc_version v0.4.0
[INFO] [stderr]    Compiling crossbeam-epoch v0.9.15
[INFO] [stderr]    Compiling utf8parse v0.2.1
[INFO] [stderr]    Compiling bitflags v1.3.2
[INFO] [stderr]    Compiling opaque-debug v0.3.0
[INFO] [stderr]    Compiling async-trait v0.1.73
[INFO] [stderr]    Compiling glob v0.3.1
[INFO] [stderr]    Compiling rand v0.8.5
[INFO] [stderr]    Compiling crypto-mac v0.11.1
[INFO] [stderr]    Compiling openssl-sys v0.9.93
[INFO] [stderr]    Compiling indexmap v2.0.2
[INFO] [stderr]    Compiling anstyle-parse v0.2.2
[INFO] [stderr]    Compiling idna v0.4.0
[INFO] [stderr]    Compiling syn v1.0.109
[INFO] [stderr]    Compiling headers-core v0.2.0
[INFO] [stderr]    Compiling sha1 v0.10.6
[INFO] [stderr]    Compiling cipher v0.2.5
[INFO] [stderr]    Compiling encoding_rs v0.8.33
[INFO] [stderr]    Compiling priority-queue v1.3.2
[INFO] [stderr]    Compiling num-bigint v0.4.4
[INFO] [stderr]    Compiling crossbeam-queue v0.3.8
[INFO] [stderr]    Compiling regex-syntax v0.8.0
[INFO] [stderr]    Compiling anstyle-query v1.0.0
[INFO] [stderr]    Compiling anstyle v1.0.4
[INFO] [stderr]    Compiling colorchoice v1.0.0
[INFO] [stderr]    Compiling paste v1.0.14
[INFO] [stderr]    Compiling ipnet v2.8.0
[INFO] [stderr]    Compiling anyhow v1.0.75
[INFO] [stderr]    Compiling winnow v0.5.16
[INFO] [stderr]    Compiling vergen v3.2.0
[INFO] [stderr]    Compiling anstream v0.6.4
[INFO] [stderr]    Compiling regex-automata v0.1.10
[INFO] [stderr]    Compiling aes-soft v0.6.4
[INFO] [stderr]    Compiling signal-hook-mio v0.2.3
[INFO] [stderr]    Compiling headers v0.3.9
[INFO] [stderr]    Compiling url v2.4.1
[INFO] [stderr]    Compiling librespot-core v0.4.2
[INFO] [stderr]    Compiling hmac v0.11.0
[INFO] [stderr]    Compiling block-buffer v0.9.0
[INFO] [stderr]    Compiling option-ext v0.2.0
[INFO] [stderr]    Compiling clap_lex v0.5.1
[INFO] [stderr]    Compiling shannon v0.2.0
[INFO] [stderr]    Compiling dirs-sys v0.4.1
[INFO] [stderr]    Compiling sha-1 v0.9.8
[INFO] [stderr]    Compiling pbkdf2 v0.8.0
[INFO] [stderr]    Compiling clap_builder v4.4.6
[INFO] [stderr]    Compiling crossbeam-deque v0.8.3
[INFO] [stderr]    Compiling matchers v0.1.0
[INFO] [stderr]    Compiling aes v0.6.0
[INFO] [stderr]    Compiling crossterm v0.27.0
[INFO] [stderr]    Compiling sharded-slab v0.1.7
[INFO] [stderr]    Compiling tracing-log v0.1.3
[INFO] [stderr]    Compiling crossbeam-channel v0.5.8
[INFO] [stderr]    Compiling lru v0.12.0
[INFO] [stderr]    Compiling itertools v0.11.0
[INFO] [stderr]    Compiling sha2 v0.10.8
[INFO] [stderr]    Compiling uuid v1.4.1
[INFO] [stderr]    Compiling nanorand v0.7.0
[INFO] [stderr]    Compiling rtoolbox v0.0.1
[INFO] [stderr]    Compiling regex-automata v0.4.1
[INFO] [stderr]    Compiling spin v0.9.8
[INFO] [stderr]    Compiling thread_local v1.1.7
[INFO] [stderr]    Compiling cassowary v0.3.0
[INFO] [stderr]    Compiling unicode-width v0.1.11
[INFO] [stderr]    Compiling indoc v2.0.4
[INFO] [stderr]    Compiling rspotify-macros v0.12.0
[INFO] [stderr]    Compiling unicode-segmentation v1.10.1
[INFO] [stderr]    Compiling rpassword v7.2.0
[INFO] [stderr]    Compiling flume v0.11.0
[INFO] [stderr]    Compiling crossbeam v0.8.2
[INFO] [stderr]    Compiling dirs v5.0.1
[INFO] [stderr]    Compiling protobuf-codegen v2.28.0
[INFO] [stderr]    Compiling serde_derive v1.0.188
[INFO] [stderr]    Compiling tokio-macros v2.1.0
[INFO] [stderr]    Compiling futures-macro v0.3.28
[INFO] [stderr]    Compiling tracing-attributes v0.1.26
[INFO] [stderr]    Compiling openssl-macros v0.1.1
[INFO] [stderr]    Compiling thiserror-impl v1.0.49
[INFO] [stderr]    Compiling strum_macros v0.25.2
[INFO] [stderr]    Compiling enum_dispatch v0.3.12
[INFO] [stderr]    Compiling async-stream-impl v0.3.5
[INFO] [stderr]    Compiling tokio v1.33.0
[INFO] [stderr]    Compiling async-stream v0.3.5
[INFO] [stderr]    Compiling protobuf-codegen-pure v2.28.0
[INFO] [stderr]    Compiling config_parser_derive v0.1.3
[INFO] [stderr]    Compiling regex v1.10.0
[INFO] [stderr]    Compiling clap_derive v4.4.2
[INFO] [stderr]    Compiling strum v0.25.0
[INFO] [stderr]    Compiling tracing v0.1.37
[INFO] [stderr]    Compiling ratatui v0.24.0
[INFO] [stderr]    Compiling tracing-subscriber v0.3.17
[INFO] [stderr]    Compiling maybe-async v0.2.7
[INFO] [stderr]    Compiling clap v4.4.6
[INFO] [stderr]    Compiling librespot-protocol v0.4.2
[INFO] [stderr]    Compiling futures-executor v0.3.28
[INFO] [stderr]    Compiling futures v0.3.28
[INFO] [stderr]    Compiling toml_datetime v0.6.3
[INFO] [stderr]    Compiling serde_spanned v0.6.3
[INFO] [stderr]    Compiling serde_urlencoded v0.7.1
[INFO] [stderr]    Compiling toml_edit v0.20.2
[INFO] [stderr]    Compiling tokio-util v0.7.9
[INFO] [stderr]    Compiling tokio-native-tls v0.3.1
[INFO] [stderr]    Compiling tokio-socks v0.5.1
[INFO] [stderr]    Compiling tokio-stream v0.1.14
[INFO] [stderr]    Compiling h2 v0.3.21
[INFO] [stderr]    Compiling rspotify-model v0.12.0
[INFO] [stderr]    Compiling toml v0.8.2
[INFO] [stderr]    Compiling config_parser2 v0.1.5
[INFO] [stderr]    Compiling hyper v0.14.27
[INFO] [stderr]    Compiling hyper-tls v0.5.0
[INFO] [stderr]    Compiling hyper-proxy v0.9.1
[INFO] [stderr]    Compiling reqwest v0.11.22
[INFO] [stderr]    Compiling rspotify-http v0.12.0
[INFO] [stderr]    Compiling rspotify v0.12.0
[INFO] [stderr]    Compiling spotifyarch v0.1.0 (/opt/rustwide/workdir)
[INFO] [stdout] error[E0425]: cannot find type `PlayerState` in this scope
[INFO] [stdout]   --> src/state/mod.rs:17:24
[INFO] [stdout]    |
[INFO] [stdout] 17 |     pub player: RwLock<PlayerState>,
[INFO] [stdout]    |                        ^^^^^^^^^^^
[INFO] [stdout]    |
[INFO] [stdout]   ::: src/state/ui/page.rs:6:1
[INFO] [stdout]    |
[INFO] [stdout]  6 | pub enum PageState {
[INFO] [stdout]    | ------------------ similarly named enum `PageState` defined here
[INFO] [stdout]    |
[INFO] [stdout] help: an enum with a similar name exists
[INFO] [stdout]    |
[INFO] [stdout] 17 -     pub player: RwLock<PlayerState>,
[INFO] [stdout] 17 +     pub player: RwLock<PageState>,
[INFO] [stdout]    |
[INFO] [stdout] help: you might be missing a type parameter
[INFO] [stdout]    |
[INFO] [stdout] 16 | pub struct State<PlayerState> {
[INFO] [stdout]    |                 +++++++++++++
[INFO] [stdout] 
[INFO] [stdout] 
[INFO] [stdout] error[E0423]: expected value, found module `config`
[INFO] [stdout]   --> src/state/mod.rs:29:38
[INFO] [stdout]    |
[INFO] [stdout] 29 |         let app_data = AppData::new(&config.cache_folder);
[INFO] [stdout]    |                                      ^^^^^^
[INFO] [stdout]    |
[INFO] [stdout] help: use the path separator to refer to an item
[INFO] [stdout]    |
[INFO] [stdout] 29 -         let app_data = AppData::new(&config.cache_folder);
[INFO] [stdout] 29 +         let app_data = AppData::new(&config::cache_folder);
[INFO] [stdout]    |
[INFO] [stdout] help: a local variable with a similar name exists
[INFO] [stdout]    |
[INFO] [stdout] 29 |         let app_data = AppData::new(&configs.cache_folder);
[INFO] [stdout]    |                                            +
[INFO] [stdout] 
[INFO] [stdout] 
[INFO] [stdout] error[E0433]: cannot find `Configs` in `state`
[INFO] [stdout]   --> src/main.rs:73:26
[INFO] [stdout]    |
[INFO] [stdout] 73 |     let configs = state::Configs::new(&config_folder, &cache_folder)?;
[INFO] [stdout]    |                          ^^^^^^^ could not find `Configs` in `state`
[INFO] [stdout]    |
[INFO] [stdout] help: consider importing this struct
[INFO] [stdout]    |
[INFO] [stdout] 11 + use crate::config::Configs;
[INFO] [stdout]    |
[INFO] [stdout] help: if you import `Configs`, refer to it directly
[INFO] [stdout]    |
[INFO] [stdout] 73 -     let configs = state::Configs::new(&config_folder, &cache_folder)?;
[INFO] [stdout] 73 +     let configs = Configs::new(&config_folder, &cache_folder)?;
[INFO] [stdout]    |
[INFO] [stdout] 
[INFO] [stdout] 
[INFO] [stdout] warning: unexpected `cfg` condition value: `streaming`
[INFO] [stdout]   --> src/client/mod.rs:38:15
[INFO] [stdout]    |
[INFO] [stdout] 38 |         #[cfg(feature = "streaming")]
[INFO] [stdout]    |               ^^^^^^^^^^^^^^^^^^^^^
[INFO] [stdout]    |
[INFO] [stdout]    = note: expected values for `feature` are: `librespot-connect` and `librespot-playback`
[INFO] [stdout]    = help: consider adding `streaming` as a feature in `Cargo.toml`
[INFO] [stdout]    = note: see <https://doc.rust-lang.org/nightly/rustc/check-cfg/cargo-specifics.html> for more information about checking conditional configuration
[INFO] [stdout]    = note: `#[warn(unexpected_cfgs)]` on by default
[INFO] [stdout] 
[INFO] [stdout] 
[INFO] [stdout] warning: unused import: `anyhow::Result`
[INFO] [stdout]  --> src/state/mod.rs:5:5
[INFO] [stdout]   |
[INFO] [stdout] 5 | use anyhow::Result;
[INFO] [stdout]   |     ^^^^^^^^^^^^^^
[INFO] [stdout]   |
[INFO] [stdout]   = note: `#[warn(unused_imports)]` (part of `#[warn(unused)]`) on by default
[INFO] [stdout] 
[INFO] [stdout] 
[INFO] [stdout] warning: unexpected `cfg` condition value: `streaming`
[INFO] [stdout]   --> src/state/mod.rs:39:11
[INFO] [stdout]    |
[INFO] [stdout] 39 |     #[cfg(feature = "streaming")]
[INFO] [stdout]    |           ^^^^^^^^^^^^^^^^^^^^^
[INFO] [stdout]    |
[INFO] [stdout]    = note: expected values for `feature` are: `librespot-connect` and `librespot-playback`
[INFO] [stdout]    = help: consider adding `streaming` as a feature in `Cargo.toml`
[INFO] [stdout]    = note: see <https://doc.rust-lang.org/nightly/rustc/check-cfg/cargo-specifics.html> for more information about checking conditional configuration
[INFO] [stdout] 
[INFO] [stdout] 
[INFO] [stdout] warning: unused import: `utils::construct_and_render_block`
[INFO] [stdout]   --> src/ui/page.rs:10:13
[INFO] [stdout]    |
[INFO] [stdout] 10 | use super::{utils::construct_and_render_block, *};
[INFO] [stdout]    |             ^^^^^^^^^^^^^^^^^^^^^^^^^^^^^^^^^
[INFO] [stdout] 
[INFO] [stdout] 
[INFO] [stdout] error[E0599]: no method named `retrieve_current_playback` found for reference `&client::Client` in the current scope
[INFO] [stdout]   --> src/client/mod.rs:43:14
[INFO] [stdout]    |
[INFO] [stdout] 43 |         self.retrieve_current_playback(state, false).await?;
[INFO] [stdout]    |              ^^^^^^^^^^^^^^^^^^^^^^^^^ method not found in `&client::Client`
[INFO] [stdout] 
[INFO] [stdout] 
[INFO] [stdout] error[E0599]: no method named `connect_device` found for struct `client::Client` in the current scope
[INFO] [stdout]   --> src/client/mod.rs:53:28
[INFO] [stdout]    |
[INFO] [stdout] 17 | pub struct Client {
[INFO] [stdout]    | ----------------- method `connect_device` not found for this struct
[INFO] [stdout] ...
[INFO] [stdout] 53 |                     client.connect_device(&state).await;
[INFO] [stdout]    |                            ^^^^^^^^^^^^^^ method not found in `client::Client`
[INFO] [stdout] 
[INFO] [stdout] 
[INFO] [stdout] error[E0609]: no field `configs` on type `&Arc<State>`
[INFO] [stdout]   --> src/auth.rs:29:43
[INFO] [stdout]    |
[INFO] [stdout] 29 |         let cache = Cache::new(Some(state.configs.cache_folder.clone()), None, None, None)?;
[INFO] [stdout]    |                                           ^^^^^^^ unknown field
[INFO] [stdout]    |
[INFO] [stdout]    = note: available fields are: `player`, `data`, `ui`, `is_daemon`
[INFO] [stdout] 
[INFO] [stdout] 
[INFO] [stdout] error[E0609]: no field `configs` on type `&Arc<State>`
[INFO] [stdout]   --> src/auth.rs:33:35
[INFO] [stdout]    |
[INFO] [stdout] 33 |             session_config: state.configs.app_config.session_config(),
[INFO] [stdout]    |                                   ^^^^^^^ unknown field
[INFO] [stdout]    |
[INFO] [stdout]    = note: available fields are: `player`, `data`, `ui`, `is_daemon`
[INFO] [stdout] 
[INFO] [stdout] 
[INFO] [stdout] error[E0599]: no associated function or constant named `new` found for struct `data::AppData` in the current scope
[INFO] [stdout]   --> src/state/mod.rs:29:33
[INFO] [stdout]    |
[INFO] [stdout] 29 |         let app_data = AppData::new(&config.cache_folder);
[INFO] [stdout]    |                                 ^^^ associated function or constant not found in `data::AppData`
[INFO] [stdout]    |
[INFO] [stdout]   ::: src/state/data.rs:6:1
[INFO] [stdout]    |
[INFO] [stdout]  6 | pub struct AppData {
[INFO] [stdout]    | ------------------ associated function or constant `new` not found for this struct
[INFO] [stdout]    |
[INFO] [stdout]    = help: items from traits can only be used if the trait is implemented and in scope
[INFO] [stdout]    = note: the following traits define an item `new`, perhaps you need to implement one of them:
[INFO] [stdout]            candidate #1: `cipher::block::NewBlockCipher`
[INFO] [stdout]            candidate #2: `cipher::stream::NewStreamCipher`
[INFO] [stdout]            candidate #3: `crypto_common::KeyInit`
[INFO] [stdout]            candidate #4: `crypto_common::KeyIvInit`
[INFO] [stdout]            candidate #5: `crypto_mac::NewMac`
[INFO] [stdout]            candidate #6: `digest::VariableOutput`
[INFO] [stdout]            candidate #7: `digest::core_api::VariableOutputCore`
[INFO] [stdout]            candidate #8: `digest::digest::Digest`
[INFO] [stdout]            candidate #9: `digest::digest::Digest`
[INFO] [stdout]            candidate #10: `digest::variable::VariableOutput`
[INFO] [stdout]            candidate #11: `digest::variable::VariableOutputDirty`
[INFO] [stdout]            candidate #12: `parking_lot_core::thread_parker::ThreadParkerT`
[INFO] [stdout]            candidate #13: `protobuf::message::Message`
[INFO] [stdout]            candidate #14: `rand::distributions::uniform::UniformSampler`
[INFO] [stdout]            candidate #15: `typenum::marker_traits::Bit`
[INFO] [stdout] 
[INFO] [stdout] 
[INFO] [stdout] error[E0433]: cannot find type `PlayerState` in this scope
[INFO] [stdout]   --> src/state/mod.rs:33:33
[INFO] [stdout]    |
[INFO] [stdout] 33 |             player: RwLock::new(PlayerState::default()), // TODO: player state implementation
[INFO] [stdout]    |                                 ^^^^^^^^^^^ use of undeclared type `PlayerState`
[INFO] [stdout]    |
[INFO] [stdout] help: an enum with a similar name exists
[INFO] [stdout]    |
[INFO] [stdout] 33 -             player: RwLock::new(PlayerState::default()), // TODO: player state implementation
[INFO] [stdout] 33 +             player: RwLock::new(PageState::default()), // TODO: player state implementation
[INFO] [stdout]    |
[INFO] [stdout] 
[INFO] [stdout] 
[INFO] [stdout] error[E0609]: no field `configs` on type `&Arc<State>`
[INFO] [stdout]   --> src/ui/playback.rs:34:32
[INFO] [stdout]    |
[INFO] [stdout] 34 |     let playback_width = state.configs.app_config.playback_window_width;
[INFO] [stdout]    |                                ^^^^^^^ unknown field
[INFO] [stdout]    |
[INFO] [stdout]    = note: available fields are: `player`, `data`, `ui`, `is_daemon`
[INFO] [stdout] 
[INFO] [stdout] 
[INFO] [stdout] error[E0609]: no field `configs` on type `Arc<State>`
[INFO] [stdout]   --> src/ui/mod.rs:16:70
[INFO] [stdout]    |
[INFO] [stdout] 16 |     let ui_refresh_duration = std::time::Duration::from_millis(state.configs.app_config.app_refresh_duration_in_ms);
[INFO] [stdout]    |                                                                      ^^^^^^^ unknown field
[INFO] [stdout]    |
[INFO] [stdout]    = note: available fields are: `player`, `data`, `ui`, `is_daemon`
[INFO] [stdout] 
[INFO] [stdout] 
[INFO] [stdout] error[E0609]: no field `configs` on type `Arc<State>`
[INFO] [stdout]   --> src/main.rs:34:15
[INFO] [stdout]    |
[INFO] [stdout] 34 |         state.configs.app_config.client_id.clone(),
[INFO] [stdout]    |               ^^^^^^^ unknown field
[INFO] [stdout]    |
[INFO] [stdout]    = note: available fields are: `player`, `data`, `ui`, `is_daemon`
[INFO] [stdout] 
[INFO] [stdout] 
[INFO] [stdout] warning: unused variable: `len`
[INFO] [stdout]  --> src/ui/utils.rs:8:72
[INFO] [stdout]   |
[INFO] [stdout] 8 | pub fn render_list_window(frame: &mut Frame, widget: List, rect: Rect, len: usize, state: &mut ListState) {
[INFO] [stdout]   |                                                                        ^^^ help: if this is intentional, prefix it with an underscore: `_len`
[INFO] [stdout]   |
[INFO] [stdout]   = note: `#[warn(unused_variables)]` (part of `#[warn(unused)]`) on by default
[INFO] [stdout] 
[INFO] [stdout] 
[INFO] [stdout] warning: unused variable: `playback_rect`
[INFO] [stdout]   --> src/ui/mod.rs:52:10
[INFO] [stdout]    |
[INFO] [stdout] 52 |     let (playback_rect, rect) = playback::split_rect_for_playback_window(rect, state);
[INFO] [stdout]    |          ^^^^^^^^^^^^^ help: if this is intentional, prefix it with an underscore: `_playback_rect`
[INFO] [stdout] 
[INFO] [stdout] 
[INFO] [stderr] error: could not compile `spotifyarch` (bin "spotifyarch") due to 12 previous errors; 6 warnings emitted
[INFO] [stdout] Some errors have detailed explanations: E0423, E0425, E0433, E0599, E0609.
[INFO] [stdout] 
[INFO] [stdout] For more information about an error, try `rustc --explain E0423`.
[INFO] [stdout] 
[INFO] running `Command { std: "docker" "inspect" "a54bb042ca6385fa3eba935ed99fd5f2dfccb22344b6e043cb8a8a4dedb6c630", kill_on_drop: false }`
[INFO] running `Command { std: "docker" "rm" "-f" "a54bb042ca6385fa3eba935ed99fd5f2dfccb22344b6e043cb8a8a4dedb6c630", kill_on_drop: false }`
[INFO] [stdout] a54bb042ca6385fa3eba935ed99fd5f2dfccb22344b6e043cb8a8a4dedb6c630
