[INFO] cloning repository https://github.com/kairusds/Hachimi-Experiment
[INFO] running `Command { std: "git" "-c" "credential.helper=" "-c" "credential.helper=/workspace/cargo-home/bin/git-credential-null" "clone" "--bare" "https://github.com/kairusds/Hachimi-Experiment" "/workspace/cache/git-repos/https%3A%2F%2Fgithub.com%2Fkairusds%2FHachimi-Experiment", kill_on_drop: false }`
[INFO] [stderr] Cloning into bare repository '/workspace/cache/git-repos/https%3A%2F%2Fgithub.com%2Fkairusds%2FHachimi-Experiment'...
[INFO] running `Command { std: "git" "rev-parse" "HEAD", kill_on_drop: false }`
[INFO] [stdout] 35c6f8d75e03ac34d8a2936cd0f3ba55a3de8c3b
[INFO] testing kairusds/Hachimi-Experiment against 1.98.0-beta.1 for beta-1.98-2
[INFO] running `Command { std: "git" "clone" "/workspace/cache/git-repos/https%3A%2F%2Fgithub.com%2Fkairusds%2FHachimi-Experiment" "/workspace/builds/worker-1-tc2/source", kill_on_drop: false }`
[INFO] [stderr] Cloning into '/workspace/builds/worker-1-tc2/source'...
[INFO] [stderr] done.
[INFO] started tweaking git repo https://github.com/kairusds/Hachimi-Experiment
[INFO] finished tweaking git repo https://github.com/kairusds/Hachimi-Experiment
[INFO] tweaked toml for git repo https://github.com/kairusds/Hachimi-Experiment written to /workspace/builds/worker-1-tc2/source/Cargo.toml
[INFO] validating manifest of git repo https://github.com/kairusds/Hachimi-Experiment on toolchain 1.98.0-beta.1
[INFO] running `Command { std: CARGO_HOME="/workspace/cargo-home" RUSTUP_HOME="/workspace/rustup-home" "/workspace/cargo-home/bin/cargo" "+1.98.0-beta.1" "metadata" "--manifest-path" "Cargo.toml" "--no-deps", kill_on_drop: false }`
[INFO] crate git repo https://github.com/kairusds/Hachimi-Experiment already has a lockfile, it will not be regenerated
[INFO] running `Command { std: CARGO_HOME="/workspace/cargo-home" RUSTUP_HOME="/workspace/rustup-home" "/workspace/cargo-home/bin/cargo" "+1.98.0-beta.1" "fetch" "--manifest-path" "Cargo.toml", kill_on_drop: false }`
[INFO] running `Command { std: "docker" "create" "-v" "/var/lib/crater-agent-workspace/builds/worker-1-tc2/source:/opt/rustwide/workdir:ro,Z" "-v" "/var/lib/crater-agent-workspace/builds/worker-1-tc2/target:/opt/rustwide/target:rw,Z" "-v" "/var/lib/crater-agent-workspace/cargo-home:/opt/rustwide/cargo-home:ro,Z" "-v" "/var/lib/crater-agent-workspace/rustup-home:/opt/rustwide/rustup-home:ro,Z" "-m" "1610612736" "--network" "none" "ghcr.io/rust-lang/crates-build-env/linux@sha256:3d5ced03c013a94a2f102a4510f48a6e9184255caf5fd8244f58017bde7f5210" "sleep" "infinity", kill_on_drop: false }`
[INFO] [stdout] cce340e4751ed87afb2493431fb2f2d02e684052f620e8617dffb37d72fe34bd
[INFO] running `Command { std: "docker" "start" "cce340e4751ed87afb2493431fb2f2d02e684052f620e8617dffb37d72fe34bd", kill_on_drop: false }`
[INFO] running `Command { std: "docker" "inspect" "cce340e4751ed87afb2493431fb2f2d02e684052f620e8617dffb37d72fe34bd", kill_on_drop: false }`
[INFO] running `Command { std: "docker" "exec" "-e" "SOURCE_DIR=/opt/rustwide/workdir" "-e" "CARGO_HOME=/opt/rustwide/cargo-home" "-e" "RUSTUP_HOME=/opt/rustwide/rustup-home" "-e" "CARGO_TARGET_DIR=/opt/rustwide/target" "-w" "/opt/rustwide/workdir" "--user" "0:0" "cce340e4751ed87afb2493431fb2f2d02e684052f620e8617dffb37d72fe34bd" "/opt/rustwide/cargo-home/bin/cargo" "+1.98.0-beta.1" "metadata" "--no-deps" "--format-version=1", kill_on_drop: false }`
[INFO] running `Command { std: "docker" "inspect" "cce340e4751ed87afb2493431fb2f2d02e684052f620e8617dffb37d72fe34bd", kill_on_drop: false }`
[INFO] running `Command { std: "docker" "exec" "-e" "SOURCE_DIR=/opt/rustwide/workdir" "-e" "CARGO_HOME=/opt/rustwide/cargo-home" "-e" "RUSTUP_HOME=/opt/rustwide/rustup-home" "-e" "CARGO_TARGET_DIR=/opt/rustwide/target" "-e" "CARGO_INCREMENTAL=0" "-e" "RUST_BACKTRACE=full" "-e" "RUSTFLAGS=--cap-lints=warn" "-e" "RUSTDOCFLAGS=--cap-lints=warn" "-w" "/opt/rustwide/workdir" "--user" "0:0" "cce340e4751ed87afb2493431fb2f2d02e684052f620e8617dffb37d72fe34bd" "/opt/rustwide/cargo-home/bin/cargo" "+1.98.0-beta.1" "build" "--frozen" "--message-format=json", kill_on_drop: false }`
[INFO] [stderr]    Compiling proc-macro2 v1.0.103
[INFO] [stderr]    Compiling quote v1.0.42
[INFO] [stderr]    Compiling unicode-ident v1.0.22
[INFO] [stderr]    Compiling memchr v2.7.6
[INFO] [stderr]    Compiling serde_core v1.0.228
[INFO] [stderr]    Compiling cfg-if v1.0.4
[INFO] [stderr]    Compiling serde v1.0.228
[INFO] [stderr]    Compiling libc v0.2.177
[INFO] [stderr]    Compiling equivalent v1.0.2
[INFO] [stderr]    Compiling hashbrown v0.16.1
[INFO] [stderr]    Compiling regex-syntax v0.8.8
[INFO] [stderr]    Compiling log v0.4.30
[INFO] [stderr]    Compiling itoa v1.0.15
[INFO] [stderr]    Compiling find-msvc-tools v0.1.4
[INFO] [stderr]    Compiling cc v1.2.45
[INFO] [stderr]    Compiling indexmap v2.12.0
[INFO] [stderr]    Compiling syn v2.0.109
[INFO] [stderr]    Compiling aho-corasick v1.1.4
[INFO] [stderr]    Compiling crossbeam-utils v0.8.21
[INFO] [stderr]    Compiling same-file v1.0.6
[INFO] [stderr]    Compiling once_cell v1.21.3
[INFO] [stderr]    Compiling walkdir v2.5.0
[INFO] [stderr]    Compiling crossbeam-epoch v0.9.20
[INFO] [stderr]    Compiling bstr v1.12.1
[INFO] [stderr]    Compiling simd-adler32 v0.3.7
[INFO] [stderr]    Compiling ryu v1.0.20
[INFO] [stderr]    Compiling toml_write v0.1.2
[INFO] [stderr]    Compiling winnow v0.7.13
[INFO] [stderr]    Compiling siphasher v1.0.1
[INFO] [stderr]    Compiling crc32fast v1.5.0
[INFO] [stderr]    Compiling adler2 v2.0.1
[INFO] [stderr]    Compiling serde_json v1.0.145
[INFO] [stderr]    Compiling crossbeam-deque v0.8.6
[INFO] [stderr]    Compiling miniz_oxide v0.8.9
[INFO] [stderr]    Compiling regex-automata v0.4.13
[INFO] [stderr]    Compiling num-traits v0.2.19
[INFO] [stderr]    Compiling smallvec v1.15.1
[INFO] [stderr]    Compiling bitflags v2.10.0
[INFO] [stderr]    Compiling zerocopy v0.8.27
[INFO] [stderr]    Compiling unicase v2.9.0
[INFO] [stderr]    Compiling flate2 v1.1.5
[INFO] [stderr]    Compiling bitflags v1.3.2
[INFO] [stderr]    Compiling ahash v0.8.12
[INFO] [stderr]    Compiling parking_lot_core v0.9.12
[INFO] [stderr]    Compiling ttf-parser v0.25.1
[INFO] [stderr]    Compiling scopeguard v1.2.0
[INFO] [stderr]    Compiling lock_api v0.4.14
[INFO] [stderr]    Compiling phf_shared v0.11.3
[INFO] [stderr]    Compiling ab_glyph_rasterizer v0.1.10
[INFO] [stderr]    Compiling time-core v0.1.8
[INFO] [stderr]    Compiling num-conv v0.2.0
[INFO] [stderr]    Compiling powerfmt v0.2.0
[INFO] [stderr]    Compiling time-macros v0.2.27
[INFO] [stderr]    Compiling phf v0.11.3
[INFO] [stderr]    Compiling globset v0.4.18
[INFO] [stderr]    Compiling deranged v0.5.5
[INFO] [stderr]    Compiling ignore v0.4.25
[INFO] [stderr]    Compiling parking_lot v0.12.5
[INFO] [stderr]    Compiling fdeflate v0.3.7
[INFO] [stderr]    Compiling ring v0.17.14
[INFO] [stderr]    Compiling owned_ttf_parser v0.25.1
[INFO] [stderr]    Compiling ab_glyph v0.2.32
[INFO] [stderr]    Compiling base64 v0.22.1
[INFO] [stderr]    Compiling serde_derive v1.0.228
[INFO] [stderr]    Compiling unsafe-libyaml v0.2.11
[INFO] [stderr]    Compiling num_threads v0.1.7
[INFO] [stderr]    Compiling stable_deref_trait v1.2.1
[INFO] [stderr]    Compiling profiling v1.0.17
[INFO] [stderr]    Compiling epaint_default_fonts v0.33.3
[INFO] [stderr]    Compiling arc-swap v1.7.1
[INFO] [stderr]    Compiling nohash-hasher v0.2.0
[INFO] [stderr]    Compiling time v0.3.47
[INFO] [stderr]    Compiling globwalk v0.8.1
[INFO] [stderr]    Compiling mime_guess2 v2.3.1
[INFO] [stderr]    Compiling regex v1.12.3
[INFO] [stderr]    Compiling pxfm v0.1.27
[INFO] [stderr]    Compiling either v1.15.0
[INFO] [stderr]    Compiling bit-vec v0.8.0
[INFO] [stderr]    Compiling semver v1.0.27
[INFO] [stderr]    Compiling winnow v0.5.40
[INFO] [stderr]    Compiling zeroize v1.8.2
[INFO] [stderr]    Compiling thiserror v2.0.17
[INFO] [stderr]    Compiling unicode-segmentation v1.12.0
[INFO] [stderr]    Compiling rustls-pki-types v1.13.0
[INFO] [stderr]    Compiling rustc_version v0.4.1
[INFO] [stderr]    Compiling bit-set v0.8.0
[INFO] [stderr]    Compiling itertools v0.11.0
[INFO] [stderr]    Compiling thiserror-impl v2.0.17
[INFO] [stderr]    Compiling enum-map-derive v0.17.0
[INFO] [stderr]    Compiling png v0.18.0
[INFO] [stderr]    Compiling getrandom v0.2.16
[INFO] [stderr]    Compiling quick-xml v0.39.4
[INFO] [stderr]    Compiling bytemuck v1.24.0
[INFO] [stderr]    Compiling httparse v1.10.1
[INFO] [stderr]    Compiling base62 v2.2.3
[INFO] [stderr]    Compiling lazy_static v1.5.0
[INFO] [stderr]    Compiling mime v0.3.17
[INFO] [stderr]    Compiling moxcms v0.7.11
[INFO] [stderr]    Compiling normpath v1.5.0
[INFO] [stderr]    Compiling linked-hash-map v0.5.6
[INFO] [stderr]    Compiling byteorder-lite v0.1.0
[INFO] [stderr]    Compiling serde_spanned v0.6.9
[INFO] [stderr]    Compiling toml_datetime v0.6.11
[INFO] [stderr]    Compiling emath v0.33.3
[INFO] [stderr]    Compiling toml_edit v0.22.27
[INFO] [stderr]    Compiling toml_edit v0.19.15
[INFO] [stderr]    Compiling pulldown-cmark v0.13.4
[INFO] [stderr]    Compiling untrusted v0.9.0
[INFO] [stderr]    Compiling yaml-rust v0.4.5
[INFO] [stderr]    Compiling ecolor v0.33.3
[INFO] [stderr]    Compiling epaint v0.33.3
[INFO] [stderr]    Compiling triomphe v0.1.15
[INFO] [stderr]    Compiling serde_yaml v0.9.34+deprecated
[INFO] [stderr]    Compiling plist v1.9.0
[INFO] [stderr]    Compiling toml v0.8.23
[INFO] [stderr]    Compiling toml v0.7.8
[INFO] [stderr]    Compiling embed-resource v2.4.2 (https://github.com/nabijaczleweli/rust-embed-resource.git?rev=e98e9aa28d66b0c2ff43516b41847cac372310dd#e98e9aa2)
[INFO] [stderr]    Compiling bincode v1.3.3
[INFO] [stderr]    Compiling enum-map v2.7.3
[INFO] [stderr]    Compiling fancy-regex v0.16.2
[INFO] [stderr]    Compiling rustls v0.23.35
[INFO] [stderr]    Compiling bytes v1.11.1
[INFO] [stderr]    Compiling egui v0.33.3
[INFO] [stderr]    Compiling fnv v1.0.7
[INFO] [stderr]    Compiling syntect v5.3.0
[INFO] [stderr]    Compiling http v1.4.0
[INFO] [stderr]    Compiling rust-i18n-support v3.1.5
[INFO] [stderr]    Compiling tauri-winres v0.1.1
[INFO] [stderr]    Compiling rustls-webpki v0.103.13
[INFO] [stderr]    Compiling image v0.25.9
[INFO] [stderr]    Compiling rust-i18n v3.1.5
[INFO] [stderr]    Compiling blake3 v1.8.2
[INFO] [stderr]    Compiling glob v0.3.3
[INFO] [stderr]    Compiling subtle v2.6.1
[INFO] [stderr]    Compiling rust-i18n-macro v3.1.5
[INFO] [stderr]    Compiling ureq-proto v0.5.3
[INFO] [stderr]    Compiling hachimi v0.14.6 (/opt/rustwide/workdir)
[INFO] [stderr]    Compiling webpki-roots v1.0.4
[INFO] [stderr]    Compiling termcolor v1.4.1
[INFO] [stderr]    Compiling httpdate v1.0.3
[INFO] [stderr]    Compiling smawk v0.3.2
[INFO] [stderr]    Compiling utf-8 v0.7.6
[INFO] [stderr]    Compiling unicode-linebreak v0.1.5
[INFO] [stderr]    Compiling constant_time_eq v0.3.1
[INFO] [stderr]    Compiling chunked_transfer v1.5.0
[INFO] [stderr]    Compiling byteorder v1.5.0
[INFO] [stderr]    Compiling arrayvec v0.7.6
[INFO] [stderr]    Compiling iana-time-zone v0.1.64
[INFO] [stderr]    Compiling unicode-width v0.2.2
[INFO] [stderr]    Compiling percent-encoding v2.3.2
[INFO] [stderr]    Compiling ascii v1.1.0
[INFO] [stderr]    Compiling arrayref v0.3.9
[INFO] [stderr]    Compiling textwrap v0.16.2
[INFO] [stderr]    Compiling zip v0.6.6
[INFO] [stderr]    Compiling tiny_http v0.12.0
[INFO] [stderr]    Compiling chrono v0.4.42
[INFO] [stderr]    Compiling simplelog v0.12.2
[INFO] [stderr]    Compiling thread-priority v3.0.0
[INFO] [stderr]    Compiling png v0.17.16
[INFO] [stderr]    Compiling crossbeam-channel v0.5.15
[INFO] [stderr]    Compiling memmap2 v0.9.9
[INFO] [stderr]    Compiling cstr v0.2.12
[INFO] [stderr]    Compiling ureq v3.2.0
[INFO] [stderr]    Compiling sqlparser v0.43.1
[INFO] [stderr]    Compiling atomic_float v0.1.0
[INFO] [stderr]    Compiling size v0.4.1
[INFO] [stderr]    Compiling unicode-width v0.1.14
[INFO] [stderr]    Compiling sys-locale v0.3.2
[INFO] [stderr]    Compiling widestring v1.2.1
[INFO] [stderr]    Compiling egui_extras v0.33.3
[INFO] [stderr]    Compiling egui-scale v0.3.0
[INFO] [stderr]    Compiling egui_commonmark_backend v0.22.0
[INFO] [stderr]    Compiling egui_commonmark v0.22.0
[INFO] [stdout] error[E0432]: unresolved imports `crate::gui_impl`, `crate::hachimi_impl`
[INFO] [stdout]   --> src/core/hachimi.rs:8:55
[INFO] [stdout]    |
[INFO] [stdout]  8 | use crate::{core::{gui, plugin_api::Plugin, updater}, gui_impl, hachimi_impl, il2cpp::{self, hook::umamusume::{CySpringController::S...
[INFO] [stdout]    |                                                       ^^^^^^^^  ^^^^^^^^^^^^ no `hachimi_impl` in the root
[INFO] [stdout]    |                                                       |
[INFO] [stdout]    |                                                       no `gui_impl` in the root
[INFO] [stdout]    |
[INFO] [stdout] note: found an item that was configured out
[INFO] [stdout]   --> src/lib.rs:16:50
[INFO] [stdout]    |
[INFO] [stdout] 15 | #[cfg(target_os = "android")]
[INFO] [stdout]    |       --------------------- the item is gated behind the `android` feature
[INFO] [stdout] 16 | use android::{log_impl, game_impl, hachimi_impl, gui_impl, symbols_impl, interceptor_impl};
[INFO] [stdout]    |                                                  ^^^^^^^^
[INFO] [stdout] note: found an item that was configured out
[INFO] [stdout]   --> src/lib.rs:23:50
[INFO] [stdout]    |
[INFO] [stdout] 22 | #[cfg(target_os = "windows")]
[INFO] [stdout]    |       --------------------- the item is gated behind the `windows` feature
[INFO] [stdout] 23 | use windows::{log_impl, game_impl, hachimi_impl, gui_impl, symbols_impl, interceptor_impl};
[INFO] [stdout]    |                                                  ^^^^^^^^
[INFO] [stdout] note: found an item that was configured out
[INFO] [stdout]   --> src/lib.rs:16:36
[INFO] [stdout]    |
[INFO] [stdout] 15 | #[cfg(target_os = "android")]
[INFO] [stdout]    |       --------------------- the item is gated behind the `android` feature
[INFO] [stdout] 16 | use android::{log_impl, game_impl, hachimi_impl, gui_impl, symbols_impl, interceptor_impl};
[INFO] [stdout]    |                                    ^^^^^^^^^^^^
[INFO] [stdout] note: found an item that was configured out
[INFO] [stdout]   --> src/lib.rs:23:36
[INFO] [stdout]    |
[INFO] [stdout] 22 | #[cfg(target_os = "windows")]
[INFO] [stdout]    |       --------------------- the item is gated behind the `windows` feature
[INFO] [stdout] 23 | use windows::{log_impl, game_impl, hachimi_impl, gui_impl, symbols_impl, interceptor_impl};
[INFO] [stdout]    |                                    ^^^^^^^^^^^^
[INFO] [stdout] 
[INFO] [stdout] 
[INFO] [stdout] error[E0432]: unresolved import `crate::game_impl`
[INFO] [stdout]   --> src/core/game.rs:4:5
[INFO] [stdout]    |
[INFO] [stdout]  4 | use crate::game_impl;
[INFO] [stdout]    |     ^^^^^^^---------
[INFO] [stdout]    |            |
[INFO] [stdout]    |            no `game_impl` in the root
[INFO] [stdout]    |
[INFO] [stdout] note: found an item that was configured out
[INFO] [stdout]   --> src/lib.rs:16:25
[INFO] [stdout]    |
[INFO] [stdout] 15 | #[cfg(target_os = "android")]
[INFO] [stdout]    |       --------------------- the item is gated behind the `android` feature
[INFO] [stdout] 16 | use android::{log_impl, game_impl, hachimi_impl, gui_impl, symbols_impl, interceptor_impl};
[INFO] [stdout]    |                         ^^^^^^^^^
[INFO] [stdout] note: found an item that was configured out
[INFO] [stdout]   --> src/lib.rs:23:25
[INFO] [stdout]    |
[INFO] [stdout] 22 | #[cfg(target_os = "windows")]
[INFO] [stdout]    |       --------------------- the item is gated behind the `windows` feature
[INFO] [stdout] 23 | use windows::{log_impl, game_impl, hachimi_impl, gui_impl, symbols_impl, interceptor_impl};
[INFO] [stdout]    |                         ^^^^^^^^^
[INFO] [stdout] 
[INFO] [stdout] 
[INFO] [stdout] error[E0432]: unresolved import `crate::interceptor_impl`
[INFO] [stdout]   --> src/core/interceptor.rs:5:5
[INFO] [stdout]    |
[INFO] [stdout]  5 | use crate::interceptor_impl;
[INFO] [stdout]    |     ^^^^^^^----------------
[INFO] [stdout]    |            |
[INFO] [stdout]    |            no `interceptor_impl` in the root
[INFO] [stdout]    |
[INFO] [stdout] note: found an item that was configured out
[INFO] [stdout]   --> src/lib.rs:16:74
[INFO] [stdout]    |
[INFO] [stdout] 15 | #[cfg(target_os = "android")]
[INFO] [stdout]    |       --------------------- the item is gated behind the `android` feature
[INFO] [stdout] 16 | use android::{log_impl, game_impl, hachimi_impl, gui_impl, symbols_impl, interceptor_impl};
[INFO] [stdout]    |                                                                          ^^^^^^^^^^^^^^^^
[INFO] [stdout] note: found an item that was configured out
[INFO] [stdout]   --> src/lib.rs:23:74
[INFO] [stdout]    |
[INFO] [stdout] 22 | #[cfg(target_os = "windows")]
[INFO] [stdout]    |       --------------------- the item is gated behind the `windows` feature
[INFO] [stdout] 23 | use windows::{log_impl, game_impl, hachimi_impl, gui_impl, symbols_impl, interceptor_impl};
[INFO] [stdout]    |                                                                          ^^^^^^^^^^^^^^^^
[INFO] [stdout] 
[INFO] [stdout] 
[INFO] [stdout] error[E0432]: unresolved import `crate::log_impl`
[INFO] [stdout]   --> src/core/log.rs:1:5
[INFO] [stdout]    |
[INFO] [stdout]  1 | use crate::log_impl;
[INFO] [stdout]    |     ^^^^^^^--------
[INFO] [stdout]    |            |
[INFO] [stdout]    |            no `log_impl` in the root
[INFO] [stdout]    |
[INFO] [stdout] note: found an item that was configured out
[INFO] [stdout]   --> src/lib.rs:16:15
[INFO] [stdout]    |
[INFO] [stdout] 15 | #[cfg(target_os = "android")]
[INFO] [stdout]    |       --------------------- the item is gated behind the `android` feature
[INFO] [stdout] 16 | use android::{log_impl, game_impl, hachimi_impl, gui_impl, symbols_impl, interceptor_impl};
[INFO] [stdout]    |               ^^^^^^^^
[INFO] [stdout] note: found an item that was configured out
[INFO] [stdout]   --> src/lib.rs:23:15
[INFO] [stdout]    |
[INFO] [stdout] 22 | #[cfg(target_os = "windows")]
[INFO] [stdout]    |       --------------------- the item is gated behind the `windows` feature
[INFO] [stdout] 23 | use windows::{log_impl, game_impl, hachimi_impl, gui_impl, symbols_impl, interceptor_impl};
[INFO] [stdout]    |               ^^^^^^^^
[INFO] [stdout] 
[INFO] [stdout] 
[INFO] [stdout] error[E0432]: unresolved import `crate::symbols_impl`
[INFO] [stdout]   --> src/il2cpp/symbols.rs:13:5
[INFO] [stdout]    |
[INFO] [stdout] 13 | use crate::symbols_impl;
[INFO] [stdout]    |     ^^^^^^^------------
[INFO] [stdout]    |            |
[INFO] [stdout]    |            no `symbols_impl` in the root
[INFO] [stdout]    |
[INFO] [stdout] note: found an item that was configured out
[INFO] [stdout]   --> src/lib.rs:16:60
[INFO] [stdout]    |
[INFO] [stdout] 15 | #[cfg(target_os = "android")]
[INFO] [stdout]    |       --------------------- the item is gated behind the `android` feature
[INFO] [stdout] 16 | use android::{log_impl, game_impl, hachimi_impl, gui_impl, symbols_impl, interceptor_impl};
[INFO] [stdout]    |                                                            ^^^^^^^^^^^^
[INFO] [stdout] note: found an item that was configured out
[INFO] [stdout]   --> src/lib.rs:23:60
[INFO] [stdout]    |
[INFO] [stdout] 22 | #[cfg(target_os = "windows")]
[INFO] [stdout]    |       --------------------- the item is gated behind the `windows` feature
[INFO] [stdout] 23 | use windows::{log_impl, game_impl, hachimi_impl, gui_impl, symbols_impl, interceptor_impl};
[INFO] [stdout]    |                                                            ^^^^^^^^^^^^
[INFO] [stdout] 
[INFO] [stdout] 
[INFO] [stdout] error[E0425]: cannot find type `RawKeybind` in this scope
[INFO] [stdout]    --> src/core/gui.rs:336:45
[INFO] [stdout]     |
[INFO] [stdout] 336 | static KEYBIND_CAPTURED: Lazy<Mutex<Option<(RawKeybind, String)>>> =
[INFO] [stdout]     |                                             ^^^^^^^^^^ not found in this scope
[INFO] [stdout] 
[INFO] [stdout] 
[INFO] [stdout] error[E0425]: cannot find type `RawKeybind` in this scope
[INFO] [stdout]    --> src/core/gui.rs:348:36
[INFO] [stdout]     |
[INFO] [stdout] 348 | pub fn report_keybind_capture(raw: RawKeybind, display: String) {
[INFO] [stdout]     |                                    ^^^^^^^^^^ not found in this scope
[INFO] [stdout] 
[INFO] [stdout] 
[INFO] [stdout] error[E0425]: cannot find type `RawKeybind` in this scope
[INFO] [stdout]    --> src/core/gui.rs:353:38
[INFO] [stdout]     |
[INFO] [stdout] 353 | fn take_keybind_capture() -> Option<(RawKeybind, String)> {
[INFO] [stdout]     |                                      ^^^^^^^^^^ not found in this scope
[INFO] [stdout]     |
[INFO] [stdout] help: you might be missing a type parameter
[INFO] [stdout]     |
[INFO] [stdout] 353 | fn take_keybind_capture<RawKeybind>() -> Option<(RawKeybind, String)> {
[INFO] [stdout]     |                        ++++++++++++
[INFO] [stdout] 
[INFO] [stdout] 
[INFO] [stdout] error[E0433]: cannot find type `WebViewManager` in this scope
[INFO] [stdout]     --> src/core/gui.rs:1362:37
[INFO] [stdout]      |
[INFO] [stdout] 1362 | ...                   WebViewManager::quick_open(&t!("browser_dialog_title"), &Hachimi::instance().config.load().open_browser_url);
[INFO] [stdout]      |                       ^^^^^^^^^^^^^^ use of undeclared type `WebViewManager`
[INFO] [stdout]      |
[INFO] [stdout] help: consider importing this module
[INFO] [stdout]      |
[INFO] [stdout]    1 + use crate::il2cpp::hook::umamusume::WebViewManager;
[INFO] [stdout]      |
[INFO] [stdout] 
[INFO] [stdout] 
[INFO] [stdout] error[E0425]: cannot find type `RawKeybind` in this scope
[INFO] [stdout]     --> src/core/gui.rs:4048:21
[INFO] [stdout]      |
[INFO] [stdout] 4048 |     Captured { raw: RawKeybind, display: String }
[INFO] [stdout]      |                     ^^^^^^^^^^ not found in this scope
[INFO] [stdout] 
[INFO] [stdout] 
[INFO] [stdout] error[E0425]: cannot find type `RawKeybind` in this scope
[INFO] [stdout]     --> src/core/gui.rs:4054:44
[INFO] [stdout]      |
[INFO] [stdout] 4054 |     callback: Option<Box<dyn FnOnce(Option<RawKeybind>) + Send + Sync>>
[INFO] [stdout]      |                                            ^^^^^^^^^^ not found in this scope
[INFO] [stdout]      |
[INFO] [stdout] help: you might be missing a type parameter
[INFO] [stdout]      |
[INFO] [stdout] 4051 | pub struct SetKeybindWindow<RawKeybind> {
[INFO] [stdout]      |                            ++++++++++++
[INFO] [stdout] 
[INFO] [stdout] 
[INFO] [stdout] error[E0425]: cannot find type `RawKeybind` in this scope
[INFO] [stdout]     --> src/core/gui.rs:4059:38
[INFO] [stdout]      |
[INFO] [stdout] 4059 |         callback: impl FnOnce(Option<RawKeybind>) + Send + Sync + 'static
[INFO] [stdout]      |                                      ^^^^^^^^^^ not found in this scope
[INFO] [stdout]      |
[INFO] [stdout] help: you might be missing a type parameter
[INFO] [stdout]      |
[INFO] [stdout] 4057 | impl<RawKeybind> SetKeybindWindow {
[INFO] [stdout]      |     ++++++++++++
[INFO] [stdout] 
[INFO] [stdout] 
[INFO] [stdout] error[E0425]: cannot find type `RawKeybind` in this scope
[INFO] [stdout]     --> src/core/gui.rs:4069:41
[INFO] [stdout]      |
[INFO] [stdout] 4069 |     fn finish(&mut self, result: Option<RawKeybind>) -> bool {
[INFO] [stdout]      |                                         ^^^^^^^^^^ not found in this scope
[INFO] [stdout]      |
[INFO] [stdout] help: you might be missing a type parameter
[INFO] [stdout]      |
[INFO] [stdout] 4057 | impl<RawKeybind> SetKeybindWindow {
[INFO] [stdout]      |     ++++++++++++
[INFO] [stdout] 
[INFO] [stdout] 
[INFO] [stdout] error[E0425]: cannot find type `RawKeybind` in this scope
[INFO] [stdout]     --> src/core/gui.rs:4085:37
[INFO] [stdout]      |
[INFO] [stdout] 4085 |         let mut confirm_raw: Option<RawKeybind> = None;
[INFO] [stdout]      |                                     ^^^^^^^^^^ not found in this scope
[INFO] [stdout]      |
[INFO] [stdout] help: you might be missing a type parameter
[INFO] [stdout]      |
[INFO] [stdout] 4077 | impl<RawKeybind> Window for SetKeybindWindow {
[INFO] [stdout]      |     ++++++++++++
[INFO] [stdout] 
[INFO] [stdout] 
[INFO] [stdout] warning: unused imports: `Hachimi` and `SimpleYesNoDialog`
[INFO] [stdout]  --> src/core/updater.rs:6:44
[INFO] [stdout]   |
[INFO] [stdout] 6 | ...otificationGuard, SimpleYesNoDialog}, hachimi::{REPO_PATH, CODEBERG_API, GITHUB_API}, http, Error, Gui, Hachimi};
[INFO] [stdout]   |                      ^^^^^^^^^^^^^^^^^                                                                     ^^^^^^^
[INFO] [stdout]   |
[INFO] [stdout]   = note: `#[warn(unused_imports)]` (part of `#[warn(unused)]`) on by default
[INFO] [stdout] 
[INFO] [stdout] 
[INFO] [stdout] warning: unused import: `hook::UnityEngine_UI::CanvasScaler`
[INFO] [stdout]  --> src/il2cpp/hook/umamusume/UIManager.rs:4:44
[INFO] [stdout]   |
[INFO] [stdout] 4 | ...   ext::{Il2CppStringExt, StringExt}, hook::UnityEngine_UI::CanvasScaler, symbols::{get_method_addr, get_method_overload_addr, get...
[INFO] [stdout]   |                                          ^^^^^^^^^^^^^^^^^^^^^^^^^^^^^^^^^^
[INFO] [stdout] 
[INFO] [stdout] 
[INFO] [stdout] error[E0392]: type parameter `T` is never used
[INFO] [stdout]    --> src/core/hachimi.rs:832:21
[INFO] [stdout]     |
[INFO] [stdout] 832 | pub struct OsOption<T> {
[INFO] [stdout]     |                     ^ unused type parameter
[INFO] [stdout]     |
[INFO] [stdout]     = help: consider removing `T`, referring to it in a field, or using a marker such as `PhantomData`
[INFO] [stdout]     = help: if you intended `T` to be a const parameter, use `const T: /* Type */` instead
[INFO] [stdout] 
[INFO] [stdout] 
[INFO] [stdout] error[E0392]: type parameter `T` is never used
[INFO] [stdout]    --> src/core/hachimi.rs:832:21
[INFO] [stdout]     |
[INFO] [stdout] 832 | pub struct OsOption<T> {
[INFO] [stdout]     |                     ^
[INFO] [stdout]     |                     |
[INFO] [stdout]     |                     unused type parameter
[INFO] [stdout]     |                     `T` is named here, but is likely unused in the containing type
[INFO] [stdout]     |
[INFO] [stdout]     = help: consider removing `T`, referring to it in a field, or using a marker such as `PhantomData`
[INFO] [stdout]     = help: if you intended `T` to be a const parameter, use `const T: /* Type */` instead
[INFO] [stdout] 
[INFO] [stdout] 
[INFO] [stdout] error[E0282]: type annotations needed
[INFO] [stdout]    --> src/core/hachimi.rs:831:10
[INFO] [stdout]     |
[INFO] [stdout] 831 | #[derive(Deserialize, Default, Clone)]
[INFO] [stdout]     |          ^^^^^^^^^^^ cannot infer type
[INFO] [stdout]     |
[INFO] [stdout]     = note: this error originates in the derive macro `Deserialize` (in Nightly builds, run with -Z macro-backtrace for more info)
[INFO] [stdout] 
[INFO] [stdout] 
[INFO] [stdout] error[E0282]: type annotations needed
[INFO] [stdout]    --> src/core/hachimi.rs:832:12
[INFO] [stdout]     |
[INFO] [stdout] 832 | pub struct OsOption<T> {
[INFO] [stdout]     |            ^^^^^^^^ cannot infer type for type parameter `T` declared on the struct `OsOption`
[INFO] [stdout] 
[INFO] [stdout] 
[INFO] [stdout] error[E0282]: type annotations needed
[INFO] [stdout]    --> src/core/hachimi.rs:831:23
[INFO] [stdout]     |
[INFO] [stdout] 831 | #[derive(Deserialize, Default, Clone)]
[INFO] [stdout]     |                       ^ cannot infer type
[INFO] [stdout] 
[INFO] [stdout] 
[INFO] [stdout] error[E0282]: type annotations needed
[INFO] [stdout]    --> src/core/hachimi.rs:831:32
[INFO] [stdout]     |
[INFO] [stdout] 831 | #[derive(Deserialize, Default, Clone)]
[INFO] [stdout]     |                                ^ cannot infer type
[INFO] [stdout] 
[INFO] [stdout] 
[INFO] [stdout] error[E0308]: mismatched types
[INFO] [stdout]    --> src/core/hachimi.rs:841:29
[INFO] [stdout]     |
[INFO] [stdout] 841 |     pub fn as_ref(&self) -> Option<&T> {
[INFO] [stdout]     |            ------           ^^^^^^^^^^ expected `Option<&T>`, found `()`
[INFO] [stdout]     |            |
[INFO] [stdout]     |            implicitly returns `()` as its body has no tail or `return` expression
[INFO] [stdout]     |
[INFO] [stdout]     = note:   expected enum `std::option::Option<&T>`
[INFO] [stdout]             found unit type `()`
[INFO] [stdout] 
[INFO] [stdout] 
[INFO] [stdout] error[E0308]: mismatched types
[INFO] [stdout]     --> src/core/hachimi.rs:1235:30
[INFO] [stdout]      |
[INFO] [stdout] 1235 |     pub fn metadata(self) -> AssetMetadata {
[INFO] [stdout]      |            --------          ^^^^^^^^^^^^^ expected `AssetMetadata`, found `()`
[INFO] [stdout]      |            |
[INFO] [stdout]      |            implicitly returns `()` as its body has no tail or `return` expression
[INFO] [stdout] 
[INFO] [stdout] 
[INFO] [stdout] error[E0308]: mismatched types
[INFO] [stdout]     --> src/core/hachimi.rs:1243:35
[INFO] [stdout]      |
[INFO] [stdout] 1243 |     pub fn metadata_ref(&self) -> &AssetMetadata {
[INFO] [stdout]      |            ------------           ^^^^^^^^^^^^^^ expected `&AssetMetadata`, found `()`
[INFO] [stdout]      |            |
[INFO] [stdout]      |            implicitly returns `()` as its body has no tail or `return` expression
[INFO] [stdout] 
[INFO] [stdout] 
[INFO] [stdout] warning: falling back to `f32` as the trait bound `f32: From<f64>` is not satisfied
[INFO] [stdout]    --> src/core/gui.rs:566:70
[INFO] [stdout]     |
[INFO] [stdout] 566 |         visuals.widgets.noninteractive.fg_stroke = egui::Stroke::new(1.0, config.ui_text_color);
[INFO] [stdout]     |                                                                      ^^^ help: explicitly specify the type as `f32`: `1.0_f32`
[INFO] [stdout]     |
[INFO] [stdout]     = warning: this was previously accepted by the compiler but is being phased out; it will become a hard error in a future release!
[INFO] [stdout]     = note: for more information, see issue #154024 <https://github.com/rust-lang/rust/issues/154024>
[INFO] [stdout]     = note: `#[warn(float_literal_f32_fallback)]` (part of `#[warn(future_incompatible)]`) on by default
[INFO] [stdout] 
[INFO] [stdout] 
[INFO] [stdout] error[E0308]: mismatched types
[INFO] [stdout]    --> src/core/gui.rs:635:29
[INFO] [stdout]     |
[INFO] [stdout] 635 |               splash_sub_str: {
[INFO] [stdout]     |  _____________________________^
[INFO] [stdout] 636 | |                 #[cfg(target_os = "windows")]
[INFO] [stdout] 637 | |                 {
[INFO] [stdout] 638 | |                     let key_label = crate::windows::utils::vk_to_display_label(hachimi.config.load().windows.menu_open_key);
[INFO] [stdout] ...   |
[INFO] [stdout] 647 | |             },
[INFO] [stdout]     | |_____________^ expected `String`, found `()`
[INFO] [stdout] 
[INFO] [stdout] 
[INFO] [stdout] error[E0277]: cannot multiply `f32` by `()`
[INFO] [stdout]    --> src/core/gui.rs:704:79
[INFO] [stdout]     |
[INFO] [stdout] 704 |         let pixels_per_point = main_axis_size as f32 * PIXELS_PER_POINT_RATIO * orientation_scale;
[INFO] [stdout]     |                                                                               ^ no implementation for `f32 * ()`
[INFO] [stdout]     |
[INFO] [stdout]     = help: the trait `std::ops::Mul<()>` is not implemented for `f32`
[INFO] [stdout]     = help: the following other types implement trait `std::ops::Mul<Rhs>`:
[INFO] [stdout]               `&f32` implements `std::ops::Mul<f32>`
[INFO] [stdout]               `&f32` implements `std::ops::Mul`
[INFO] [stdout]               `f32` implements `std::ops::Mul<&f32>`
[INFO] [stdout]               `f32` implements `std::ops::Mul<Pos2>`
[INFO] [stdout]               `f32` implements `std::ops::Mul<Rot2>`
[INFO] [stdout]               `f32` implements `std::ops::Mul<Vec2>`
[INFO] [stdout]               `f32` implements `std::ops::Mul<egui::Rect>`
[INFO] [stdout]               `f32` implements `std::ops::Mul<egui::Rgba>`
[INFO] [stdout]             and 3 others
[INFO] [stdout] 
[INFO] [stdout] 
[INFO] [stdout] error[E0277]: cannot add `()` to `f32`
[INFO] [stdout]     --> src/core/gui.rs:3154:35
[INFO] [stdout]      |
[INFO] [stdout] 3154 |           .max_height(270.0 * scale + {
[INFO] [stdout]      |  _____________________-------------_^_-
[INFO] [stdout]      | |                                   |
[INFO] [stdout]      | |                                   no implementation for `f32 + ()`
[INFO] [stdout] 3155 | |             #[cfg(target_os = "android")]
[INFO] [stdout] 3156 | |             { ime_scroll_padding(ctx) }
[INFO] [stdout] 3157 | |             #[cfg(target_os = "windows")]
[INFO] [stdout] 3158 | |             { 0.0 }
[INFO] [stdout] 3159 | |         })
[INFO] [stdout]      | |_________-
[INFO] [stdout]      |
[INFO] [stdout]      = help: the trait `Add<()>` is not implemented for `f32`
[INFO] [stdout]      = help: the following other types implement trait `Add<Rhs>`:
[INFO] [stdout]                `&f32` implements `Add<f32>`
[INFO] [stdout]                `&f32` implements `Add`
[INFO] [stdout]                `f32` implements `Add<&f32>`
[INFO] [stdout]                `f32` implements `Add<zerocopy::byteorder::F32<O>>`
[INFO] [stdout]                `f32` implements `Add`
[INFO] [stdout] 
[INFO] [stdout] 
[INFO] [stdout] error[E0308]: mismatched types
[INFO] [stdout]    --> src/core/utils.rs:622:27
[INFO] [stdout]     |
[INFO] [stdout] 622 | pub fn get_data_path() -> String {
[INFO] [stdout]     |        -------------      ^^^^^^ expected `String`, found `()`
[INFO] [stdout]     |        |
[INFO] [stdout]     |        implicitly returns `()` as its body has no tail or `return` expression
[INFO] [stdout] 
[INFO] [stdout] 
[INFO] [stdout] error[E0308]: mismatched types
[INFO] [stdout]    --> src/core/utils.rs:694:66
[INFO] [stdout]     |
[INFO] [stdout] 694 | pub fn get_proc_address(handle: usize, name: &std::ffi::CStr) -> usize {
[INFO] [stdout]     |        ----------------                                          ^^^^^ expected `usize`, found `()`
[INFO] [stdout]     |        |
[INFO] [stdout]     |        implicitly returns `()` as its body has no tail or `return` expression
[INFO] [stdout]     |
[INFO] [stdout] help: consider returning the local binding `handle`
[INFO] [stdout]     |
[INFO] [stdout] 694 | pub fn get_proc_address(handle: usize, name: &std::ffi::CStr) -> usize {
[INFO] [stdout] 695 ~     handle
[INFO] [stdout]     |
[INFO] [stdout] 
[INFO] [stdout] 
[INFO] [stdout] error[E0282]: type annotations needed for `&_`
[INFO] [stdout]   --> src/il2cpp/ext.rs:54:71
[INFO] [stdout]    |
[INFO] [stdout] 54 |         let Some(path) = self.config.extra_asset_bundle.as_ref().map(|p| self.get_data_path(p)).unwrap_or_default() else {
[INFO] [stdout]    |                          ---------------------------------------      ^
[INFO] [stdout]    |                          |
[INFO] [stdout]    |                          type must be known at this point
[INFO] [stdout]    |
[INFO] [stdout] help: consider giving this closure parameter an explicit type, where the type for type parameter `T` is specified
[INFO] [stdout]    |
[INFO] [stdout] 54 |         let Some(path) = self.config.extra_asset_bundle.as_ref().map(|p: &T| self.get_data_path(p)).unwrap_or_default() else {
[INFO] [stdout]    |                                                                        ++++
[INFO] [stdout] 
[INFO] [stdout] 
[INFO] [stdout] error[E0283]: type annotations needed for `&_`
[INFO] [stdout]     --> src/il2cpp/ext.rs:54:71
[INFO] [stdout]      |
[INFO] [stdout]   54 |         let Some(path) = self.config.extra_asset_bundle.as_ref().map(|p| self.get_data_path(p)).unwrap_or_default() else {
[INFO] [stdout]      |                                                                       ^       ------------- type must be known at this point
[INFO] [stdout]      |
[INFO] [stdout]      = note: multiple `impl`s satisfying `_: AsRef<std::path::Path>` found in the following crates: `normpath`, `std`:
[INFO] [stdout]              - impl AsRef<std::path::Path> for OsStr;
[INFO] [stdout]              - impl AsRef<std::path::Path> for OsString;
[INFO] [stdout]              - impl AsRef<std::path::Path> for PathBuf;
[INFO] [stdout]              - impl AsRef<std::path::Path> for normpath::base::BasePath;
[INFO] [stdout]              - impl AsRef<std::path::Path> for normpath::base::BasePathBuf;
[INFO] [stdout]              - impl AsRef<std::path::Path> for std::path::Path;
[INFO] [stdout]              - impl AsRef<std::path::Path> for std::string::String;
[INFO] [stdout]              - impl AsRef<std::path::Path> for str;
[INFO] [stdout]      = note: required for `&_` to implement `AsRef<std::path::Path>`
[INFO] [stdout] note: required by a bound in `LocalizedData::get_data_path`
[INFO] [stdout]     --> src/core/hachimi.rs:1102:29
[INFO] [stdout]      |
[INFO] [stdout] 1102 |     pub fn get_data_path<P: AsRef<Path>>(&self, rel_path: P) -> Option<PathBuf> {
[INFO] [stdout]      |                             ^^^^^^^^^^^ required by this bound in `LocalizedData::get_data_path`
[INFO] [stdout] help: consider giving this closure parameter an explicit type, where the type for type parameter `T` is specified
[INFO] [stdout]      |
[INFO] [stdout]   54 |         let Some(path) = self.config.extra_asset_bundle.as_ref().map(|p: &T| self.get_data_path(p)).unwrap_or_default() else {
[INFO] [stdout]      |                                                                        ++++
[INFO] [stdout] 
[INFO] [stdout] 
[INFO] [stdout] warning: unused variable: `required_bytes`
[INFO] [stdout]    --> src/core/tl_repo.rs:305:45
[INFO] [stdout]     |
[INFO] [stdout] 305 | fn check_available_disk_space(_path: &Path, required_bytes: u64) -> Result<(), Error> {
[INFO] [stdout]     |                                             ^^^^^^^^^^^^^^ help: if this is intentional, prefix it with an underscore: `_required_bytes`
[INFO] [stdout]     |
[INFO] [stdout]     = note: `#[warn(unused_variables)]` (part of `#[warn(unused)]`) on by default
[INFO] [stdout] 
[INFO] [stdout] 
[INFO] [stdout] warning: unused variable: `scale`
[INFO] [stdout]   --> src/il2cpp/hook/umamusume/UIManager.rs:31:9
[INFO] [stdout]    |
[INFO] [stdout] 31 |     let mut scale = config.ui_scale;
[INFO] [stdout]    |         ^^^^^^^^^ help: if this is intentional, prefix it with an underscore: `_scale`
[INFO] [stdout] 
[INFO] [stdout] 
[INFO] [stdout] warning: unused variable: `scaler`
[INFO] [stdout]   --> src/il2cpp/hook/umamusume/UIManager.rs:56:9
[INFO] [stdout]    |
[INFO] [stdout] 56 |     for scaler in unsafe { canvas_scaler_list.as_slice().iter() } {
[INFO] [stdout]    |         ^^^^^^ help: if this is intentional, prefix it with an underscore: `_scaler`
[INFO] [stdout] 
[INFO] [stdout] 
[INFO] [stdout] Some errors have detailed explanations: E0277, E0282, E0283, E0308, E0392, E0425, E0432, E0433.
[INFO] [stdout] 
[INFO] [stdout] For more information about an error, try `rustc --explain E0277`.
[INFO] [stdout] 
[INFO] [stderr] error: could not compile `hachimi` (lib) due to 30 previous errors; 6 warnings emitted
[INFO] running `Command { std: "docker" "inspect" "cce340e4751ed87afb2493431fb2f2d02e684052f620e8617dffb37d72fe34bd", kill_on_drop: false }`
[INFO] running `Command { std: "docker" "rm" "-f" "cce340e4751ed87afb2493431fb2f2d02e684052f620e8617dffb37d72fe34bd", kill_on_drop: false }`
[INFO] [stdout] cce340e4751ed87afb2493431fb2f2d02e684052f620e8617dffb37d72fe34bd
