[INFO] cloning repository https://github.com/kainlite/kube-forward
[INFO] running `Command { std: "git" "-c" "credential.helper=" "-c" "credential.helper=/workspace/cargo-home/bin/git-credential-null" "clone" "--bare" "https://github.com/kainlite/kube-forward" "/workspace/cache/git-repos/https%3A%2F%2Fgithub.com%2Fkainlite%2Fkube-forward", kill_on_drop: false }`
[INFO] [stderr] Cloning into bare repository '/workspace/cache/git-repos/https%3A%2F%2Fgithub.com%2Fkainlite%2Fkube-forward'...
[INFO] running `Command { std: "git" "rev-parse" "HEAD", kill_on_drop: false }`
[INFO] [stdout] 2142af923c1ead1f756e99ab96a73c4a8add3a8e
[INFO] testing kainlite/kube-forward against 1.97.0-beta.6 for beta-1.98-2
[INFO] running `Command { std: "git" "clone" "/workspace/cache/git-repos/https%3A%2F%2Fgithub.com%2Fkainlite%2Fkube-forward" "/workspace/builds/worker-7-tc1/source", kill_on_drop: false }`
[INFO] [stderr] Cloning into '/workspace/builds/worker-7-tc1/source'...
[INFO] [stderr] done.
[INFO] started tweaking git repo https://github.com/kainlite/kube-forward
[INFO] finished tweaking git repo https://github.com/kainlite/kube-forward
[INFO] tweaked toml for git repo https://github.com/kainlite/kube-forward written to /workspace/builds/worker-7-tc1/source/Cargo.toml
[INFO] validating manifest of git repo https://github.com/kainlite/kube-forward on toolchain 1.97.0-beta.6
[INFO] running `Command { std: CARGO_HOME="/workspace/cargo-home" RUSTUP_HOME="/workspace/rustup-home" "/workspace/cargo-home/bin/cargo" "+1.97.0-beta.6" "metadata" "--manifest-path" "Cargo.toml" "--no-deps", kill_on_drop: false }`
[INFO] crate git repo https://github.com/kainlite/kube-forward already has a lockfile, it will not be regenerated
[INFO] running `Command { std: CARGO_HOME="/workspace/cargo-home" RUSTUP_HOME="/workspace/rustup-home" "/workspace/cargo-home/bin/cargo" "+1.97.0-beta.6" "fetch" "--manifest-path" "Cargo.toml", kill_on_drop: false }`
[INFO] [stderr]     Updating crates.io index
[INFO] [stderr]  Downloading crates ...
[INFO] [stderr]   Downloaded tokio-test v0.4.5
[INFO] [stderr]   Downloaded sketches-ddsketch v0.3.0
[INFO] [stderr]   Downloaded rapidhash v4.4.1
[INFO] [stderr]   Downloaded metrics-util v0.20.4
[INFO] [stderr]   Downloaded enum-ordinalize v4.3.2
[INFO] [stderr]   Downloaded enum-ordinalize-derive v4.3.2
[INFO] [stderr]   Downloaded humantime-serde v1.1.1
[INFO] [stderr]   Downloaded ctrlc v3.5.2
[INFO] [stderr]   Downloaded kube v4.0.0
[INFO] [stderr]   Downloaded encoding_rs_io v0.1.7
[INFO] [stderr]   Downloaded rand_xoshiro v0.7.0
[INFO] [stderr]   Downloaded ordered-float v5.1.0
[INFO] [stderr]   Downloaded json-patch v4.1.0
[INFO] [stderr]   Downloaded hashbag v0.1.13
[INFO] [stderr]   Downloaded fuzzy-matcher v0.3.7
[INFO] [stderr]   Downloaded evmap v11.0.0
[INFO] [stderr]   Downloaded schemars_derive v1.2.1
[INFO] [stderr]   Downloaded left-right v0.11.7
[INFO] [stderr]   Downloaded generator v0.8.9
[INFO] [stderr]   Downloaded linktime-proc-macro v0.2.0
[INFO] [stderr]   Downloaded jsonpath-rust v1.0.4
[INFO] [stderr]   Downloaded backon v1.6.0
[INFO] [stderr]   Downloaded annotate-snippets v0.12.16
[INFO] [stderr]   Downloaded educe v0.6.0
[INFO] [stderr]   Downloaded jsonptr v0.7.1
[INFO] [stderr]   Downloaded kube-derive v4.0.0
[INFO] [stderr]   Downloaded ctor v1.0.8
[INFO] [stderr]   Downloaded metrics v0.24.6
[INFO] [stderr]   Downloaded metrics-exporter-prometheus v0.18.3
[INFO] [stderr]   Downloaded loom v0.7.2
[INFO] [stderr]   Downloaded kube-core v4.0.0
[INFO] [stderr]   Downloaded link-section v0.19.0
[INFO] [stderr]   Downloaded inquire v0.9.4
[INFO] [stderr]   Downloaded kube-runtime v4.0.0
[INFO] [stderr]   Downloaded granit-parser v0.0.3
[INFO] [stderr]   Downloaded kube-client v4.0.0
[INFO] [stderr]   Downloaded chrono v0.4.45
[INFO] [stderr]   Downloaded nix v0.31.3
[INFO] [stderr]   Downloaded serde-saphyr v0.0.27
[INFO] [stderr]   Downloaded k8s-openapi v0.28.0
[INFO] [stderr]   Downloaded aws-lc-sys v0.37.0
[INFO] running `Command { std: "docker" "create" "-v" "/var/lib/crater-agent-workspace/builds/worker-7-tc1/source:/opt/rustwide/workdir:ro,Z" "-v" "/var/lib/crater-agent-workspace/builds/worker-7-tc1/target:/opt/rustwide/target:rw,Z" "-v" "/var/lib/crater-agent-workspace/cargo-home:/opt/rustwide/cargo-home:ro,Z" "-v" "/var/lib/crater-agent-workspace/rustup-home:/opt/rustwide/rustup-home:ro,Z" "-m" "1610612736" "--network" "none" "ghcr.io/rust-lang/crates-build-env/linux@sha256:3d5ced03c013a94a2f102a4510f48a6e9184255caf5fd8244f58017bde7f5210" "sleep" "infinity", kill_on_drop: false }`
[INFO] [stdout] 50ef508e195c4fedc5fdc49cf70709cb951360f0ec2a2d1d05fe265254772c39
[INFO] running `Command { std: "docker" "start" "50ef508e195c4fedc5fdc49cf70709cb951360f0ec2a2d1d05fe265254772c39", kill_on_drop: false }`
[INFO] running `Command { std: "docker" "inspect" "50ef508e195c4fedc5fdc49cf70709cb951360f0ec2a2d1d05fe265254772c39", kill_on_drop: false }`
[INFO] running `Command { std: "docker" "exec" "-e" "SOURCE_DIR=/opt/rustwide/workdir" "-e" "CARGO_HOME=/opt/rustwide/cargo-home" "-e" "RUSTUP_HOME=/opt/rustwide/rustup-home" "-e" "CARGO_TARGET_DIR=/opt/rustwide/target" "-w" "/opt/rustwide/workdir" "--user" "0:0" "50ef508e195c4fedc5fdc49cf70709cb951360f0ec2a2d1d05fe265254772c39" "/opt/rustwide/cargo-home/bin/cargo" "+1.97.0-beta.6" "metadata" "--no-deps" "--format-version=1", kill_on_drop: false }`
[INFO] running `Command { std: "docker" "inspect" "50ef508e195c4fedc5fdc49cf70709cb951360f0ec2a2d1d05fe265254772c39", kill_on_drop: false }`
[INFO] running `Command { std: "docker" "exec" "-e" "SOURCE_DIR=/opt/rustwide/workdir" "-e" "CARGO_HOME=/opt/rustwide/cargo-home" "-e" "RUSTUP_HOME=/opt/rustwide/rustup-home" "-e" "CARGO_TARGET_DIR=/opt/rustwide/target" "-e" "CARGO_INCREMENTAL=0" "-e" "RUST_BACKTRACE=full" "-e" "RUSTFLAGS=--cap-lints=warn" "-e" "RUSTDOCFLAGS=--cap-lints=warn" "-w" "/opt/rustwide/workdir" "--user" "0:0" "50ef508e195c4fedc5fdc49cf70709cb951360f0ec2a2d1d05fe265254772c39" "/opt/rustwide/cargo-home/bin/cargo" "+1.97.0-beta.6" "build" "--frozen" "--message-format=json", kill_on_drop: false }`
[INFO] [stderr]    Compiling unicode-ident v1.0.23
[INFO] [stderr]    Compiling libc v0.2.186
[INFO] [stderr]    Compiling memchr v2.8.0
[INFO] [stderr]    Compiling log v0.4.29
[INFO] [stderr]    Compiling slab v0.4.12
[INFO] [stderr]    Compiling zmij v1.0.20
[INFO] [stderr]    Compiling dunce v1.0.5
[INFO] [stderr]    Compiling fs_extra v1.3.0
[INFO] [stderr]    Compiling zerocopy v0.8.39
[INFO] [stderr]    Compiling num-traits v0.2.19
[INFO] [stderr]    Compiling allocator-api2 v0.2.21
[INFO] [stderr]    Compiling foldhash v0.2.0
[INFO] [stderr]    Compiling serde_json v1.0.149
[INFO] [stderr]    Compiling aws-lc-rs v1.15.4
[INFO] [stderr]    Compiling rustls-pki-types v1.14.0
[INFO] [stderr]    Compiling proc-macro2 v1.0.106
[INFO] [stderr]    Compiling unicode-segmentation v1.13.3
[INFO] [stderr]    Compiling rustls v0.23.41
[INFO] [stderr]    Compiling ucd-trie v0.1.7
[INFO] [stderr]    Compiling ref-cast v1.0.25
[INFO] [stderr]    Compiling ahash v0.8.12
[INFO] [stderr]    Compiling k8s-openapi v0.28.0
[INFO] [stderr]    Compiling dyn-clone v1.0.20
[INFO] [stderr]    Compiling openssl-probe v0.2.1
[INFO] [stderr]    Compiling aho-corasick v1.1.4
[INFO] [stderr]    Compiling pest v2.8.6
[INFO] [stderr]    Compiling rustversion v1.0.22
[INFO] [stderr]    Compiling hashbrown v0.16.1
[INFO] [stderr]    Compiling serde_core v1.0.228
[INFO] [stderr]    Compiling sha1 v0.10.6
[INFO] [stderr]    Compiling concurrent-queue v2.5.0
[INFO] [stderr]    Compiling quote v1.0.46
[INFO] [stderr]    Compiling convert_case v0.10.0
[INFO] [stderr]    Compiling rustls-native-certs v0.8.3
[INFO] [stderr]    Compiling jiff v0.2.28
[INFO] [stderr]    Compiling encoding_rs v0.8.35
[INFO] [stderr]    Compiling data-encoding v2.10.0
[INFO] [stderr]    Compiling jobserver v0.1.34
[INFO] [stderr]    Compiling sync_wrapper v1.0.2
[INFO] [stderr]    Compiling syn v2.0.118
[INFO] [stderr]    Compiling percent-encoding v2.3.2
[INFO] [stderr]    Compiling signal-hook v0.3.18
[INFO] [stderr]    Compiling arraydeque v0.5.1
[INFO] [stderr]    Compiling indexmap v2.13.0
[INFO] [stderr]    Compiling ordered-float v2.10.1
[INFO] [stderr]    Compiling rustix v1.1.4
[INFO] [stderr]    Compiling cc v1.2.55
[INFO] [stderr]    Compiling granit-parser v0.0.3
[INFO] [stderr]    Compiling form_urlencoded v1.2.2
[INFO] [stderr]    Compiling event-listener v5.4.1
[INFO] [stderr]    Compiling annotate-snippets v0.12.16
[INFO] [stderr]    Compiling http-body-util v0.1.3
[INFO] [stderr]    Compiling regex-automata v0.4.14
[INFO] [stderr]    Compiling cfg_aliases v0.2.1
[INFO] [stderr]    Compiling rand_core v0.10.1
[INFO] [stderr]    Compiling cmake v0.1.57
[INFO] [stderr]    Compiling errno v0.3.14
[INFO] [stderr]    Compiling mio v1.2.1
[INFO] [stderr]    Compiling signal-hook-registry v1.4.8
[INFO] [stderr]    Compiling parking_lot_core v0.9.12
[INFO] [stderr]    Compiling socket2 v0.6.4
[INFO] [stderr]    Compiling getrandom v0.3.4
[INFO] [stderr]    Compiling parking_lot v0.12.5
[INFO] [stderr]    Compiling rand_core v0.9.5
[INFO] [stderr]    Compiling getrandom v0.2.17
[INFO] [stderr]    Compiling pest_meta v2.8.6
[INFO] [stderr]    Compiling encoding_rs_io v0.1.7
[INFO] [stderr]    Compiling nohash-hasher v0.2.0
[INFO] [stderr]    Compiling getrandom v0.4.3
[INFO] [stderr]    Compiling linux-raw-sys v0.12.1
[INFO] [stderr]    Compiling nix v0.31.3
[INFO] [stderr]    Compiling serde v1.0.228
[INFO] [stderr]    Compiling aws-lc-sys v0.37.0
[INFO] [stderr]    Compiling ring v0.17.14
[INFO] [stderr]    Compiling rapidhash v4.4.1
[INFO] [stderr]    Compiling event-listener-strategy v0.5.4
[INFO] [stderr]    Compiling pem v3.0.6
[INFO] [stderr]    Compiling secrecy v0.10.3
[INFO] [stderr]    Compiling raw-cpuid v11.6.0
[INFO] [stderr]    Compiling nibble_vec v0.1.0
[INFO] [stderr]    Compiling litrs v1.0.0
[INFO] [stderr]    Compiling either v1.15.0
[INFO] [stderr]    Compiling endian-type v0.1.2
[INFO] [stderr]    Compiling anstream v1.0.0
[INFO] [stderr]    Compiling metrics v0.24.6
[INFO] [stderr]    Compiling radix_trie v0.2.1
[INFO] [stderr]    Compiling async-broadcast v0.7.2
[INFO] [stderr]    Compiling document-features v0.2.12
[INFO] [stderr]    Compiling signal-hook-mio v0.2.5
[INFO] [stderr]    Compiling rand_xoshiro v0.7.0
[INFO] [stderr]    Compiling hostname v0.4.2
[INFO] [stderr]    Compiling ordered-float v5.1.0
[INFO] [stderr]    Compiling left-right v0.11.7
[INFO] [stderr]    Compiling sketches-ddsketch v0.3.0
[INFO] [stderr]    Compiling hashbag v0.1.13
[INFO] [stderr]    Compiling serde_derive_internals v0.29.1
[INFO] [stderr]    Compiling pest_generator v2.8.6
[INFO] [stderr]    Compiling darling_core v0.23.0
[INFO] [stderr]    Compiling cpufeatures v0.3.0
[INFO] [stderr]    Compiling clap_lex v1.1.0
[INFO] [stderr]    Compiling metrics-exporter-prometheus v0.18.3
[INFO] [stderr]    Compiling anyhow v1.0.103
[INFO] [stderr]    Compiling chacha20 v0.10.1
[INFO] [stderr]    Compiling quanta v0.12.6
[INFO] [stderr]    Compiling clap_builder v4.6.0
[INFO] [stderr]    Compiling evmap v11.0.0
[INFO] [stderr]    Compiling fuzzy-matcher v0.3.7
[INFO] [stderr]    Compiling tracing-log v0.2.0
[INFO] [stderr]    Compiling unsafe-libyaml v0.2.11
[INFO] [stderr]    Compiling iana-time-zone v0.1.65
[INFO] [stderr]    Compiling ipnet v2.11.0
[INFO] [stderr]    Compiling regex v1.12.3
[INFO] [stderr]    Compiling matchers v0.2.0
[INFO] [stderr]    Compiling nu-ansi-term v0.50.3
[INFO] [stderr]    Compiling humantime v2.3.0
[INFO] [stderr]    Compiling tempfile v3.27.0
[INFO] [stderr]    Compiling rand v0.10.2
[INFO] [stderr]    Compiling ctrlc v3.5.2
[INFO] [stderr]    Compiling tokio-macros v2.7.0
[INFO] [stderr]    Compiling serde_derive v1.0.228
[INFO] [stderr]    Compiling tracing-attributes v0.1.31
[INFO] [stderr]    Compiling futures-macro v0.3.32
[INFO] [stderr]    Compiling thiserror-impl v2.0.18
[INFO] [stderr]    Compiling ppv-lite86 v0.2.21
[INFO] [stderr]    Compiling derive_more-impl v2.1.1
[INFO] [stderr]    Compiling thiserror-impl v1.0.69
[INFO] [stderr]    Compiling ref-cast-impl v1.0.25
[INFO] [stderr]    Compiling schemars_derive v1.2.1
[INFO] [stderr]    Compiling rand_chacha v0.9.0
[INFO] [stderr]    Compiling rand v0.9.4
[INFO] [stderr]    Compiling tokio v1.52.3
[INFO] [stderr]    Compiling enum-ordinalize-derive v4.3.2
[INFO] [stderr]    Compiling pest_derive v2.8.6
[INFO] [stderr]    Compiling futures-util v0.3.32
[INFO] [stderr]    Compiling darling_macro v0.23.0
[INFO] [stderr]    Compiling async-stream-impl v0.3.6
[INFO] [stderr]    Compiling pin-project-internal v1.1.10
[INFO] [stderr]    Compiling enum-ordinalize v4.3.2
[INFO] [stderr]    Compiling thiserror v2.0.18
[INFO] [stderr]    Compiling educe v0.6.0
[INFO] [stderr]    Compiling jsonpath-rust v1.0.4
[INFO] [stderr]    Compiling tracing v0.1.44
[INFO] [stderr]    Compiling thiserror v1.0.69
[INFO] [stderr]    Compiling tungstenite v0.29.0
[INFO] [stderr]    Compiling derive_more v2.1.1
[INFO] [stderr]    Compiling darling v0.23.0
[INFO] [stderr]    Compiling async-stream v0.3.6
[INFO] [stderr]    Compiling crossterm v0.29.0
[INFO] [stderr]    Compiling metrics-util v0.20.4
[INFO] [stderr]    Compiling clap_derive v4.6.1
[INFO] [stderr]    Compiling tracing-subscriber v0.3.23
[INFO] [stderr]    Compiling pin-project v1.1.10
[INFO] [stderr]    Compiling inquire v0.9.4
[INFO] [stderr]    Compiling jsonptr v0.7.1
[INFO] [stderr]    Compiling serde-value v0.7.0
[INFO] [stderr]    Compiling schemars v1.2.1
[INFO] [stderr]    Compiling serde-saphyr v0.0.27
[INFO] [stderr]    Compiling kube-derive v4.0.0
[INFO] [stderr]    Compiling clap v4.6.1
[INFO] [stderr]    Compiling humantime-serde v1.1.1
[INFO] [stderr]    Compiling json-patch v4.1.0
[INFO] [stderr]    Compiling serde_yaml v0.9.34+deprecated
[INFO] [stderr]    Compiling futures-executor v0.3.32
[INFO] [stderr]    Compiling chrono v0.4.45
[INFO] [stderr]    Compiling futures v0.3.32
[INFO] [stderr]    Compiling tokio-util v0.7.18
[INFO] [stderr]    Compiling tokio-tungstenite v0.29.0
[INFO] [stderr]    Compiling backon v1.6.0
[INFO] [stderr]    Compiling h2 v0.4.13
[INFO] [stderr]    Compiling tower v0.5.3
[INFO] [stderr]    Compiling tokio-stream v0.1.18
[INFO] [stderr]    Compiling tower-http v0.6.8
[INFO] [stderr]    Compiling hyper v1.8.1
[INFO] [stderr]    Compiling hyper-util v0.1.20
[INFO] [stderr]    Compiling rustls-webpki v0.103.9
[INFO] [stderr]    Compiling hyper-timeout v0.5.2
[INFO] [stderr]    Compiling kube-core v4.0.0
[INFO] [stderr]    Compiling tokio-rustls v0.26.4
[INFO] [stderr]    Compiling hyper-rustls v0.27.7
[INFO] [stderr]    Compiling kube-client v4.0.0
[INFO] [stderr]    Compiling kube-runtime v4.0.0
[INFO] [stderr]    Compiling kube v4.0.0
[INFO] [stderr]    Compiling kube-forward v0.6.2 (/opt/rustwide/workdir)
[INFO] [stderr]     Finished `dev` profile [unoptimized + debuginfo] target(s) in 2m 25s
[INFO] running `Command { std: "docker" "inspect" "50ef508e195c4fedc5fdc49cf70709cb951360f0ec2a2d1d05fe265254772c39", kill_on_drop: false }`
[INFO] running `Command { std: "docker" "exec" "-e" "SOURCE_DIR=/opt/rustwide/workdir" "-e" "CARGO_HOME=/opt/rustwide/cargo-home" "-e" "RUSTUP_HOME=/opt/rustwide/rustup-home" "-e" "CARGO_TARGET_DIR=/opt/rustwide/target" "-e" "CARGO_INCREMENTAL=0" "-e" "RUST_BACKTRACE=full" "-e" "RUSTFLAGS=--cap-lints=warn" "-e" "RUSTDOCFLAGS=--cap-lints=warn" "-w" "/opt/rustwide/workdir" "--user" "0:0" "50ef508e195c4fedc5fdc49cf70709cb951360f0ec2a2d1d05fe265254772c39" "/opt/rustwide/cargo-home/bin/cargo" "+1.97.0-beta.6" "test" "--frozen" "--no-run" "--message-format=json", kill_on_drop: false }`
[INFO] [stderr]    Compiling tokio v1.52.3
[INFO] [stderr]    Compiling linktime-proc-macro v0.2.0
[INFO] [stderr]    Compiling link-section v0.19.0
[INFO] [stderr]    Compiling ctor v1.0.8
[INFO] [stderr]    Compiling tokio-util v0.7.18
[INFO] [stderr]    Compiling tokio-rustls v0.26.4
[INFO] [stderr]    Compiling tokio-tungstenite v0.29.0
[INFO] [stderr]    Compiling backon v1.6.0
[INFO] [stderr]    Compiling h2 v0.4.13
[INFO] [stderr]    Compiling tower v0.5.3
[INFO] [stderr]    Compiling tokio-stream v0.1.18
[INFO] [stderr]    Compiling tokio-test v0.4.5
[INFO] [stderr]    Compiling tower-http v0.6.8
[INFO] [stderr]    Compiling hyper v1.8.1
[INFO] [stderr]    Compiling hyper-util v0.1.20
[INFO] [stderr]    Compiling hyper-rustls v0.27.7
[INFO] [stderr]    Compiling hyper-timeout v0.5.2
[INFO] [stderr]    Compiling metrics-exporter-prometheus v0.18.3
[INFO] [stderr]    Compiling kube-client v4.0.0
[INFO] [stderr]    Compiling kube-runtime v4.0.0
[INFO] [stderr]    Compiling kube v4.0.0
[INFO] [stderr]    Compiling kube-forward v0.6.2 (/opt/rustwide/workdir)
[INFO] [stderr] error: could not compile `kube-forward` (test "error_tests")
[INFO] [stderr] 
[INFO] [stderr] Caused by:
[INFO] [stderr]   process didn't exit successfully: `/opt/rustwide/rustup-home/toolchains/1.97.0-beta.6-x86_64-unknown-linux-gnu/bin/rustc --crate-name error_tests --edition=2024 tests/error_tests.rs --error-format=json --json=diagnostic-rendered-ansi,artifacts,future-incompat --emit=dep-info,link -C embed-bitcode=no -C debuginfo=2 --test --check-cfg 'cfg(docsrs,test)' --check-cfg 'cfg(feature, values())' -C metadata=b15e7c952ac69285 -C extra-filename=-1143b025e813d149 --out-dir /opt/rustwide/target/debug/deps -L dependency=/opt/rustwide/target/debug/deps --extern anyhow=/opt/rustwide/target/debug/deps/libanyhow-c9b06d8caf422803.rlib --extern chrono=/opt/rustwide/target/debug/deps/libchrono-9699d13e158d9aaf.rlib --extern clap=/opt/rustwide/target/debug/deps/libclap-b2976d11f1fe1089.rlib --extern ctor=/opt/rustwide/target/debug/deps/libctor-c8bc8759ecc083aa.rlib --extern ctrlc=/opt/rustwide/target/debug/deps/libctrlc-e375e8021a078870.rlib --extern futures=/opt/rustwide/target/debug/deps/libfutures-1176672ff7f1611a.rlib --extern humantime_serde=/opt/rustwide/target/debug/deps/libhumantime_serde-0cb1ae7739c012ad.rlib --extern inquire=/opt/rustwide/target/debug/deps/libinquire-5a35d65d5240b114.rlib --extern k8s_openapi=/opt/rustwide/target/debug/deps/libk8s_openapi-f0b3c532b58f5747.rlib --extern kube=/opt/rustwide/target/debug/deps/libkube-a32f80c13c34b1c4.rlib --extern kube_forward=/opt/rustwide/target/debug/deps/libkube_forward-180ab31a5952fef0.rlib --extern metrics=/opt/rustwide/target/debug/deps/libmetrics-3d64a46443e34df7.rlib --extern metrics_exporter_prometheus=/opt/rustwide/target/debug/deps/libmetrics_exporter_prometheus-10c6f5829ddcbf34.rlib --extern metrics_util=/opt/rustwide/target/debug/deps/libmetrics_util-680de625c7ec5e40.rlib --extern rand=/opt/rustwide/target/debug/deps/librand-12f60edacb4b3c48.rlib --extern rustls=/opt/rustwide/target/debug/deps/librustls-0138d4d43970fae4.rlib --extern serde=/opt/rustwide/target/debug/deps/libserde-c058e15fccca2760.rlib --extern serde_yaml=/opt/rustwide/target/debug/deps/libserde_yaml-cc12d081bfd9a445.rlib --extern socket2=/opt/rustwide/target/debug/deps/libsocket2-90b26cd30e1ef9f8.rlib --extern tempfile=/opt/rustwide/target/debug/deps/libtempfile-71ea739951c8cb9b.rlib --extern thiserror=/opt/rustwide/target/debug/deps/libthiserror-9b8fe6bd46f3bb6b.rlib --extern tokio=/opt/rustwide/target/debug/deps/libtokio-6f3f87f06a221642.rlib --extern tokio_stream=/opt/rustwide/target/debug/deps/libtokio_stream-ab20753d65671566.rlib --extern tokio_test=/opt/rustwide/target/debug/deps/libtokio_test-81fd6e3c4af07845.rlib --extern tokio_util=/opt/rustwide/target/debug/deps/libtokio_util-ae4c2e31e029a337.rlib --extern tracing=/opt/rustwide/target/debug/deps/libtracing-46478484a2511549.rlib --extern tracing_subscriber=/opt/rustwide/target/debug/deps/libtracing_subscriber-cbe714cc2b91b18b.rlib --cap-lints=warn -L native=/opt/rustwide/target/debug/build/aws-lc-sys-418fc0b7c70c4cb2/out -L native=/opt/rustwide/target/debug/build/ring-3a7621db872a855d/out` (signal: 9, SIGKILL: kill)
[INFO] [stderr] warning: build failed, waiting for other jobs to finish...
[INFO] [stderr] error: could not compile `kube-forward` (test "manager_tests")
[INFO] [stderr] 
[INFO] [stderr] Caused by:
[INFO] [stderr]   process didn't exit successfully: `/opt/rustwide/rustup-home/toolchains/1.97.0-beta.6-x86_64-unknown-linux-gnu/bin/rustc --crate-name manager_tests --edition=2024 tests/manager_tests.rs --error-format=json --json=diagnostic-rendered-ansi,artifacts,future-incompat --emit=dep-info,link -C embed-bitcode=no -C debuginfo=2 --test --check-cfg 'cfg(docsrs,test)' --check-cfg 'cfg(feature, values())' -C metadata=cf8e0350b86c32e2 -C extra-filename=-beef7044eebee154 --out-dir /opt/rustwide/target/debug/deps -L dependency=/opt/rustwide/target/debug/deps --extern anyhow=/opt/rustwide/target/debug/deps/libanyhow-c9b06d8caf422803.rlib --extern chrono=/opt/rustwide/target/debug/deps/libchrono-9699d13e158d9aaf.rlib --extern clap=/opt/rustwide/target/debug/deps/libclap-b2976d11f1fe1089.rlib --extern ctor=/opt/rustwide/target/debug/deps/libctor-c8bc8759ecc083aa.rlib --extern ctrlc=/opt/rustwide/target/debug/deps/libctrlc-e375e8021a078870.rlib --extern futures=/opt/rustwide/target/debug/deps/libfutures-1176672ff7f1611a.rlib --extern humantime_serde=/opt/rustwide/target/debug/deps/libhumantime_serde-0cb1ae7739c012ad.rlib --extern inquire=/opt/rustwide/target/debug/deps/libinquire-5a35d65d5240b114.rlib --extern k8s_openapi=/opt/rustwide/target/debug/deps/libk8s_openapi-f0b3c532b58f5747.rlib --extern kube=/opt/rustwide/target/debug/deps/libkube-a32f80c13c34b1c4.rlib --extern kube_forward=/opt/rustwide/target/debug/deps/libkube_forward-180ab31a5952fef0.rlib --extern metrics=/opt/rustwide/target/debug/deps/libmetrics-3d64a46443e34df7.rlib --extern metrics_exporter_prometheus=/opt/rustwide/target/debug/deps/libmetrics_exporter_prometheus-10c6f5829ddcbf34.rlib --extern metrics_util=/opt/rustwide/target/debug/deps/libmetrics_util-680de625c7ec5e40.rlib --extern rand=/opt/rustwide/target/debug/deps/librand-12f60edacb4b3c48.rlib --extern rustls=/opt/rustwide/target/debug/deps/librustls-0138d4d43970fae4.rlib --extern serde=/opt/rustwide/target/debug/deps/libserde-c058e15fccca2760.rlib --extern serde_yaml=/opt/rustwide/target/debug/deps/libserde_yaml-cc12d081bfd9a445.rlib --extern socket2=/opt/rustwide/target/debug/deps/libsocket2-90b26cd30e1ef9f8.rlib --extern tempfile=/opt/rustwide/target/debug/deps/libtempfile-71ea739951c8cb9b.rlib --extern thiserror=/opt/rustwide/target/debug/deps/libthiserror-9b8fe6bd46f3bb6b.rlib --extern tokio=/opt/rustwide/target/debug/deps/libtokio-6f3f87f06a221642.rlib --extern tokio_stream=/opt/rustwide/target/debug/deps/libtokio_stream-ab20753d65671566.rlib --extern tokio_test=/opt/rustwide/target/debug/deps/libtokio_test-81fd6e3c4af07845.rlib --extern tokio_util=/opt/rustwide/target/debug/deps/libtokio_util-ae4c2e31e029a337.rlib --extern tracing=/opt/rustwide/target/debug/deps/libtracing-46478484a2511549.rlib --extern tracing_subscriber=/opt/rustwide/target/debug/deps/libtracing_subscriber-cbe714cc2b91b18b.rlib --cap-lints=warn -L native=/opt/rustwide/target/debug/build/aws-lc-sys-418fc0b7c70c4cb2/out -L native=/opt/rustwide/target/debug/build/ring-3a7621db872a855d/out` (signal: 9, SIGKILL: kill)
[INFO] [stderr] error: could not compile `kube-forward` (lib test)
[INFO] [stderr] 
[INFO] [stderr] Caused by:
[INFO] [stderr]   process didn't exit successfully: `/opt/rustwide/rustup-home/toolchains/1.97.0-beta.6-x86_64-unknown-linux-gnu/bin/rustc --crate-name kube_forward --edition=2024 src/lib.rs --error-format=json --json=diagnostic-rendered-ansi,artifacts,future-incompat --emit=dep-info,link -C embed-bitcode=no -C debuginfo=2 --test --check-cfg 'cfg(docsrs,test)' --check-cfg 'cfg(feature, values())' -C metadata=a1f447451573135c -C extra-filename=-6c6ca59e7601f11a --out-dir /opt/rustwide/target/debug/deps -L dependency=/opt/rustwide/target/debug/deps --extern anyhow=/opt/rustwide/target/debug/deps/libanyhow-c9b06d8caf422803.rlib --extern chrono=/opt/rustwide/target/debug/deps/libchrono-9699d13e158d9aaf.rlib --extern clap=/opt/rustwide/target/debug/deps/libclap-b2976d11f1fe1089.rlib --extern ctor=/opt/rustwide/target/debug/deps/libctor-c8bc8759ecc083aa.rlib --extern ctrlc=/opt/rustwide/target/debug/deps/libctrlc-e375e8021a078870.rlib --extern futures=/opt/rustwide/target/debug/deps/libfutures-1176672ff7f1611a.rlib --extern humantime_serde=/opt/rustwide/target/debug/deps/libhumantime_serde-0cb1ae7739c012ad.rlib --extern inquire=/opt/rustwide/target/debug/deps/libinquire-5a35d65d5240b114.rlib --extern k8s_openapi=/opt/rustwide/target/debug/deps/libk8s_openapi-f0b3c532b58f5747.rlib --extern kube=/opt/rustwide/target/debug/deps/libkube-a32f80c13c34b1c4.rlib --extern metrics=/opt/rustwide/target/debug/deps/libmetrics-3d64a46443e34df7.rlib --extern metrics_exporter_prometheus=/opt/rustwide/target/debug/deps/libmetrics_exporter_prometheus-10c6f5829ddcbf34.rlib --extern metrics_util=/opt/rustwide/target/debug/deps/libmetrics_util-680de625c7ec5e40.rlib --extern rand=/opt/rustwide/target/debug/deps/librand-12f60edacb4b3c48.rlib --extern rustls=/opt/rustwide/target/debug/deps/librustls-0138d4d43970fae4.rlib --extern serde=/opt/rustwide/target/debug/deps/libserde-c058e15fccca2760.rlib --extern serde_yaml=/opt/rustwide/target/debug/deps/libserde_yaml-cc12d081bfd9a445.rlib --extern socket2=/opt/rustwide/target/debug/deps/libsocket2-90b26cd30e1ef9f8.rlib --extern tempfile=/opt/rustwide/target/debug/deps/libtempfile-71ea739951c8cb9b.rlib --extern thiserror=/opt/rustwide/target/debug/deps/libthiserror-9b8fe6bd46f3bb6b.rlib --extern tokio=/opt/rustwide/target/debug/deps/libtokio-6f3f87f06a221642.rlib --extern tokio_stream=/opt/rustwide/target/debug/deps/libtokio_stream-ab20753d65671566.rlib --extern tokio_test=/opt/rustwide/target/debug/deps/libtokio_test-81fd6e3c4af07845.rlib --extern tokio_util=/opt/rustwide/target/debug/deps/libtokio_util-ae4c2e31e029a337.rlib --extern tracing=/opt/rustwide/target/debug/deps/libtracing-46478484a2511549.rlib --extern tracing_subscriber=/opt/rustwide/target/debug/deps/libtracing_subscriber-cbe714cc2b91b18b.rlib --cap-lints=warn -L native=/opt/rustwide/target/debug/build/aws-lc-sys-418fc0b7c70c4cb2/out -L native=/opt/rustwide/target/debug/build/ring-3a7621db872a855d/out` (signal: 9, SIGKILL: kill)
[INFO] [stderr] error: could not compile `kube-forward` (test "forward_tests")
[INFO] [stderr] 
[INFO] [stderr] Caused by:
[INFO] [stderr]   process didn't exit successfully: `/opt/rustwide/rustup-home/toolchains/1.97.0-beta.6-x86_64-unknown-linux-gnu/bin/rustc --crate-name forward_tests --edition=2024 tests/forward_tests.rs --error-format=json --json=diagnostic-rendered-ansi,artifacts,future-incompat --emit=dep-info,link -C embed-bitcode=no -C debuginfo=2 --test --check-cfg 'cfg(docsrs,test)' --check-cfg 'cfg(feature, values())' -C metadata=c8336483c22b54b5 -C extra-filename=-d6310811af1f1f46 --out-dir /opt/rustwide/target/debug/deps -L dependency=/opt/rustwide/target/debug/deps --extern anyhow=/opt/rustwide/target/debug/deps/libanyhow-c9b06d8caf422803.rlib --extern chrono=/opt/rustwide/target/debug/deps/libchrono-9699d13e158d9aaf.rlib --extern clap=/opt/rustwide/target/debug/deps/libclap-b2976d11f1fe1089.rlib --extern ctor=/opt/rustwide/target/debug/deps/libctor-c8bc8759ecc083aa.rlib --extern ctrlc=/opt/rustwide/target/debug/deps/libctrlc-e375e8021a078870.rlib --extern futures=/opt/rustwide/target/debug/deps/libfutures-1176672ff7f1611a.rlib --extern humantime_serde=/opt/rustwide/target/debug/deps/libhumantime_serde-0cb1ae7739c012ad.rlib --extern inquire=/opt/rustwide/target/debug/deps/libinquire-5a35d65d5240b114.rlib --extern k8s_openapi=/opt/rustwide/target/debug/deps/libk8s_openapi-f0b3c532b58f5747.rlib --extern kube=/opt/rustwide/target/debug/deps/libkube-a32f80c13c34b1c4.rlib --extern kube_forward=/opt/rustwide/target/debug/deps/libkube_forward-180ab31a5952fef0.rlib --extern metrics=/opt/rustwide/target/debug/deps/libmetrics-3d64a46443e34df7.rlib --extern metrics_exporter_prometheus=/opt/rustwide/target/debug/deps/libmetrics_exporter_prometheus-10c6f5829ddcbf34.rlib --extern metrics_util=/opt/rustwide/target/debug/deps/libmetrics_util-680de625c7ec5e40.rlib --extern rand=/opt/rustwide/target/debug/deps/librand-12f60edacb4b3c48.rlib --extern rustls=/opt/rustwide/target/debug/deps/librustls-0138d4d43970fae4.rlib --extern serde=/opt/rustwide/target/debug/deps/libserde-c058e15fccca2760.rlib --extern serde_yaml=/opt/rustwide/target/debug/deps/libserde_yaml-cc12d081bfd9a445.rlib --extern socket2=/opt/rustwide/target/debug/deps/libsocket2-90b26cd30e1ef9f8.rlib --extern tempfile=/opt/rustwide/target/debug/deps/libtempfile-71ea739951c8cb9b.rlib --extern thiserror=/opt/rustwide/target/debug/deps/libthiserror-9b8fe6bd46f3bb6b.rlib --extern tokio=/opt/rustwide/target/debug/deps/libtokio-6f3f87f06a221642.rlib --extern tokio_stream=/opt/rustwide/target/debug/deps/libtokio_stream-ab20753d65671566.rlib --extern tokio_test=/opt/rustwide/target/debug/deps/libtokio_test-81fd6e3c4af07845.rlib --extern tokio_util=/opt/rustwide/target/debug/deps/libtokio_util-ae4c2e31e029a337.rlib --extern tracing=/opt/rustwide/target/debug/deps/libtracing-46478484a2511549.rlib --extern tracing_subscriber=/opt/rustwide/target/debug/deps/libtracing_subscriber-cbe714cc2b91b18b.rlib --cap-lints=warn -L native=/opt/rustwide/target/debug/build/aws-lc-sys-418fc0b7c70c4cb2/out -L native=/opt/rustwide/target/debug/build/ring-3a7621db872a855d/out` (signal: 9, SIGKILL: kill)
[INFO] [stderr] error: could not compile `kube-forward` (bin "kube-forward")
[INFO] [stderr] 
[INFO] [stderr] Caused by:
[INFO] [stderr]   process didn't exit successfully: `/opt/rustwide/rustup-home/toolchains/1.97.0-beta.6-x86_64-unknown-linux-gnu/bin/rustc --crate-name kube_forward --edition=2024 src/main.rs --error-format=json --json=diagnostic-rendered-ansi,artifacts,future-incompat --crate-type bin --emit=dep-info,link -C embed-bitcode=no -C debuginfo=2 --check-cfg 'cfg(docsrs,test)' --check-cfg 'cfg(feature, values())' -C metadata=04cfa8b65cfbbb6b -C extra-filename=-83fc00efedffaa7e --out-dir /opt/rustwide/target/debug/deps -L dependency=/opt/rustwide/target/debug/deps --extern anyhow=/opt/rustwide/target/debug/deps/libanyhow-c9b06d8caf422803.rlib --extern chrono=/opt/rustwide/target/debug/deps/libchrono-9699d13e158d9aaf.rlib --extern clap=/opt/rustwide/target/debug/deps/libclap-b2976d11f1fe1089.rlib --extern ctrlc=/opt/rustwide/target/debug/deps/libctrlc-e375e8021a078870.rlib --extern futures=/opt/rustwide/target/debug/deps/libfutures-1176672ff7f1611a.rlib --extern humantime_serde=/opt/rustwide/target/debug/deps/libhumantime_serde-0cb1ae7739c012ad.rlib --extern inquire=/opt/rustwide/target/debug/deps/libinquire-5a35d65d5240b114.rlib --extern k8s_openapi=/opt/rustwide/target/debug/deps/libk8s_openapi-f0b3c532b58f5747.rlib --extern kube=/opt/rustwide/target/debug/deps/libkube-a32f80c13c34b1c4.rlib --extern kube_forward=/opt/rustwide/target/debug/deps/libkube_forward-180ab31a5952fef0.rlib --extern metrics=/opt/rustwide/target/debug/deps/libmetrics-3d64a46443e34df7.rlib --extern metrics_exporter_prometheus=/opt/rustwide/target/debug/deps/libmetrics_exporter_prometheus-10c6f5829ddcbf34.rlib --extern metrics_util=/opt/rustwide/target/debug/deps/libmetrics_util-680de625c7ec5e40.rlib --extern rand=/opt/rustwide/target/debug/deps/librand-12f60edacb4b3c48.rlib --extern rustls=/opt/rustwide/target/debug/deps/librustls-0138d4d43970fae4.rlib --extern serde=/opt/rustwide/target/debug/deps/libserde-c058e15fccca2760.rlib --extern serde_yaml=/opt/rustwide/target/debug/deps/libserde_yaml-cc12d081bfd9a445.rlib --extern socket2=/opt/rustwide/target/debug/deps/libsocket2-90b26cd30e1ef9f8.rlib --extern tempfile=/opt/rustwide/target/debug/deps/libtempfile-71ea739951c8cb9b.rlib --extern thiserror=/opt/rustwide/target/debug/deps/libthiserror-9b8fe6bd46f3bb6b.rlib --extern tokio=/opt/rustwide/target/debug/deps/libtokio-6f3f87f06a221642.rlib --extern tokio_stream=/opt/rustwide/target/debug/deps/libtokio_stream-ab20753d65671566.rlib --extern tokio_util=/opt/rustwide/target/debug/deps/libtokio_util-ae4c2e31e029a337.rlib --extern tracing=/opt/rustwide/target/debug/deps/libtracing-46478484a2511549.rlib --extern tracing_subscriber=/opt/rustwide/target/debug/deps/libtracing_subscriber-cbe714cc2b91b18b.rlib --cap-lints=warn -L native=/opt/rustwide/target/debug/build/aws-lc-sys-418fc0b7c70c4cb2/out -L native=/opt/rustwide/target/debug/build/ring-3a7621db872a855d/out` (signal: 9, SIGKILL: kill)
[INFO] [stdout] error: linking with `cc` failed: exit status: 1
[INFO] [stdout]   |
[INFO] [stdout]   = note:  "cc" "-m64" "/opt/rustwide/target/debug/deps/rustcWVtum9/symbols.o" "<2 object files omitted>" "-Wl,--as-needed" "-Wl,-Bstatic" "<sysroot>/lib/rustlib/x86_64-unknown-linux-gnu/lib/{libtest-*,libgetopts-*,librustc_std_workspace_std-*}.rlib" "/opt/rustwide/target/debug/deps/{libctor-c8bc8759ecc083aa,libkube_forward-180ab31a5952fef0,libhumantime_serde-0cb1ae7739c012ad,libhumantime-645db651aace3b61,librand-12f60edacb4b3c48,libgetrandom-30cee2347d113cf0,libchacha20-e4b0a29c0ef77b5a,libcpufeatures-6c1f78f4142e3013,librand_core-8437d288e8d1265c,libserde_yaml-cc12d081bfd9a445,libryu-1f4f40e4352371e5,libunsafe_libyaml-d3127b66fe569cc5,libmetrics-3d64a46443e34df7,librapidhash-b6b474d23891416f,libtokio_stream-ab20753d65671566,libchrono-9699d13e158d9aaf,libiana_time_zone-bcd81aefedc374a6,libkube-a32f80c13c34b1c4,libkube_runtime-c8196beffe0b7cff,libhostname-2eea1ff9875cf801,libbackon-7c86074f82e50c30,libfastrand-751bcde24b8aa073,libasync_stream-40e7b113fb6d7fd7,libasync_broadcast-3df533f42dc3dcd0,libevent_listener_strategy-254d388db4240e83,libevent_listener-66c1ec68da7e2a92,libparking-a9ae72c6c16ee980,libpin_project-d317f6c3a1fefb34,libkube_client-3541d103ec4f7690,libpem-c65b0b75163a9934,libserde_saphyr-5f6a9d3b9e8fe1a1,libnohash_hasher-d70a43ff1b8813cc,libannotate_snippets-96254ff029467ca0,libanstyle-fe219cdab7346aa5,libencoding_rs_io-52e262ca3928703c,libencoding_rs-c7a67ac351c2b19f,libahash-fe43c86d287aca9d,libgranit_parser-6e00754014cc0aee,libarraydeque-cf6c016962c7984f,libhyper_rustls-cfc1ff49849fadfe,libtokio_rustls-98c01e2f1e375c27,librustls_native_certs-465b2aa2129aa72f,libopenssl_probe-6b1b371432012237,librustls-0138d4d43970fae4,libsubtle-2ae6a7038b9a0630,libwebpki-e0028ae310309bc8,libaws_lc_rs-9efcedd41df8bf77,libaws_lc_sys-5d66af5f034d0f4f,libring-9089650e4f878f4d,libgetrandom-b2e86ac94e686071,libuntrusted-b2f816886faf2178,librustls_pki_types-a1ff9279e609de76,libhyper_timeout-1c1cd8431f56f08d,libsecrecy-084333e1be2ce7ce,libzeroize-7f213bea776ca5b6,libjsonpath_rust-851ee2780877257d,libregex-f305157e35ba131f,libregex_automata-e155cac4434e333a,libaho_corasick-fa94425a423a79cf,libregex_syntax-09d4ea68c5905b01,libpest-afd3cb3b02364b8b,libucd_trie-64e35acb102f3b4d,libtower_http-886ad3e99d42f1ff,libmime-0188e0814ca7ddbf,libtower-4815e6fe0390b0a1,libsync_wrapper-b4537d9de714f6d1,libtower_layer-d908dd771b239ecd,libhyper_util-c2b63b3d3967a6cc,libtower_service-3fb88d28c2218805,libhyper-3dcfd30fff4be88e,libwant-7a6260b9c50f1479,libtry_lock-8fa2f6971035be84,libh2-bd9031d93964ddd1,libindexmap-0ece783e234d1377,libhashbrown-63a892cc2d36a2f0,libequivalent-6a754676e6af62ae,liballocator_api2-8d9c1e895dea53bd,libfoldhash-3b780c428974a407,libfnv-79e2cbfbe03dcd16,libpin_utils-3860774ad9b215b5,libatomic_waker-06950c8c08d2b8fa,libhttpdate-331798cefc82cc7e,libhttp_body_util-f29b0c4104e04cac,libhttp_body-55146306285889c1,libtokio_util-ae4c2e31e029a337,libtokio_tungstenite-89560f09c173ca38,libtungstenite-6000c0f90b4235bf,libdata_encoding-4b0fc7d26697af29,librand-0c052f0ed21dae5c,librand_chacha-f3e30a6daf8a0ec2,libppv_lite86-ab86d466baec27fa,libzerocopy-04d31f9721d0da51,librand_core-a194ba3334a308f1,libgetrandom-d2c3225d0f79b7d2,libsha1-06af8c6fe73789a9,libcpufeatures-e04321643d03190d,libdigest-58e72b83ad3d3d94,libblock_buffer-ceb5bfb4b62e5dc4,libcrypto_common-56b940ef3ee0385e,libgeneric_array-3399f74876fb1fa9,libtypenum-973adb5204d6e560,libhttparse-8c9b827b8f345444,libtokio-6f3f87f06a221642,libsocket2-90b26cd30e1ef9f8,libeither-ee1ed391f5dfcb09,libtracing-46478484a2511549,libtracing_core-4cc82aeb094c2c39,libonce_cell-e9252a7b5119f3eb,libkube_core-cf3e30997d99217e,libhttp-621951be98ec0f6f,libbytes-2ed9460101f17bbf,libjson_patch-940522387d5539ce,libjsonptr-5d2250bcbf287402,libthiserror-3d80b1e6c5fe4577,libform_urlencoded-b5e4072bca43860f,libpercent_encoding-60965446a9af8f63,libserde_value-aece696909d75829,libordered_float-a64daae293b39684,libnum_traits-8025aadba3f5277e,libschemars-f5cfa3dc3264ffac,libref_cast-138287a9aaf580f9,libthiserror-9b8fe6bd46f3bb6b,libfutures-1176672ff7f1611a,libfutures_executor-3f8035d55c4d142e,libfutures_util-6a4f8da34fcba866,libfutures_io-a8805bd12b2ab705,libslab-0582d648e59ab406,libfutures_channel-04b287164a72dbf0,libpin_project_lite-72bf04572caa1c84,libfutures_sink-3971bde37bb30e19,libfutures_task-36f327cfab86eddc,libfutures_core-1121ff913ed87f93,libk8s_openapi-f0b3c532b58f5747,libbase64-32787b0325ea6df8,libserde_json-a2c7f7d84d4dd093,libmemchr-5cfa70d22cb32987,libitoa-f3a70a1441f7f89b,libzmij-23a40d44d8b24e10,libserde-c058e15fccca2760,libjiff-244052d0e5ce7638,libserde_core-21f22ac7b803fb0e,libinquire-5a35d65d5240b114,libunicode_width-c0be3735b741df1b,libcrossterm-451813eef7e831bc,librustix-e3623f17edcfd043,liblinux_raw_sys-0b6cde911e9a3109,libbitflags-9362e66b8880981a,libparking_lot-ffadff8dabf49814,libparking_lot_core-1a2829851bfdb608,libsmallvec-bc3128fdd57228fc,liblock_api-16d46fed645f7bff,libscopeguard-7ec2214574194454,libderive_more-1cdefb7c2f940363,libsignal_hook_mio-a60099f0b30c14b8,libsignal_hook-fe699a6a0f482497,libsignal_hook_registry-a760c7518082b676,liberrno-b828f94e94d1c0fa,libmio-c8e179ca9d380af5,liblibc-177b4b632c025eff,liblog-b262261d47bd2eba,libfuzzy_matcher-975e93032d2c7257,libthread_local-b4f6fe44d641c0b1,libcfg_if-83060ec5685761ae,libunicode_segmentation-7adb7faea6d97d51,libdyn_clone-319e7691ef78165b,libanyhow-c9b06d8caf422803}.rlib" "<sysroot>/lib/rustlib/x86_64-unknown-linux-gnu/lib/{libstd-*,libpanic_unwind-*,libobject-*,libmemchr-*,libaddr2line-*,libgimli-*,libcfg_if-*,librustc_demangle-*,libstd_detect-*,libhashbrown-*,librustc_std_workspace_alloc-*,libminiz_oxide-*,libadler2-*,libunwind-*,liblibc-*,librustc_std_workspace_core-*,liballoc-*,libcore-*,libcompiler_builtins-*}.rlib" "-Wl,-Bdynamic" "-lgcc_s" "-lutil" "-lrt" "-lpthread" "-lm" "-ldl" "-lc" "-L" "/opt/rustwide/target/debug/deps/rustcWVtum9/raw-dylibs" "-B<sysroot>/lib/rustlib/x86_64-unknown-linux-gnu/bin/gcc-ld" "-fuse-ld=lld" "-Wl,--eh-frame-hdr" "-Wl,-z,noexecstack" "-L" "/opt/rustwide/target/debug/build/aws-lc-sys-418fc0b7c70c4cb2/out" "-L" "/opt/rustwide/target/debug/build/ring-3a7621db872a855d/out" "-L" "<sysroot>/lib/rustlib/x86_64-unknown-linux-gnu/lib" "-o" "/opt/rustwide/target/debug/deps/metrics_tests-67c2c4f09a51c891" "-Wl,--gc-sections" "-pie" "-Wl,-z,relro,-z,now" "-nodefaultlibs"
[INFO] [stdout]   = note: some arguments are omitted. use `--verbose` to show all linker arguments
[INFO] [stdout]   = note: collect2: fatal error: ld terminated with signal 9 [Killed]
[INFO] [stdout]           compilation terminated.
[INFO] [stdout]           
[INFO] [stdout] 
[INFO] [stdout] 
[INFO] [stderr] error: could not compile `kube-forward` (test "metrics_tests") due to 1 previous error
[INFO] [stdout] error: linking with `cc` failed: exit status: 1
[INFO] [stdout]   |
[INFO] [stdout]   = note:  "cc" "-m64" "/opt/rustwide/target/debug/deps/rustcn8BCUs/symbols.o" "<2 object files omitted>" "-Wl,--as-needed" "-Wl,-Bstatic" "<sysroot>/lib/rustlib/x86_64-unknown-linux-gnu/lib/{libtest-*,libgetopts-*,librustc_std_workspace_std-*}.rlib" "/opt/rustwide/target/debug/deps/{libkube_forward-180ab31a5952fef0,libhumantime_serde-0cb1ae7739c012ad,libhumantime-645db651aace3b61,librand-12f60edacb4b3c48,libgetrandom-30cee2347d113cf0,libchacha20-e4b0a29c0ef77b5a,libcpufeatures-6c1f78f4142e3013,librand_core-8437d288e8d1265c,libserde_yaml-cc12d081bfd9a445,libryu-1f4f40e4352371e5,libunsafe_libyaml-d3127b66fe569cc5,libmetrics-3d64a46443e34df7,librapidhash-b6b474d23891416f,libtokio_stream-ab20753d65671566,libchrono-9699d13e158d9aaf,libiana_time_zone-bcd81aefedc374a6,libkube-a32f80c13c34b1c4,libkube_runtime-c8196beffe0b7cff,libhostname-2eea1ff9875cf801,libbackon-7c86074f82e50c30,libfastrand-751bcde24b8aa073,libasync_stream-40e7b113fb6d7fd7,libasync_broadcast-3df533f42dc3dcd0,libevent_listener_strategy-254d388db4240e83,libevent_listener-66c1ec68da7e2a92,libparking-a9ae72c6c16ee980,libpin_project-d317f6c3a1fefb34,libkube_client-3541d103ec4f7690,libpem-c65b0b75163a9934,libserde_saphyr-5f6a9d3b9e8fe1a1,libnohash_hasher-d70a43ff1b8813cc,libannotate_snippets-96254ff029467ca0,libanstyle-fe219cdab7346aa5,libencoding_rs_io-52e262ca3928703c,libencoding_rs-c7a67ac351c2b19f,libahash-fe43c86d287aca9d,libgranit_parser-6e00754014cc0aee,libarraydeque-cf6c016962c7984f,libhyper_rustls-cfc1ff49849fadfe,libtokio_rustls-98c01e2f1e375c27,librustls_native_certs-465b2aa2129aa72f,libopenssl_probe-6b1b371432012237,librustls-0138d4d43970fae4,libsubtle-2ae6a7038b9a0630,libwebpki-e0028ae310309bc8,libaws_lc_rs-9efcedd41df8bf77,libaws_lc_sys-5d66af5f034d0f4f,libring-9089650e4f878f4d,libgetrandom-b2e86ac94e686071,libuntrusted-b2f816886faf2178,librustls_pki_types-a1ff9279e609de76,libhyper_timeout-1c1cd8431f56f08d,libsecrecy-084333e1be2ce7ce,libzeroize-7f213bea776ca5b6,libjsonpath_rust-851ee2780877257d,libregex-f305157e35ba131f,libregex_automata-e155cac4434e333a,libaho_corasick-fa94425a423a79cf,libregex_syntax-09d4ea68c5905b01,libpest-afd3cb3b02364b8b,libucd_trie-64e35acb102f3b4d,libtower_http-886ad3e99d42f1ff,libmime-0188e0814ca7ddbf,libtower-4815e6fe0390b0a1,libsync_wrapper-b4537d9de714f6d1,libtower_layer-d908dd771b239ecd,libhyper_util-c2b63b3d3967a6cc,libtower_service-3fb88d28c2218805,libhyper-3dcfd30fff4be88e,libwant-7a6260b9c50f1479,libtry_lock-8fa2f6971035be84,libh2-bd9031d93964ddd1,libindexmap-0ece783e234d1377,libhashbrown-63a892cc2d36a2f0,libequivalent-6a754676e6af62ae,liballocator_api2-8d9c1e895dea53bd,libfoldhash-3b780c428974a407,libfnv-79e2cbfbe03dcd16,libpin_utils-3860774ad9b215b5,libatomic_waker-06950c8c08d2b8fa,libhttpdate-331798cefc82cc7e,libhttp_body_util-f29b0c4104e04cac,libhttp_body-55146306285889c1,libtokio_util-ae4c2e31e029a337,libtokio_tungstenite-89560f09c173ca38,libtungstenite-6000c0f90b4235bf,libdata_encoding-4b0fc7d26697af29,librand-0c052f0ed21dae5c,librand_chacha-f3e30a6daf8a0ec2,libppv_lite86-ab86d466baec27fa,libzerocopy-04d31f9721d0da51,librand_core-a194ba3334a308f1,libgetrandom-d2c3225d0f79b7d2,libsha1-06af8c6fe73789a9,libcpufeatures-e04321643d03190d,libdigest-58e72b83ad3d3d94,libblock_buffer-ceb5bfb4b62e5dc4,libcrypto_common-56b940ef3ee0385e,libgeneric_array-3399f74876fb1fa9,libtypenum-973adb5204d6e560,libhttparse-8c9b827b8f345444,libtokio-6f3f87f06a221642,libsocket2-90b26cd30e1ef9f8,libeither-ee1ed391f5dfcb09,libtracing-46478484a2511549,libtracing_core-4cc82aeb094c2c39,libonce_cell-e9252a7b5119f3eb,libkube_core-cf3e30997d99217e,libhttp-621951be98ec0f6f,libbytes-2ed9460101f17bbf,libjson_patch-940522387d5539ce,libjsonptr-5d2250bcbf287402,libthiserror-3d80b1e6c5fe4577,libform_urlencoded-b5e4072bca43860f,libpercent_encoding-60965446a9af8f63,libserde_value-aece696909d75829,libordered_float-a64daae293b39684,libnum_traits-8025aadba3f5277e,libschemars-f5cfa3dc3264ffac,libref_cast-138287a9aaf580f9,libthiserror-9b8fe6bd46f3bb6b,libfutures-1176672ff7f1611a,libfutures_executor-3f8035d55c4d142e,libfutures_util-6a4f8da34fcba866,libfutures_io-a8805bd12b2ab705,libslab-0582d648e59ab406,libfutures_channel-04b287164a72dbf0,libpin_project_lite-72bf04572caa1c84,libfutures_sink-3971bde37bb30e19,libfutures_task-36f327cfab86eddc,libfutures_core-1121ff913ed87f93,libk8s_openapi-f0b3c532b58f5747,libbase64-32787b0325ea6df8,libserde_json-a2c7f7d84d4dd093,libmemchr-5cfa70d22cb32987,libitoa-f3a70a1441f7f89b,libzmij-23a40d44d8b24e10,libserde-c058e15fccca2760,libjiff-244052d0e5ce7638,libserde_core-21f22ac7b803fb0e,libinquire-5a35d65d5240b114,libunicode_width-c0be3735b741df1b,libcrossterm-451813eef7e831bc,librustix-e3623f17edcfd043,liblinux_raw_sys-0b6cde911e9a3109,libbitflags-9362e66b8880981a,libparking_lot-ffadff8dabf49814,libparking_lot_core-1a2829851bfdb608,libsmallvec-bc3128fdd57228fc,liblock_api-16d46fed645f7bff,libscopeguard-7ec2214574194454,libderive_more-1cdefb7c2f940363,libsignal_hook_mio-a60099f0b30c14b8,libsignal_hook-fe699a6a0f482497,libsignal_hook_registry-a760c7518082b676,liberrno-b828f94e94d1c0fa,libmio-c8e179ca9d380af5,liblibc-177b4b632c025eff,liblog-b262261d47bd2eba,libfuzzy_matcher-975e93032d2c7257,libthread_local-b4f6fe44d641c0b1,libcfg_if-83060ec5685761ae,libunicode_segmentation-7adb7faea6d97d51,libdyn_clone-319e7691ef78165b,libanyhow-c9b06d8caf422803}.rlib" "<sysroot>/lib/rustlib/x86_64-unknown-linux-gnu/lib/{libstd-*,libpanic_unwind-*,libobject-*,libmemchr-*,libaddr2line-*,libgimli-*,libcfg_if-*,librustc_demangle-*,libstd_detect-*,libhashbrown-*,librustc_std_workspace_alloc-*,libminiz_oxide-*,libadler2-*,libunwind-*,liblibc-*,librustc_std_workspace_core-*,liballoc-*,libcore-*,libcompiler_builtins-*}.rlib" "-Wl,-Bdynamic" "-lgcc_s" "-lutil" "-lrt" "-lpthread" "-lm" "-ldl" "-lc" "-L" "/opt/rustwide/target/debug/deps/rustcn8BCUs/raw-dylibs" "-B<sysroot>/lib/rustlib/x86_64-unknown-linux-gnu/bin/gcc-ld" "-fuse-ld=lld" "-Wl,--eh-frame-hdr" "-Wl,-z,noexecstack" "-L" "/opt/rustwide/target/debug/build/aws-lc-sys-418fc0b7c70c4cb2/out" "-L" "/opt/rustwide/target/debug/build/ring-3a7621db872a855d/out" "-L" "<sysroot>/lib/rustlib/x86_64-unknown-linux-gnu/lib" "-o" "/opt/rustwide/target/debug/deps/backoff_tests-ed077e4b378dfab8" "-Wl,--gc-sections" "-pie" "-Wl,-z,relro,-z,now" "-nodefaultlibs"
[INFO] [stdout]   = note: some arguments are omitted. use `--verbose` to show all linker arguments
[INFO] [stdout]   = note: collect2: fatal error: ld terminated with signal 9 [Killed]
[INFO] [stdout]           compilation terminated.
[INFO] [stdout]           
[INFO] [stdout] 
[INFO] [stdout] 
[INFO] [stderr] error: could not compile `kube-forward` (test "backoff_tests") due to 1 previous error
[INFO] [stdout] error: linking with `cc` failed: exit status: 1
[INFO] [stdout]   |
[INFO] [stdout]   = note:  "cc" "-m64" "/opt/rustwide/target/debug/deps/rustcU74FiA/symbols.o" "<7 object files omitted>" "-Wl,--as-needed" "-Wl,-Bstatic" "<sysroot>/lib/rustlib/x86_64-unknown-linux-gnu/lib/{libtest-*,libgetopts-*,librustc_std_workspace_std-*}.rlib" "/opt/rustwide/target/debug/deps/{libctor-c8bc8759ecc083aa,libkube_forward-180ab31a5952fef0,libhumantime_serde-0cb1ae7739c012ad,libhumantime-645db651aace3b61,librand-12f60edacb4b3c48,libgetrandom-30cee2347d113cf0,libchacha20-e4b0a29c0ef77b5a,libcpufeatures-6c1f78f4142e3013,librand_core-8437d288e8d1265c,libserde_yaml-cc12d081bfd9a445,libryu-1f4f40e4352371e5,libunsafe_libyaml-d3127b66fe569cc5,libmetrics-3d64a46443e34df7,librapidhash-b6b474d23891416f,libtokio_stream-ab20753d65671566,libchrono-9699d13e158d9aaf,libiana_time_zone-bcd81aefedc374a6,libkube-a32f80c13c34b1c4,libkube_runtime-c8196beffe0b7cff,libhostname-2eea1ff9875cf801,libbackon-7c86074f82e50c30,libfastrand-751bcde24b8aa073,libasync_stream-40e7b113fb6d7fd7,libasync_broadcast-3df533f42dc3dcd0,libevent_listener_strategy-254d388db4240e83,libevent_listener-66c1ec68da7e2a92,libparking-a9ae72c6c16ee980,libpin_project-d317f6c3a1fefb34,libkube_client-3541d103ec4f7690,libpem-c65b0b75163a9934,libserde_saphyr-5f6a9d3b9e8fe1a1,libnohash_hasher-d70a43ff1b8813cc,libannotate_snippets-96254ff029467ca0,libanstyle-fe219cdab7346aa5,libencoding_rs_io-52e262ca3928703c,libencoding_rs-c7a67ac351c2b19f,libahash-fe43c86d287aca9d,libgranit_parser-6e00754014cc0aee,libarraydeque-cf6c016962c7984f,libhyper_rustls-cfc1ff49849fadfe,libtokio_rustls-98c01e2f1e375c27,librustls_native_certs-465b2aa2129aa72f,libopenssl_probe-6b1b371432012237,librustls-0138d4d43970fae4,libsubtle-2ae6a7038b9a0630,libwebpki-e0028ae310309bc8,libaws_lc_rs-9efcedd41df8bf77,libaws_lc_sys-5d66af5f034d0f4f,libring-9089650e4f878f4d,libgetrandom-b2e86ac94e686071,libuntrusted-b2f816886faf2178,librustls_pki_types-a1ff9279e609de76,libhyper_timeout-1c1cd8431f56f08d,libsecrecy-084333e1be2ce7ce,libzeroize-7f213bea776ca5b6,libjsonpath_rust-851ee2780877257d,libregex-f305157e35ba131f,libregex_automata-e155cac4434e333a,libaho_corasick-fa94425a423a79cf,libregex_syntax-09d4ea68c5905b01,libpest-afd3cb3b02364b8b,libucd_trie-64e35acb102f3b4d,libtower_http-886ad3e99d42f1ff,libmime-0188e0814ca7ddbf,libtower-4815e6fe0390b0a1,libsync_wrapper-b4537d9de714f6d1,libtower_layer-d908dd771b239ecd,libhyper_util-c2b63b3d3967a6cc,libtower_service-3fb88d28c2218805,libhyper-3dcfd30fff4be88e,libwant-7a6260b9c50f1479,libtry_lock-8fa2f6971035be84,libh2-bd9031d93964ddd1,libindexmap-0ece783e234d1377,libhashbrown-63a892cc2d36a2f0,libequivalent-6a754676e6af62ae,liballocator_api2-8d9c1e895dea53bd,libfoldhash-3b780c428974a407,libfnv-79e2cbfbe03dcd16,libpin_utils-3860774ad9b215b5,libatomic_waker-06950c8c08d2b8fa,libhttpdate-331798cefc82cc7e,libhttp_body_util-f29b0c4104e04cac,libhttp_body-55146306285889c1,libtokio_util-ae4c2e31e029a337,libtokio_tungstenite-89560f09c173ca38,libtungstenite-6000c0f90b4235bf,libdata_encoding-4b0fc7d26697af29,librand-0c052f0ed21dae5c,librand_chacha-f3e30a6daf8a0ec2,libppv_lite86-ab86d466baec27fa,libzerocopy-04d31f9721d0da51,librand_core-a194ba3334a308f1,libgetrandom-d2c3225d0f79b7d2,libsha1-06af8c6fe73789a9,libcpufeatures-e04321643d03190d,libdigest-58e72b83ad3d3d94,libblock_buffer-ceb5bfb4b62e5dc4,libcrypto_common-56b940ef3ee0385e,libgeneric_array-3399f74876fb1fa9,libtypenum-973adb5204d6e560,libhttparse-8c9b827b8f345444,libtokio-6f3f87f06a221642,libsocket2-90b26cd30e1ef9f8,libeither-ee1ed391f5dfcb09,libtracing-46478484a2511549,libtracing_core-4cc82aeb094c2c39,libonce_cell-e9252a7b5119f3eb,libkube_core-cf3e30997d99217e,libhttp-621951be98ec0f6f,libbytes-2ed9460101f17bbf,libjson_patch-940522387d5539ce,libjsonptr-5d2250bcbf287402,libthiserror-3d80b1e6c5fe4577,libform_urlencoded-b5e4072bca43860f,libpercent_encoding-60965446a9af8f63,libserde_value-aece696909d75829,libordered_float-a64daae293b39684,libnum_traits-8025aadba3f5277e,libschemars-f5cfa3dc3264ffac,libref_cast-138287a9aaf580f9,libthiserror-9b8fe6bd46f3bb6b,libfutures-1176672ff7f1611a,libfutures_executor-3f8035d55c4d142e,libfutures_util-6a4f8da34fcba866,libfutures_io-a8805bd12b2ab705,libslab-0582d648e59ab406,libfutures_channel-04b287164a72dbf0,libpin_project_lite-72bf04572caa1c84,libfutures_sink-3971bde37bb30e19,libfutures_task-36f327cfab86eddc,libfutures_core-1121ff913ed87f93,libk8s_openapi-f0b3c532b58f5747,libbase64-32787b0325ea6df8,libserde_json-a2c7f7d84d4dd093,libmemchr-5cfa70d22cb32987,libitoa-f3a70a1441f7f89b,libzmij-23a40d44d8b24e10,libserde-c058e15fccca2760,libjiff-244052d0e5ce7638,libserde_core-21f22ac7b803fb0e,libinquire-5a35d65d5240b114,libunicode_width-c0be3735b741df1b,libcrossterm-451813eef7e831bc,librustix-e3623f17edcfd043,liblinux_raw_sys-0b6cde911e9a3109,libbitflags-9362e66b8880981a,libparking_lot-ffadff8dabf49814,libparking_lot_core-1a2829851bfdb608,libsmallvec-bc3128fdd57228fc,liblock_api-16d46fed645f7bff,libscopeguard-7ec2214574194454,libderive_more-1cdefb7c2f940363,libsignal_hook_mio-a60099f0b30c14b8,libsignal_hook-fe699a6a0f482497,libsignal_hook_registry-a760c7518082b676,liberrno-b828f94e94d1c0fa,libmio-c8e179ca9d380af5,liblibc-177b4b632c025eff,liblog-b262261d47bd2eba,libfuzzy_matcher-975e93032d2c7257,libthread_local-b4f6fe44d641c0b1,libcfg_if-83060ec5685761ae,libunicode_segmentation-7adb7faea6d97d51,libdyn_clone-319e7691ef78165b,libanyhow-c9b06d8caf422803}.rlib" "<sysroot>/lib/rustlib/x86_64-unknown-linux-gnu/lib/{libstd-*,libpanic_unwind-*,libobject-*,libmemchr-*,libaddr2line-*,libgimli-*,libcfg_if-*,librustc_demangle-*,libstd_detect-*,libhashbrown-*,librustc_std_workspace_alloc-*,libminiz_oxide-*,libadler2-*,libunwind-*,liblibc-*,librustc_std_workspace_core-*,liballoc-*,libcore-*,libcompiler_builtins-*}.rlib" "-Wl,-Bdynamic" "-lgcc_s" "-lutil" "-lrt" "-lpthread" "-lm" "-ldl" "-lc" "-L" "/opt/rustwide/target/debug/deps/rustcU74FiA/raw-dylibs" "-B<sysroot>/lib/rustlib/x86_64-unknown-linux-gnu/bin/gcc-ld" "-fuse-ld=lld" "-Wl,--eh-frame-hdr" "-Wl,-z,noexecstack" "-L" "/opt/rustwide/target/debug/build/aws-lc-sys-418fc0b7c70c4cb2/out" "-L" "/opt/rustwide/target/debug/build/ring-3a7621db872a855d/out" "-L" "<sysroot>/lib/rustlib/x86_64-unknown-linux-gnu/lib" "-o" "/opt/rustwide/target/debug/deps/idle_timeout_tests-0edfc98be5c3e644" "-Wl,--gc-sections" "-pie" "-Wl,-z,relro,-z,now" "-nodefaultlibs"
[INFO] [stdout]   = note: some arguments are omitted. use `--verbose` to show all linker arguments
[INFO] [stdout]   = note: collect2: fatal error: ld terminated with signal 9 [Killed]
[INFO] [stdout]           compilation terminated.
[INFO] [stdout]           
[INFO] [stdout] 
[INFO] [stdout] 
[INFO] [stderr] error: could not compile `kube-forward` (test "idle_timeout_tests") due to 1 previous error
[INFO] running `Command { std: "docker" "inspect" "50ef508e195c4fedc5fdc49cf70709cb951360f0ec2a2d1d05fe265254772c39", kill_on_drop: false }`
[INFO] running `Command { std: "docker" "rm" "-f" "50ef508e195c4fedc5fdc49cf70709cb951360f0ec2a2d1d05fe265254772c39", kill_on_drop: false }`
[INFO] [stdout] 50ef508e195c4fedc5fdc49cf70709cb951360f0ec2a2d1d05fe265254772c39
