[INFO] cloning repository https://github.com/kailust/NibiruNFT-Marketplace
[INFO] running `Command { std: "git" "-c" "credential.helper=" "-c" "credential.helper=/workspace/cargo-home/bin/git-credential-null" "clone" "--bare" "https://github.com/kailust/NibiruNFT-Marketplace" "/workspace/cache/git-repos/https%3A%2F%2Fgithub.com%2Fkailust%2FNibiruNFT-Marketplace", kill_on_drop: false }`
[INFO] [stderr] Cloning into bare repository '/workspace/cache/git-repos/https%3A%2F%2Fgithub.com%2Fkailust%2FNibiruNFT-Marketplace'...
[INFO] running `Command { std: "git" "rev-parse" "HEAD", kill_on_drop: false }`
[INFO] [stdout] aaa360307c587922baa3b535ca931eda2d7f9f99
[INFO] testing kailust/NibiruNFT-Marketplace against 1.97.0-beta.6 for beta-1.98-2
[INFO] running `Command { std: "git" "clone" "/workspace/cache/git-repos/https%3A%2F%2Fgithub.com%2Fkailust%2FNibiruNFT-Marketplace" "/workspace/builds/worker-4-tc1/source", kill_on_drop: false }`
[INFO] [stderr] Cloning into '/workspace/builds/worker-4-tc1/source'...
[INFO] [stderr] done.
[INFO] removed /workspace/builds/worker-4-tc1/source/.cargo/config
[INFO] started tweaking git repo https://github.com/kailust/NibiruNFT-Marketplace
[INFO] finished tweaking git repo https://github.com/kailust/NibiruNFT-Marketplace
[INFO] tweaked toml for git repo https://github.com/kailust/NibiruNFT-Marketplace written to /workspace/builds/worker-4-tc1/source/Cargo.toml
[INFO] validating manifest of git repo https://github.com/kailust/NibiruNFT-Marketplace on toolchain 1.97.0-beta.6
[INFO] running `Command { std: CARGO_HOME="/workspace/cargo-home" RUSTUP_HOME="/workspace/rustup-home" "/workspace/cargo-home/bin/cargo" "+1.97.0-beta.6" "metadata" "--manifest-path" "Cargo.toml" "--no-deps", kill_on_drop: false }`
[INFO] crate git repo https://github.com/kailust/NibiruNFT-Marketplace already has a lockfile, it will not be regenerated
[INFO] running `Command { std: CARGO_HOME="/workspace/cargo-home" RUSTUP_HOME="/workspace/rustup-home" "/workspace/cargo-home/bin/cargo" "+1.97.0-beta.6" "fetch" "--manifest-path" "Cargo.toml", kill_on_drop: false }`
[INFO] [stderr]     Blocking waiting for file lock on package cache
[INFO] [stderr]     Updating crates.io index
[INFO] [stderr]  Downloading crates ...
[INFO] [stderr]   Downloaded serde v1.0.174
[INFO] [stderr]   Downloaded schemars v0.8.12
[INFO] [stderr]   Downloaded thiserror-impl v1.0.44
[INFO] [stderr]   Downloaded thiserror v1.0.44
[INFO] [stderr]   Downloaded cw721 v0.18.0
[INFO] [stderr]   Downloaded forward_ref v1.0.0
[INFO] [stderr]   Downloaded cw2 v0.16.0
[INFO] [stderr]   Downloaded cosmwasm-schema v1.3.0
[INFO] [stderr]   Downloaded cw-ownable-derive v0.5.1
[INFO] [stderr]   Downloaded dyn-clone v1.0.12
[INFO] [stderr]   Downloaded cw-utils v0.16.0
[INFO] [stderr]   Downloaded spki v0.6.0
[INFO] [stderr]   Downloaded base16ct v0.1.1
[INFO] [stderr]   Downloaded cw721 v0.16.0
[INFO] [stderr]   Downloaded cw-address-like v1.0.4
[INFO] [stderr]   Downloaded rfc6979 v0.3.1
[INFO] [stderr]   Downloaded cosmwasm-derive v1.3.0
[INFO] [stderr]   Downloaded ff v0.12.1
[INFO] [stderr]   Downloaded cw20 v1.1.0
[INFO] [stderr]   Downloaded cw2 v1.1.0
[INFO] [stderr]   Downloaded prost-derive v0.9.0
[INFO] [stderr]   Downloaded cw721-base v0.18.0
[INFO] [stderr]   Downloaded ecdsa v0.14.8
[INFO] [stderr]   Downloaded cosmwasm-crypto v1.3.0
[INFO] [stderr]   Downloaded zeroize v1.6.0
[INFO] [stderr]   Downloaded group v0.12.1
[INFO] [stderr]   Downloaded ed25519-zebra v3.1.0
[INFO] [stderr]   Downloaded cosmwasm-schema-derive v1.3.0
[INFO] [stderr]   Downloaded schemars_derive v0.8.12
[INFO] [stderr]   Downloaded serde-json-wasm v0.5.1
[INFO] [stderr]   Downloaded signature v1.6.4
[INFO] [stderr]   Downloaded serde_derive_internals v0.26.0
[INFO] [stderr]   Downloaded semver v1.0.18
[INFO] [stderr]   Downloaded sec1 v0.3.0
[INFO] [stderr]   Downloaded pkcs8 v0.9.0
[INFO] [stderr]   Downloaded cw-ownable v0.5.1
[INFO] [stderr]   Downloaded prost v0.9.0
[INFO] [stderr]   Downloaded const-oid v0.9.4
[INFO] [stderr]   Downloaded cw721-base v0.16.0
[INFO] [stderr]   Downloaded crypto-bigint v0.4.9
[INFO] [stderr]   Downloaded elliptic-curve v0.12.3
[INFO] [stderr]   Downloaded cw-utils v1.0.1
[INFO] [stderr]   Downloaded cw-storage-plus v0.16.0
[INFO] [stderr]   Downloaded bnum v0.7.0
[INFO] [stderr]   Downloaded cw-multi-test v0.16.5
[INFO] [stderr]   Downloaded der v0.6.1
[INFO] [stderr]   Downloaded cw-storage-plus v1.1.0
[INFO] [stderr]   Downloaded serde_json v1.0.103
[INFO] [stderr]   Downloaded k256 v0.11.6
[INFO] [stderr]   Downloaded cosmwasm-std v1.3.0
[INFO] [stderr]   Downloaded serde_derive v1.0.174
[INFO] [stderr]   Downloaded curve25519-dalek v3.2.0
[INFO] running `Command { std: "docker" "create" "-v" "/var/lib/crater-agent-workspace/builds/worker-4-tc1/source:/opt/rustwide/workdir:ro,Z" "-v" "/var/lib/crater-agent-workspace/builds/worker-4-tc1/target:/opt/rustwide/target:rw,Z" "-v" "/var/lib/crater-agent-workspace/cargo-home:/opt/rustwide/cargo-home:ro,Z" "-v" "/var/lib/crater-agent-workspace/rustup-home:/opt/rustwide/rustup-home:ro,Z" "-m" "1610612736" "--network" "none" "ghcr.io/rust-lang/crates-build-env/linux@sha256:3d5ced03c013a94a2f102a4510f48a6e9184255caf5fd8244f58017bde7f5210" "sleep" "infinity", kill_on_drop: false }`
[INFO] [stdout] 4c90f87f7bb88fe4e489befd23ab8a08f4ff08fbc5845ee92a3af251ea525d76
[INFO] running `Command { std: "docker" "start" "4c90f87f7bb88fe4e489befd23ab8a08f4ff08fbc5845ee92a3af251ea525d76", kill_on_drop: false }`
[INFO] running `Command { std: "docker" "inspect" "4c90f87f7bb88fe4e489befd23ab8a08f4ff08fbc5845ee92a3af251ea525d76", kill_on_drop: false }`
[INFO] running `Command { std: "docker" "exec" "-e" "SOURCE_DIR=/opt/rustwide/workdir" "-e" "CARGO_HOME=/opt/rustwide/cargo-home" "-e" "RUSTUP_HOME=/opt/rustwide/rustup-home" "-e" "CARGO_TARGET_DIR=/opt/rustwide/target" "-w" "/opt/rustwide/workdir" "--user" "0:0" "4c90f87f7bb88fe4e489befd23ab8a08f4ff08fbc5845ee92a3af251ea525d76" "/opt/rustwide/cargo-home/bin/cargo" "+1.97.0-beta.6" "metadata" "--no-deps" "--format-version=1", kill_on_drop: false }`
[INFO] running `Command { std: "docker" "inspect" "4c90f87f7bb88fe4e489befd23ab8a08f4ff08fbc5845ee92a3af251ea525d76", kill_on_drop: false }`
[INFO] running `Command { std: "docker" "exec" "-e" "SOURCE_DIR=/opt/rustwide/workdir" "-e" "CARGO_HOME=/opt/rustwide/cargo-home" "-e" "RUSTUP_HOME=/opt/rustwide/rustup-home" "-e" "CARGO_TARGET_DIR=/opt/rustwide/target" "-e" "CARGO_INCREMENTAL=0" "-e" "RUST_BACKTRACE=full" "-e" "RUSTFLAGS=--cap-lints=warn" "-e" "RUSTDOCFLAGS=--cap-lints=warn" "-w" "/opt/rustwide/workdir" "--user" "0:0" "4c90f87f7bb88fe4e489befd23ab8a08f4ff08fbc5845ee92a3af251ea525d76" "/opt/rustwide/cargo-home/bin/cargo" "+1.97.0-beta.6" "build" "--frozen" "--message-format=json", kill_on_drop: false }`
[INFO] [stderr]    Compiling typenum v1.16.0
[INFO] [stderr]    Compiling proc-macro2 v1.0.66
[INFO] [stderr]    Compiling unicode-ident v1.0.11
[INFO] [stderr]    Compiling libc v0.2.147
[INFO] [stderr]    Compiling subtle v2.5.0
[INFO] [stderr]    Compiling zeroize v1.6.0
[INFO] [stderr]    Compiling syn v1.0.109
[INFO] [stderr]    Compiling const-oid v0.9.4
[INFO] [stderr]    Compiling serde v1.0.174
[INFO] [stderr]    Compiling base64ct v1.6.0
[INFO] [stderr]    Compiling serde_derive v1.0.174
[INFO] [stderr]    Compiling ahash v0.7.6
[INFO] [stderr]    Compiling base16ct v0.1.1
[INFO] [stderr]    Compiling cpufeatures v0.2.9
[INFO] [stderr]    Compiling once_cell v1.18.0
[INFO] [stderr]    Compiling serde_json v1.0.103
[INFO] [stderr]    Compiling thiserror v1.0.44
[INFO] [stderr]    Compiling rand_core v0.5.1
[INFO] [stderr]    Compiling byteorder v1.4.3
[INFO] [stderr]    Compiling opaque-debug v0.3.0
[INFO] [stderr]    Compiling itoa v1.0.9
[INFO] [stderr]    Compiling schemars v0.8.12
[INFO] [stderr]    Compiling ryu v1.0.15
[INFO] [stderr]    Compiling hex v0.4.3
[INFO] [stderr]    Compiling dyn-clone v1.0.12
[INFO] [stderr]    Compiling der v0.6.1
[INFO] [stderr]    Compiling bnum v0.7.0
[INFO] [stderr]    Compiling forward_ref v1.0.0
[INFO] [stderr]    Compiling semver v1.0.18
[INFO] [stderr]    Compiling anyhow v1.0.72
[INFO] [stderr]    Compiling either v1.9.0
[INFO] [stderr]    Compiling bytes v1.4.0
[INFO] [stderr]    Compiling itertools v0.10.5
[INFO] [stderr]    Compiling quote v1.0.31
[INFO] [stderr]    Compiling getrandom v0.2.10
[INFO] [stderr]    Compiling rand_core v0.6.4
[INFO] [stderr]    Compiling syn v2.0.27
[INFO] [stderr]    Compiling hashbrown v0.12.3
[INFO] [stderr]    Compiling ff v0.12.1
[INFO] [stderr]    Compiling spki v0.6.0
[INFO] [stderr]    Compiling pkcs8 v0.9.0
[INFO] [stderr]    Compiling group v0.12.1
[INFO] [stderr]    Compiling generic-array v0.14.7
[INFO] [stderr]    Compiling block-buffer v0.10.4
[INFO] [stderr]    Compiling crypto-common v0.1.6
[INFO] [stderr]    Compiling crypto-bigint v0.4.9
[INFO] [stderr]    Compiling sec1 v0.3.0
[INFO] [stderr]    Compiling digest v0.9.0
[INFO] [stderr]    Compiling block-buffer v0.9.0
[INFO] [stderr]    Compiling curve25519-dalek v3.2.0
[INFO] [stderr]    Compiling sha2 v0.9.9
[INFO] [stderr]    Compiling digest v0.10.7
[INFO] [stderr]    Compiling hmac v0.12.1
[INFO] [stderr]    Compiling signature v1.6.4
[INFO] [stderr]    Compiling sha2 v0.10.7
[INFO] [stderr]    Compiling rfc6979 v0.3.1
[INFO] [stderr]    Compiling elliptic-curve v0.12.3
[INFO] [stderr]    Compiling thiserror-impl v1.0.44
[INFO] [stderr]    Compiling ecdsa v0.14.8
[INFO] [stderr]    Compiling k256 v0.11.6
[INFO] [stderr]    Compiling ed25519-zebra v3.1.0
[INFO] [stderr]    Compiling serde-json-wasm v0.5.1
[INFO] [stderr]    Compiling cosmwasm-crypto v1.3.0
[INFO] [stderr]    Compiling serde_derive_internals v0.26.0
[INFO] [stderr]    Compiling cosmwasm-derive v1.3.0
[INFO] [stderr]    Compiling derivative v2.2.0
[INFO] [stderr]    Compiling cosmwasm-schema-derive v1.3.0
[INFO] [stderr]    Compiling cw-ownable-derive v0.5.1
[INFO] [stderr]    Compiling prost-derive v0.9.0
[INFO] [stderr]    Compiling schemars_derive v0.8.12
[INFO] [stderr]    Compiling prost v0.9.0
[INFO] [stderr]    Compiling cosmwasm-std v1.3.0
[INFO] [stderr]    Compiling cosmwasm-schema v1.3.0
[INFO] [stderr]    Compiling cw-storage-plus v1.1.0
[INFO] [stderr]    Compiling cw-storage-plus v0.16.0
[INFO] [stderr]    Compiling cw-address-like v1.0.4
[INFO] [stderr]    Compiling cw2 v1.1.0
[INFO] [stderr]    Compiling cw-utils v1.0.1
[INFO] [stderr]    Compiling cw2 v0.16.0
[INFO] [stderr]    Compiling cw-utils v0.16.0
[INFO] [stderr]    Compiling cw721 v0.18.0
[INFO] [stderr]    Compiling cw-ownable v0.5.1
[INFO] [stderr]    Compiling cw-multi-test v0.16.5
[INFO] [stderr]    Compiling cw20 v1.1.0
[INFO] [stderr]    Compiling cw721 v0.16.0
[INFO] [stderr]    Compiling cw721-base v0.16.0
[INFO] [stderr]    Compiling cw721-base v0.18.0
[INFO] [stderr]    Compiling cw-marketplace v0.1.0 (/opt/rustwide/workdir)
[INFO] [stdout] error[E0432]: unresolved import `cosmwasm_std::Pair`
[INFO] [stdout]  --> src/contract.rs:7:93
[INFO] [stdout]   |
[INFO] [stdout] 7 |     from_binary, to_binary, Api, Binary, CosmosMsg, Deps, DepsMut, Env, MessageInfo, Order, Pair,
[INFO] [stdout]   |                                                                                             ^^^^ no `Pair` in the root
[INFO] [stdout] 
[INFO] [stdout] 
[INFO] [stdout] warning: unused import: `StdError`
[INFO] [stdout]  --> src/contract.rs:8:15
[INFO] [stdout]   |
[INFO] [stdout] 8 |     Response, StdError, StdResult, Uint128, WasmMsg,
[INFO] [stdout]   |               ^^^^^^^^
[INFO] [stdout]   |
[INFO] [stdout]   = note: `#[warn(unused_imports)]` (part of `#[warn(unused)]`) on by default
[INFO] [stdout] 
[INFO] [stdout] 
[INFO] [stdout] error[E0107]: struct takes 3 generic arguments but 2 generic arguments were supplied
[INFO] [stdout]   --> src/state.rs:44:17
[INFO] [stdout]    |
[INFO] [stdout] 44 |     pub seller: MultiIndex<'a, (Vec<u8>, Vec<u8>), Offering>,
[INFO] [stdout]    |                 ^^^^^^^^^^     ------------------  -------- supplied 2 generic arguments
[INFO] [stdout]    |                 |
[INFO] [stdout]    |                 expected 3 generic arguments
[INFO] [stdout]    |
[INFO] [stdout] note: struct defined here, with 3 generic parameters: `IK`, `T`, `PK`
[INFO] [stdout]   --> /opt/rustwide/cargo-home/registry/src/index.crates.io-1949cf8c6b5b557f/cw-storage-plus-1.1.0/src/indexes/multi.rs:30:12
[INFO] [stdout]    |
[INFO] [stdout] 30 | pub struct MultiIndex<'a, IK, T, PK> {
[INFO] [stdout]    |            ^^^^^^^^^^     --  -  --
[INFO] [stdout] help: add missing generic argument
[INFO] [stdout]    |
[INFO] [stdout] 44 |     pub seller: MultiIndex<'a, (Vec<u8>, Vec<u8>), Offering, PK>,
[INFO] [stdout]    |                                                            ++++
[INFO] [stdout] 
[INFO] [stdout] 
[INFO] [stdout] error[E0107]: struct takes 3 generic arguments but 2 generic arguments were supplied
[INFO] [stdout]   --> src/state.rs:45:19
[INFO] [stdout]    |
[INFO] [stdout] 45 |     pub contract: MultiIndex<'a, (Vec<u8>, Vec<u8>), Offering>,
[INFO] [stdout]    |                   ^^^^^^^^^^     ------------------  -------- supplied 2 generic arguments
[INFO] [stdout]    |                   |
[INFO] [stdout]    |                   expected 3 generic arguments
[INFO] [stdout]    |
[INFO] [stdout] note: struct defined here, with 3 generic parameters: `IK`, `T`, `PK`
[INFO] [stdout]   --> /opt/rustwide/cargo-home/registry/src/index.crates.io-1949cf8c6b5b557f/cw-storage-plus-1.1.0/src/indexes/multi.rs:30:12
[INFO] [stdout]    |
[INFO] [stdout] 30 | pub struct MultiIndex<'a, IK, T, PK> {
[INFO] [stdout]    |            ^^^^^^^^^^     --  -  --
[INFO] [stdout] help: add missing generic argument
[INFO] [stdout]    |
[INFO] [stdout] 45 |     pub contract: MultiIndex<'a, (Vec<u8>, Vec<u8>), Offering, PK>,
[INFO] [stdout]    |                                                              ++++
[INFO] [stdout] 
[INFO] [stdout] 
[INFO] [stdout] error[E0277]: the size for values of type `[u8]` cannot be known at compilation time
[INFO] [stdout]    --> src/contract.rs:279:21
[INFO] [stdout]     |
[INFO] [stdout] 279 |     item.and_then(|(k, offering)| {
[INFO] [stdout]     |                     ^ doesn't have a size known at compile-time
[INFO] [stdout]     |
[INFO] [stdout]     = help: the trait `Sized` is not implemented for `[u8]`
[INFO] [stdout]     = note: all local variables must have a statically known size
[INFO] [stdout] 
[INFO] [stdout] 
[INFO] [stdout] error[E0277]: the size for values of type `[u8]` cannot be known at compilation time
[INFO] [stdout]    --> src/contract.rs:279:20
[INFO] [stdout]     |
[INFO] [stdout] 279 |     item.and_then(|(k, offering)| {
[INFO] [stdout]     |                    ^^^^^^^^^^^^^ doesn't have a size known at compile-time
[INFO] [stdout]     |
[INFO] [stdout]     = help: the trait `Sized` is not implemented for `[u8]`
[INFO] [stdout]     = note: only the last element of a tuple may have a dynamically sized type
[INFO] [stdout] 
[INFO] [stdout] 
[INFO] [stdout] error[E0609]: no field `seller` on type `&[u8]`
[INFO] [stdout]   --> src/state.rs:58:23
[INFO] [stdout]    |
[INFO] [stdout] 58 |             |o, k| (o.seller.to_vec(), k),
[INFO] [stdout]    |                       ^^^^^^ unknown field
[INFO] [stdout] 
[INFO] [stdout] 
[INFO] [stdout] error[E0308]: mismatched types
[INFO] [stdout]   --> src/state.rs:58:40
[INFO] [stdout]    |
[INFO] [stdout] 58 |             |o, k| (o.seller.to_vec(), k),
[INFO] [stdout]    |                                        ^ expected `Vec<u8>`, found `&Offering`
[INFO] [stdout]    |
[INFO] [stdout]    = note: expected struct `std::vec::Vec<u8>`
[INFO] [stdout]            found reference `&Offering`
[INFO] [stdout] 
[INFO] [stdout] 
[INFO] [stdout] error[E0609]: no field `contract_addr` on type `&[u8]`
[INFO] [stdout]   --> src/state.rs:63:23
[INFO] [stdout]    |
[INFO] [stdout] 63 |             |o, k| (o.contract_addr.to_vec(), k),
[INFO] [stdout]    |                       ^^^^^^^^^^^^^ unknown field
[INFO] [stdout] 
[INFO] [stdout] 
[INFO] [stdout] error[E0308]: mismatched types
[INFO] [stdout]   --> src/state.rs:63:47
[INFO] [stdout]    |
[INFO] [stdout] 63 |             |o, k| (o.contract_addr.to_vec(), k),
[INFO] [stdout]    |                                               ^ expected `Vec<u8>`, found `&Offering`
[INFO] [stdout]    |
[INFO] [stdout]    = note: expected struct `std::vec::Vec<u8>`
[INFO] [stdout]            found reference `&Offering`
[INFO] [stdout] 
[INFO] [stdout] 
[INFO] [stdout] Some errors have detailed explanations: E0107, E0277, E0308, E0432, E0609.
[INFO] [stdout] 
[INFO] [stdout] For more information about an error, try `rustc --explain E0107`.
[INFO] [stdout] 
[INFO] [stderr] error: could not compile `cw-marketplace` (lib) due to 9 previous errors; 1 warning emitted
[INFO] running `Command { std: "docker" "inspect" "4c90f87f7bb88fe4e489befd23ab8a08f4ff08fbc5845ee92a3af251ea525d76", kill_on_drop: false }`
[INFO] running `Command { std: "docker" "rm" "-f" "4c90f87f7bb88fe4e489befd23ab8a08f4ff08fbc5845ee92a3af251ea525d76", kill_on_drop: false }`
[INFO] [stdout] 4c90f87f7bb88fe4e489befd23ab8a08f4ff08fbc5845ee92a3af251ea525d76
