[INFO] cloning repository https://github.com/jx3calc/jx3calc
[INFO] running `Command { std: "git" "-c" "credential.helper=" "-c" "credential.helper=/workspace/cargo-home/bin/git-credential-null" "clone" "--bare" "https://github.com/jx3calc/jx3calc" "/workspace/cache/git-repos/https%3A%2F%2Fgithub.com%2Fjx3calc%2Fjx3calc", kill_on_drop: false }`
[INFO] [stderr] Cloning into bare repository '/workspace/cache/git-repos/https%3A%2F%2Fgithub.com%2Fjx3calc%2Fjx3calc'...
[INFO] running `Command { std: "git" "rev-parse" "HEAD", kill_on_drop: false }`
[INFO] [stdout] d727b73badb5de1ea76f1bee2e873f1316eaa598
[INFO] testing jx3calc/jx3calc against 1.97.0-beta.6 for beta-1.98-2
[INFO] running `Command { std: "git" "clone" "/workspace/cache/git-repos/https%3A%2F%2Fgithub.com%2Fjx3calc%2Fjx3calc" "/workspace/builds/worker-1-tc1/source", kill_on_drop: false }`
[INFO] [stderr] Cloning into '/workspace/builds/worker-1-tc1/source'...
[INFO] [stderr] done.
[INFO] started tweaking git repo https://github.com/jx3calc/jx3calc
[INFO] finished tweaking git repo https://github.com/jx3calc/jx3calc
[INFO] tweaked toml for git repo https://github.com/jx3calc/jx3calc written to /workspace/builds/worker-1-tc1/source/Cargo.toml
[INFO] validating manifest of git repo https://github.com/jx3calc/jx3calc on toolchain 1.97.0-beta.6
[INFO] running `Command { std: CARGO_HOME="/workspace/cargo-home" RUSTUP_HOME="/workspace/rustup-home" "/workspace/cargo-home/bin/cargo" "+1.97.0-beta.6" "metadata" "--manifest-path" "Cargo.toml" "--no-deps", kill_on_drop: false }`
[INFO] crate git repo https://github.com/jx3calc/jx3calc already has a lockfile, it will not be regenerated
[INFO] running `Command { std: CARGO_HOME="/workspace/cargo-home" RUSTUP_HOME="/workspace/rustup-home" "/workspace/cargo-home/bin/cargo" "+1.97.0-beta.6" "fetch" "--manifest-path" "Cargo.toml", kill_on_drop: false }`
[INFO] [stderr]     Updating git repository `https://github.com/jx3calc/lua-src-rs.git`
[INFO] [stderr]     Updating crates.io index
[INFO] [stderr]     Updating git repository `https://github.com/jx3calc/lzham-sys.git`
[INFO] [stderr]     Updating git submodule `https://github.com/jx3calc/lzham_codec`
[INFO] [stderr]  Downloading crates ...
[INFO] [stderr]   Downloaded wasm-bindgen-macro v0.2.97
[INFO] [stderr]   Downloaded wasm-bindgen v0.2.97
[INFO] [stderr]   Downloaded cc v1.2.2
[INFO] [stderr]   Downloaded wasm-bindgen-shared v0.2.97
[INFO] [stderr]   Downloaded wasm-bindgen-futures v0.4.47
[INFO] [stderr]   Downloaded wasm-bindgen-backend v0.2.97
[INFO] [stderr]   Downloaded wasm-bindgen-macro-support v0.2.97
[INFO] [stderr]   Downloaded mlua-sys v0.6.6
[INFO] [stderr]   Downloaded env_logger v0.11.6
[INFO] [stderr]   Downloaded cmake v0.1.52
[INFO] [stderr]   Downloaded value-bag v1.10.0
[INFO] [stderr]   Downloaded tauri-plugin v2.0.3
[INFO] [stderr]   Downloaded typeid v1.0.2
[INFO] [stderr]   Downloaded tempfile v3.15.0
[INFO] [stderr]   Downloaded serde-untagged v0.1.6
[INFO] [stderr]   Downloaded js-sys v0.3.74
[INFO] [stderr]   Downloaded phf_shared v0.8.0
[INFO] [stderr]   Downloaded phf_macros v0.8.0
[INFO] [stderr]   Downloaded thin-slice v0.1.1
[INFO] [stderr]   Downloaded servo_arc v0.1.1
[INFO] [stderr]   Downloaded phf_generator v0.8.0
[INFO] [stderr]   Downloaded tauri-plugin-log v2.0.2
[INFO] [stderr]   Downloaded erased-serde v0.4.5
[INFO] [stderr]   Downloaded nodrop v0.1.14
[INFO] [stderr]   Downloaded phf_codegen v0.8.0
[INFO] [stderr]   Downloaded phf v0.8.0
[INFO] [stderr]   Downloaded proc-macro-hack v0.5.20+deprecated
[INFO] [stderr]   Downloaded itoa v0.4.8
[INFO] [stderr]   Downloaded rand_pcg v0.2.1
[INFO] [stderr]   Downloaded string_cache_codegen v0.5.2
[INFO] [stderr]   Downloaded selectors v0.22.0
[INFO] [stderr]   Downloaded dtoa v1.0.9
[INFO] [stderr]   Downloaded kuchikiki v0.8.2
[INFO] [stderr]   Downloaded infer v0.16.0
[INFO] [stderr]   Downloaded tauri-utils v2.1.0
[INFO] [stderr]   Downloaded cssparser v0.27.2
[INFO] [stderr]   Downloaded windows-version v0.1.1
[INFO] [stderr]   Downloaded anyhow v1.0.93
[INFO] [stderr]   Downloaded webview2-com-macros v0.8.0
[INFO] [stderr]   Downloaded serde_json v1.0.133
[INFO] [stderr]   Downloaded webview2-com v0.33.0
[INFO] [stderr]   Downloaded hyper v1.5.1
[INFO] [stderr]   Downloaded plist v1.7.0
[INFO] [stderr]   Downloaded webkit2gtk-sys v2.0.1
[INFO] [stderr]   Downloaded gtk3-macros v0.18.0
[INFO] [stderr]   Downloaded mlua v0.10.2
[INFO] [stderr]   Downloaded gdk-sys v0.18.0
[INFO] [stderr]   Downloaded atk-sys v0.18.0
[INFO] [stderr]   Downloaded dpi v0.1.1
[INFO] [stderr]   Downloaded webkit2gtk v2.0.1
[INFO] [stderr]   Downloaded fdeflate v0.3.6
[INFO] [stderr]   Downloaded quick-xml v0.32.0
[INFO] [stderr]   Downloaded atk v0.18.0
[INFO] [stderr]   Downloaded tray-icon v0.19.2
[INFO] [stderr]   Downloaded core-graphics v0.24.0
[INFO] [stderr]   Downloaded gtk-sys v0.18.0
[INFO] [stderr]   Downloaded gdk v0.18.0
[INFO] [stderr]   Downloaded png v0.17.14
[INFO] [stderr]   Downloaded muda v0.15.3
[INFO] [stderr]   Downloaded tauri v2.1.1
[INFO] [stderr]   Downloaded bstr v1.11.1
[INFO] [stderr]   Downloaded tauri-runtime-wry v2.2.0
[INFO] [stderr]   Downloaded objc2-web-kit v0.2.2
[INFO] [stderr]   Downloaded wry v0.47.2
[INFO] [stderr]   Downloaded gtk v0.18.1
[INFO] [stderr]   Downloaded libc v0.2.167
[INFO] [stderr]   Downloaded web-sys v0.3.74
[INFO] [stderr]   Downloaded luajit-src v210.5.11+97813fb
[INFO] [stderr]   Downloaded gdkwayland-sys v0.18.0
[INFO] [stderr]   Downloaded ico v0.3.0
[INFO] [stderr]   Downloaded cocoa v0.26.0
[INFO] [stderr]   Downloaded softbuffer v0.4.6
[INFO] [stderr]   Downloaded tauri-build v2.0.3
[INFO] [stderr]   Downloaded tauri-winres v0.1.1
[INFO] [stderr]   Downloaded embed-resource v2.5.1
[INFO] [stderr]   Downloaded gdkx11-sys v0.18.0
[INFO] [stderr]   Downloaded dlopen2 v0.7.0
[INFO] [stderr]   Downloaded dlopen2_derive v0.4.0
[INFO] [stderr]   Downloaded bytemuck v1.20.0
[INFO] [stderr]   Downloaded tauri-codegen v2.0.3
[INFO] [stderr]   Downloaded vswhom-sys v0.1.2
[INFO] [stderr]   Downloaded window-vibrancy v0.5.2
[INFO] [stderr]   Downloaded gdkx11 v0.18.0
[INFO] [stderr]   Downloaded tauri-runtime v2.2.0
[INFO] [stderr]   Downloaded cocoa-foundation v0.2.0
[INFO] [stderr]   Downloaded tauri-macros v2.0.3
[INFO] [stderr]   Downloaded cargo_toml v0.17.2
[INFO] [stderr]   Downloaded serialize-to-javascript-impl v0.1.1
[INFO] [stderr]   Downloaded byte-unit v5.1.6
[INFO] [stderr]   Downloaded fern v0.7.0
[INFO] [stderr]   Downloaded rust_decimal v1.36.0
[INFO] [stderr]   Downloaded serialize-to-javascript v0.1.1
[INFO] [stderr]   Downloaded android_logger v0.14.1
[INFO] [stderr]   Downloaded borsh v1.3.0
[INFO] [stderr]   Downloaded android_log-sys v0.3.1
[INFO] [stderr]   Downloaded borsh-derive v1.3.0
[INFO] [stderr]   Downloaded tao v0.30.8
[INFO] [stderr]   Downloaded webview2-com-sys v0.33.0
[INFO] running `Command { std: "docker" "create" "-v" "/var/lib/crater-agent-workspace/builds/worker-1-tc1/source:/opt/rustwide/workdir:ro,Z" "-v" "/var/lib/crater-agent-workspace/builds/worker-1-tc1/target:/opt/rustwide/target:rw,Z" "-v" "/var/lib/crater-agent-workspace/cargo-home:/opt/rustwide/cargo-home:ro,Z" "-v" "/var/lib/crater-agent-workspace/rustup-home:/opt/rustwide/rustup-home:ro,Z" "-m" "1610612736" "--network" "none" "ghcr.io/rust-lang/crates-build-env/linux@sha256:3d5ced03c013a94a2f102a4510f48a6e9184255caf5fd8244f58017bde7f5210" "sleep" "infinity", kill_on_drop: false }`
[INFO] [stdout] 5d1e03517fa10a4d2899d2c4e96ce2e9ffcd71ac251146116dc4a3ec806b28ff
[INFO] running `Command { std: "docker" "start" "5d1e03517fa10a4d2899d2c4e96ce2e9ffcd71ac251146116dc4a3ec806b28ff", kill_on_drop: false }`
[INFO] running `Command { std: "docker" "inspect" "5d1e03517fa10a4d2899d2c4e96ce2e9ffcd71ac251146116dc4a3ec806b28ff", kill_on_drop: false }`
[INFO] running `Command { std: "docker" "exec" "-e" "SOURCE_DIR=/opt/rustwide/workdir" "-e" "CARGO_HOME=/opt/rustwide/cargo-home" "-e" "RUSTUP_HOME=/opt/rustwide/rustup-home" "-e" "CARGO_TARGET_DIR=/opt/rustwide/target" "-w" "/opt/rustwide/workdir" "--user" "0:0" "5d1e03517fa10a4d2899d2c4e96ce2e9ffcd71ac251146116dc4a3ec806b28ff" "/opt/rustwide/cargo-home/bin/cargo" "+1.97.0-beta.6" "metadata" "--no-deps" "--format-version=1", kill_on_drop: false }`
[INFO] running `Command { std: "docker" "inspect" "5d1e03517fa10a4d2899d2c4e96ce2e9ffcd71ac251146116dc4a3ec806b28ff", kill_on_drop: false }`
[INFO] running `Command { std: "docker" "exec" "-e" "SOURCE_DIR=/opt/rustwide/workdir" "-e" "CARGO_HOME=/opt/rustwide/cargo-home" "-e" "RUSTUP_HOME=/opt/rustwide/rustup-home" "-e" "CARGO_TARGET_DIR=/opt/rustwide/target" "-e" "CARGO_INCREMENTAL=0" "-e" "RUST_BACKTRACE=full" "-e" "RUSTFLAGS=--cap-lints=warn" "-e" "RUSTDOCFLAGS=--cap-lints=warn" "-w" "/opt/rustwide/workdir" "--user" "0:0" "5d1e03517fa10a4d2899d2c4e96ce2e9ffcd71ac251146116dc4a3ec806b28ff" "/opt/rustwide/cargo-home/bin/cargo" "+1.97.0-beta.6" "build" "--frozen" "--message-format=json", kill_on_drop: false }`
[INFO] [stderr]    Compiling proc-macro2 v1.0.92
[INFO] [stderr]    Compiling unicode-ident v1.0.14
[INFO] [stderr]    Compiling libc v0.2.167
[INFO] [stderr]    Compiling serde v1.0.215
[INFO] [stderr]    Compiling equivalent v1.0.1
[INFO] [stderr]    Compiling hashbrown v0.15.2
[INFO] [stderr]    Compiling pkg-config v0.3.31
[INFO] [stderr]    Compiling winnow v0.5.40
[INFO] [stderr]    Compiling smallvec v1.13.2
[INFO] [stderr]    Compiling version-compare v0.2.0
[INFO] [stderr]    Compiling once_cell v1.20.2
[INFO] [stderr]    Compiling itoa v1.0.14
[INFO] [stderr]    Compiling writeable v0.5.5
[INFO] [stderr]    Compiling litemap v0.7.4
[INFO] [stderr]    Compiling pin-project-lite v0.2.15
[INFO] [stderr]    Compiling icu_locid_transform_data v1.5.0
[INFO] [stderr]    Compiling parking_lot_core v0.9.10
[INFO] [stderr]    Compiling getrandom v0.1.16
[INFO] [stderr]    Compiling icu_properties_data v1.5.0
[INFO] [stderr]    Compiling icu_normalizer_data v1.5.0
[INFO] [stderr]    Compiling write16 v1.0.0
[INFO] [stderr]    Compiling utf16_iter v1.0.5
[INFO] [stderr]    Compiling cfg-expr v0.15.8
[INFO] [stderr]    Compiling ryu v1.0.18
[INFO] [stderr]    Compiling phf_shared v0.10.0
[INFO] [stderr]    Compiling semver v1.0.23
[INFO] [stderr]    Compiling phf_shared v0.8.0
[INFO] [stderr]    Compiling aho-corasick v1.1.3
[INFO] [stderr]    Compiling proc-macro-hack v0.5.20+deprecated
[INFO] [stderr]    Compiling regex-syntax v0.8.5
[INFO] [stderr]    Compiling dtoa v1.0.9
[INFO] [stderr]    Compiling phf v0.10.1
[INFO] [stderr]    Compiling typeid v1.0.2
[INFO] [stderr]    Compiling value-bag v1.10.0
[INFO] [stderr]    Compiling itoa v0.4.8
[INFO] [stderr]    Compiling nodrop v0.1.14
[INFO] [stderr]    Compiling dtoa-short v0.3.5
[INFO] [stderr]    Compiling lock_api v0.4.12
[INFO] [stderr]    Compiling thin-slice v0.1.1
[INFO] [stderr]    Compiling phf_shared v0.11.2
[INFO] [stderr]    Compiling servo_arc v0.1.1
[INFO] [stderr]    Compiling serde_json v1.0.133
[INFO] [stderr]    Compiling thiserror v2.0.9
[INFO] [stderr]    Compiling brotli-decompressor v4.0.1
[INFO] [stderr]    Compiling log v0.4.22
[INFO] [stderr]    Compiling indexmap v1.9.3
[INFO] [stderr]    Compiling percent-encoding v2.3.1
[INFO] [stderr]    Compiling camino v1.1.9
[INFO] [stderr]    Compiling quote v1.0.37
[INFO] [stderr]    Compiling jobserver v0.1.32
[INFO] [stderr]    Compiling getrandom v0.2.15
[INFO] [stderr]    Compiling indexmap v2.7.0
[INFO] [stderr]    Compiling rand_core v0.5.1
[INFO] [stderr]    Compiling form_urlencoded v1.2.1
[INFO] [stderr]    Compiling syn v2.0.90
[INFO] [stderr]    Compiling syn v1.0.109
[INFO] [stderr]    Compiling rand_core v0.6.4
[INFO] [stderr]    Compiling rand_pcg v0.2.1
[INFO] [stderr]    Compiling cc v1.2.2
[INFO] [stderr]    Compiling proc-macro-error-attr v1.0.4
[INFO] [stderr]    Compiling parking_lot v0.12.3
[INFO] [stderr]    Compiling glob v0.3.1
[INFO] [stderr]    Compiling socket2 v0.5.8
[INFO] [stderr]    Compiling mio v1.0.3
[INFO] [stderr]    Compiling schemars v0.8.21
[INFO] [stderr]    Compiling bytes v1.9.0
[INFO] [stderr]    Compiling dyn-clone v1.0.17
[INFO] [stderr]    Compiling tracing-core v0.1.33
[INFO] [stderr]    Compiling memoffset v0.9.1
[INFO] [stderr]    Compiling openssl v0.10.68
[INFO] [stderr]    Compiling rustix v0.38.42
[INFO] [stderr]    Compiling anyhow v1.0.93
[INFO] [stderr]    Compiling brotli v7.0.0
[INFO] [stderr]    Compiling http v1.1.0
[INFO] [stderr]    Compiling httparse v1.9.5
[INFO] [stderr]    Compiling bitflags v2.6.0
[INFO] [stderr]    Compiling typenum v1.17.0
[INFO] [stderr]    Compiling tracing v0.1.41
[INFO] [stderr]    Compiling native-tls v0.2.12
[INFO] [stderr]    Compiling linux-raw-sys v0.4.14
[INFO] [stderr]    Compiling gtk v0.18.1
[INFO] [stderr]    Compiling either v1.13.0
[INFO] [stderr]    Compiling home v0.5.11
[INFO] [stderr]    Compiling openssl-probe v0.1.5
[INFO] [stderr]    Compiling dirs-sys v0.4.1
[INFO] [stderr]    Compiling num-traits v0.2.19
[INFO] [stderr]    Compiling generic-array v0.14.7
[INFO] [stderr]    Compiling x11 v2.21.0
[INFO] [stderr]    Compiling simd-adler32 v0.3.7
[INFO] [stderr]    Compiling sync_wrapper v1.0.2
[INFO] [stderr]    Compiling dirs v5.0.1
[INFO] [stderr]    Compiling crossbeam-utils v0.8.20
[INFO] [stderr]    Compiling lua-src v547.0.0 (https://github.com/jx3calc/lua-src-rs.git#21e11305)
[INFO] [stderr]    Compiling adler2 v2.0.0
[INFO] [stderr]    Compiling rustls-pki-types v1.10.1
[INFO] [stderr]    Compiling miniz_oxide v0.8.0
[INFO] [stderr]    Compiling cmake v0.1.52
[INFO] [stderr]    Compiling regex-automata v0.4.9
[INFO] [stderr]    Compiling x11-dl v2.21.0
[INFO] [stderr]    Compiling crc32fast v1.4.2
[INFO] [stderr]    Compiling encoding_rs v0.8.35
[INFO] [stderr]    Compiling time-core v0.1.2
[INFO] [stderr]    Compiling zstd-safe v7.2.1
[INFO] [stderr]    Compiling ipnet v2.10.1
[INFO] [stderr]    Compiling anstyle-parse v0.2.6
[INFO] [stderr]    Compiling time-macros v0.2.18
[INFO] [stderr]    Compiling rustls-pemfile v2.2.0
[INFO] [stderr]    Compiling deranged v0.3.11
[INFO] [stderr]    Compiling openssl-sys v0.9.104
[INFO] [stderr]    Compiling zstd-sys v2.0.13+zstd.1.5.6
[INFO] [stderr]    Compiling flate2 v1.0.35
[INFO] [stderr]    Compiling lzham-sys v0.1.1 (https://github.com/jx3calc/lzham-sys.git#47e864d4)
[INFO] [stderr]    Compiling crypto-common v0.1.6
[INFO] [stderr]    Compiling block-buffer v0.10.4
[INFO] [stderr]    Compiling fdeflate v0.3.6
[INFO] [stderr]    Compiling num_threads v0.1.7
[INFO] [stderr]    Compiling anstyle-query v1.1.2
[INFO] [stderr]    Compiling colorchoice v1.0.3
[INFO] [stderr]    Compiling is_terminal_polyfill v1.70.1
[INFO] [stderr]    Compiling anstyle v1.0.10
[INFO] [stderr]    Compiling raw-window-handle v0.6.2
[INFO] [stderr]    Compiling time v0.3.36
[INFO] [stderr]    Compiling digest v0.10.7
[INFO] [stderr]    Compiling anstream v0.6.18
[INFO] [stderr]    Compiling png v0.17.14
[INFO] [stderr]    Compiling bstr v1.11.1
[INFO] [stderr]    Compiling which v6.0.3
[INFO] [stderr]    Compiling crossbeam-channel v0.5.13
[INFO] [stderr]    Compiling cpufeatures v0.2.16
[INFO] [stderr]    Compiling wry v0.47.2
[INFO] [stderr]    Compiling luajit-src v210.5.11+97813fb
[INFO] [stderr]    Compiling tauri-runtime v2.2.0
[INFO] [stderr]    Compiling humantime v2.1.0
[INFO] [stderr]    Compiling rustc-hash v2.1.0
[INFO] [stderr]    Compiling proc-macro-error v1.0.4
[INFO] [stderr]    Compiling mlua-sys v0.6.6
[INFO] [stderr]    Compiling rustversion v1.0.19
[INFO] [stderr]    Compiling pak v0.1.0 (/opt/rustwide/workdir/src-pak)
[INFO] [stderr]    Compiling ico v0.3.0
[INFO] [stderr]    Compiling sha2 v0.10.8
[INFO] [stderr]    Compiling memmap2 v0.9.5
[INFO] [stderr]    Compiling instant v0.1.13
[INFO] [stderr]    Compiling xxhash-rust v0.8.15
[INFO] [stderr]    Compiling tauri-runtime-wry v2.2.0
[INFO] [stderr]    Compiling rust_decimal v1.36.0
[INFO] [stderr]    Compiling arrayvec v0.7.6
[INFO] [stderr]    Compiling utf8-width v0.1.7
[INFO] [stderr]    Compiling strum v0.26.3
[INFO] [stderr]    Compiling fern v0.7.0
[INFO] [stderr]    Compiling regex v1.11.1
[INFO] [stderr]    Compiling synstructure v0.13.1
[INFO] [stderr]    Compiling darling_core v0.20.10
[INFO] [stderr]    Compiling serde_derive_internals v0.29.1
[INFO] [stderr]    Compiling env_filter v0.1.2
[INFO] [stderr]    Compiling cookie v0.18.1
[INFO] [stderr]    Compiling env_logger v0.11.6
[INFO] [stderr]    Compiling byte-unit v5.1.6
[INFO] [stderr]    Compiling cssparser v0.27.2
[INFO] [stderr]    Compiling html5ever v0.26.0
[INFO] [stderr]    Compiling serialize-to-javascript-impl v0.1.1
[INFO] [stderr] error: failed to run custom build command for `lzham-sys v0.1.1 (https://github.com/jx3calc/lzham-sys.git#47e864d4)`
[INFO] [stderr] note: To improve backtraces for build dependencies, set the CARGO_PROFILE_DEV_BUILD_OVERRIDE_DEBUG=true environment variable to enable debug information generation.
[INFO] [stderr] 
[INFO] [stderr] Caused by:
[INFO] [stderr]   process didn't exit successfully: `/opt/rustwide/target/debug/build/lzham-sys-f8afe09f895e0a5b/build-script-build` (exit status: 101)
[INFO] [stderr]   --- stdout
[INFO] [stderr]   cargo:rustc-link-lib=stdc++
[INFO] [stderr]   cargo:info=Static feature or environment variable found.
[INFO] [stderr]   CMAKE_TOOLCHAIN_FILE_x86_64-unknown-linux-gnu = None
[INFO] [stderr]   CMAKE_TOOLCHAIN_FILE_x86_64_unknown_linux_gnu = None
[INFO] [stderr]   HOST_CMAKE_TOOLCHAIN_FILE = None
[INFO] [stderr]   CMAKE_TOOLCHAIN_FILE = None
[INFO] [stderr]   CMAKE_GENERATOR_x86_64-unknown-linux-gnu = None
[INFO] [stderr]   CMAKE_GENERATOR_x86_64_unknown_linux_gnu = None
[INFO] [stderr]   HOST_CMAKE_GENERATOR = None
[INFO] [stderr]   CMAKE_GENERATOR = None
[INFO] [stderr]   CMAKE_PREFIX_PATH_x86_64-unknown-linux-gnu = None
[INFO] [stderr]   CMAKE_PREFIX_PATH_x86_64_unknown_linux_gnu = None
[INFO] [stderr]   HOST_CMAKE_PREFIX_PATH = None
[INFO] [stderr]   CMAKE_PREFIX_PATH = None
[INFO] [stderr]   CMAKE_x86_64-unknown-linux-gnu = None
[INFO] [stderr]   CMAKE_x86_64_unknown_linux_gnu = None
[INFO] [stderr]   HOST_CMAKE = None
[INFO] [stderr]   CMAKE = None
[INFO] [stderr]   running: cd "/opt/rustwide/target/debug/build/lzham-sys-6f00210bcfff189e/out/build" && CMAKE_PREFIX_PATH="" LC_ALL="C" "cmake" "/opt/rustwide/cargo-home/git/checkouts/lzham-sys-0a906d256495452d/47e864d/lzham_codec" "-DBUILD_SHARED_LIBS=OFF" "-DCMAKE_INSTALL_PREFIX=/opt/rustwide/target/debug/build/lzham-sys-6f00210bcfff189e/out" "-DCMAKE_C_FLAGS= -ffunction-sections -fdata-sections -fPIC -m64" "-DCMAKE_C_COMPILER=/usr/bin/cc" "-DCMAKE_CXX_FLAGS= -ffunction-sections -fdata-sections -fPIC -m64" "-DCMAKE_CXX_COMPILER=/usr/bin/c++" "-DCMAKE_ASM_FLAGS= -ffunction-sections -fdata-sections -fPIC -m64" "-DCMAKE_ASM_COMPILER=/usr/bin/cc" "-DCMAKE_BUILD_TYPE=Debug"
[INFO] [stderr]   -- The C compiler identification is GNU 13.3.0
[INFO] [stderr]   -- The CXX compiler identification is GNU 13.3.0
[INFO] [stderr]   -- Detecting C compiler ABI info
[INFO] [stderr]   -- Detecting C compiler ABI info - done
[INFO] [stderr]   -- Check for working C compiler: /usr/bin/cc - skipped
[INFO] [stderr]   -- Detecting C compile features
[INFO] [stderr]   -- Detecting C compile features - done
[INFO] [stderr]   -- Detecting CXX compiler ABI info
[INFO] [stderr]   -- Detecting CXX compiler ABI info - done
[INFO] [stderr]   -- Check for working CXX compiler: /usr/bin/c++ - skipped
[INFO] [stderr]   -- Detecting CXX compile features
[INFO] [stderr]   -- Detecting CXX compile features - done
[INFO] [stderr]   -- Configuring done (5.1s)
[INFO] [stderr]   -- Generating done (0.1s)
[INFO] [stderr]   -- Build files have been written to: /opt/rustwide/target/debug/build/lzham-sys-6f00210bcfff189e/out/build
[INFO] [stderr]   running: cd "/opt/rustwide/target/debug/build/lzham-sys-6f00210bcfff189e/out/build" && LC_ALL="C" MAKEFLAGS="-j --jobserver-fds=4,5 --jobserver-auth=4,5" "cmake" "--build" "/opt/rustwide/target/debug/build/lzham-sys-6f00210bcfff189e/out/build" "--target" "install" "--config" "Debug"
[INFO] [stderr]   [  4%] Building CXX object lzhamdecomp/CMakeFiles/lzhamdecomp.dir/lzham_assert.cpp.o
[INFO] [stderr]   [  9%] Building CXX object lzhamdecomp/CMakeFiles/lzhamdecomp.dir/lzham_checksum.cpp.o
[INFO] [stderr]   [ 14%] Building CXX object lzhamdecomp/CMakeFiles/lzhamdecomp.dir/lzham_huffman_codes.cpp.o
[INFO] [stderr]   [ 19%] Building CXX object lzhamdecomp/CMakeFiles/lzhamdecomp.dir/lzham_lzdecompbase.cpp.o
[INFO] [stderr]   [ 23%] Building CXX object lzhamdecomp/CMakeFiles/lzhamdecomp.dir/lzham_lzdecomp.cpp.o
[INFO] [stderr]   [ 28%] Building CXX object lzhamdecomp/CMakeFiles/lzhamdecomp.dir/lzham_mem.cpp.o
[INFO] [stderr]   [ 33%] Building CXX object lzhamdecomp/CMakeFiles/lzhamdecomp.dir/lzham_platform.cpp.o
[INFO] [stderr]   [ 38%] Building CXX object lzhamdecomp/CMakeFiles/lzhamdecomp.dir/lzham_prefix_coding.cpp.o
[INFO] [stderr]   [ 42%] Building CXX object lzhamdecomp/CMakeFiles/lzhamdecomp.dir/lzham_symbol_codec.cpp.o
[INFO] [stderr]   [ 47%] Building CXX object lzhamdecomp/CMakeFiles/lzhamdecomp.dir/lzham_timer.cpp.o
[INFO] [stderr]   [ 52%] Building CXX object lzhamdecomp/CMakeFiles/lzhamdecomp.dir/lzham_vector.cpp.o
[INFO] [stderr]   [ 57%] Linking CXX static library /opt/rustwide/cargo-home/git/checkouts/lzham-sys-0a906d256495452d/47e864d/lzham_codec/lib/liblzhamdecomp.a
[INFO] [stderr] 
[INFO] [stderr]   --- stderr
[INFO] [stderr]   CMake Warning (dev) in CMakeLists.txt:
[INFO] [stderr]     No project() command is present.  The top-level CMakeLists.txt file must
[INFO] [stderr]     contain a literal, direct call to the project() command.  Add a line of
[INFO] [stderr]     code such as
[INFO] [stderr] 
[INFO] [stderr]       project(ProjectName)
[INFO] [stderr] 
[INFO] [stderr]     near the top of the file, but after cmake_minimum_required().
[INFO] [stderr] 
[INFO] [stderr]     CMake is pretending there is a "project(Project)" command on the first
[INFO] [stderr]     line.
[INFO] [stderr]   This warning is for project developers.  Use -Wno-dev to suppress it.
[INFO] [stderr] 
[INFO] [stderr]   CMake Warning (dev) in CMakeLists.txt:
[INFO] [stderr]     cmake_minimum_required() should be called prior to this top-level project()
[INFO] [stderr]     call.  Please see the cmake-commands(7) manual for usage documentation of
[INFO] [stderr]     both commands.
[INFO] [stderr]   This warning is for project developers.  Use -Wno-dev to suppress it.
[INFO] [stderr] 
[INFO] [stderr]   CMake Deprecation Warning at CMakeLists.txt:2 (cmake_minimum_required):
[INFO] [stderr]     Compatibility with CMake < 3.5 will be removed from a future version of
[INFO] [stderr]     CMake.
[INFO] [stderr] 
[INFO] [stderr]     Update the VERSION argument <min> value or use a ...<max> suffix to tell
[INFO] [stderr]     CMake that the project does not need compatibility with older versions.
[INFO] [stderr] 
[INFO] [stderr] 
[INFO] [stderr]   CMake Deprecation Warning at lzhamdecomp/CMakeLists.txt:2 (cmake_minimum_required):
[INFO] [stderr]     Compatibility with CMake < 3.5 will be removed from a future version of
[INFO] [stderr]     CMake.
[INFO] [stderr] 
[INFO] [stderr]     Update the VERSION argument <min> value or use a ...<max> suffix to tell
[INFO] [stderr]     CMake that the project does not need compatibility with older versions.
[INFO] [stderr] 
[INFO] [stderr] 
[INFO] [stderr]   Initial BUILD_X64=ON
[INFO] [stderr]   Initial CMAKE_BUILD_TYPE=Debug
[INFO] [stderr]   lzhamdecomp build type: Debug
[INFO] [stderr]   Building 64-bit
[INFO] [stderr]   CMake Deprecation Warning at lzhamcomp/CMakeLists.txt:2 (cmake_minimum_required):
[INFO] [stderr]     Compatibility with CMake < 3.5 will be removed from a future version of
[INFO] [stderr]     CMake.
[INFO] [stderr] 
[INFO] [stderr]     Update the VERSION argument <min> value or use a ...<max> suffix to tell
[INFO] [stderr]     CMake that the project does not need compatibility with older versions.
[INFO] [stderr] 
[INFO] [stderr] 
[INFO] [stderr]   Initial BUILD_X64=ON
[INFO] [stderr]   Initial CMAKE_BUILD_TYPE=Debug
[INFO] [stderr]   lzhamcomp build type: Debug
[INFO] [stderr]   Building 64-bit
[INFO] [stderr]   CMake Deprecation Warning at lzhamdll/CMakeLists.txt:2 (cmake_minimum_required):
[INFO] [stderr]     Compatibility with CMake < 3.5 will be removed from a future version of
[INFO] [stderr]     CMake.
[INFO] [stderr] 
[INFO] [stderr]     Update the VERSION argument <min> value or use a ...<max> suffix to tell
[INFO] [stderr]     CMake that the project does not need compatibility with older versions.
[INFO] [stderr] 
[INFO] [stderr] 
[INFO] [stderr]   Initial BUILD_X64=ON
[INFO] [stderr]   Initial CMAKE_BUILD_TYPE=Debug
[INFO] [stderr]   lzhamdll build type: Debug
[INFO] [stderr]   Building 64-bit
[INFO] [stderr]   CMake Warning:
[INFO] [stderr]     Manually-specified variables were not used by the project:
[INFO] [stderr] 
[INFO] [stderr]       CMAKE_ASM_COMPILER
[INFO] [stderr]       CMAKE_ASM_FLAGS
[INFO] [stderr] 
[INFO] [stderr] 
[INFO] [stderr]   /usr/bin/ar: /opt/rustwide/cargo-home/git/checkouts/lzham-sys-0a906d256495452d/47e864d/lzham_codec/lib/liblzhamdecomp.a: No such file or directory
[INFO] [stderr]   gmake[2]: *** [lzhamdecomp/CMakeFiles/lzhamdecomp.dir/build.make:258: /opt/rustwide/cargo-home/git/checkouts/lzham-sys-0a906d256495452d/47e864d/lzham_codec/lib/liblzhamdecomp.a] Error 1
[INFO] [stderr]   gmake[1]: *** [CMakeFiles/Makefile2:134: lzhamdecomp/CMakeFiles/lzhamdecomp.dir/all] Error 2
[INFO] [stderr]   gmake: *** [Makefile:136: all] Error 2
[INFO] [stderr] 
[INFO] [stderr]   thread 'main' (2301) panicked at /opt/rustwide/cargo-home/registry/src/index.crates.io-1949cf8c6b5b557f/cmake-0.1.52/src/lib.rs:1115:5:
[INFO] [stderr] 
[INFO] [stderr]   command did not execute successfully, got: exit status: 2
[INFO] [stderr] 
[INFO] [stderr]   build script failed, must exit now
[INFO] [stderr]   stack backtrace:
[INFO] [stderr]      0:     0x6197c63fe238 - std[10d71ac2c42b111e]::backtrace_rs::backtrace::libunwind::trace
[INFO] [stderr]                                  at /rustc/b2282dd5646a57d570fc86fbe8df0e8826665ef6/library/std/src/../../backtrace/src/backtrace/libunwind.rs:117:9
[INFO] [stderr]      1:     0x6197c63fe238 - std[10d71ac2c42b111e]::backtrace_rs::backtrace::trace_unsynchronized::<std[10d71ac2c42b111e]::sys::backtrace::_print_fmt::{closure#1}>
[INFO] [stderr]                                  at /rustc/b2282dd5646a57d570fc86fbe8df0e8826665ef6/library/std/src/../../backtrace/src/backtrace/mod.rs:66:14
[INFO] [stderr]      2:     0x6197c63fe238 - std[10d71ac2c42b111e]::sys::backtrace::_print_fmt
[INFO] [stderr]                                  at /rustc/b2282dd5646a57d570fc86fbe8df0e8826665ef6/library/std/src/sys/backtrace.rs:74:9
[INFO] [stderr]      3:     0x6197c63fe238 - <<std[10d71ac2c42b111e]::sys::backtrace::BacktraceLock>::print::DisplayBacktrace as core[8fb95b77d25ab6c8]::fmt::Display>::fmt
[INFO] [stderr]                                  at /rustc/b2282dd5646a57d570fc86fbe8df0e8826665ef6/library/std/src/sys/backtrace.rs:44:26
[INFO] [stderr]      4:     0x6197c641227a - <core[8fb95b77d25ab6c8]::fmt::rt::Argument>::fmt
[INFO] [stderr]                                  at /rustc/b2282dd5646a57d570fc86fbe8df0e8826665ef6/library/core/src/fmt/rt.rs:152:76
[INFO] [stderr]      5:     0x6197c641227a - core[8fb95b77d25ab6c8]::fmt::write
[INFO] [stderr]      6:     0x6197c6404042 - std[10d71ac2c42b111e]::io::default_write_fmt::<std[10d71ac2c42b111e]::sys::stdio::unix::Stderr>
[INFO] [stderr]                                  at /rustc/b2282dd5646a57d570fc86fbe8df0e8826665ef6/library/std/src/io/mod.rs:622:11
[INFO] [stderr]      7:     0x6197c6404042 - <std[10d71ac2c42b111e]::sys::stdio::unix::Stderr as std[10d71ac2c42b111e]::io::Write>::write_fmt
[INFO] [stderr]                                  at /rustc/b2282dd5646a57d570fc86fbe8df0e8826665ef6/library/std/src/io/mod.rs:1977:13
[INFO] [stderr]      8:     0x6197c63dfe26 - <std[10d71ac2c42b111e]::sys::backtrace::BacktraceLock>::print
[INFO] [stderr]                                  at /rustc/b2282dd5646a57d570fc86fbe8df0e8826665ef6/library/std/src/sys/backtrace.rs:47:9
[INFO] [stderr]      9:     0x6197c63dfe26 - std[10d71ac2c42b111e]::panicking::default_hook::{closure#0}
[INFO] [stderr]                                  at /rustc/b2282dd5646a57d570fc86fbe8df0e8826665ef6/library/std/src/panicking.rs:292:27
[INFO] [stderr]     10:     0x6197c63f8fd1 - std[10d71ac2c42b111e]::panicking::default_hook
[INFO] [stderr]                                  at /rustc/b2282dd5646a57d570fc86fbe8df0e8826665ef6/library/std/src/panicking.rs:319:9
[INFO] [stderr]     11:     0x6197c63f918b - std[10d71ac2c42b111e]::panicking::panic_with_hook
[INFO] [stderr]                                  at /rustc/b2282dd5646a57d570fc86fbe8df0e8826665ef6/library/std/src/panicking.rs:825:13
[INFO] [stderr]     12:     0x6197c63dfee2 - std[10d71ac2c42b111e]::panicking::panic_handler::{closure#0}
[INFO] [stderr]                                  at /rustc/b2282dd5646a57d570fc86fbe8df0e8826665ef6/library/std/src/panicking.rs:698:13
[INFO] [stderr]     13:     0x6197c63d5039 - std[10d71ac2c42b111e]::sys::backtrace::__rust_end_short_backtrace::<std[10d71ac2c42b111e]::panicking::panic_handler::{closure#0}, !>
[INFO] [stderr]                                  at /rustc/b2282dd5646a57d570fc86fbe8df0e8826665ef6/library/std/src/sys/backtrace.rs:182:18
[INFO] [stderr]     14:     0x6197c63e084d - __rustc[3be9ba60078d4c86]::rust_begin_unwind
[INFO] [stderr]                                  at /rustc/b2282dd5646a57d570fc86fbe8df0e8826665ef6/library/std/src/panicking.rs:689:5
[INFO] [stderr]     15:     0x6197c6412a0c - core[8fb95b77d25ab6c8]::panicking::panic_fmt
[INFO] [stderr]                                  at /rustc/b2282dd5646a57d570fc86fbe8df0e8826665ef6/library/core/src/panicking.rs:80:14
[INFO] [stderr]     16:     0x6197c636d5b7 - cmake[3908b303b14e3fda]::fail
[INFO] [stderr]     17:     0x6197c636d243 - cmake[3908b303b14e3fda]::run
[INFO] [stderr]     18:     0x6197c63731e3 - <cmake[3908b303b14e3fda]::Config>::build
[INFO] [stderr]     19:     0x6197c635f455 - build_script_build[b74f738e07bd1b55]::main
[INFO] [stderr]     20:     0x6197c635fb53 - <fn() as core[8fb95b77d25ab6c8]::ops::function::FnOnce<()>>::call_once
[INFO] [stderr]     21:     0x6197c635f296 - std[10d71ac2c42b111e]::sys::backtrace::__rust_begin_short_backtrace::<fn(), ()>
[INFO] [stderr]     22:     0x6197c635f2a9 - std[10d71ac2c42b111e]::rt::lang_start::<()>::{closure#0}
[INFO] [stderr]     23:     0x6197c63f8047 - <&dyn core[8fb95b77d25ab6c8]::ops::function::Fn<(), Output = i32> + core[8fb95b77d25ab6c8]::panic::unwind_safe::RefUnwindSafe + core[8fb95b77d25ab6c8]::marker::Sync as core[8fb95b77d25ab6c8]::ops::function::FnOnce<()>>::call_once
[INFO] [stderr]                                  at /rustc/b2282dd5646a57d570fc86fbe8df0e8826665ef6/library/core/src/ops/function.rs:287:21
[INFO] [stderr]     24:     0x6197c63f8047 - std[10d71ac2c42b111e]::panicking::catch_unwind::do_call::<&dyn core[8fb95b77d25ab6c8]::ops::function::Fn<(), Output = i32> + core[8fb95b77d25ab6c8]::panic::unwind_safe::RefUnwindSafe + core[8fb95b77d25ab6c8]::marker::Sync, i32>
[INFO] [stderr]                                  at /rustc/b2282dd5646a57d570fc86fbe8df0e8826665ef6/library/std/src/panicking.rs:581:40
[INFO] [stderr]     25:     0x6197c63f8047 - std[10d71ac2c42b111e]::panicking::catch_unwind::<i32, &dyn core[8fb95b77d25ab6c8]::ops::function::Fn<(), Output = i32> + core[8fb95b77d25ab6c8]::panic::unwind_safe::RefUnwindSafe + core[8fb95b77d25ab6c8]::marker::Sync>
[INFO] [stderr]                                  at /rustc/b2282dd5646a57d570fc86fbe8df0e8826665ef6/library/std/src/panicking.rs:544:19
[INFO] [stderr]     26:     0x6197c63f8047 - std[10d71ac2c42b111e]::panic::catch_unwind::<&dyn core[8fb95b77d25ab6c8]::ops::function::Fn<(), Output = i32> + core[8fb95b77d25ab6c8]::panic::unwind_safe::RefUnwindSafe + core[8fb95b77d25ab6c8]::marker::Sync, i32>
[INFO] [stderr]                                  at /rustc/b2282dd5646a57d570fc86fbe8df0e8826665ef6/library/std/src/panic.rs:359:14
[INFO] [stderr]     27:     0x6197c63f8047 - std[10d71ac2c42b111e]::rt::lang_start_internal::{closure#0}
[INFO] [stderr]                                  at /rustc/b2282dd5646a57d570fc86fbe8df0e8826665ef6/library/std/src/rt.rs:175:24
[INFO] [stderr]     28:     0x6197c63f8047 - std[10d71ac2c42b111e]::panicking::catch_unwind::do_call::<std[10d71ac2c42b111e]::rt::lang_start_internal::{closure#0}, isize>
[INFO] [stderr]                                  at /rustc/b2282dd5646a57d570fc86fbe8df0e8826665ef6/library/std/src/panicking.rs:581:40
[INFO] [stderr]     29:     0x6197c63f8047 - std[10d71ac2c42b111e]::panicking::catch_unwind::<isize, std[10d71ac2c42b111e]::rt::lang_start_internal::{closure#0}>
[INFO] [stderr]                                  at /rustc/b2282dd5646a57d570fc86fbe8df0e8826665ef6/library/std/src/panicking.rs:544:19
[INFO] [stderr]     30:     0x6197c63f8047 - std[10d71ac2c42b111e]::panic::catch_unwind::<std[10d71ac2c42b111e]::rt::lang_start_internal::{closure#0}, isize>
[INFO] [stderr]                                  at /rustc/b2282dd5646a57d570fc86fbe8df0e8826665ef6/library/std/src/panic.rs:359:14
[INFO] [stderr]     31:     0x6197c63f8047 - std[10d71ac2c42b111e]::rt::lang_start_internal
[INFO] [stderr]                                  at /rustc/b2282dd5646a57d570fc86fbe8df0e8826665ef6/library/std/src/rt.rs:171:5
[INFO] [stderr]     32:     0x6197c635ee01 - std[10d71ac2c42b111e]::rt::lang_start::<()>
[INFO] [stderr]     33:     0x6197c635fc05 - main
[INFO] [stderr]     34:     0x756e1c0481ca - <unknown>
[INFO] [stderr]     35:     0x756e1c04828b - __libc_start_main
[INFO] [stderr]     36:     0x6197c635e205 - _start
[INFO] [stderr]     37:                0x0 - <unknown>
[INFO] [stderr] warning: build failed, waiting for other jobs to finish...
[INFO] running `Command { std: "docker" "inspect" "5d1e03517fa10a4d2899d2c4e96ce2e9ffcd71ac251146116dc4a3ec806b28ff", kill_on_drop: false }`
[INFO] running `Command { std: "docker" "rm" "-f" "5d1e03517fa10a4d2899d2c4e96ce2e9ffcd71ac251146116dc4a3ec806b28ff", kill_on_drop: false }`
[INFO] [stdout] 5d1e03517fa10a4d2899d2c4e96ce2e9ffcd71ac251146116dc4a3ec806b28ff
