[INFO] cloning repository https://github.com/jtkick/taeto-rs
[INFO] running `Command { std: "git" "-c" "credential.helper=" "-c" "credential.helper=/workspace/cargo-home/bin/git-credential-null" "clone" "--bare" "https://github.com/jtkick/taeto-rs" "/workspace/cache/git-repos/https%3A%2F%2Fgithub.com%2Fjtkick%2Ftaeto-rs", kill_on_drop: false }`
[INFO] [stderr] Cloning into bare repository '/workspace/cache/git-repos/https%3A%2F%2Fgithub.com%2Fjtkick%2Ftaeto-rs'...
[INFO] running `Command { std: "git" "rev-parse" "HEAD", kill_on_drop: false }`
[INFO] [stdout] 045c2a640613b342e91d747a5f5088d1aefd7635
[INFO] testing jtkick/taeto-rs against 1.97.0-beta.6 for beta-1.98-2
[INFO] running `Command { std: "git" "clone" "/workspace/cache/git-repos/https%3A%2F%2Fgithub.com%2Fjtkick%2Ftaeto-rs" "/workspace/builds/worker-5-tc1/source", kill_on_drop: false }`
[INFO] [stderr] Cloning into '/workspace/builds/worker-5-tc1/source'...
[INFO] [stderr] done.
[INFO] started tweaking git repo https://github.com/jtkick/taeto-rs
[INFO] finished tweaking git repo https://github.com/jtkick/taeto-rs
[INFO] tweaked toml for git repo https://github.com/jtkick/taeto-rs written to /workspace/builds/worker-5-tc1/source/Cargo.toml
[INFO] validating manifest of git repo https://github.com/jtkick/taeto-rs on toolchain 1.97.0-beta.6
[INFO] running `Command { std: CARGO_HOME="/workspace/cargo-home" RUSTUP_HOME="/workspace/rustup-home" "/workspace/cargo-home/bin/cargo" "+1.97.0-beta.6" "metadata" "--manifest-path" "Cargo.toml" "--no-deps", kill_on_drop: false }`
[INFO] crate git repo https://github.com/jtkick/taeto-rs already has a lockfile, it will not be regenerated
[INFO] running `Command { std: CARGO_HOME="/workspace/cargo-home" RUSTUP_HOME="/workspace/rustup-home" "/workspace/cargo-home/bin/cargo" "+1.97.0-beta.6" "fetch" "--manifest-path" "Cargo.toml", kill_on_drop: false }`
[INFO] [stderr]     Updating crates.io index
[INFO] [stderr]  Downloading crates ...
[INFO] [stderr]   Downloaded term_size v0.3.2
[INFO] [stderr]   Downloaded widestring v0.4.3
[INFO] [stderr]   Downloaded once_cell v1.12.0
[INFO] [stderr]   Downloaded termios v0.3.3
[INFO] [stderr]   Downloaded csfml-window-sys v0.6.0
[INFO] [stderr]   Downloaded sfml-build v0.4.0
[INFO] [stderr]   Downloaded csfml-system-sys v0.6.0
[INFO] [stderr]   Downloaded ctrlc v3.2.2
[INFO] [stderr]   Downloaded csfml-graphics-sys v0.6.0
[INFO] [stderr]   Downloaded csfml-audio-sys v0.6.0
[INFO] [stderr]   Downloaded half v1.8.2
[INFO] [stderr]   Downloaded bytemuck v1.9.1
[INFO] [stderr]   Downloaded az v1.2.0
[INFO] [stderr]   Downloaded fixed v1.15.0
[INFO] [stderr]   Downloaded nix v0.24.1
[INFO] [stderr]   Downloaded sfml v0.16.0
[INFO] running `Command { std: "docker" "create" "-v" "/var/lib/crater-agent-workspace/builds/worker-5-tc1/source:/opt/rustwide/workdir:ro,Z" "-v" "/var/lib/crater-agent-workspace/builds/worker-5-tc1/target:/opt/rustwide/target:rw,Z" "-v" "/var/lib/crater-agent-workspace/cargo-home:/opt/rustwide/cargo-home:ro,Z" "-v" "/var/lib/crater-agent-workspace/rustup-home:/opt/rustwide/rustup-home:ro,Z" "-m" "1610612736" "--network" "none" "ghcr.io/rust-lang/crates-build-env/linux@sha256:3d5ced03c013a94a2f102a4510f48a6e9184255caf5fd8244f58017bde7f5210" "sleep" "infinity", kill_on_drop: false }`
[INFO] [stdout] cfd6225f3a6100020cffcbbe6702d8e110462e7931d0f0b04ce9d946e47be31e
[INFO] running `Command { std: "docker" "start" "cfd6225f3a6100020cffcbbe6702d8e110462e7931d0f0b04ce9d946e47be31e", kill_on_drop: false }`
[INFO] running `Command { std: "docker" "inspect" "cfd6225f3a6100020cffcbbe6702d8e110462e7931d0f0b04ce9d946e47be31e", kill_on_drop: false }`
[INFO] running `Command { std: "docker" "exec" "-e" "SOURCE_DIR=/opt/rustwide/workdir" "-e" "CARGO_HOME=/opt/rustwide/cargo-home" "-e" "RUSTUP_HOME=/opt/rustwide/rustup-home" "-e" "CARGO_TARGET_DIR=/opt/rustwide/target" "-w" "/opt/rustwide/workdir" "--user" "0:0" "cfd6225f3a6100020cffcbbe6702d8e110462e7931d0f0b04ce9d946e47be31e" "/opt/rustwide/cargo-home/bin/cargo" "+1.97.0-beta.6" "metadata" "--no-deps" "--format-version=1", kill_on_drop: false }`
[INFO] running `Command { std: "docker" "inspect" "cfd6225f3a6100020cffcbbe6702d8e110462e7931d0f0b04ce9d946e47be31e", kill_on_drop: false }`
[INFO] running `Command { std: "docker" "exec" "-e" "SOURCE_DIR=/opt/rustwide/workdir" "-e" "CARGO_HOME=/opt/rustwide/cargo-home" "-e" "RUSTUP_HOME=/opt/rustwide/rustup-home" "-e" "CARGO_TARGET_DIR=/opt/rustwide/target" "-e" "CARGO_INCREMENTAL=0" "-e" "RUST_BACKTRACE=full" "-e" "RUSTFLAGS=--cap-lints=warn" "-e" "RUSTDOCFLAGS=--cap-lints=warn" "-w" "/opt/rustwide/workdir" "--user" "0:0" "cfd6225f3a6100020cffcbbe6702d8e110462e7931d0f0b04ce9d946e47be31e" "/opt/rustwide/cargo-home/bin/cargo" "+1.97.0-beta.6" "build" "--frozen" "--message-format=json", kill_on_drop: false }`
[INFO] [stderr]    Compiling sfml-build v0.4.0
[INFO] [stderr]    Compiling libc v0.2.126
[INFO] [stderr]    Compiling az v1.2.0
[INFO] [stderr]    Compiling typenum v1.15.0
[INFO] [stderr]    Compiling fixed v1.15.0
[INFO] [stderr]    Compiling once_cell v1.12.0
[INFO] [stderr]    Compiling widestring v0.4.3
[INFO] [stderr]    Compiling bytemuck v1.9.1
[INFO] [stderr]    Compiling half v1.8.2
[INFO] [stderr]    Compiling csfml-system-sys v0.6.0
[INFO] [stderr]    Compiling csfml-window-sys v0.6.0
[INFO] [stderr]    Compiling csfml-audio-sys v0.6.0
[INFO] [stderr]    Compiling csfml-graphics-sys v0.6.0
[INFO] [stderr]    Compiling sfml v0.16.0
[INFO] [stderr]    Compiling nix v0.24.1
[INFO] [stderr]    Compiling term_size v0.3.2
[INFO] [stderr]    Compiling termios v0.3.3
[INFO] [stderr]    Compiling ctrlc v3.2.2
[INFO] [stderr]    Compiling taeto v0.1.0 (/opt/rustwide/workdir)
[INFO] [stdout] error[E0425]: cannot find value `True` in this scope
[INFO] [stdout]   --> src/systems/render_system.rs:54:12
[INFO] [stdout]    |
[INFO] [stdout] 54 |         if True {
[INFO] [stdout]    |            ^^^^ not found in this scope
[INFO] [stdout]    |
[INFO] [stdout] help: you may want to use a bool value instead
[INFO] [stdout]    |
[INFO] [stdout] 54 -         if True {
[INFO] [stdout] 54 +         if true {
[INFO] [stdout]    |
[INFO] [stdout] 
[INFO] [stdout] 
[INFO] [stdout] warning: unused imports: `SystemTime` and `UNIX_EPOCH`
[INFO] [stdout]  --> src/systems/display_system.rs:7:17
[INFO] [stdout]   |
[INFO] [stdout] 7 | use std::time::{SystemTime, UNIX_EPOCH};
[INFO] [stdout]   |                 ^^^^^^^^^^  ^^^^^^^^^^
[INFO] [stdout]   |
[INFO] [stdout]   = note: `#[warn(unused_imports)]` (part of `#[warn(unused)]`) on by default
[INFO] [stdout] 
[INFO] [stdout] 
[INFO] [stdout] warning: unused import: `sfml::window::Key`
[INFO] [stdout]  --> src/systems/input_system.rs:1:5
[INFO] [stdout]   |
[INFO] [stdout] 1 | use sfml::window::Key;
[INFO] [stdout]   |     ^^^^^^^^^^^^^^^^^
[INFO] [stdout] 
[INFO] [stdout] 
[INFO] [stdout] warning: unused import: `crate::components::pixels::Pixel`
[INFO] [stdout]  --> src/systems/render_system.rs:1:5
[INFO] [stdout]   |
[INFO] [stdout] 1 | use crate::components::pixels::Pixel;
[INFO] [stdout]   |     ^^^^^^^^^^^^^^^^^^^^^^^^^^^^^^^^
[INFO] [stdout] 
[INFO] [stdout] 
[INFO] [stdout] warning: unused imports: `thread` and `time::Duration`
[INFO] [stdout]  --> src/main.rs:7:11
[INFO] [stdout]   |
[INFO] [stdout] 7 | use std::{thread, time::Duration};
[INFO] [stdout]   |           ^^^^^^  ^^^^^^^^^^^^^^
[INFO] [stdout] 
[INFO] [stdout] 
[INFO] [stdout] warning: unused import: `Frame`
[INFO] [stdout]   --> src/main.rs:12:31
[INFO] [stdout]    |
[INFO] [stdout] 12 | use systems::{display_system, Frame, render_system::RenderSystem};
[INFO] [stdout]    |                               ^^^^^
[INFO] [stdout] 
[INFO] [stdout] 
[INFO] [stdout] error[E0425]: cannot find function `render_alpha` in this scope
[INFO] [stdout]   --> src/systems/render_system.rs:55:13
[INFO] [stdout]    |
[INFO] [stdout] 55 |             render_alpha(frame);
[INFO] [stdout]    |             ^^^^^^^^^^^^ not found in this scope
[INFO] [stdout]    |
[INFO] [stdout] help: consider using the method on `Self`
[INFO] [stdout]    |
[INFO] [stdout] 55 |             self.render_alpha(frame);
[INFO] [stdout]    |             +++++
[INFO] [stdout] 
[INFO] [stdout] 
[INFO] [stdout] error[E0609]: no field `focal_length` on type `&RenderSystem`
[INFO] [stdout]   --> src/systems/render_system.rs:59:22
[INFO] [stdout]    |
[INFO] [stdout] 59 |         !assert(self.focal_length > 0);
[INFO] [stdout]    |                      ^^^^^^^^^^^^ unknown field
[INFO] [stdout]    |
[INFO] [stdout]    = note: available fields are: `camera_location`, `averaging_second`, `frame_rate_count`, `frame_rate`, `frame_count`
[INFO] [stdout] 
[INFO] [stdout] 
[INFO] [stdout] error[E0423]: expected function, found macro `assert`
[INFO] [stdout]   --> src/systems/render_system.rs:59:10
[INFO] [stdout]    |
[INFO] [stdout] 59 |         !assert(self.focal_length > 0);
[INFO] [stdout]    |          ^^^^^^ not a function
[INFO] [stdout]    |
[INFO] [stdout] help: use `!` to invoke the macro
[INFO] [stdout]    |
[INFO] [stdout] 59 |         !assert!(self.focal_length > 0);
[INFO] [stdout]    |                +
[INFO] [stdout] 
[INFO] [stdout] 
[INFO] [stdout] error[E0599]: no method named `clear` found for mutable reference `&mut Pixel` in the current scope
[INFO] [stdout]   --> src/systems/render_system.rs:66:32
[INFO] [stdout]    |
[INFO] [stdout] 66 |                 rendered_pixel.clear();
[INFO] [stdout]    |                                ^^^^^ method not found in `&mut Pixel`
[INFO] [stdout]    |
[INFO] [stdout]    = help: items from traits can only be used if the trait is implemented and in scope
[INFO] [stdout]    = note: the following trait defines an item `clear`, perhaps you need to implement it:
[INFO] [stdout]            candidate #1: `RenderTarget`
[INFO] [stdout] 
[INFO] [stdout] 
[INFO] [stdout] warning: variable does not need to be mutable
[INFO] [stdout]   --> src/systems/display_system.rs:33:9
[INFO] [stdout]    |
[INFO] [stdout] 33 |     let mut width;
[INFO] [stdout]    |         ----^^^^^
[INFO] [stdout]    |         |
[INFO] [stdout]    |         help: remove this `mut`
[INFO] [stdout]    |
[INFO] [stdout]    = note: `#[warn(unused_mut)]` (part of `#[warn(unused)]`) on by default
[INFO] [stdout] 
[INFO] [stdout] 
[INFO] [stdout] warning: variable does not need to be mutable
[INFO] [stdout]   --> src/systems/display_system.rs:34:9
[INFO] [stdout]    |
[INFO] [stdout] 34 |     let mut height;
[INFO] [stdout]    |         ----^^^^^^
[INFO] [stdout]    |         |
[INFO] [stdout]    |         help: remove this `mut`
[INFO] [stdout] 
[INFO] [stdout] 
[INFO] [stdout] warning: unused variable: `error`
[INFO] [stdout]   --> src/systems/render_system.rs:83:17
[INFO] [stdout]    |
[INFO] [stdout] 83 |             Err(error) => panic!("Well suck me silly, there's no time left."),
[INFO] [stdout]    |                 ^^^^^ help: if this is intentional, prefix it with an underscore: `_error`
[INFO] [stdout]    |
[INFO] [stdout]    = note: `#[warn(unused_variables)]` (part of `#[warn(unused)]`) on by default
[INFO] [stdout] 
[INFO] [stdout] 
[INFO] [stdout] warning: unused variable: `test_pixel`
[INFO] [stdout]   --> src/main.rs:30:9
[INFO] [stdout]    |
[INFO] [stdout] 30 |     let test_pixel = Pixel {
[INFO] [stdout]    |         ^^^^^^^^^^ help: if this is intentional, prefix it with an underscore: `_test_pixel`
[INFO] [stdout] 
[INFO] [stdout] 
[INFO] [stdout] Some errors have detailed explanations: E0423, E0425, E0599, E0609.
[INFO] [stdout] 
[INFO] [stdout] For more information about an error, try `rustc --explain E0423`.
[INFO] [stdout] 
[INFO] [stderr] error: could not compile `taeto` (bin "taeto") due to 5 previous errors; 9 warnings emitted
[INFO] running `Command { std: "docker" "inspect" "cfd6225f3a6100020cffcbbe6702d8e110462e7931d0f0b04ce9d946e47be31e", kill_on_drop: false }`
[INFO] running `Command { std: "docker" "rm" "-f" "cfd6225f3a6100020cffcbbe6702d8e110462e7931d0f0b04ce9d946e47be31e", kill_on_drop: false }`
[INFO] [stdout] cfd6225f3a6100020cffcbbe6702d8e110462e7931d0f0b04ce9d946e47be31e
