[INFO] cloning repository https://github.com/jtfrom9/easy-move-resize-win
[INFO] running `Command { std: "git" "-c" "credential.helper=" "-c" "credential.helper=/workspace/cargo-home/bin/git-credential-null" "clone" "--bare" "https://github.com/jtfrom9/easy-move-resize-win" "/workspace/cache/git-repos/https%3A%2F%2Fgithub.com%2Fjtfrom9%2Feasy-move-resize-win", kill_on_drop: false }`
[INFO] [stderr] Cloning into bare repository '/workspace/cache/git-repos/https%3A%2F%2Fgithub.com%2Fjtfrom9%2Feasy-move-resize-win'...
[INFO] running `Command { std: "git" "rev-parse" "HEAD", kill_on_drop: false }`
[INFO] [stdout] b79f7f2dc817acb1ce4cf0696dcf70d587b7cd2d
[INFO] testing jtfrom9/easy-move-resize-win against 1.97.0-beta.6 for beta-1.98-2
[INFO] running `Command { std: "git" "clone" "/workspace/cache/git-repos/https%3A%2F%2Fgithub.com%2Fjtfrom9%2Feasy-move-resize-win" "/workspace/builds/worker-1-tc1/source", kill_on_drop: false }`
[INFO] [stderr] Cloning into '/workspace/builds/worker-1-tc1/source'...
[INFO] [stderr] done.
[INFO] started tweaking git repo https://github.com/jtfrom9/easy-move-resize-win
[INFO] finished tweaking git repo https://github.com/jtfrom9/easy-move-resize-win
[INFO] tweaked toml for git repo https://github.com/jtfrom9/easy-move-resize-win written to /workspace/builds/worker-1-tc1/source/Cargo.toml
[INFO] validating manifest of git repo https://github.com/jtfrom9/easy-move-resize-win on toolchain 1.97.0-beta.6
[INFO] running `Command { std: CARGO_HOME="/workspace/cargo-home" RUSTUP_HOME="/workspace/rustup-home" "/workspace/cargo-home/bin/cargo" "+1.97.0-beta.6" "metadata" "--manifest-path" "Cargo.toml" "--no-deps", kill_on_drop: false }`
[INFO] crate git repo https://github.com/jtfrom9/easy-move-resize-win already has a lockfile, it will not be regenerated
[INFO] running `Command { std: CARGO_HOME="/workspace/cargo-home" RUSTUP_HOME="/workspace/rustup-home" "/workspace/cargo-home/bin/cargo" "+1.97.0-beta.6" "fetch" "--manifest-path" "Cargo.toml", kill_on_drop: false }`
[INFO] [stderr]     Updating crates.io index
[INFO] [stderr]  Downloading crates ...
[INFO] [stderr]   Downloaded winresource v0.1.31
[INFO] [stderr]   Downloaded toml v1.1.2+spec-1.1.0
[INFO] [stderr]   Downloaded serde_spanned v1.1.1
[INFO] [stderr]   Downloaded toml_writer v1.1.1+spec-1.1.0
[INFO] running `Command { std: "docker" "create" "-v" "/var/lib/crater-agent-workspace/builds/worker-1-tc1/source:/opt/rustwide/workdir:ro,Z" "-v" "/var/lib/crater-agent-workspace/builds/worker-1-tc1/target:/opt/rustwide/target:rw,Z" "-v" "/var/lib/crater-agent-workspace/cargo-home:/opt/rustwide/cargo-home:ro,Z" "-v" "/var/lib/crater-agent-workspace/rustup-home:/opt/rustwide/rustup-home:ro,Z" "-m" "1610612736" "--network" "none" "ghcr.io/rust-lang/crates-build-env/linux@sha256:3d5ced03c013a94a2f102a4510f48a6e9184255caf5fd8244f58017bde7f5210" "sleep" "infinity", kill_on_drop: false }`
[INFO] [stdout] 7623a4062b0125d450128fc79204ad434477cf11992b071d53c4d0700f99a034
[INFO] running `Command { std: "docker" "start" "7623a4062b0125d450128fc79204ad434477cf11992b071d53c4d0700f99a034", kill_on_drop: false }`
[INFO] running `Command { std: "docker" "inspect" "7623a4062b0125d450128fc79204ad434477cf11992b071d53c4d0700f99a034", kill_on_drop: false }`
[INFO] running `Command { std: "docker" "exec" "-e" "SOURCE_DIR=/opt/rustwide/workdir" "-e" "CARGO_HOME=/opt/rustwide/cargo-home" "-e" "RUSTUP_HOME=/opt/rustwide/rustup-home" "-e" "CARGO_TARGET_DIR=/opt/rustwide/target" "-w" "/opt/rustwide/workdir" "--user" "0:0" "7623a4062b0125d450128fc79204ad434477cf11992b071d53c4d0700f99a034" "/opt/rustwide/cargo-home/bin/cargo" "+1.97.0-beta.6" "metadata" "--no-deps" "--format-version=1", kill_on_drop: false }`
[INFO] running `Command { std: "docker" "inspect" "7623a4062b0125d450128fc79204ad434477cf11992b071d53c4d0700f99a034", kill_on_drop: false }`
[INFO] running `Command { std: "docker" "exec" "-e" "SOURCE_DIR=/opt/rustwide/workdir" "-e" "CARGO_HOME=/opt/rustwide/cargo-home" "-e" "RUSTUP_HOME=/opt/rustwide/rustup-home" "-e" "CARGO_TARGET_DIR=/opt/rustwide/target" "-e" "CARGO_INCREMENTAL=0" "-e" "RUST_BACKTRACE=full" "-e" "RUSTFLAGS=--cap-lints=warn" "-e" "RUSTDOCFLAGS=--cap-lints=warn" "-w" "/opt/rustwide/workdir" "--user" "0:0" "7623a4062b0125d450128fc79204ad434477cf11992b071d53c4d0700f99a034" "/opt/rustwide/cargo-home/bin/cargo" "+1.97.0-beta.6" "build" "--frozen" "--message-format=json", kill_on_drop: false }`
[INFO] [stderr]    Compiling serde_core v1.0.228
[INFO] [stderr]    Compiling proc-macro2 v1.0.106
[INFO] [stderr]    Compiling quote v1.0.45
[INFO] [stderr]    Compiling unicode-ident v1.0.24
[INFO] [stderr]    Compiling windows_x86_64_gnu v0.52.6
[INFO] [stderr]    Compiling winnow v1.0.3
[INFO] [stderr]    Compiling windows-targets v0.52.6
[INFO] [stderr]    Compiling windows-result v0.2.0
[INFO] [stderr]    Compiling windows-strings v0.1.0
[INFO] [stderr]    Compiling toml_parser v1.1.2+spec-1.1.0
[INFO] [stderr]    Compiling syn v2.0.117
[INFO] [stderr]    Compiling toml_datetime v1.1.1+spec-1.1.0
[INFO] [stderr]    Compiling serde_spanned v1.1.1
[INFO] [stderr]    Compiling toml v1.1.2+spec-1.1.0
[INFO] [stderr]    Compiling winresource v0.1.31
[INFO] [stderr]    Compiling easy-move-resize-win v0.1.0 (/opt/rustwide/workdir)
[INFO] [stderr]    Compiling windows-implement v0.58.0
[INFO] [stderr]    Compiling windows-interface v0.58.0
[INFO] [stderr]    Compiling windows-core v0.58.0
[INFO] [stderr]    Compiling windows v0.58.0
[INFO] [stdout] error[E0433]: cannot find `windows` in `os`
[INFO] [stdout]  --> src/autostart.rs:7:14
[INFO] [stdout]   |
[INFO] [stdout] 7 | use std::os::windows::ffi::OsStrExt;
[INFO] [stdout]   |              ^^^^^^^ could not find `windows` in `os`
[INFO] [stdout]   |
[INFO] [stdout] note: found an item that was configured out
[INFO] [stdout]  --> /rustc/b2282dd5646a57d570fc86fbe8df0e8826665ef6/library/std/src/os/mod.rs:56:4
[INFO] [stdout]   |
[INFO] [stdout]   = note: the item is gated here
[INFO] [stdout] note: found an item that was configured out
[INFO] [stdout]  --> /rustc/b2282dd5646a57d570fc86fbe8df0e8826665ef6/library/std/src/os/mod.rs:120:9
[INFO] [stdout]   |
[INFO] [stdout]   = note: the item is gated here
[INFO] [stdout] 
[INFO] [stdout] 
[INFO] [stdout] error[E0433]: cannot find `Win32` in `windows`
[INFO] [stdout]   --> src/autostart.rs:11:14
[INFO] [stdout]    |
[INFO] [stdout] 11 | use windows::Win32::Foundation::ERROR_SUCCESS;
[INFO] [stdout]    |              ^^^^^ could not find `Win32` in `windows`
[INFO] [stdout] 
[INFO] [stdout] 
[INFO] [stdout] error[E0433]: cannot find `Win32` in `windows`
[INFO] [stdout]   --> src/autostart.rs:12:14
[INFO] [stdout]    |
[INFO] [stdout] 12 | use windows::Win32::System::Registry::{
[INFO] [stdout]    |              ^^^^^ could not find `Win32` in `windows`
[INFO] [stdout] 
[INFO] [stdout] 
[INFO] [stdout] error[E0432]: unresolved import `windows::core`
[INFO] [stdout]   --> src/autostart.rs:10:14
[INFO] [stdout]    |
[INFO] [stdout] 10 | use windows::core::{w, PCWSTR};
[INFO] [stdout]    |              ^^^^ could not find `core` in `windows`
[INFO] [stdout] 
[INFO] [stdout] 
[INFO] [stdout] error[E0433]: cannot find `Win32` in `windows`
[INFO] [stdout]   --> src/overlay.rs:12:14
[INFO] [stdout]    |
[INFO] [stdout] 12 | use windows::Win32::Foundation::{COLORREF, HINSTANCE, HWND, LPARAM, LRESULT, RECT, WPARAM};
[INFO] [stdout]    |              ^^^^^ could not find `Win32` in `windows`
[INFO] [stdout] 
[INFO] [stdout] 
[INFO] [stdout] error[E0433]: cannot find `Win32` in `windows`
[INFO] [stdout]   --> src/overlay.rs:13:14
[INFO] [stdout]    |
[INFO] [stdout] 13 | use windows::Win32::Graphics::Gdi::{
[INFO] [stdout]    |              ^^^^^ could not find `Win32` in `windows`
[INFO] [stdout] 
[INFO] [stdout] 
[INFO] [stdout] error[E0433]: cannot find `Win32` in `windows`
[INFO] [stdout]   --> src/overlay.rs:18:14
[INFO] [stdout]    |
[INFO] [stdout] 18 | use windows::Win32::UI::WindowsAndMessaging::*;
[INFO] [stdout]    |              ^^^^^ could not find `Win32` in `windows`
[INFO] [stdout] 
[INFO] [stdout] 
[INFO] [stdout] error[E0432]: unresolved import `windows::core`
[INFO] [stdout]   --> src/overlay.rs:11:14
[INFO] [stdout]    |
[INFO] [stdout] 11 | use windows::core::w;
[INFO] [stdout]    |              ^^^^ could not find `core` in `windows`
[INFO] [stdout] 
[INFO] [stdout] 
[INFO] [stdout] error[E0433]: cannot find `Win32` in `windows`
[INFO] [stdout]   --> src/main.rs:33:14
[INFO] [stdout]    |
[INFO] [stdout] 33 | use windows::Win32::Foundation::{HINSTANCE, HWND, LPARAM, LRESULT, POINT, RECT, WPARAM};
[INFO] [stdout]    |              ^^^^^ could not find `Win32` in `windows`
[INFO] [stdout] 
[INFO] [stdout] 
[INFO] [stdout] error[E0433]: cannot find `Win32` in `windows`
[INFO] [stdout]   --> src/main.rs:34:14
[INFO] [stdout]    |
[INFO] [stdout] 34 | use windows::Win32::System::LibraryLoader::GetModuleHandleW;
[INFO] [stdout]    |              ^^^^^ could not find `Win32` in `windows`
[INFO] [stdout] 
[INFO] [stdout] 
[INFO] [stdout] error[E0433]: cannot find `Win32` in `windows`
[INFO] [stdout]   --> src/main.rs:35:14
[INFO] [stdout]    |
[INFO] [stdout] 35 | use windows::Win32::UI::HiDpi::{
[INFO] [stdout]    |              ^^^^^ could not find `Win32` in `windows`
[INFO] [stdout] 
[INFO] [stdout] 
[INFO] [stdout] error[E0433]: cannot find `Win32` in `windows`
[INFO] [stdout]   --> src/main.rs:38:14
[INFO] [stdout]    |
[INFO] [stdout] 38 | use windows::Win32::UI::Input::KeyboardAndMouse::{
[INFO] [stdout]    |              ^^^^^ could not find `Win32` in `windows`
[INFO] [stdout] 
[INFO] [stdout] 
[INFO] [stdout] error[E0433]: cannot find `Win32` in `windows`
[INFO] [stdout]   --> src/main.rs:41:14
[INFO] [stdout]    |
[INFO] [stdout] 41 | use windows::Win32::UI::Shell::{
[INFO] [stdout]    |              ^^^^^ could not find `Win32` in `windows`
[INFO] [stdout] 
[INFO] [stdout] 
[INFO] [stdout] error[E0433]: cannot find `Win32` in `windows`
[INFO] [stdout]   --> src/main.rs:44:14
[INFO] [stdout]    |
[INFO] [stdout] 44 | use windows::Win32::UI::WindowsAndMessaging::*;
[INFO] [stdout]    |              ^^^^^ could not find `Win32` in `windows`
[INFO] [stdout] 
[INFO] [stdout] 
[INFO] [stdout] error[E0432]: unresolved import `windows::core`
[INFO] [stdout]   --> src/main.rs:32:14
[INFO] [stdout]    |
[INFO] [stdout] 32 | use windows::core::{w, PCWSTR};
[INFO] [stdout]    |              ^^^^ could not find `core` in `windows`
[INFO] [stdout] 
[INFO] [stdout] 
[INFO] [stdout] error[E0433]: cannot find `core` in `windows`
[INFO] [stdout]    --> src/main.rs:172:50
[INFO] [stdout]     |
[INFO] [stdout] 172 | fn place_window(hwnd: HWND, r: Rect) -> windows::core::Result<()> {
[INFO] [stdout]     |                                                  ^^^^ could not find `core` in `windows`
[INFO] [stdout] 
[INFO] [stdout] 
[INFO] [stdout] error[E0433]: cannot find `core` in `windows`
[INFO] [stdout]    --> src/main.rs:478:23
[INFO] [stdout]     |
[INFO] [stdout] 478 | fn main() -> windows::core::Result<()> {
[INFO] [stdout]     |                       ^^^^ could not find `core` in `windows`
[INFO] [stdout] 
[INFO] [stdout] 
[INFO] [stdout] error[E0425]: cannot find value `HTTRANSPARENT` in this scope
[INFO] [stdout]   --> src/overlay.rs:46:33
[INFO] [stdout]    |
[INFO] [stdout] 46 |         WM_NCHITTEST => LRESULT(HTTRANSPARENT as isize),
[INFO] [stdout]    |                                 ^^^^^^^^^^^^^ not found in this scope
[INFO] [stdout] 
[INFO] [stdout] 
[INFO] [stdout] error[E0422]: cannot find struct, variant or union type `WNDCLASSW` in this scope
[INFO] [stdout]   --> src/overlay.rs:91:18
[INFO] [stdout]    |
[INFO] [stdout] 91 |         let wc = WNDCLASSW {
[INFO] [stdout]    |                  ^^^^^^^^^ not found in this scope
[INFO] [stdout] 
[INFO] [stdout] 
[INFO] [stdout] error[E0425]: cannot find value `WS_EX_LAYERED` in this scope
[INFO] [stdout]    --> src/overlay.rs:100:18
[INFO] [stdout]     |
[INFO] [stdout] 100 |         let ex = WS_EX_LAYERED
[INFO] [stdout]     |                  ^^^^^^^^^^^^^ not found in this scope
[INFO] [stdout] 
[INFO] [stdout] 
[INFO] [stdout] error[E0425]: cannot find value `WS_EX_TRANSPARENT` in this scope
[INFO] [stdout]    --> src/overlay.rs:101:15
[INFO] [stdout]     |
[INFO] [stdout] 101 |             | WS_EX_TRANSPARENT
[INFO] [stdout]     |               ^^^^^^^^^^^^^^^^^ not found in this scope
[INFO] [stdout] 
[INFO] [stdout] 
[INFO] [stdout] error[E0425]: cannot find value `WS_EX_TOOLWINDOW` in this scope
[INFO] [stdout]    --> src/overlay.rs:102:15
[INFO] [stdout]     |
[INFO] [stdout] 102 |             | WS_EX_TOOLWINDOW
[INFO] [stdout]     |               ^^^^^^^^^^^^^^^^ not found in this scope
[INFO] [stdout] 
[INFO] [stdout] 
[INFO] [stdout] error[E0425]: cannot find value `WS_EX_NOACTIVATE` in this scope
[INFO] [stdout]    --> src/overlay.rs:103:15
[INFO] [stdout]     |
[INFO] [stdout] 103 |             | WS_EX_NOACTIVATE
[INFO] [stdout]     |               ^^^^^^^^^^^^^^^^ not found in this scope
[INFO] [stdout] 
[INFO] [stdout] 
[INFO] [stdout] error[E0425]: cannot find value `WS_EX_TOPMOST` in this scope
[INFO] [stdout]    --> src/overlay.rs:104:15
[INFO] [stdout]     |
[INFO] [stdout] 104 |             | WS_EX_TOPMOST;
[INFO] [stdout]     |               ^^^^^^^^^^^^^ not found in this scope
[INFO] [stdout] 
[INFO] [stdout] 
[INFO] [stdout] error[E0425]: cannot find value `WS_POPUP` in this scope
[INFO] [stdout]    --> src/overlay.rs:106:43
[INFO] [stdout]     |
[INFO] [stdout] 106 |             ex, class, w!("emr-overlay"), WS_POPUP, 0, 0, 0, 0, None, None, hinstance, None,
[INFO] [stdout]     |                                           ^^^^^^^^ not found in this scope
[INFO] [stdout] 
[INFO] [stdout] 
[INFO] [stdout] error[E0425]: cannot find value `LWA_ALPHA` in this scope
[INFO] [stdout]    --> src/overlay.rs:108:74
[INFO] [stdout]     |
[INFO] [stdout] 108 |             let _ = SetLayeredWindowAttributes(hwnd, COLORREF(0), ALPHA, LWA_ALPHA);
[INFO] [stdout]     |                                                                          ^^^^^^^^^ not found in this scope
[INFO] [stdout] 
[INFO] [stdout] 
[INFO] [stdout] error[E0425]: cannot find value `HWND_TOPMOST` in this scope
[INFO] [stdout]    --> src/overlay.rs:133:22
[INFO] [stdout]     |
[INFO] [stdout] 133 |                     (HWND_TOPMOST, SWP_NOACTIVATE | SWP_SHOWWINDOW)
[INFO] [stdout]     |                      ^^^^^^^^^^^^ not found in this scope
[INFO] [stdout] 
[INFO] [stdout] 
[INFO] [stdout] error[E0425]: cannot find value `SWP_NOACTIVATE` in this scope
[INFO] [stdout]    --> src/overlay.rs:133:36
[INFO] [stdout]     |
[INFO] [stdout] 133 |                     (HWND_TOPMOST, SWP_NOACTIVATE | SWP_SHOWWINDOW)
[INFO] [stdout]     |                                    ^^^^^^^^^^^^^^ not found in this scope
[INFO] [stdout] 
[INFO] [stdout] 
[INFO] [stdout] error[E0425]: cannot find value `SWP_SHOWWINDOW` in this scope
[INFO] [stdout]    --> src/overlay.rs:133:53
[INFO] [stdout]     |
[INFO] [stdout] 133 |                     (HWND_TOPMOST, SWP_NOACTIVATE | SWP_SHOWWINDOW)
[INFO] [stdout]     |                                                     ^^^^^^^^^^^^^^ not found in this scope
[INFO] [stdout] 
[INFO] [stdout] 
[INFO] [stdout] error[E0425]: cannot find value `SWP_NOACTIVATE` in this scope
[INFO] [stdout]    --> src/overlay.rs:135:39
[INFO] [stdout]     |
[INFO] [stdout] 135 |                     (HWND::default(), SWP_NOACTIVATE | SWP_NOZORDER)
[INFO] [stdout]     |                                       ^^^^^^^^^^^^^^ not found in this scope
[INFO] [stdout] 
[INFO] [stdout] 
[INFO] [stdout] error[E0425]: cannot find value `SWP_NOZORDER` in this scope
[INFO] [stdout]    --> src/overlay.rs:135:56
[INFO] [stdout]     |
[INFO] [stdout] 135 |                     (HWND::default(), SWP_NOACTIVATE | SWP_NOZORDER)
[INFO] [stdout]     |                                                        ^^^^^^^^^^^^ not found in this scope
[INFO] [stdout] 
[INFO] [stdout] 
[INFO] [stdout] error[E0425]: cannot find value `SW_HIDE` in this scope
[INFO] [stdout]    --> src/overlay.rs:149:42
[INFO] [stdout]     |
[INFO] [stdout] 149 |                 let _ = ShowWindow(hwnd, SW_HIDE);
[INFO] [stdout]     |                                          ^^^^^^^ not found in this scope
[INFO] [stdout] 
[INFO] [stdout] 
[INFO] [stdout] error[E0425]: cannot find value `WM_APP` in this scope
[INFO] [stdout]   --> src/main.rs:50:22
[INFO] [stdout]    |
[INFO] [stdout] 50 | const WM_TRAY: u32 = WM_APP + 1;
[INFO] [stdout]    |                      ^^^^^^ not found in this scope
[INFO] [stdout] 
[INFO] [stdout] 
[INFO] [stdout] error[E0425]: cannot find value `GA_ROOT` in this scope
[INFO] [stdout]    --> src/main.rs:152:38
[INFO] [stdout]     |
[INFO] [stdout] 152 |         let root = GetAncestor(hwnd, GA_ROOT);
[INFO] [stdout]     |                                      ^^^^^^^ not found in this scope
[INFO] [stdout] 
[INFO] [stdout] 
[INFO] [stdout] error[E0425]: cannot find value `SWP_NOZORDER` in this scope
[INFO] [stdout]    --> src/main.rs:181:13
[INFO] [stdout]     |
[INFO] [stdout] 181 |             SWP_NOZORDER | SWP_NOACTIVATE | SWP_NOSENDCHANGING,
[INFO] [stdout]     |             ^^^^^^^^^^^^ not found in this scope
[INFO] [stdout] 
[INFO] [stdout] 
[INFO] [stdout] error[E0425]: cannot find value `SWP_NOACTIVATE` in this scope
[INFO] [stdout]    --> src/main.rs:181:28
[INFO] [stdout]     |
[INFO] [stdout] 181 |             SWP_NOZORDER | SWP_NOACTIVATE | SWP_NOSENDCHANGING,
[INFO] [stdout]     |                            ^^^^^^^^^^^^^^ not found in this scope
[INFO] [stdout] 
[INFO] [stdout] 
[INFO] [stdout] error[E0425]: cannot find value `SWP_NOSENDCHANGING` in this scope
[INFO] [stdout]    --> src/main.rs:181:45
[INFO] [stdout]     |
[INFO] [stdout] 181 |             SWP_NOZORDER | SWP_NOACTIVATE | SWP_NOSENDCHANGING,
[INFO] [stdout]     |                                             ^^^^^^^^^^^^^^^^^^ not found in this scope
[INFO] [stdout] 
[INFO] [stdout] 
[INFO] [stdout] error[E0425]: cannot find value `HWND_TOP` in this scope
[INFO] [stdout]    --> src/main.rs:253:17
[INFO] [stdout]     |
[INFO] [stdout] 253 |                 HWND_TOP,
[INFO] [stdout]     |                 ^^^^^^^^ not found in this scope
[INFO] [stdout] 
[INFO] [stdout] 
[INFO] [stdout] error[E0425]: cannot find value `SWP_NOMOVE` in this scope
[INFO] [stdout]    --> src/main.rs:258:17
[INFO] [stdout]     |
[INFO] [stdout] 258 |                 SWP_NOMOVE | SWP_NOSIZE | SWP_NOACTIVATE,
[INFO] [stdout]     |                 ^^^^^^^^^^ not found in this scope
[INFO] [stdout] 
[INFO] [stdout] 
[INFO] [stdout] error[E0425]: cannot find value `SWP_NOSIZE` in this scope
[INFO] [stdout]    --> src/main.rs:258:30
[INFO] [stdout]     |
[INFO] [stdout] 258 |                 SWP_NOMOVE | SWP_NOSIZE | SWP_NOACTIVATE,
[INFO] [stdout]     |                              ^^^^^^^^^^ not found in this scope
[INFO] [stdout] 
[INFO] [stdout] 
[INFO] [stdout] error[E0425]: cannot find value `SWP_NOACTIVATE` in this scope
[INFO] [stdout]    --> src/main.rs:258:43
[INFO] [stdout]     |
[INFO] [stdout] 258 |                 SWP_NOMOVE | SWP_NOSIZE | SWP_NOACTIVATE,
[INFO] [stdout]     |                                           ^^^^^^^^^^^^^^ not found in this scope
[INFO] [stdout] 
[INFO] [stdout] 
[INFO] [stdout] error[E0425]: cannot find type `MSLLHOOKSTRUCT` in this scope
[INFO] [stdout]    --> src/main.rs:336:42
[INFO] [stdout]     |
[INFO] [stdout] 336 |         let info = &*(lparam.0 as *const MSLLHOOKSTRUCT);
[INFO] [stdout]     |                                          ^^^^^^^^^^^^^^ not found in this scope
[INFO] [stdout] 
[INFO] [stdout] 
[INFO] [stdout] error[E0425]: cannot find value `WM_RBUTTONUP` in this scope
[INFO] [stdout]    --> src/main.rs:355:25
[INFO] [stdout]     |
[INFO] [stdout] 355 |             if event == WM_RBUTTONUP || event == WM_LBUTTONUP {
[INFO] [stdout]     |                         ^^^^^^^^^^^^ not found in this scope
[INFO] [stdout] 
[INFO] [stdout] 
[INFO] [stdout] error[E0425]: cannot find value `WM_LBUTTONUP` in this scope
[INFO] [stdout]    --> src/main.rs:355:50
[INFO] [stdout]     |
[INFO] [stdout] 355 |             if event == WM_RBUTTONUP || event == WM_LBUTTONUP {
[INFO] [stdout]     |                                                  ^^^^^^^^^^^^ not found in this scope
[INFO] [stdout] 
[INFO] [stdout] 
[INFO] [stdout] error[E0425]: cannot find type `HMENU` in this scope
[INFO] [stdout]    --> src/main.rs:372:24
[INFO] [stdout]     |
[INFO] [stdout] 372 | unsafe fn append(menu: HMENU, id: usize, text: &str, checked: bool) {
[INFO] [stdout]     |                        ^^^^^ not found in this scope
[INFO] [stdout] 
[INFO] [stdout] 
[INFO] [stdout] error[E0425]: cannot find value `MF_STRING` in this scope
[INFO] [stdout]    --> src/main.rs:373:21
[INFO] [stdout]     |
[INFO] [stdout] 373 |     let mut flags = MF_STRING;
[INFO] [stdout]     |                     ^^^^^^^^^ not found in this scope
[INFO] [stdout] 
[INFO] [stdout] 
[INFO] [stdout] error[E0425]: cannot find value `MF_CHECKED` in this scope
[INFO] [stdout]    --> src/main.rs:375:18
[INFO] [stdout]     |
[INFO] [stdout] 375 |         flags |= MF_CHECKED;
[INFO] [stdout]     |                  ^^^^^^^^^^ not found in this scope
[INFO] [stdout] 
[INFO] [stdout] 
[INFO] [stdout] error[E0425]: cannot find type `HMENU` in this scope
[INFO] [stdout]    --> src/main.rs:381:34
[INFO] [stdout]     |
[INFO] [stdout] 381 | unsafe fn append_separator(menu: HMENU) {
[INFO] [stdout]     |                                  ^^^^^ not found in this scope
[INFO] [stdout] 
[INFO] [stdout] 
[INFO] [stdout] error[E0425]: cannot find value `MF_SEPARATOR` in this scope
[INFO] [stdout]    --> src/main.rs:382:31
[INFO] [stdout]     |
[INFO] [stdout] 382 |     let _ = AppendMenuW(menu, MF_SEPARATOR, 0, PCWSTR::null());
[INFO] [stdout]     |                               ^^^^^^^^^^^^ not found in this scope
[INFO] [stdout] 
[INFO] [stdout] 
[INFO] [stdout] error[E0425]: cannot find value `TPM_RIGHTBUTTON` in this scope
[INFO] [stdout]    --> src/main.rs:416:13
[INFO] [stdout]     |
[INFO] [stdout] 416 |             TPM_RIGHTBUTTON | TPM_RETURNCMD,
[INFO] [stdout]     |             ^^^^^^^^^^^^^^^ not found in this scope
[INFO] [stdout] 
[INFO] [stdout] 
[INFO] [stdout] error[E0425]: cannot find value `TPM_RETURNCMD` in this scope
[INFO] [stdout]    --> src/main.rs:416:31
[INFO] [stdout]     |
[INFO] [stdout] 416 |             TPM_RIGHTBUTTON | TPM_RETURNCMD,
[INFO] [stdout]     |                               ^^^^^^^^^^^^^ not found in this scope
[INFO] [stdout] 
[INFO] [stdout] 
[INFO] [stdout] error[E0425]: cannot find type `HICON` in this scope
[INFO] [stdout]    --> src/main.rs:449:30
[INFO] [stdout]     |
[INFO] [stdout] 449 | unsafe fn load_app_icon() -> HICON {
[INFO] [stdout]     |                              ^^^^^ not found in this scope
[INFO] [stdout] 
[INFO] [stdout] 
[INFO] [stdout] error[E0425]: cannot find value `IDI_APPLICATION` in this scope
[INFO] [stdout]    --> src/main.rs:455:38
[INFO] [stdout]     |
[INFO] [stdout] 455 |         .or_else(|_| LoadIconW(None, IDI_APPLICATION))
[INFO] [stdout]     |                                      ^^^^^^^^^^^^^^^ not found in this scope
[INFO] [stdout] 
[INFO] [stdout] 
[INFO] [stdout] error[E0422]: cannot find struct, variant or union type `WNDCLASSW` in this scope
[INFO] [stdout]    --> src/main.rs:488:18
[INFO] [stdout]     |
[INFO] [stdout] 488 |         let wc = WNDCLASSW {
[INFO] [stdout]     |                  ^^^^^^^^^ not found in this scope
[INFO] [stdout] 
[INFO] [stdout] 
[INFO] [stdout] error[E0425]: cannot find value `WH_MOUSE_LL` in this scope
[INFO] [stdout]    --> src/main.rs:518:39
[INFO] [stdout]     |
[INFO] [stdout] 518 |         let _hook = SetWindowsHookExW(WH_MOUSE_LL, Some(mouse_proc), HINSTANCE::default(), 0)?;
[INFO] [stdout]     |                                       ^^^^^^^^^^^ not found in this scope
[INFO] [stdout] 
[INFO] [stdout] 
[INFO] [stdout] error[E0599]: no method named `encode_wide` found for reference `&OsStr` in the current scope
[INFO] [stdout]   --> src/autostart.rs:27:19
[INFO] [stdout]    |
[INFO] [stdout] 27 |     OsStr::new(s).encode_wide().chain(once(0)).collect()
[INFO] [stdout]    |                   ^^^^^^^^^^^ method not found in `&OsStr`
[INFO] [stdout] 
[INFO] [stdout] 
[INFO] [stdout] error[E0425]: cannot find function, tuple struct or tuple variant `DefWindowProcW` in this scope
[INFO] [stdout]   --> src/overlay.rs:51:14
[INFO] [stdout]    |
[INFO] [stdout] 51 |         _ => DefWindowProcW(hwnd, msg, wparam, lparam),
[INFO] [stdout]    |              ^^^^^^^^^^^^^^ not found in this scope
[INFO] [stdout] 
[INFO] [stdout] 
[INFO] [stdout] error[E0425]: cannot find function, tuple struct or tuple variant `GetClientRect` in this scope
[INFO] [stdout]   --> src/overlay.rs:66:13
[INFO] [stdout]    |
[INFO] [stdout] 66 |     let _ = GetClientRect(hwnd, &mut client);
[INFO] [stdout]    |             ^^^^^^^^^^^^^ not found in this scope
[INFO] [stdout] 
[INFO] [stdout] 
[INFO] [stdout] error[E0425]: cannot find function, tuple struct or tuple variant `RegisterClassW` in this scope
[INFO] [stdout]   --> src/overlay.rs:98:9
[INFO] [stdout]    |
[INFO] [stdout] 98 |         RegisterClassW(&wc);
[INFO] [stdout]    |         ^^^^^^^^^^^^^^ not found in this scope
[INFO] [stdout] 
[INFO] [stdout] 
[INFO] [stdout] error[E0425]: cannot find function, tuple struct or tuple variant `CreateWindowExW` in this scope
[INFO] [stdout]    --> src/overlay.rs:105:27
[INFO] [stdout]     |
[INFO] [stdout] 105 |         if let Ok(hwnd) = CreateWindowExW(
[INFO] [stdout]     |                           ^^^^^^^^^^^^^^^ not found in this scope
[INFO] [stdout] 
[INFO] [stdout] 
[INFO] [stdout] error[E0425]: cannot find function, tuple struct or tuple variant `SetLayeredWindowAttributes` in this scope
[INFO] [stdout]    --> src/overlay.rs:108:21
[INFO] [stdout]     |
[INFO] [stdout] 108 |             let _ = SetLayeredWindowAttributes(hwnd, COLORREF(0), ALPHA, LWA_ALPHA);
[INFO] [stdout]     |                     ^^^^^^^^^^^^^^^^^^^^^^^^^^ not found in this scope
[INFO] [stdout] 
[INFO] [stdout] 
[INFO] [stdout] error[E0425]: cannot find function, tuple struct or tuple variant `SetWindowPos` in this scope
[INFO] [stdout]    --> src/overlay.rs:137:25
[INFO] [stdout]     |
[INFO] [stdout] 137 |                 let _ = SetWindowPos(hwnd, after, target.x, target.y, target.w, target.h, flags);
[INFO] [stdout]     |                         ^^^^^^^^^^^^ not found in this scope
[INFO] [stdout] 
[INFO] [stdout] 
[INFO] [stdout] error[E0425]: cannot find function, tuple struct or tuple variant `ShowWindow` in this scope
[INFO] [stdout]    --> src/overlay.rs:149:25
[INFO] [stdout]     |
[INFO] [stdout] 149 |                 let _ = ShowWindow(hwnd, SW_HIDE);
[INFO] [stdout]     |                         ^^^^^^^^^^ not found in this scope
[INFO] [stdout] 
[INFO] [stdout] 
[INFO] [stdout] error[E0425]: cannot find function, tuple struct or tuple variant `GetClassNameW` in this scope
[INFO] [stdout]    --> src/main.rs:128:24
[INFO] [stdout]     |
[INFO] [stdout] 128 |     let len = unsafe { GetClassNameW(hwnd, &mut buf) };
[INFO] [stdout]     |                        ^^^^^^^^^^^^^ not found in this scope
[INFO] [stdout] 
[INFO] [stdout] 
[INFO] [stdout] error[E0425]: cannot find function, tuple struct or tuple variant `WindowFromPoint` in this scope
[INFO] [stdout]    --> src/main.rs:148:20
[INFO] [stdout]     |
[INFO] [stdout] 148 |         let hwnd = WindowFromPoint(pt);
[INFO] [stdout]     |                    ^^^^^^^^^^^^^^^ not found in this scope
[INFO] [stdout] 
[INFO] [stdout] 
[INFO] [stdout] error[E0425]: cannot find function, tuple struct or tuple variant `GetAncestor` in this scope
[INFO] [stdout]    --> src/main.rs:152:20
[INFO] [stdout]     |
[INFO] [stdout] 152 |         let root = GetAncestor(hwnd, GA_ROOT);
[INFO] [stdout]     |                    ^^^^^^^^^^^ not found in this scope
[INFO] [stdout] 
[INFO] [stdout] 
[INFO] [stdout] error[E0425]: cannot find function, tuple struct or tuple variant `GetDesktopWindow` in this scope
[INFO] [stdout]    --> src/main.rs:154:24
[INFO] [stdout]     |
[INFO] [stdout] 154 |             || root == GetDesktopWindow()
[INFO] [stdout]     |                        ^^^^^^^^^^^^^^^^ not found in this scope
[INFO] [stdout] 
[INFO] [stdout] 
[INFO] [stdout] error[E0425]: cannot find function, tuple struct or tuple variant `GetShellWindow` in this scope
[INFO] [stdout]    --> src/main.rs:155:24
[INFO] [stdout]     |
[INFO] [stdout] 155 |             || root == GetShellWindow()
[INFO] [stdout]     |                        ^^^^^^^^^^^^^^ not found in this scope
[INFO] [stdout] 
[INFO] [stdout] 
[INFO] [stdout] error[E0425]: cannot find function, tuple struct or tuple variant `GetWindowRect` in this scope
[INFO] [stdout]    --> src/main.rs:167:14
[INFO] [stdout]     |
[INFO] [stdout] 167 |     unsafe { GetWindowRect(hwnd, &mut r).ok()? };
[INFO] [stdout]     |              ^^^^^^^^^^^^^ not found in this scope
[INFO] [stdout] 
[INFO] [stdout] 
[INFO] [stdout] error[E0425]: cannot find function, tuple struct or tuple variant `SetWindowPos` in this scope
[INFO] [stdout]    --> src/main.rs:174:9
[INFO] [stdout]     |
[INFO] [stdout] 174 |         SetWindowPos(
[INFO] [stdout]     |         ^^^^^^^^^^^^ not found in this scope
[INFO] [stdout] 
[INFO] [stdout] 
[INFO] [stdout] error[E0425]: cannot find function, tuple struct or tuple variant `GetForegroundWindow` in this scope
[INFO] [stdout]    --> src/main.rs:213:31
[INFO] [stdout]     |
[INFO] [stdout] 213 |             let fg = unsafe { GetForegroundWindow() };
[INFO] [stdout]     |                               ^^^^^^^^^^^^^^^^^^^ not found in this scope
[INFO] [stdout] 
[INFO] [stdout] 
[INFO] [stdout] error[E0425]: cannot find function, tuple struct or tuple variant `IsZoomed` in this scope
[INFO] [stdout]    --> src/main.rs:235:17
[INFO] [stdout]     |
[INFO] [stdout] 235 |     if unsafe { IsZoomed(hwnd).as_bool() } {
[INFO] [stdout]     |                 ^^^^^^^^ not found in this scope
[INFO] [stdout] 
[INFO] [stdout] 
[INFO] [stdout] error[E0425]: cannot find function, tuple struct or tuple variant `SetWindowPos` in this scope
[INFO] [stdout]    --> src/main.rs:251:21
[INFO] [stdout]     |
[INFO] [stdout] 251 |             let _ = SetWindowPos(
[INFO] [stdout]     |                     ^^^^^^^^^^^^ not found in this scope
[INFO] [stdout] 
[INFO] [stdout] 
[INFO] [stdout] error[E0425]: cannot find function, tuple struct or tuple variant `IsWindow` in this scope
[INFO] [stdout]    --> src/main.rs:295:18
[INFO] [stdout]     |
[INFO] [stdout] 295 |     if !unsafe { IsWindow(d.hwnd).as_bool() } {
[INFO] [stdout]     |                  ^^^^^^^^ not found in this scope
[INFO] [stdout] 
[INFO] [stdout] 
[INFO] [stdout] error[E0433]: cannot find type `HHOOK` in this scope
[INFO] [stdout]    --> src/main.rs:342:20
[INFO] [stdout]     |
[INFO] [stdout] 342 |     CallNextHookEx(HHOOK::default(), code, wparam, lparam)
[INFO] [stdout]     |                    ^^^^^ use of undeclared type `HHOOK`
[INFO] [stdout] 
[INFO] [stdout] 
[INFO] [stdout] error[E0425]: cannot find function, tuple struct or tuple variant `CallNextHookEx` in this scope
[INFO] [stdout]    --> src/main.rs:342:5
[INFO] [stdout]     |
[INFO] [stdout] 342 |     CallNextHookEx(HHOOK::default(), code, wparam, lparam)
[INFO] [stdout]     |     ^^^^^^^^^^^^^^ not found in this scope
[INFO] [stdout] 
[INFO] [stdout] 
[INFO] [stdout] error[E0425]: cannot find function, tuple struct or tuple variant `PostQuitMessage` in this scope
[INFO] [stdout]    --> src/main.rs:361:13
[INFO] [stdout]     |
[INFO] [stdout] 361 |             PostQuitMessage(0);
[INFO] [stdout]     |             ^^^^^^^^^^^^^^^ not found in this scope
[INFO] [stdout] 
[INFO] [stdout] 
[INFO] [stdout] error[E0425]: cannot find function, tuple struct or tuple variant `DefWindowProcW` in this scope
[INFO] [stdout]    --> src/main.rs:364:14
[INFO] [stdout]     |
[INFO] [stdout] 364 |         _ => DefWindowProcW(hwnd, msg, wparam, lparam),
[INFO] [stdout]     |              ^^^^^^^^^^^^^^ not found in this scope
[INFO] [stdout] 
[INFO] [stdout] 
[INFO] [stdout] error[E0425]: cannot find function, tuple struct or tuple variant `AppendMenuW` in this scope
[INFO] [stdout]    --> src/main.rs:378:13
[INFO] [stdout]     |
[INFO] [stdout] 378 |     let _ = AppendMenuW(menu, flags, id, PCWSTR(wide.as_ptr()));
[INFO] [stdout]     |             ^^^^^^^^^^^ not found in this scope
[INFO] [stdout] 
[INFO] [stdout] 
[INFO] [stdout] error[E0425]: cannot find function, tuple struct or tuple variant `AppendMenuW` in this scope
[INFO] [stdout]    --> src/main.rs:382:13
[INFO] [stdout]     |
[INFO] [stdout] 382 |     let _ = AppendMenuW(menu, MF_SEPARATOR, 0, PCWSTR::null());
[INFO] [stdout]     |             ^^^^^^^^^^^ not found in this scope
[INFO] [stdout] 
[INFO] [stdout] 
[INFO] [stdout] error[E0425]: cannot find function, tuple struct or tuple variant `CreatePopupMenu` in this scope
[INFO] [stdout]    --> src/main.rs:389:24
[INFO] [stdout]     |
[INFO] [stdout] 389 |         let Ok(menu) = CreatePopupMenu() else {
[INFO] [stdout]     |                        ^^^^^^^^^^^^^^^ not found in this scope
[INFO] [stdout] 
[INFO] [stdout] 
[INFO] [stdout] error[E0425]: cannot find function, tuple struct or tuple variant `GetCursorPos` in this scope
[INFO] [stdout]    --> src/main.rs:411:17
[INFO] [stdout]     |
[INFO] [stdout] 411 |         let _ = GetCursorPos(&mut pt);
[INFO] [stdout]     |                 ^^^^^^^^^^^^ not found in this scope
[INFO] [stdout] 
[INFO] [stdout] 
[INFO] [stdout] error[E0425]: cannot find function, tuple struct or tuple variant `SetForegroundWindow` in this scope
[INFO] [stdout]    --> src/main.rs:413:17
[INFO] [stdout]     |
[INFO] [stdout] 413 |         let _ = SetForegroundWindow(hwnd);
[INFO] [stdout]     |                 ^^^^^^^^^^^^^^^^^^^ not found in this scope
[INFO] [stdout] 
[INFO] [stdout] 
[INFO] [stdout] error[E0425]: cannot find function, tuple struct or tuple variant `TrackPopupMenu` in this scope
[INFO] [stdout]    --> src/main.rs:414:19
[INFO] [stdout]     |
[INFO] [stdout] 414 |         let cmd = TrackPopupMenu(
[INFO] [stdout]     |                   ^^^^^^^^^^^^^^ not found in this scope
[INFO] [stdout] 
[INFO] [stdout] 
[INFO] [stdout] error[E0425]: cannot find function, tuple struct or tuple variant `DestroyMenu` in this scope
[INFO] [stdout]    --> src/main.rs:423:17
[INFO] [stdout]     |
[INFO] [stdout] 423 |         let _ = DestroyMenu(menu);
[INFO] [stdout]     |                 ^^^^^^^^^^^ not found in this scope
[INFO] [stdout] 
[INFO] [stdout] 
[INFO] [stdout] error[E0425]: cannot find function, tuple struct or tuple variant `DestroyWindow` in this scope
[INFO] [stdout]    --> src/main.rs:437:21
[INFO] [stdout]     |
[INFO] [stdout] 437 |             let _ = DestroyWindow(hwnd);
[INFO] [stdout]     |                     ^^^^^^^^^^^^^ not found in this scope
[INFO] [stdout] 
[INFO] [stdout] 
[INFO] [stdout] error[E0425]: cannot find function, tuple struct or tuple variant `LoadIconW` in this scope
[INFO] [stdout]    --> src/main.rs:454:5
[INFO] [stdout]     |
[INFO] [stdout] 454 |     LoadIconW(hinst, id)
[INFO] [stdout]     |     ^^^^^^^^^ not found in this scope
[INFO] [stdout] 
[INFO] [stdout] 
[INFO] [stdout] error[E0425]: cannot find function, tuple struct or tuple variant `LoadIconW` in this scope
[INFO] [stdout]    --> src/main.rs:455:22
[INFO] [stdout]     |
[INFO] [stdout] 455 |         .or_else(|_| LoadIconW(None, IDI_APPLICATION))
[INFO] [stdout]     |                      ^^^^^^^^^ not found in this scope
[INFO] [stdout] 
[INFO] [stdout] 
[INFO] [stdout] error[E0425]: cannot find function, tuple struct or tuple variant `RegisterClassW` in this scope
[INFO] [stdout]    --> src/main.rs:494:9
[INFO] [stdout]     |
[INFO] [stdout] 494 |         RegisterClassW(&wc);
[INFO] [stdout]     |         ^^^^^^^^^^^^^^ not found in this scope
[INFO] [stdout] 
[INFO] [stdout] 
[INFO] [stdout] error[E0425]: cannot find function, tuple struct or tuple variant `WINDOW_EX_STYLE` in this scope
[INFO] [stdout]    --> src/main.rs:497:13
[INFO] [stdout]     |
[INFO] [stdout] 497 |             WINDOW_EX_STYLE(0),
[INFO] [stdout]     |             ^^^^^^^^^^^^^^^ not found in this scope
[INFO] [stdout] 
[INFO] [stdout] 
[INFO] [stdout] error[E0425]: cannot find function, tuple struct or tuple variant `WINDOW_STYLE` in this scope
[INFO] [stdout]    --> src/main.rs:500:13
[INFO] [stdout]     |
[INFO] [stdout] 500 |             WINDOW_STYLE(0),
[INFO] [stdout]     |             ^^^^^^^^^^^^ not found in this scope
[INFO] [stdout] 
[INFO] [stdout] 
[INFO] [stdout] error[E0425]: cannot find function, tuple struct or tuple variant `CreateWindowExW` in this scope
[INFO] [stdout]    --> src/main.rs:496:20
[INFO] [stdout]     |
[INFO] [stdout] 496 |         let hwnd = CreateWindowExW(
[INFO] [stdout]     |                    ^^^^^^^^^^^^^^^ not found in this scope
[INFO] [stdout] 
[INFO] [stdout] 
[INFO] [stdout] error[E0425]: cannot find function, tuple struct or tuple variant `SetWindowsHookExW` in this scope
[INFO] [stdout]    --> src/main.rs:518:21
[INFO] [stdout]     |
[INFO] [stdout] 518 |         let _hook = SetWindowsHookExW(WH_MOUSE_LL, Some(mouse_proc), HINSTANCE::default(), 0)?;
[INFO] [stdout]     |                     ^^^^^^^^^^^^^^^^^ not found in this scope
[INFO] [stdout] 
[INFO] [stdout] 
[INFO] [stdout] error[E0433]: cannot find type `MSG` in this scope
[INFO] [stdout]    --> src/main.rs:523:23
[INFO] [stdout]     |
[INFO] [stdout] 523 |         let mut msg = MSG::default();
[INFO] [stdout]     |                       ^^^ use of undeclared type `MSG`
[INFO] [stdout] 
[INFO] [stdout] 
[INFO] [stdout] error[E0425]: cannot find function, tuple struct or tuple variant `GetMessageW` in this scope
[INFO] [stdout]    --> src/main.rs:525:23
[INFO] [stdout]     |
[INFO] [stdout] 525 |             let ret = GetMessageW(&mut msg, None, 0, 0);
[INFO] [stdout]     |                       ^^^^^^^^^^^ not found in this scope
[INFO] [stdout] 
[INFO] [stdout] 
[INFO] [stdout] error[E0425]: cannot find function, tuple struct or tuple variant `TranslateMessage` in this scope
[INFO] [stdout]    --> src/main.rs:529:21
[INFO] [stdout]     |
[INFO] [stdout] 529 |             let _ = TranslateMessage(&msg);
[INFO] [stdout]     |                     ^^^^^^^^^^^^^^^^ not found in this scope
[INFO] [stdout] 
[INFO] [stdout] 
[INFO] [stdout] error[E0425]: cannot find function, tuple struct or tuple variant `DispatchMessageW` in this scope
[INFO] [stdout]    --> src/main.rs:530:13
[INFO] [stdout]     |
[INFO] [stdout] 530 |             DispatchMessageW(&msg);
[INFO] [stdout]     |             ^^^^^^^^^^^^^^^^ not found in this scope
[INFO] [stdout] 
[INFO] [stdout] 
[INFO] [stdout] Some errors have detailed explanations: E0422, E0425, E0432, E0433, E0599.
[INFO] [stdout] 
[INFO] [stdout] For more information about an error, try `rustc --explain E0422`.
[INFO] [stdout] 
[INFO] [stderr] error: could not compile `easy-move-resize-win` (bin "easy-move-resize") due to 97 previous errors
[INFO] running `Command { std: "docker" "inspect" "7623a4062b0125d450128fc79204ad434477cf11992b071d53c4d0700f99a034", kill_on_drop: false }`
[INFO] running `Command { std: "docker" "rm" "-f" "7623a4062b0125d450128fc79204ad434477cf11992b071d53c4d0700f99a034", kill_on_drop: false }`
[INFO] [stdout] 7623a4062b0125d450128fc79204ad434477cf11992b071d53c4d0700f99a034
