[INFO] cloning repository https://github.com/jtfletch/Instant-Dev
[INFO] running `Command { std: "git" "-c" "credential.helper=" "-c" "credential.helper=/workspace/cargo-home/bin/git-credential-null" "clone" "--bare" "https://github.com/jtfletch/Instant-Dev" "/workspace/cache/git-repos/https%3A%2F%2Fgithub.com%2Fjtfletch%2FInstant-Dev", kill_on_drop: false }`
[INFO] [stderr] Cloning into bare repository '/workspace/cache/git-repos/https%3A%2F%2Fgithub.com%2Fjtfletch%2FInstant-Dev'...
[INFO] running `Command { std: "git" "rev-parse" "HEAD", kill_on_drop: false }`
[INFO] [stdout] e50ab13c7106235c3dff7ae62b429f81e452cd45
[INFO] testing jtfletch/Instant-Dev against 1.97.0-beta.6 for beta-1.98-2
[INFO] running `Command { std: "git" "clone" "/workspace/cache/git-repos/https%3A%2F%2Fgithub.com%2Fjtfletch%2FInstant-Dev" "/workspace/builds/worker-6-tc1/source", kill_on_drop: false }`
[INFO] [stderr] Cloning into '/workspace/builds/worker-6-tc1/source'...
[INFO] [stderr] done.
[INFO] started tweaking git repo https://github.com/jtfletch/Instant-Dev
[INFO] finished tweaking git repo https://github.com/jtfletch/Instant-Dev
[INFO] tweaked toml for git repo https://github.com/jtfletch/Instant-Dev written to /workspace/builds/worker-6-tc1/source/Cargo.toml
[INFO] validating manifest of git repo https://github.com/jtfletch/Instant-Dev on toolchain 1.97.0-beta.6
[INFO] running `Command { std: CARGO_HOME="/workspace/cargo-home" RUSTUP_HOME="/workspace/rustup-home" "/workspace/cargo-home/bin/cargo" "+1.97.0-beta.6" "metadata" "--manifest-path" "Cargo.toml" "--no-deps", kill_on_drop: false }`
[INFO] crate git repo https://github.com/jtfletch/Instant-Dev already has a lockfile, it will not be regenerated
[INFO] running `Command { std: CARGO_HOME="/workspace/cargo-home" RUSTUP_HOME="/workspace/rustup-home" "/workspace/cargo-home/bin/cargo" "+1.97.0-beta.6" "fetch" "--manifest-path" "Cargo.toml", kill_on_drop: false }`
[INFO] [stderr]     Updating crates.io index
[INFO] [stderr]  Downloading crates ...
[INFO] [stderr]   Downloaded redox_termios v0.1.3
[INFO] [stderr]   Downloaded numtoa v0.1.0
[INFO] [stderr]   Downloaded termtree v0.4.1
[INFO] [stderr]   Downloaded termion v3.0.0
[INFO] [stderr]   Downloaded serde v1.0.196
[INFO] [stderr]   Downloaded redox_users v0.4.4
[INFO] [stderr]   Downloaded predicates-core v1.0.6
[INFO] [stderr]   Downloaded libredox v0.0.1
[INFO] [stderr]   Downloaded libredox v0.0.2
[INFO] [stderr]   Downloaded thiserror-impl v1.0.56
[INFO] [stderr]   Downloaded fragile v2.0.0
[INFO] [stderr]   Downloaded predicates-tree v1.0.9
[INFO] [stderr]   Downloaded downcast v0.11.0
[INFO] [stderr]   Downloaded mockall v0.12.1
[INFO] [stderr]   Downloaded predicates v3.1.0
[INFO] [stderr]   Downloaded thiserror v1.0.56
[INFO] [stderr]   Downloaded serde_derive v1.0.196
[INFO] [stderr]   Downloaded mockall_derive v0.12.1
[INFO] running `Command { std: "docker" "create" "-v" "/var/lib/crater-agent-workspace/builds/worker-6-tc1/source:/opt/rustwide/workdir:ro,Z" "-v" "/var/lib/crater-agent-workspace/builds/worker-6-tc1/target:/opt/rustwide/target:rw,Z" "-v" "/var/lib/crater-agent-workspace/cargo-home:/opt/rustwide/cargo-home:ro,Z" "-v" "/var/lib/crater-agent-workspace/rustup-home:/opt/rustwide/rustup-home:ro,Z" "-m" "1610612736" "--network" "none" "ghcr.io/rust-lang/crates-build-env/linux@sha256:3d5ced03c013a94a2f102a4510f48a6e9184255caf5fd8244f58017bde7f5210" "sleep" "infinity", kill_on_drop: false }`
[INFO] [stdout] 356659473d66f7599fd5462203f7b55dc511f52282cd5808353c1da984feddf8
[INFO] running `Command { std: "docker" "start" "356659473d66f7599fd5462203f7b55dc511f52282cd5808353c1da984feddf8", kill_on_drop: false }`
[INFO] running `Command { std: "docker" "inspect" "356659473d66f7599fd5462203f7b55dc511f52282cd5808353c1da984feddf8", kill_on_drop: false }`
[INFO] running `Command { std: "docker" "exec" "-e" "SOURCE_DIR=/opt/rustwide/workdir" "-e" "CARGO_HOME=/opt/rustwide/cargo-home" "-e" "RUSTUP_HOME=/opt/rustwide/rustup-home" "-e" "CARGO_TARGET_DIR=/opt/rustwide/target" "-w" "/opt/rustwide/workdir" "--user" "0:0" "356659473d66f7599fd5462203f7b55dc511f52282cd5808353c1da984feddf8" "/opt/rustwide/cargo-home/bin/cargo" "+1.97.0-beta.6" "metadata" "--no-deps" "--format-version=1", kill_on_drop: false }`
[INFO] running `Command { std: "docker" "inspect" "356659473d66f7599fd5462203f7b55dc511f52282cd5808353c1da984feddf8", kill_on_drop: false }`
[INFO] running `Command { std: "docker" "exec" "-e" "SOURCE_DIR=/opt/rustwide/workdir" "-e" "CARGO_HOME=/opt/rustwide/cargo-home" "-e" "RUSTUP_HOME=/opt/rustwide/rustup-home" "-e" "CARGO_TARGET_DIR=/opt/rustwide/target" "-e" "CARGO_INCREMENTAL=0" "-e" "RUST_BACKTRACE=full" "-e" "RUSTFLAGS=--cap-lints=warn" "-e" "RUSTDOCFLAGS=--cap-lints=warn" "-w" "/opt/rustwide/workdir" "--user" "0:0" "356659473d66f7599fd5462203f7b55dc511f52282cd5808353c1da984feddf8" "/opt/rustwide/cargo-home/bin/cargo" "+1.97.0-beta.6" "build" "--frozen" "--message-format=json", kill_on_drop: false }`
[INFO] [stderr]    Compiling proc-macro2 v1.0.78
[INFO] [stderr]    Compiling libc v0.2.153
[INFO] [stderr]    Compiling unicode-ident v1.0.12
[INFO] [stderr]    Compiling predicates-core v1.0.6
[INFO] [stderr]    Compiling serde v1.0.196
[INFO] [stderr]    Compiling once_cell v1.19.0
[INFO] [stderr]    Compiling anstyle v1.0.6
[INFO] [stderr]    Compiling termtree v0.4.1
[INFO] [stderr]    Compiling option-ext v0.2.0
[INFO] [stderr]    Compiling downcast v0.11.0
[INFO] [stderr]    Compiling fragile v2.0.0
[INFO] [stderr]    Compiling numtoa v0.1.0
[INFO] [stderr]    Compiling pathdiff v0.2.1
[INFO] [stderr]    Compiling lazy_static v1.4.0
[INFO] [stderr]    Compiling predicates-tree v1.0.9
[INFO] [stderr]    Compiling is-docker v0.2.0
[INFO] [stderr]    Compiling is-wsl v0.4.0
[INFO] [stderr]    Compiling predicates v3.1.0
[INFO] [stderr]    Compiling quote v1.0.35
[INFO] [stderr]    Compiling dirs-sys v0.4.1
[INFO] [stderr]    Compiling open v5.0.1
[INFO] [stderr]    Compiling termion v3.0.0
[INFO] [stderr]    Compiling dirs v5.0.1
[INFO] [stderr]    Compiling syn v2.0.48
[INFO] [stderr]    Compiling toml v0.5.11
[INFO] [stderr]    Compiling mockall_derive v0.12.1
[INFO] [stderr]    Compiling mockall v0.12.1
[INFO] [stderr]    Compiling instant-dev v0.1.0 (/opt/rustwide/workdir)
[INFO] [stderr]     Finished `dev` profile [unoptimized + debuginfo] target(s) in 13.30s
[INFO] running `Command { std: "docker" "inspect" "356659473d66f7599fd5462203f7b55dc511f52282cd5808353c1da984feddf8", kill_on_drop: false }`
[INFO] running `Command { std: "docker" "exec" "-e" "SOURCE_DIR=/opt/rustwide/workdir" "-e" "CARGO_HOME=/opt/rustwide/cargo-home" "-e" "RUSTUP_HOME=/opt/rustwide/rustup-home" "-e" "CARGO_TARGET_DIR=/opt/rustwide/target" "-e" "CARGO_INCREMENTAL=0" "-e" "RUST_BACKTRACE=full" "-e" "RUSTFLAGS=--cap-lints=warn" "-e" "RUSTDOCFLAGS=--cap-lints=warn" "-w" "/opt/rustwide/workdir" "--user" "0:0" "356659473d66f7599fd5462203f7b55dc511f52282cd5808353c1da984feddf8" "/opt/rustwide/cargo-home/bin/cargo" "+1.97.0-beta.6" "test" "--frozen" "--no-run" "--message-format=json", kill_on_drop: false }`
[INFO] [stderr]    Compiling instant-dev v0.1.0 (/opt/rustwide/workdir)
[INFO] [stdout] error[E0425]: cannot find function `update_homebrew` in this scope
[INFO] [stdout]   --> tests/brew_test.rs:90:22
[INFO] [stdout]    |
[INFO] [stdout] 90 |         let result = update_homebrew();
[INFO] [stdout]    |                      ^^^^^^^^^^^^^^^ not found in this scope
[INFO] [stdout] 
[INFO] [stdout] 
[INFO] [stdout] error[E0425]: cannot find function `update_homebrew` in this scope
[INFO] [stdout]    --> tests/brew_test.rs:105:22
[INFO] [stdout]     |
[INFO] [stdout] 105 |         let result = update_homebrew();
[INFO] [stdout]     |                      ^^^^^^^^^^^^^^^ not found in this scope
[INFO] [stdout] 
[INFO] [stdout] 
[INFO] [stdout] error[E0425]: cannot find function `install_homebrew_from_script` in this scope
[INFO] [stdout]    --> tests/brew_test.rs:117:22
[INFO] [stdout]     |
[INFO] [stdout] 117 |         let result = install_homebrew_from_script();
[INFO] [stdout]     |                      ^^^^^^^^^^^^^^^^^^^^^^^^^^^^ not found in this scope
[INFO] [stdout] 
[INFO] [stdout] 
[INFO] [stdout] error[E0425]: cannot find function `install_homebrew_from_script` in this scope
[INFO] [stdout]    --> tests/brew_test.rs:128:22
[INFO] [stdout]     |
[INFO] [stdout] 128 |         let result = install_homebrew_from_script();
[INFO] [stdout]     |                      ^^^^^^^^^^^^^^^^^^^^^^^^^^^^ not found in this scope
[INFO] [stdout] 
[INFO] [stdout] 
[INFO] [stdout] warning: function cannot return without recursing
[INFO] [stdout]   --> tests/brew_test.rs:30:5
[INFO] [stdout]    |
[INFO] [stdout] 30 |     fn output(&self) -> std::io::Result<std::process::Output> {
[INFO] [stdout]    |     ^^^^^^^^^^^^^^^^^^^^^^^^^^^^^^^^^^^^^^^^^^^^^^^^^^^^^^^^^ cannot return without recursing
[INFO] [stdout] 31 |         self.output()
[INFO] [stdout]    |         ------------- recursive call site
[INFO] [stdout]    |
[INFO] [stdout]    = help: a `loop` may express intention better if this is on purpose
[INFO] [stdout]    = note: `#[warn(unconditional_recursion)]` on by default
[INFO] [stdout] 
[INFO] [stdout] 
[INFO] [stdout] warning: function cannot return without recursing
[INFO] [stdout]   --> tests/brew_test.rs:34:5
[INFO] [stdout]    |
[INFO] [stdout] 34 |     fn status(&self) -> std::io::Result<std::process::ExitStatus> {
[INFO] [stdout]    |     ^^^^^^^^^^^^^^^^^^^^^^^^^^^^^^^^^^^^^^^^^^^^^^^^^^^^^^^^^^^^^ cannot return without recursing
[INFO] [stdout] 35 |         self.status()
[INFO] [stdout]    |         ------------- recursive call site
[INFO] [stdout]    |
[INFO] [stdout]    = help: a `loop` may express intention better if this is on purpose
[INFO] [stdout] 
[INFO] [stdout] 
[INFO] [stdout] For more information about this error, try `rustc --explain E0425`.
[INFO] [stdout] 
[INFO] [stderr] error: could not compile `instant-dev` (test "brew_test") due to 4 previous errors; 2 warnings emitted
[INFO] [stderr] warning: build failed, waiting for other jobs to finish...
[INFO] running `Command { std: "docker" "inspect" "356659473d66f7599fd5462203f7b55dc511f52282cd5808353c1da984feddf8", kill_on_drop: false }`
[INFO] running `Command { std: "docker" "rm" "-f" "356659473d66f7599fd5462203f7b55dc511f52282cd5808353c1da984feddf8", kill_on_drop: false }`
[INFO] [stdout] 356659473d66f7599fd5462203f7b55dc511f52282cd5808353c1da984feddf8
