[INFO] cloning repository https://github.com/jqcorreia/tudo
[INFO] running `Command { std: "git" "-c" "credential.helper=" "-c" "credential.helper=/workspace/cargo-home/bin/git-credential-null" "clone" "--bare" "https://github.com/jqcorreia/tudo" "/workspace/cache/git-repos/https%3A%2F%2Fgithub.com%2Fjqcorreia%2Ftudo", kill_on_drop: false }`
[INFO] [stderr] Cloning into bare repository '/workspace/cache/git-repos/https%3A%2F%2Fgithub.com%2Fjqcorreia%2Ftudo'...
[INFO] running `Command { std: "git" "rev-parse" "HEAD", kill_on_drop: false }`
[INFO] [stdout] 1183a504ad80ac3a6e5df0d5d944c2f231fcc453
[INFO] testing jqcorreia/tudo against 1.97.0-beta.6 for beta-1.98-2
[INFO] running `Command { std: "git" "clone" "/workspace/cache/git-repos/https%3A%2F%2Fgithub.com%2Fjqcorreia%2Ftudo" "/workspace/builds/worker-2-tc1/source", kill_on_drop: false }`
[INFO] [stderr] Cloning into '/workspace/builds/worker-2-tc1/source'...
[INFO] [stderr] done.
[INFO] started tweaking git repo https://github.com/jqcorreia/tudo
[INFO] finished tweaking git repo https://github.com/jqcorreia/tudo
[INFO] tweaked toml for git repo https://github.com/jqcorreia/tudo written to /workspace/builds/worker-2-tc1/source/Cargo.toml
[INFO] validating manifest of git repo https://github.com/jqcorreia/tudo on toolchain 1.97.0-beta.6
[INFO] running `Command { std: CARGO_HOME="/workspace/cargo-home" RUSTUP_HOME="/workspace/rustup-home" "/workspace/cargo-home/bin/cargo" "+1.97.0-beta.6" "metadata" "--manifest-path" "Cargo.toml" "--no-deps", kill_on_drop: false }`
[INFO] crate git repo https://github.com/jqcorreia/tudo already has a lockfile, it will not be regenerated
[INFO] running `Command { std: CARGO_HOME="/workspace/cargo-home" RUSTUP_HOME="/workspace/rustup-home" "/workspace/cargo-home/bin/cargo" "+1.97.0-beta.6" "fetch" "--manifest-path" "Cargo.toml", kill_on_drop: false }`
[INFO] [stderr]     Updating crates.io index
[INFO] [stderr]  Downloading crates ...
[INFO] [stderr]   Downloaded zerofrom v0.1.4
[INFO] [stderr]   Downloaded enum_downcast v0.1.0
[INFO] [stderr]   Downloaded enum_downcast_derive v0.1.0
[INFO] [stderr]   Downloaded yoke v0.7.4
[INFO] [stderr]   Downloaded typeid v1.0.2
[INFO] [stderr]   Downloaded yoke-derive v0.7.4
[INFO] [stderr]   Downloaded simple_logger v5.0.0
[INFO] [stderr]   Downloaded zerofrom-derive v0.1.4
[INFO] [stderr]   Downloaded dyn-clone v1.0.17
[INFO] [stderr]   Downloaded spin_sleep v1.2.1
[INFO] [stderr]   Downloaded xcb v1.5.0
[INFO] [stderr]   Downloaded mlua-sys v0.6.5
[INFO] [stderr]   Downloaded erased-serde v0.4.5
[INFO] [stderr]   Downloaded rustc-hash v2.0.0
[INFO] [stderr]   Downloaded litemap v0.7.3
[INFO] [stderr]   Downloaded url v2.5.3
[INFO] [stderr]   Downloaded ureq v2.10.1
[INFO] [stderr]   Downloaded dbus v0.9.7
[INFO] [stderr]   Downloaded serde_json v1.0.132
[INFO] [stderr]   Downloaded sdl2 v0.35.2
[INFO] [stderr]   Downloaded mlua v0.9.9
[INFO] [stderr]   Downloaded rustls v0.23.16
[INFO] [stderr]   Downloaded bstr v1.11.0
[INFO] [stderr]   Downloaded rustix v0.38.40
[INFO] [stderr]   Downloaded lua-src v547.0.0
[INFO] [stderr]   Downloaded libc v0.2.162
[INFO] [stderr]   Downloaded luajit-src v210.5.11+97813fb
[INFO] [stderr]   Downloaded libdbus-sys v0.2.5
[INFO] [stderr]   Downloaded sdl2-sys v0.35.2
[INFO] running `Command { std: "docker" "create" "-v" "/var/lib/crater-agent-workspace/builds/worker-2-tc1/source:/opt/rustwide/workdir:ro,Z" "-v" "/var/lib/crater-agent-workspace/builds/worker-2-tc1/target:/opt/rustwide/target:rw,Z" "-v" "/var/lib/crater-agent-workspace/cargo-home:/opt/rustwide/cargo-home:ro,Z" "-v" "/var/lib/crater-agent-workspace/rustup-home:/opt/rustwide/rustup-home:ro,Z" "-m" "1610612736" "--network" "none" "ghcr.io/rust-lang/crates-build-env/linux@sha256:3d5ced03c013a94a2f102a4510f48a6e9184255caf5fd8244f58017bde7f5210" "sleep" "infinity", kill_on_drop: false }`
[INFO] [stdout] 7b2e7c57584350df030fb416d2f14bbdbbbf24caef70586f1579c008ec5d5170
[INFO] running `Command { std: "docker" "start" "7b2e7c57584350df030fb416d2f14bbdbbbf24caef70586f1579c008ec5d5170", kill_on_drop: false }`
[INFO] running `Command { std: "docker" "inspect" "7b2e7c57584350df030fb416d2f14bbdbbbf24caef70586f1579c008ec5d5170", kill_on_drop: false }`
[INFO] running `Command { std: "docker" "exec" "-e" "SOURCE_DIR=/opt/rustwide/workdir" "-e" "CARGO_HOME=/opt/rustwide/cargo-home" "-e" "RUSTUP_HOME=/opt/rustwide/rustup-home" "-e" "CARGO_TARGET_DIR=/opt/rustwide/target" "-w" "/opt/rustwide/workdir" "--user" "0:0" "7b2e7c57584350df030fb416d2f14bbdbbbf24caef70586f1579c008ec5d5170" "/opt/rustwide/cargo-home/bin/cargo" "+1.97.0-beta.6" "metadata" "--no-deps" "--format-version=1", kill_on_drop: false }`
[INFO] running `Command { std: "docker" "inspect" "7b2e7c57584350df030fb416d2f14bbdbbbf24caef70586f1579c008ec5d5170", kill_on_drop: false }`
[INFO] running `Command { std: "docker" "exec" "-e" "SOURCE_DIR=/opt/rustwide/workdir" "-e" "CARGO_HOME=/opt/rustwide/cargo-home" "-e" "RUSTUP_HOME=/opt/rustwide/rustup-home" "-e" "CARGO_TARGET_DIR=/opt/rustwide/target" "-e" "CARGO_INCREMENTAL=0" "-e" "RUST_BACKTRACE=full" "-e" "RUSTFLAGS=--cap-lints=warn" "-e" "RUSTDOCFLAGS=--cap-lints=warn" "-w" "/opt/rustwide/workdir" "--user" "0:0" "7b2e7c57584350df030fb416d2f14bbdbbbf24caef70586f1579c008ec5d5170" "/opt/rustwide/cargo-home/bin/cargo" "+1.97.0-beta.6" "build" "--frozen" "--message-format=json", kill_on_drop: false }`
[INFO] [stderr]    Compiling proc-macro2 v1.0.89
[INFO] [stderr]    Compiling unicode-ident v1.0.13
[INFO] [stderr]    Compiling libc v0.2.162
[INFO] [stderr]    Compiling litemap v0.7.3
[INFO] [stderr]    Compiling rustix v0.38.40
[INFO] [stderr]    Compiling serde v1.0.215
[INFO] [stderr]    Compiling linux-raw-sys v0.4.14
[INFO] [stderr]    Compiling bitflags v2.6.0
[INFO] [stderr]    Compiling home v0.5.9
[INFO] [stderr]    Compiling cc v1.2.1
[INFO] [stderr]    Compiling num-traits v0.2.19
[INFO] [stderr]    Compiling either v1.13.0
[INFO] [stderr]    Compiling smallvec v1.13.2
[INFO] [stderr]    Compiling version-compare v0.1.1
[INFO] [stderr]    Compiling memchr v2.7.4
[INFO] [stderr]    Compiling rustls-pki-types v1.10.0
[INFO] [stderr]    Compiling typeid v1.0.2
[INFO] [stderr]    Compiling itoa v1.0.11
[INFO] [stderr]    Compiling libdbus-sys v0.2.5
[INFO] [stderr]    Compiling percent-encoding v2.3.1
[INFO] [stderr]    Compiling serde_json v1.0.132
[INFO] [stderr]    Compiling rustls v0.23.16
[INFO] [stderr]    Compiling sdl2-sys v0.35.2
[INFO] [stderr]    Compiling deranged v0.3.11
[INFO] [stderr]    Compiling quick-xml v0.30.0
[INFO] [stderr]    Compiling form_urlencoded v1.2.1
[INFO] [stderr]    Compiling time-macros v0.2.18
[INFO] [stderr]    Compiling miniz_oxide v0.8.0
[INFO] [stderr]    Compiling signal-hook v0.3.17
[INFO] [stderr]    Compiling num_threads v0.1.7
[INFO] [stderr]    Compiling sdl2 v0.35.2
[INFO] [stderr]    Compiling bitflags v1.3.2
[INFO] [stderr]    Compiling bstr v1.11.0
[INFO] [stderr]    Compiling colored v2.1.0
[INFO] [stderr]    Compiling rustc-hash v2.0.0
[INFO] [stderr]    Compiling dyn-clone v1.0.17
[INFO] [stderr]    Compiling webpki-roots v0.26.6
[INFO] [stderr]    Compiling ordered-float v2.10.1
[INFO] [stderr]    Compiling chrono v0.4.38
[INFO] [stderr]    Compiling quote v1.0.37
[INFO] [stderr]    Compiling spin_sleep v1.2.1
[INFO] [stderr]    Compiling getrandom v0.2.15
[INFO] [stderr]    Compiling flate2 v1.0.35
[INFO] [stderr]    Compiling signal-hook-registry v1.4.2
[INFO] [stderr]    Compiling dbus v0.9.7
[INFO] [stderr]    Compiling syn v2.0.87
[INFO] [stderr]    Compiling xcb v1.5.0
[INFO] [stderr]    Compiling lua-src v547.0.0
[INFO] [stderr]    Compiling ring v0.17.8
[INFO] [stderr]    Compiling time v0.3.36
[INFO] [stderr]    Compiling which v6.0.3
[INFO] [stderr]    Compiling luajit-src v210.5.11+97813fb
[INFO] [stderr]    Compiling mlua-sys v0.6.5
[INFO] [stderr]    Compiling simple_logger v5.0.0
[INFO] [stderr]    Compiling synstructure v0.13.1
[INFO] [stderr]    Compiling zerofrom-derive v0.1.4
[INFO] [stderr]    Compiling yoke-derive v0.7.4
[INFO] [stderr]    Compiling zerovec-derive v0.10.3
[INFO] [stderr]    Compiling displaydoc v0.2.5
[INFO] [stderr]    Compiling icu_provider_macros v1.5.0
[INFO] [stderr]    Compiling serde_derive v1.0.215
[INFO] [stderr]    Compiling enum_downcast_derive v0.1.0
[INFO] [stderr]    Compiling rustls-webpki v0.102.8
[INFO] [stderr]    Compiling enum_downcast v0.1.0
[INFO] [stderr]    Compiling zerofrom v0.1.4
[INFO] [stderr]    Compiling yoke v0.7.4
[INFO] [stderr]    Compiling zerovec v0.10.4
[INFO] [stderr]    Compiling tinystr v0.7.6
[INFO] [stderr]    Compiling icu_collections v1.5.0
[INFO] [stderr]    Compiling icu_locid v1.5.0
[INFO] [stderr]    Compiling icu_provider v1.5.0
[INFO] [stderr]    Compiling icu_locid_transform v1.5.0
[INFO] [stderr]    Compiling icu_properties v1.5.1
[INFO] [stderr]    Compiling erased-serde v0.4.5
[INFO] [stderr]    Compiling serde-value v0.7.0
[INFO] [stderr]    Compiling icu_normalizer v1.5.0
[INFO] [stderr]    Compiling idna_adapter v1.2.0
[INFO] [stderr]    Compiling idna v1.0.3
[INFO] [stderr]    Compiling url v2.5.3
[INFO] [stderr]    Compiling ureq v2.10.1
[INFO] [stderr]    Compiling mlua v0.9.9
[INFO] [stderr]    Compiling tudo v0.2.0 (/opt/rustwide/workdir)
[INFO] [stdout] warning: unused import: `traits::UIComponent`
[INFO] [stdout]   --> src/screen/main_screen.rs:24:13
[INFO] [stdout]    |
[INFO] [stdout] 24 |             traits::UIComponent,
[INFO] [stdout]    |             ^^^^^^^^^^^^^^^^^^^
[INFO] [stdout]    |
[INFO] [stdout]    = note: `#[warn(unused_imports)]` (part of `#[warn(unused)]`) on by default
[INFO] [stdout] 
[INFO] [stdout] 
[INFO] [stdout] warning: useless assignment of variable of type `i32` to itself
[INFO] [stdout]    --> src/utils/draw.rs:153:13
[INFO] [stdout]     |
[INFO] [stdout] 153 |             x = x;
[INFO] [stdout]     |             ^^^^^
[INFO] [stdout]     |
[INFO] [stdout]     = note: `#[warn(dead_code)]` (part of `#[warn(unused)]`) on by default
[INFO] [stdout] 
[INFO] [stdout] 
[INFO] [stdout] warning: hiding a lifetime that's elided elsewhere is confusing
[INFO] [stdout]   --> src/sources/lua.rs:39:11
[INFO] [stdout]    |
[INFO] [stdout] 39 |     _lua: &Lua,
[INFO] [stdout]    |           ^^^^ the lifetime is elided here
[INFO] [stdout] 40 |     req_args: (String, HashMap<String, String>),
[INFO] [stdout] 41 | ) -> Result<impl IntoLua, Error> {
[INFO] [stdout]    |             ^^^^^^^^^^^^ the same lifetime is hidden here
[INFO] [stdout]    |
[INFO] [stdout]    = help: the same lifetime is referred to in inconsistent ways, making the signature confusing
[INFO] [stdout]    = note: `#[warn(mismatched_lifetime_syntaxes)]` on by default
[INFO] [stdout] help: use `'_` for type paths
[INFO] [stdout]    |
[INFO] [stdout] 41 | ) -> Result<impl IntoLua<'_>, Error> {
[INFO] [stdout]    |                         ++++
[INFO] [stdout] 
[INFO] [stdout] 
[INFO] [stdout] warning: hiding a lifetime that's elided elsewhere is confusing
[INFO] [stdout]   --> src/sources/lua.rs:55:25
[INFO] [stdout]    |
[INFO] [stdout] 55 | fn load_json_file(_lua: &Lua, path: String) -> Result<impl IntoLua, Error> {
[INFO] [stdout]    |                         ^^^^                          ^^^^^^^^^^^^ the same lifetime is hidden here
[INFO] [stdout]    |                         |
[INFO] [stdout]    |                         the lifetime is elided here
[INFO] [stdout]    |
[INFO] [stdout]    = help: the same lifetime is referred to in inconsistent ways, making the signature confusing
[INFO] [stdout] help: use `'_` for type paths
[INFO] [stdout]    |
[INFO] [stdout] 55 | fn load_json_file(_lua: &Lua, path: String) -> Result<impl IntoLua<'_>, Error> {
[INFO] [stdout]    |                                                                   ++++
[INFO] [stdout] 
[INFO] [stdout] 
[INFO] [stdout] warning: hiding a lifetime that's elided elsewhere is confusing
[INFO] [stdout]   --> src/utils/atlas.rs:31:33
[INFO] [stdout]    |
[INFO] [stdout] 31 |     pub fn generate_new_texture(&mut self, font: &Font, te: TextureInfo) -> &Texture {
[INFO] [stdout]    |                                 ^^^^^^^^^                                   ^^^^^^^^
[INFO] [stdout]    |                                 |                                           ||
[INFO] [stdout]    |                                 |                                           |the same lifetime is hidden here
[INFO] [stdout]    |                                 the lifetime is elided here                 the same lifetime is elided here
[INFO] [stdout]    |
[INFO] [stdout]    = help: the same lifetime is referred to in inconsistent ways, making the signature confusing
[INFO] [stdout] help: use `'_` for type paths
[INFO] [stdout]    |
[INFO] [stdout] 31 |     pub fn generate_new_texture(&mut self, font: &Font, te: TextureInfo) -> &Texture<'_> {
[INFO] [stdout]    |                                                                                     ++++
[INFO] [stdout] 
[INFO] [stdout] 
[INFO] [stdout] warning: hiding a lifetime that's elided elsewhere is confusing
[INFO] [stdout]   --> src/utils/atlas.rs:40:22
[INFO] [stdout]    |
[INFO] [stdout] 40 |     pub fn draw_char(&mut self, font: &Font, ch: char, fg: Color) -> &Texture {
[INFO] [stdout]    |                      ^^^^^^^^^                                       ^^^^^^^^
[INFO] [stdout]    |                      |                                               ||
[INFO] [stdout]    |                      |                                               |the same lifetime is hidden here
[INFO] [stdout]    |                      the lifetime is elided here                     the same lifetime is elided here
[INFO] [stdout]    |
[INFO] [stdout]    = help: the same lifetime is referred to in inconsistent ways, making the signature confusing
[INFO] [stdout] help: use `'_` for type paths
[INFO] [stdout]    |
[INFO] [stdout] 40 |     pub fn draw_char(&mut self, font: &Font, ch: char, fg: Color) -> &Texture<'_> {
[INFO] [stdout]    |                                                                              ++++
[INFO] [stdout] 
[INFO] [stdout] 
[INFO] [stdout] warning: hiding a lifetime that's elided elsewhere is confusing
[INFO] [stdout]   --> src/utils/atlas.rs:57:9
[INFO] [stdout]    |
[INFO] [stdout] 57 |         &mut self,
[INFO] [stdout]    |         ^^^^^^^^^ the lifetime is elided here
[INFO] [stdout] ...
[INFO] [stdout] 62 |     ) -> Texture {
[INFO] [stdout]    |          ^^^^^^^ the same lifetime is hidden here
[INFO] [stdout]    |
[INFO] [stdout]    = help: the same lifetime is referred to in inconsistent ways, making the signature confusing
[INFO] [stdout] help: use `'_` for type paths
[INFO] [stdout]    |
[INFO] [stdout] 62 |     ) -> Texture<'_> {
[INFO] [stdout]    |                 ++++
[INFO] [stdout] 
[INFO] [stdout] 
[INFO] [stdout] warning: hiding a lifetime that's elided elsewhere is confusing
[INFO] [stdout]   --> src/utils/atlas.rs:69:9
[INFO] [stdout]    |
[INFO] [stdout] 69 |         &mut self,
[INFO] [stdout]    |         ^^^^^^^^^ the lifetime is elided here
[INFO] [stdout] ...
[INFO] [stdout] 74 |     ) -> Texture {
[INFO] [stdout]    |          ^^^^^^^ the same lifetime is hidden here
[INFO] [stdout]    |
[INFO] [stdout]    = help: the same lifetime is referred to in inconsistent ways, making the signature confusing
[INFO] [stdout] help: use `'_` for type paths
[INFO] [stdout]    |
[INFO] [stdout] 74 |     ) -> Texture<'_> {
[INFO] [stdout]    |                 ++++
[INFO] [stdout] 
[INFO] [stdout] 
[INFO] [stdout] warning: hiding a lifetime that's elided elsewhere is confusing
[INFO] [stdout]   --> src/utils/image.rs:38:22
[INFO] [stdout]    |
[INFO] [stdout] 38 |     pub fn get_image(&self, path: impl AsRef<str>) -> &Texture {
[INFO] [stdout]    |                      ^^^^^                            ^^^^^^^^
[INFO] [stdout]    |                      |                                ||
[INFO] [stdout]    |                      |                                |the same lifetime is hidden here
[INFO] [stdout]    |                      |                                the same lifetime is elided here
[INFO] [stdout]    |                      the lifetime is elided here
[INFO] [stdout]    |
[INFO] [stdout]    = help: the same lifetime is referred to in inconsistent ways, making the signature confusing
[INFO] [stdout] help: use `'_` for type paths
[INFO] [stdout]    |
[INFO] [stdout] 38 |     pub fn get_image(&self, path: impl AsRef<str>) -> &Texture<'_> {
[INFO] [stdout]    |                                                               ++++
[INFO] [stdout] 
[INFO] [stdout] 
[INFO] [stdout] warning: hiding a lifetime that's named elsewhere is confusing
[INFO] [stdout]   --> src/ui/components/list.rs:31:10
[INFO] [stdout]    |
[INFO] [stdout] 21 |         &'a self,
[INFO] [stdout]    |          -- the lifetime is named here
[INFO] [stdout] 22 |         item: &'a T,
[INFO] [stdout]    |                -- the lifetime is named here
[INFO] [stdout] 23 |         texture_creator: &'a TextureCreator<WindowContext>,
[INFO] [stdout]    |                           -- the lifetime is named here
[INFO] [stdout] ...
[INFO] [stdout] 31 |     ) -> Texture;
[INFO] [stdout]    |          ^^^^^^^ the same lifetime is hidden here
[INFO] [stdout]    |
[INFO] [stdout]    = help: the same lifetime is referred to in inconsistent ways, making the signature confusing
[INFO] [stdout] help: consistently use `'a`
[INFO] [stdout]    |
[INFO] [stdout] 31 |     ) -> Texture<'a>;
[INFO] [stdout]    |                 ++++
[INFO] [stdout] 
[INFO] [stdout] 
[INFO] [stdout] warning: hiding a lifetime that's named elsewhere is confusing
[INFO] [stdout]    --> src/ui/components/list.rs:387:10
[INFO] [stdout]     |
[INFO] [stdout] 377 |         &'a self,
[INFO] [stdout]     |          -- the lifetime is named here
[INFO] [stdout] 378 |         item: &SourceItem,
[INFO] [stdout] 379 |         texture_creator: &'a TextureCreator<WindowContext>,
[INFO] [stdout]     |                           -- the lifetime is named here
[INFO] [stdout] ...
[INFO] [stdout] 387 |     ) -> Texture {
[INFO] [stdout]     |          ^^^^^^^ the same lifetime is hidden here
[INFO] [stdout]     |
[INFO] [stdout]     = help: the same lifetime is referred to in inconsistent ways, making the signature confusing
[INFO] [stdout] help: consistently use `'a`
[INFO] [stdout]     |
[INFO] [stdout] 387 |     ) -> Texture<'a> {
[INFO] [stdout]     |                 ++++
[INFO] [stdout] 
[INFO] [stdout] 
[INFO] [stdout] error: linking with `cc` failed: exit status: 1
[INFO] [stdout]   |
[INFO] [stdout]   = note:  "cc" "-m64" "/opt/rustwide/target/debug/deps/rustc07wEu4/symbols.o" "<17 object files omitted>" "-Wl,--as-needed" "-Wl,-Bstatic" "/opt/rustwide/target/debug/deps/{libsimple_logger-c56285480e236f59,libtime-ebdb1ea9367f1e1a,libnum_threads-4b51ca944679bcba,libtime_core-1d4d75223b2cf7d2,libnum_conv-d3297905cfb69f59,libderanged-3bcdd72652e1bc87,libpowerfmt-f6019a2766e431f7,libcolored-2526d2f9965fbfef,libsignal_hook-ac28612d763fc73d,libsignal_hook_registry-a71b67b680862fc7,libdbus-c65d767950a163d9,liblibdbus_sys-7931d22232aefe65,libchrono-13a8b5cd9f72c563,libiana_time_zone-98f2ac8a8c5a9959,libspin_sleep-77e95be6daa28e22,libureq-89f240696d489e54,libwebpki_roots-5b62cef3921f28fd,librustls-8b8331b20f7a4135,libsubtle-2ae6a7038b9a0630,libwebpki-a7f88ab6000ade27,libring-edaf6a053949b489,libgetrandom-214f396c2c27ad92,libspin-77da57a1b47d23a3,libuntrusted-b2f816886faf2178,libzeroize-9d781f334751eb0e,librustls_pki_types-3ff1de78bbe88671,libserde_json-9a0ebf9ee4208337,libitoa-20e94f961f8d160c,libryu-a980823ac8640001,libflate2-d0ff9d6ddb178613,libminiz_oxide-cd0b7f28734623f9,libadler2-405893fb7a545b5b,libcrc32fast-3cfcc2f76e093b40,libcfg_if-3e7fc4e38d4a72b5,libbase64-32787b0325ea6df8,liburl-e1d1ea97f9d4a60e,libidna-4238f4526727eb8d,libidna_adapter-896941375477bb91,libicu_normalizer-ab6c19496d74d97f,libicu_normalizer_data-5f7d7c19a0e21ea1,libwrite16-e996c39ad8ba5f0b,libutf8_iter-51566bbad89f3a68,libutf16_iter-7ca3c212f3ee1c68,libsmallvec-fa67242f752a0fe9,libicu_properties-642bafcd923bc498,libicu_properties_data-61b2e4b1f2e1f988,libicu_locid_transform-72907b5c4cb432a6,libicu_locid_transform_data-94513cffde0b2fcb,libicu_collections-36c7f76c91661370,libicu_provider-eca6106c499d8fee,libicu_locid-31e17ece4c2dca56,liblitemap-ef831971c0938ea9,libtinystr-94d8ad6a6fc657d0,libzerovec-f99f2c2e524d08ac,libwriteable-1e5dea0053e4c229,libyoke-04359ca2fabcf1fd,libzerofrom-10a50c8732c21589,libstable_deref_trait-14e4a70bda35dfe8,libform_urlencoded-3e492796dcdd80fb,libpercent_encoding-e42b7a0b4a5edca5,libxcb-c45eef51a15dcd45,libdyn_clone-5258a20ab3811a89,libmlua-de3badb8b3a260ba,libserde_value-13e6dde0605e79d0,libordered_float-30c7bc8dd0da2158,liberased_serde-7180a6d60486ccc2,libtypeid-b728db5330623811,libonce_cell-2642703f88b7c2f4,libserde-b17612f29e671680,librustc_hash-e3b2475bb0f9aa4f,libmlua_sys-b34c99181272efe4,libnum_traits-cd368c1666e63380,libbstr-7e4dd70102fcc0d9,libmemchr-eec2dd93b0d498c5,libsdl2-08caf09694af6dd2,libsdl2_sys-2f88e0d403a701df,libbitflags-dde12b0d7d495b50,liblazy_static-3674be3f4245d19b,liblibc-08a40c93f878a6e2,liblog-368e05ac2c0115e3}.rlib" "<sysroot>/lib/rustlib/x86_64-unknown-linux-gnu/lib/{libstd-*,libpanic_unwind-*,libobject-*,libmemchr-*,libaddr2line-*,libgimli-*,libcfg_if-*,librustc_demangle-*,libstd_detect-*,libhashbrown-*,librustc_std_workspace_alloc-*,libminiz_oxide-*,libadler2-*,libunwind-*,liblibc-*,librustc_std_workspace_core-*,liballoc-*,libcore-*,libcompiler_builtins-*}.rlib" "-Wl,-Bdynamic" "-ldbus-1" "-lxcb" "-lSDL2" "-lSDL2_image" "-lSDL2_ttf" "-lgcc_s" "-lutil" "-lrt" "-lpthread" "-lm" "-ldl" "-lc" "-L" "/opt/rustwide/target/debug/deps/rustc07wEu4/raw-dylibs" "-B<sysroot>/lib/rustlib/x86_64-unknown-linux-gnu/bin/gcc-ld" "-fuse-ld=lld" "-Wl,--eh-frame-hdr" "-Wl,-z,noexecstack" "-L" "/opt/rustwide/target/debug/build/mlua-sys-3ce9f5c6ab4aa5bc/out/lua-build/lib" "-L" "/opt/rustwide/target/debug/build/ring-8cb877562f928416/out" "-L" "/usr/lib/x86_64-linux-gnu" "-L" "<sysroot>/lib/rustlib/x86_64-unknown-linux-gnu/lib" "-o" "/opt/rustwide/target/debug/deps/tudo-6cc1a2cf1c613791" "-Wl,--gc-sections" "-pie" "-Wl,-z,relro,-z,now" "-nodefaultlibs"
[INFO] [stdout]   = note: some arguments are omitted. use `--verbose` to show all linker arguments
[INFO] [stdout]   = note: rust-lld: error: unable to find library -lSDL2_image
[INFO] [stdout]           rust-lld: error: unable to find library -lSDL2_ttf
[INFO] [stdout]           collect2: error: ld returned 1 exit status
[INFO] [stdout]           
[INFO] [stdout] 
[INFO] [stdout] 
[INFO] [stderr] error: could not compile `tudo` (bin "tudo") due to 1 previous error; 11 warnings emitted
[INFO] running `Command { std: "docker" "inspect" "7b2e7c57584350df030fb416d2f14bbdbbbf24caef70586f1579c008ec5d5170", kill_on_drop: false }`
[INFO] running `Command { std: "docker" "rm" "-f" "7b2e7c57584350df030fb416d2f14bbdbbbf24caef70586f1579c008ec5d5170", kill_on_drop: false }`
[INFO] [stdout] 7b2e7c57584350df030fb416d2f14bbdbbbf24caef70586f1579c008ec5d5170
