[INFO] cloning repository https://github.com/jprio/hello_bevy
[INFO] running `Command { std: "git" "-c" "credential.helper=" "-c" "credential.helper=/workspace/cargo-home/bin/git-credential-null" "clone" "--bare" "https://github.com/jprio/hello_bevy" "/workspace/cache/git-repos/https%3A%2F%2Fgithub.com%2Fjprio%2Fhello_bevy", kill_on_drop: false }`
[INFO] [stderr] Cloning into bare repository '/workspace/cache/git-repos/https%3A%2F%2Fgithub.com%2Fjprio%2Fhello_bevy'...
[INFO] running `Command { std: "git" "rev-parse" "HEAD", kill_on_drop: false }`
[INFO] [stdout] 423a9856a38a02c1e305571f9de457b8894e9cf4
[INFO] testing jprio/hello_bevy against 1.97.0-beta.6 for beta-1.98-2
[INFO] running `Command { std: "git" "clone" "/workspace/cache/git-repos/https%3A%2F%2Fgithub.com%2Fjprio%2Fhello_bevy" "/workspace/builds/worker-6-tc1/source", kill_on_drop: false }`
[INFO] [stderr] Cloning into '/workspace/builds/worker-6-tc1/source'...
[INFO] [stderr] done.
[INFO] started tweaking git repo https://github.com/jprio/hello_bevy
[INFO] removed 0 missing examples
[INFO] finished tweaking git repo https://github.com/jprio/hello_bevy
[INFO] tweaked toml for git repo https://github.com/jprio/hello_bevy written to /workspace/builds/worker-6-tc1/source/Cargo.toml
[INFO] validating manifest of git repo https://github.com/jprio/hello_bevy on toolchain 1.97.0-beta.6
[INFO] running `Command { std: CARGO_HOME="/workspace/cargo-home" RUSTUP_HOME="/workspace/rustup-home" "/workspace/cargo-home/bin/cargo" "+1.97.0-beta.6" "metadata" "--manifest-path" "Cargo.toml" "--no-deps", kill_on_drop: false }`
[INFO] crate git repo https://github.com/jprio/hello_bevy already has a lockfile, it will not be regenerated
[INFO] running `Command { std: CARGO_HOME="/workspace/cargo-home" RUSTUP_HOME="/workspace/rustup-home" "/workspace/cargo-home/bin/cargo" "+1.97.0-beta.6" "fetch" "--manifest-path" "Cargo.toml", kill_on_drop: false }`
[INFO] [stderr]     Updating crates.io index
[INFO] [stderr]  Downloading crates ...
[INFO] [stderr]   Downloaded bevy_internal v0.9.1
[INFO] [stderr]   Downloaded ndk-glue v0.7.0
[INFO] [stderr]   Downloaded serde_derive v1.0.160
[INFO] [stderr]   Downloaded serde v1.0.160
[INFO] [stderr]   Downloaded bevy v0.9.1
[INFO] [stderr]   Downloaded syn v2.0.14
[INFO] [stderr]   Downloaded quote v1.0.26
[INFO] [stderr]   Downloaded proc-macro2 v1.0.56
[INFO] [stderr]   Downloaded toml_datetime v0.6.1
[INFO] [stderr]   Downloaded toml_edit v0.19.8
[INFO] [stderr]   Downloaded winnow v0.4.1
[INFO] [stderr]   Downloaded getrandom v0.2.9
[INFO] [stderr]   Downloaded libc v0.2.141
[INFO] [stderr]   Downloaded thiserror v1.0.40
[INFO] [stderr]   Downloaded bevy_winit v0.9.1
[INFO] [stderr]   Downloaded thiserror-impl v1.0.40
[INFO] [stderr]   Downloaded android_logger v0.11.3
[INFO] [stderr]   Downloaded regex v1.7.3
[INFO] [stderr]   Downloaded pkg-config v0.3.26
[INFO] [stderr]   Downloaded winit v0.27.5
[INFO] [stderr]   Downloaded uuid v1.3.1
[INFO] [stderr]   Downloaded cocoa-foundation v0.1.1
[INFO] [stderr]   Downloaded bevy_window v0.9.1
[INFO] [stderr]   Downloaded bevy_utils v0.9.1
[INFO] [stderr]   Downloaded bevy_reflect v0.9.1
[INFO] [stderr]   Downloaded glam v0.22.0
[INFO] [stderr]   Downloaded bevy_macro_utils v0.9.1
[INFO] [stderr]   Downloaded erased-serde v0.3.25
[INFO] [stderr]   Downloaded bevy_reflect_derive v0.9.1
[INFO] [stderr]   Downloaded bevy_ptr v0.9.1
[INFO] [stderr]   Downloaded bevy_math v0.9.1
[INFO] [stderr]   Downloaded bevy_input v0.9.1
[INFO] [stderr]   Downloaded bevy_ecs v0.9.1
[INFO] [stderr]   Downloaded wasm-bindgen-futures v0.4.34
[INFO] [stderr]   Downloaded concurrent-queue v1.2.4
[INFO] [stderr]   Downloaded async-executor v1.5.1
[INFO] [stderr]   Downloaded async-task v4.4.0
[INFO] [stderr]   Downloaded bevy_tasks v0.9.1
[INFO] [stderr]   Downloaded hash32-derive v0.1.1
[INFO] [stderr]   Downloaded bevy_hierarchy v0.9.1
[INFO] [stderr]   Downloaded bevy_core v0.9.1
[INFO] [stderr]   Downloaded bevy_text v0.9.1
[INFO] [stderr]   Downloaded async-channel v1.8.0
[INFO] [stderr]   Downloaded bevy_ecs_macros v0.9.1
[INFO] [stderr]   Downloaded bevy_derive v0.9.1
[INFO] [stderr]   Downloaded bevy_transform v0.9.1
[INFO] [stderr]   Downloaded bevy_log v0.9.1
[INFO] [stderr]   Downloaded bevy_app v0.9.1
[INFO] [stderr]   Downloaded bevy_ui v0.9.1
[INFO] [stderr]   Downloaded taffy v0.1.0
[INFO] [stderr]   Downloaded ab_glyph v0.2.20
[INFO] [stderr]   Downloaded euclid v0.22.9
[INFO] [stderr]   Downloaded bevy_sprite v0.9.1
[INFO] [stderr]   Downloaded bevy_render v0.9.1
[INFO] [stderr]   Downloaded wgpu-hal v0.14.1
[INFO] [stderr]   Downloaded ttf-parser v0.18.1
[INFO] [stderr]   Downloaded wgpu v0.14.2
[INFO] [stderr]   Downloaded wgpu-types v0.14.1
[INFO] [stderr]   Downloaded profiling v1.0.7
[INFO] [stderr]   Downloaded naga v0.10.0
[INFO] [stderr]   Downloaded gpu-descriptor v0.2.3
[INFO] [stderr]   Downloaded owned_ttf_parser v0.18.1
[INFO] [stderr]   Downloaded metal v0.24.0
[INFO] [stderr]   Downloaded png v0.17.8
[INFO] [stderr]   Downloaded hexasphere v8.1.0
[INFO] [stderr]   Downloaded bevy_render_macros v0.9.1
[INFO] [stderr]   Downloaded encase v0.4.1
[INFO] [stderr]   Downloaded bevy_encase_derive v0.9.1
[INFO] [stderr]   Downloaded flate2 v1.0.25
[INFO] [stderr]   Downloaded d3d12 v0.5.0
[INFO] [stderr]   Downloaded image v0.24.6
[INFO] [stderr]   Downloaded simd-adler32 v0.3.5
[INFO] [stderr]   Downloaded fdeflate v0.3.0
[INFO] [stderr]   Downloaded glam v0.23.0
[INFO] [stderr]   Downloaded encase_derive v0.4.1
[INFO] [stderr]   Downloaded encase_derive_impl v0.4.1
[INFO] [stderr]   Downloaded const_panic v0.2.7
[INFO] [stderr]   Downloaded bevy_time v0.9.1
[INFO] [stderr]   Downloaded bevy_mikktspace v0.9.1
[INFO] [stderr]   Downloaded bevy_asset v0.9.1
[INFO] [stderr]   Downloaded ash v0.37.2+1.3.238
[INFO] [stderr]   Downloaded wgpu-core v0.14.2
[INFO] [stderr]   Downloaded windows-targets v0.48.0
[INFO] [stderr]   Downloaded bevy_scene v0.9.1
[INFO] [stderr]   Downloaded bevy_diagnostic v0.9.1
[INFO] [stderr]   Downloaded anyhow v1.0.70
[INFO] [stderr]   Downloaded bevy_core_pipeline v0.9.1
[INFO] [stderr]   Downloaded bevy_animation v0.9.1
[INFO] [stderr]   Downloaded gilrs v0.10.1
[INFO] [stderr]   Downloaded bevy_pbr v0.9.1
[INFO] [stderr]   Downloaded gilrs-core v0.5.4
[INFO] [stderr]   Downloaded gltf-json v1.1.0
[INFO] [stderr]   Downloaded io-kit-sys v0.3.0
[INFO] [stderr]   Downloaded bevy_gltf v0.9.1
[INFO] [stderr]   Downloaded ron v0.8.0
[INFO] [stderr]   Downloaded urlencoding v2.1.2
[INFO] [stderr]   Downloaded serde_json v1.0.95
[INFO] [stderr]   Downloaded gltf-derive v1.1.0
[INFO] [stderr]   Downloaded gltf v1.1.0
[INFO] [stderr]   Downloaded bevy_gilrs v0.9.1
[INFO] [stderr]   Downloaded mach2 v0.4.1
[INFO] [stderr]   Downloaded bevy_audio v0.9.1
[INFO] [stderr]   Downloaded itoa v1.0.6
[INFO] [stderr]   Downloaded rodio v0.16.0
[INFO] [stderr]   Downloaded nix v0.26.2
[INFO] [stderr]   Downloaded windows_x86_64_gnu v0.37.0
[INFO] [stderr]   Downloaded cpal v0.14.2
[INFO] [stderr]   Downloaded windows_x86_64_msvc v0.37.0
[INFO] [stderr]   Downloaded windows_i686_gnu v0.37.0
[INFO] [stderr]   Downloaded windows_aarch64_msvc v0.37.0
[INFO] [stderr]   Downloaded windows_i686_msvc v0.37.0
[INFO] [stderr]   Downloaded windows v0.37.0
[INFO] running `Command { std: "docker" "create" "-v" "/var/lib/crater-agent-workspace/builds/worker-6-tc1/source:/opt/rustwide/workdir:ro,Z" "-v" "/var/lib/crater-agent-workspace/builds/worker-6-tc1/target:/opt/rustwide/target:rw,Z" "-v" "/var/lib/crater-agent-workspace/cargo-home:/opt/rustwide/cargo-home:ro,Z" "-v" "/var/lib/crater-agent-workspace/rustup-home:/opt/rustwide/rustup-home:ro,Z" "-m" "1610612736" "--network" "none" "ghcr.io/rust-lang/crates-build-env/linux@sha256:3d5ced03c013a94a2f102a4510f48a6e9184255caf5fd8244f58017bde7f5210" "sleep" "infinity", kill_on_drop: false }`
[INFO] [stdout] 94334d0f3370db012a0a935ec3654b2019592e9c1db51ed76c04084cabecc16f
[INFO] running `Command { std: "docker" "start" "94334d0f3370db012a0a935ec3654b2019592e9c1db51ed76c04084cabecc16f", kill_on_drop: false }`
[INFO] running `Command { std: "docker" "inspect" "94334d0f3370db012a0a935ec3654b2019592e9c1db51ed76c04084cabecc16f", kill_on_drop: false }`
[INFO] running `Command { std: "docker" "exec" "-e" "SOURCE_DIR=/opt/rustwide/workdir" "-e" "CARGO_HOME=/opt/rustwide/cargo-home" "-e" "RUSTUP_HOME=/opt/rustwide/rustup-home" "-e" "CARGO_TARGET_DIR=/opt/rustwide/target" "-w" "/opt/rustwide/workdir" "--user" "0:0" "94334d0f3370db012a0a935ec3654b2019592e9c1db51ed76c04084cabecc16f" "/opt/rustwide/cargo-home/bin/cargo" "+1.97.0-beta.6" "metadata" "--no-deps" "--format-version=1", kill_on_drop: false }`
[INFO] running `Command { std: "docker" "inspect" "94334d0f3370db012a0a935ec3654b2019592e9c1db51ed76c04084cabecc16f", kill_on_drop: false }`
[INFO] running `Command { std: "docker" "exec" "-e" "SOURCE_DIR=/opt/rustwide/workdir" "-e" "CARGO_HOME=/opt/rustwide/cargo-home" "-e" "RUSTUP_HOME=/opt/rustwide/rustup-home" "-e" "CARGO_TARGET_DIR=/opt/rustwide/target" "-e" "CARGO_INCREMENTAL=0" "-e" "RUST_BACKTRACE=full" "-e" "RUSTFLAGS=--cap-lints=warn" "-e" "RUSTDOCFLAGS=--cap-lints=warn" "-w" "/opt/rustwide/workdir" "--user" "0:0" "94334d0f3370db012a0a935ec3654b2019592e9c1db51ed76c04084cabecc16f" "/opt/rustwide/cargo-home/bin/cargo" "+1.97.0-beta.6" "build" "--frozen" "--message-format=json", kill_on_drop: false }`
[INFO] [stderr]    Compiling proc-macro2 v1.0.56
[INFO] [stderr]    Compiling unicode-ident v1.0.8
[INFO] [stderr]    Compiling quote v1.0.26
[INFO] [stderr]    Compiling autocfg v1.1.0
[INFO] [stderr]    Compiling libc v0.2.141
[INFO] [stderr]    Compiling serde_derive v1.0.160
[INFO] [stderr]    Compiling serde v1.0.160
[INFO] [stderr]    Compiling once_cell v1.17.1
[INFO] [stderr]    Compiling syn v1.0.109
[INFO] [stderr]    Compiling bitflags v1.3.2
[INFO] [stderr]    Compiling version_check v0.9.4
[INFO] [stderr]    Compiling byteorder v1.4.3
[INFO] [stderr]    Compiling thiserror v1.0.40
[INFO] [stderr]    Compiling parking_lot_core v0.9.7
[INFO] [stderr]    Compiling scopeguard v1.1.0
[INFO] [stderr]    Compiling memchr v2.5.0
[INFO] [stderr]    Compiling crossbeam-utils v0.8.15
[INFO] [stderr]    Compiling log v0.4.17
[INFO] [stderr]    Compiling pin-project-lite v0.2.9
[INFO] [stderr]    Compiling ahash v0.7.6
[INFO] [stderr]    Compiling futures-core v0.3.28
[INFO] [stderr]    Compiling tracing-core v0.1.30
[INFO] [stderr]    Compiling fixedbitset v0.4.2
[INFO] [stderr]    Compiling instant v0.1.12
[INFO] [stderr]    Compiling bit-vec v0.6.3
[INFO] [stderr]    Compiling futures-io v0.3.28
[INFO] [stderr]    Compiling fxhash v0.2.1
[INFO] [stderr]    Compiling erased-serde v0.3.25
[INFO] [stderr]    Compiling lock_api v0.4.9
[INFO] [stderr]    Compiling slab v0.4.8
[INFO] [stderr]    Compiling parking v2.1.0
[INFO] [stderr]    Compiling tracing v0.1.37
[INFO] [stderr]    Compiling fastrand v1.9.0
[INFO] [stderr]    Compiling waker-fn v1.1.0
[INFO] [stderr]    Compiling bit-set v0.5.3
[INFO] [stderr]    Compiling async-lock v2.7.0
[INFO] [stderr]    Compiling async-task v4.4.0
[INFO] [stderr]    Compiling cache-padded v1.2.0
[INFO] [stderr]    Compiling futures-lite v1.13.0
[INFO] [stderr]    Compiling syn v2.0.14
[INFO] [stderr]    Compiling concurrent-queue v1.2.4
[INFO] [stderr]    Compiling num-traits v0.2.15
[INFO] [stderr]    Compiling thread_local v1.1.7
[INFO] [stderr]    Compiling downcast-rs v1.2.0
[INFO] [stderr]    Compiling bevy_ptr v0.9.1
[INFO] [stderr]    Compiling lazy_static v1.4.0
[INFO] [stderr]    Compiling regex-syntax v0.6.29
[INFO] [stderr]    Compiling pkg-config v0.3.26
[INFO] [stderr]    Compiling aho-corasick v0.7.20
[INFO] [stderr]    Compiling overload v0.1.1
[INFO] [stderr]    Compiling tracing-log v0.1.3
[INFO] [stderr]    Compiling sharded-slab v0.1.4
[INFO] [stderr]    Compiling indexmap v1.9.3
[INFO] [stderr]    Compiling getrandom v0.2.9
[INFO] [stderr]    Compiling concurrent-queue v2.2.0
[INFO] [stderr]    Compiling nu-ansi-term v0.46.0
[INFO] [stderr]    Compiling mio v0.8.6
[INFO] [stderr]    Compiling uuid v1.3.1
[INFO] [stderr]    Compiling async-channel v1.8.0
[INFO] [stderr]    Compiling crossbeam-channel v0.5.8
[INFO] [stderr]    Compiling async-executor v1.5.1
[INFO] [stderr]    Compiling raw-window-handle v0.5.2
[INFO] [stderr]    Compiling inotify-sys v0.1.5
[INFO] [stderr]    Compiling libloading v0.7.4
[INFO] [stderr]    Compiling khronos-egl v4.1.0
[INFO] [stderr]    Compiling unicode-xid v0.2.4
[INFO] [stderr]    Compiling bevy_tasks v0.9.1
[INFO] [stderr]    Compiling anyhow v1.0.70
[INFO] [stderr]    Compiling unicode-width v0.1.10
[INFO] [stderr]    Compiling termcolor v1.2.0
[INFO] [stderr]    Compiling ash v0.37.2+1.3.238
[INFO] [stderr]    Compiling crc32fast v1.3.2
[INFO] [stderr]    Compiling adler v1.0.2
[INFO] [stderr]    Compiling pp-rs v0.2.1
[INFO] [stderr]    Compiling walkdir v2.3.3
[INFO] [stderr]    Compiling inotify v0.9.6
[INFO] [stderr]    Compiling filetime v0.2.21
[INFO] [stderr]    Compiling num-integer v0.1.45
[INFO] [stderr]    Compiling codespan-reporting v0.11.1
[INFO] [stderr]    Compiling gpu-alloc-types v0.2.0
[INFO] [stderr]    Compiling gpu-descriptor-types v0.1.1
[INFO] [stderr]    Compiling hexf-parse v0.2.1
[INFO] [stderr]    Compiling simd-adler32 v0.3.5
[INFO] [stderr]    Compiling rustc-hash v1.1.0
[INFO] [stderr]    Compiling arrayvec v0.7.2
[INFO] [stderr]    Compiling cfg_aliases v0.1.1
[INFO] [stderr]    Compiling gpu-alloc v0.5.3
[INFO] [stderr]    Compiling spirv v0.2.0+1.5.4
[INFO] [stderr]    Compiling wgpu-core v0.14.2
[INFO] [stderr]    Compiling notify v5.1.0
[INFO] [stderr]    Compiling miniz_oxide v0.6.2
[INFO] [stderr]    Compiling num-rational v0.4.1
[INFO] [stderr]    Compiling wgpu-types v0.14.1
[INFO] [stderr]    Compiling renderdoc-sys v0.7.1
[INFO] [stderr]    Compiling profiling v1.0.7
[INFO] [stderr]    Compiling glow v0.11.2
[INFO] [stderr]    Compiling miniz_oxide v0.7.1
[INFO] [stderr]    Compiling toml v0.5.11
[INFO] [stderr]    Compiling fdeflate v0.3.0
[INFO] [stderr]    Compiling regex-automata v0.1.10
[INFO] [stderr]    Compiling regex v1.7.3
[INFO] [stderr]    Compiling flate2 v1.0.25
[INFO] [stderr]    Compiling color_quant v1.1.0
[INFO] [stderr]    Compiling encase_derive_impl v0.4.1
[INFO] [stderr]    Compiling const_panic v0.2.7
[INFO] [stderr]    Compiling bevy_macro_utils v0.9.1
[INFO] [stderr]    Compiling glam v0.23.0
[INFO] [stderr]    Compiling memoffset v0.6.5
[INFO] [stderr]    Compiling alsa-sys v0.3.1
[INFO] [stderr]    Compiling matchers v0.1.0
[INFO] [stderr]    Compiling png v0.17.8
[INFO] [stderr]    Compiling radsort v0.1.0
[INFO] [stderr]    Compiling libudev-sys v0.1.4
[INFO] [stderr]    Compiling ttf-parser v0.18.1
[INFO] [stderr]    Compiling serde_json v1.0.95
[INFO] [stderr]    Compiling thiserror-impl v1.0.40
[INFO] [stderr]    Compiling bytemuck_derive v1.4.1
[INFO] [stderr]    Compiling nix v0.23.2
[INFO] [stderr]    Compiling euclid v0.22.9
[INFO] [stderr]    Compiling approx v0.5.1
[INFO] [stderr]    Compiling x11-dl v2.21.0
[INFO] [stderr]    Compiling cpal v0.14.2
[INFO] [stderr]    Compiling svg_fmt v0.4.1
[INFO] [stderr]    Compiling ab_glyph_rasterizer v0.1.8
[INFO] [stderr]    Compiling tinyvec_macros v0.1.1
[INFO] [stderr]    Compiling inflections v1.1.1
[INFO] [stderr]    Compiling ryu v1.0.13
[INFO] [stderr]    Compiling itoa v1.0.6
[INFO] [stderr]    Compiling typenum v1.16.0
[INFO] [stderr]    Compiling tinyvec v1.6.0
[INFO] [stderr]    Compiling guillotiere v0.6.2
[INFO] [stderr]    Compiling nix v0.26.2
[INFO] [stderr]    Compiling hexasphere v8.1.0
[INFO] [stderr]    Compiling ogg v0.8.0
[INFO] [stderr]    Compiling gilrs v0.10.1
[INFO] [stderr]    Compiling percent-encoding v2.2.0
[INFO] [stderr]    Compiling bytemuck v1.13.1
[INFO] [stderr]    Compiling rectangle-pack v0.4.2
[INFO] [stderr]    Compiling bevy_reflect_derive v0.9.1
[INFO] [stderr]    Compiling bevy_ecs_macros v0.9.1
[INFO] [stderr]    Compiling bevy_derive v0.9.1
[INFO] [stderr]    Compiling encase_derive v0.4.1
[INFO] [stderr]    Compiling bevy_render_macros v0.9.1
[INFO] [stderr]    Compiling bevy_encase_derive v0.9.1
[INFO] [stderr]    Compiling image v0.24.6
[INFO] [stderr]    Compiling gltf-derive v1.1.0
[INFO] [stderr]    Compiling cty v0.2.2
[INFO] [stderr]    Compiling base64 v0.13.1
[INFO] [stderr]    Compiling vec_map v0.8.2
[INFO] [stderr]    Compiling xi-unicode v0.3.0
[INFO] [stderr]    Compiling raw-window-handle v0.4.3
[INFO] [stderr]    Compiling lewton v0.10.2
[INFO] [stderr]    Compiling hash32-derive v0.1.1
[INFO] [stderr]    Compiling hash32 v0.2.1
[INFO] [stderr]    Compiling urlencoding v2.1.2
[INFO] [stderr]    Compiling owned_ttf_parser v0.18.1
[INFO] [stderr]    Compiling ab_glyph v0.2.20
[INFO] [stderr]    Compiling taffy v0.1.0
[INFO] [stderr]    Compiling glyph_brush_layout v0.2.3
[INFO] [stderr]    Compiling alsa v0.6.0
[INFO] [stderr]    Compiling smallvec v1.10.0
[INFO] [stderr]    Compiling hashbrown v0.12.3
[INFO] [stderr]    Compiling glam v0.22.0
[INFO] [stderr]    Compiling ron v0.8.0
[INFO] [stderr]    Compiling tracing-subscriber v0.3.16
[INFO] [stderr]    Compiling parking_lot v0.12.1
[INFO] [stderr]    Compiling gilrs-core v0.5.4
[INFO] [stderr]    Compiling winit v0.27.5
[INFO] [stderr]    Compiling bevy_utils v0.9.1
[INFO] [stderr]    Compiling gpu-descriptor v0.2.3
[INFO] [stderr]    Compiling rodio v0.16.0
[INFO] [stderr]    Compiling petgraph v0.6.3
[INFO] [stderr]    Compiling gltf-json v1.1.0
[INFO] [stderr]    Compiling bevy_math v0.9.1
[INFO] [stderr]    Compiling encase v0.4.1
[INFO] [stderr]    Compiling bevy_mikktspace v0.9.1
[INFO] [stderr]    Compiling bevy_reflect v0.9.1
[INFO] [stderr]    Compiling naga v0.10.0
[INFO] [stderr]    Compiling gltf v1.1.0
[INFO] [stderr]    Compiling bevy_ecs v0.9.1
[INFO] [stderr]    Compiling wgpu-hal v0.14.1
[INFO] [stderr]    Compiling bevy_app v0.9.1
[INFO] [stderr]    Compiling bevy_core v0.9.1
[INFO] [stderr]    Compiling bevy_log v0.9.1
[INFO] [stderr]    Compiling bevy_time v0.9.1
[INFO] [stderr]    Compiling bevy_input v0.9.1
[INFO] [stderr]    Compiling bevy_hierarchy v0.9.1
[INFO] [stderr]    Compiling bevy_diagnostic v0.9.1
[INFO] [stderr]    Compiling bevy_transform v0.9.1
[INFO] [stderr]    Compiling bevy_asset v0.9.1
[INFO] [stderr]    Compiling bevy_window v0.9.1
[INFO] [stderr]    Compiling bevy_gilrs v0.9.1
[INFO] [stderr]    Compiling wgpu v0.14.2
[INFO] [stderr]    Compiling bevy_winit v0.9.1
[INFO] [stderr]    Compiling bevy_animation v0.9.1
[INFO] [stderr]    Compiling bevy_audio v0.9.1
[INFO] [stderr]    Compiling bevy_render v0.9.1
[INFO] [stderr]    Compiling bevy_core_pipeline v0.9.1
[INFO] [stderr]    Compiling bevy_scene v0.9.1
[INFO] [stderr]    Compiling bevy_sprite v0.9.1
[INFO] [stderr]    Compiling bevy_pbr v0.9.1
[INFO] [stderr]    Compiling bevy_text v0.9.1
[INFO] [stderr]    Compiling bevy_ui v0.9.1
[INFO] [stderr]    Compiling bevy_gltf v0.9.1
[INFO] [stderr]    Compiling bevy_internal v0.9.1
[INFO] [stderr]    Compiling bevy v0.9.1
[INFO] [stderr]    Compiling hello_bevy v0.1.0 (/opt/rustwide/workdir)
[INFO] [stdout] warning: unused import: `sprite::MaterialMesh2dBundle`
[INFO] [stdout]  --> src/main.rs:1:25
[INFO] [stdout]   |
[INFO] [stdout] 1 | use bevy::{ prelude::*, sprite::MaterialMesh2dBundle };
[INFO] [stdout]   |                         ^^^^^^^^^^^^^^^^^^^^^^^^^^^^
[INFO] [stdout]   |
[INFO] [stdout]   = note: `#[warn(unused_imports)]` (part of `#[warn(unused)]`) on by default
[INFO] [stdout] 
[INFO] [stdout] 
[INFO] [stderr]     Finished `dev` profile [unoptimized + debuginfo] target(s) in 2m 05s
[INFO] running `Command { std: "docker" "inspect" "94334d0f3370db012a0a935ec3654b2019592e9c1db51ed76c04084cabecc16f", kill_on_drop: false }`
[INFO] running `Command { std: "docker" "exec" "-e" "SOURCE_DIR=/opt/rustwide/workdir" "-e" "CARGO_HOME=/opt/rustwide/cargo-home" "-e" "RUSTUP_HOME=/opt/rustwide/rustup-home" "-e" "CARGO_TARGET_DIR=/opt/rustwide/target" "-e" "CARGO_INCREMENTAL=0" "-e" "RUST_BACKTRACE=full" "-e" "RUSTFLAGS=--cap-lints=warn" "-e" "RUSTDOCFLAGS=--cap-lints=warn" "-w" "/opt/rustwide/workdir" "--user" "0:0" "94334d0f3370db012a0a935ec3654b2019592e9c1db51ed76c04084cabecc16f" "/opt/rustwide/cargo-home/bin/cargo" "+1.97.0-beta.6" "test" "--frozen" "--no-run" "--message-format=json", kill_on_drop: false }`
[INFO] [stderr]    Compiling hello_bevy v0.1.0 (/opt/rustwide/workdir)
[INFO] [stdout] warning: unused import: `sprite::MaterialMesh2dBundle`
[INFO] [stdout]  --> src/main.rs:1:25
[INFO] [stdout]   |
[INFO] [stdout] 1 | use bevy::{ prelude::*, sprite::MaterialMesh2dBundle };
[INFO] [stdout]   |                         ^^^^^^^^^^^^^^^^^^^^^^^^^^^^
[INFO] [stdout]   |
[INFO] [stdout]   = note: `#[warn(unused_imports)]` (part of `#[warn(unused)]`) on by default
[INFO] [stdout] 
[INFO] [stdout] 
[INFO] [stdout] error[E0432]: unresolved import `bevy::core_pipeline::bloom::BloomCompositeMode`
[INFO] [stdout]  --> examples/2d/bloom.rs:4:31
[INFO] [stdout]   |
[INFO] [stdout] 4 |     core_pipeline::{ bloom::{ BloomCompositeMode, BloomSettings }, tonemapping::Tonemapping },
[INFO] [stdout]   |                               ^^^^^^^^^^^^^^^^^^ no `BloomCompositeMode` in `bloom`
[INFO] [stdout] 
[INFO] [stdout] 
[INFO] [stdout] error[E0599]: no variant, associated function, or constant named `TonyMcMapface` found for enum `Tonemapping` in the current scope
[INFO] [stdout]   --> examples/2d/bloom.rs:30:39
[INFO] [stdout]    |
[INFO] [stdout] 30 |             tonemapping: Tonemapping::TonyMcMapface, // 2. Using a tonemapper that desaturates to white is recommended
[INFO] [stdout]    |                                       ^^^^^^^^^^^^^ variant, associated function, or constant not found in `Tonemapping`
[INFO] [stdout] 
[INFO] [stdout] 
[INFO] [stdout] error[E0308]: mismatched types
[INFO] [stdout]   --> examples/2d/bloom.rs:49:45
[INFO] [stdout]    |
[INFO] [stdout] 49 |         mesh: meshes.add(shape::Circle::new(100).into()).into(),
[INFO] [stdout]    |                          ------------------ ^^^ expected `f32`, found integer
[INFO] [stdout]    |                          |
[INFO] [stdout]    |                          arguments to this function are incorrect
[INFO] [stdout]    |
[INFO] [stdout] note: associated function defined here
[INFO] [stdout]   --> /opt/rustwide/cargo-home/registry/src/index.crates.io-1949cf8c6b5b557f/bevy_render-0.9.1/src/mesh/shape/regular_polygon.rs:83:12
[INFO] [stdout]    |
[INFO] [stdout] 83 |     pub fn new(radius: f32) -> Self {
[INFO] [stdout]    |            ^^^
[INFO] [stdout] help: use a float literal
[INFO] [stdout]    |
[INFO] [stdout] 49 |         mesh: meshes.add(shape::Circle::new(100.0).into()).into(),
[INFO] [stdout]    |                                                ++
[INFO] [stdout] 
[INFO] [stdout] 
[INFO] [stdout] error[E0308]: arguments to this function are incorrect
[INFO] [stdout]   --> examples/2d/bloom.rs:52:48
[INFO] [stdout]    |
[INFO] [stdout] 52 |         transform: Transform::from_translation(Vec3::new(-200, 0, 0)),
[INFO] [stdout]    |                                                ^^^^^^^^^ ----  -  - expected `f32`, found integer
[INFO] [stdout]    |                                                          |     |
[INFO] [stdout]    |                                                          |     expected `f32`, found integer
[INFO] [stdout]    |                                                          expected `f32`, found integer
[INFO] [stdout]    |
[INFO] [stdout] note: associated function defined here
[INFO] [stdout]   --> /opt/rustwide/cargo-home/registry/src/index.crates.io-1949cf8c6b5b557f/glam-0.22.0/src/f32/vec3.rs:66:18
[INFO] [stdout]    |
[INFO] [stdout] 66 |     pub const fn new(x: f32, y: f32, z: f32) -> Self {
[INFO] [stdout]    |                  ^^^
[INFO] [stdout] help: use a float literal
[INFO] [stdout]    |
[INFO] [stdout] 52 |         transform: Transform::from_translation(Vec3::new(-200.0, 0, 0)),
[INFO] [stdout]    |                                                              ++
[INFO] [stdout] help: use a float literal
[INFO] [stdout]    |
[INFO] [stdout] 52 |         transform: Transform::from_translation(Vec3::new(-200, 0.0, 0)),
[INFO] [stdout]    |                                                                 ++
[INFO] [stdout] help: use a float literal
[INFO] [stdout]    |
[INFO] [stdout] 52 |         transform: Transform::from_translation(Vec3::new(-200, 0, 0.0)),
[INFO] [stdout]    |                                                                    ++
[INFO] [stdout] 
[INFO] [stdout] 
[INFO] [stdout] error[E0308]: mismatched types
[INFO] [stdout]   --> examples/2d/bloom.rs:58:53
[INFO] [stdout]    |
[INFO] [stdout] 58 |         mesh: meshes.add(shape::RegularPolygon::new(100, 6).into()).into(),
[INFO] [stdout]    |                          -------------------------- ^^^ expected `f32`, found integer
[INFO] [stdout]    |                          |
[INFO] [stdout]    |                          arguments to this function are incorrect
[INFO] [stdout]    |
[INFO] [stdout] note: associated function defined here
[INFO] [stdout]   --> /opt/rustwide/cargo-home/registry/src/index.crates.io-1949cf8c6b5b557f/bevy_render-0.9.1/src/mesh/shape/regular_polygon.rs:24:12
[INFO] [stdout]    |
[INFO] [stdout] 24 |     pub fn new(radius: f32, sides: usize) -> Self {
[INFO] [stdout]    |            ^^^
[INFO] [stdout] help: use a float literal
[INFO] [stdout]    |
[INFO] [stdout] 58 |         mesh: meshes.add(shape::RegularPolygon::new(100.0, 6).into()).into(),
[INFO] [stdout]    |                                                        ++
[INFO] [stdout] 
[INFO] [stdout] 
[INFO] [stdout] error[E0308]: arguments to this function are incorrect
[INFO] [stdout]   --> examples/2d/bloom.rs:61:48
[INFO] [stdout]    |
[INFO] [stdout] 61 |         transform: Transform::from_translation(Vec3::new(200, 0, 0)),
[INFO] [stdout]    |                                                ^^^^^^^^^ ---  -  - expected `f32`, found integer
[INFO] [stdout]    |                                                          |    |
[INFO] [stdout]    |                                                          |    expected `f32`, found integer
[INFO] [stdout]    |                                                          expected `f32`, found integer
[INFO] [stdout]    |
[INFO] [stdout] note: associated function defined here
[INFO] [stdout]   --> /opt/rustwide/cargo-home/registry/src/index.crates.io-1949cf8c6b5b557f/glam-0.22.0/src/f32/vec3.rs:66:18
[INFO] [stdout]    |
[INFO] [stdout] 66 |     pub const fn new(x: f32, y: f32, z: f32) -> Self {
[INFO] [stdout]    |                  ^^^
[INFO] [stdout] help: use a float literal
[INFO] [stdout]    |
[INFO] [stdout] 61 |         transform: Transform::from_translation(Vec3::new(200.0, 0, 0)),
[INFO] [stdout]    |                                                             ++
[INFO] [stdout] help: use a float literal
[INFO] [stdout]    |
[INFO] [stdout] 61 |         transform: Transform::from_translation(Vec3::new(200, 0.0, 0)),
[INFO] [stdout]    |                                                                ++
[INFO] [stdout] help: use a float literal
[INFO] [stdout]    |
[INFO] [stdout] 61 |         transform: Transform::from_translation(Vec3::new(200, 0, 0.0)),
[INFO] [stdout]    |                                                                   ++
[INFO] [stdout] 
[INFO] [stdout] 
[INFO] [stdout] error[E0609]: no field `low_frequency_boost` on type `Mut<'_, BloomSettings>`
[INFO] [stdout]    --> examples/2d/bloom.rs:101:76
[INFO] [stdout]     |
[INFO] [stdout] 101 |                 &format!("(W/S) Low-frequency boost: {}\n", bloom_settings.low_frequency_boost)
[INFO] [stdout]     |                                                                            ^^^^^^^^^^^^^^^^^^^ unknown field
[INFO] [stdout]     |
[INFO] [stdout]     = note: available fields are: `threshold`, `knee`, `scale`, `intensity`
[INFO] [stdout] 
[INFO] [stdout] 
[INFO] [stdout] error[E0609]: no field `low_frequency_boost_curvature` on type `Mut<'_, BloomSettings>`
[INFO] [stdout]    --> examples/2d/bloom.rs:106:36
[INFO] [stdout]     |
[INFO] [stdout] 106 |                     bloom_settings.low_frequency_boost_curvature
[INFO] [stdout]     |                                    ^^^^^^^^^^^^^^^^^^^^^^^^^^^^^ unknown field
[INFO] [stdout]     |
[INFO] [stdout]     = note: available fields are: `threshold`, `knee`, `scale`, `intensity`
[INFO] [stdout] 
[INFO] [stdout] 
[INFO] [stdout] error[E0609]: no field `high_pass_frequency` on type `Mut<'_, BloomSettings>`
[INFO] [stdout]    --> examples/2d/bloom.rs:110:76
[INFO] [stdout]     |
[INFO] [stdout] 110 |                 &format!("(R/F) High-pass frequency: {}\n", bloom_settings.high_pass_frequency)
[INFO] [stdout]     |                                                                            ^^^^^^^^^^^^^^^^^^^ unknown field
[INFO] [stdout]     |
[INFO] [stdout]     = note: available fields are: `threshold`, `knee`, `scale`, `intensity`
[INFO] [stdout] 
[INFO] [stdout] 
[INFO] [stdout] error[E0609]: no field `composite_mode` on type `Mut<'_, BloomSettings>`
[INFO] [stdout]    --> examples/2d/bloom.rs:113:67
[INFO] [stdout]     |
[INFO] [stdout] 113 |                 &format!("(T/G) Mode: {}\n", match bloom_settings.composite_mode {
[INFO] [stdout]     |                                                                   ^^^^^^^^^^^^^^ unknown field
[INFO] [stdout]     |
[INFO] [stdout]     = note: available fields are: `threshold`, `knee`, `scale`, `intensity`
[INFO] [stdout] 
[INFO] [stdout] 
[INFO] [stdout] error[E0609]: no field `prefilter_settings` on type `Mut<'_, BloomSettings>`
[INFO] [stdout]    --> examples/2d/bloom.rs:119:66
[INFO] [stdout]     |
[INFO] [stdout] 119 |                 &format!("(Y/H) Threshold: {}\n", bloom_settings.prefilter_settings.threshold)
[INFO] [stdout]     |                                                                  ^^^^^^^^^^^^^^^^^^ unknown field
[INFO] [stdout]     |
[INFO] [stdout]     = note: available fields are: `threshold`, `knee`, `scale`, `intensity`
[INFO] [stdout] 
[INFO] [stdout] 
[INFO] [stdout] error[E0609]: no field `prefilter_settings` on type `Mut<'_, BloomSettings>`
[INFO] [stdout]    --> examples/2d/bloom.rs:124:36
[INFO] [stdout]     |
[INFO] [stdout] 124 |                     bloom_settings.prefilter_settings.threshold_softness
[INFO] [stdout]     |                                    ^^^^^^^^^^^^^^^^^^ unknown field
[INFO] [stdout]     |
[INFO] [stdout]     = note: available fields are: `threshold`, `knee`, `scale`, `intensity`
[INFO] [stdout] 
[INFO] [stdout] 
[INFO] [stdout] error[E0609]: no field `low_frequency_boost` on type `Mut<'_, BloomSettings>`
[INFO] [stdout]    --> examples/2d/bloom.rs:143:32
[INFO] [stdout]     |
[INFO] [stdout] 143 |                 bloom_settings.low_frequency_boost -= dt / 10.0;
[INFO] [stdout]     |                                ^^^^^^^^^^^^^^^^^^^ unknown field
[INFO] [stdout]     |
[INFO] [stdout]     = note: available fields are: `threshold`, `knee`, `scale`, `intensity`
[INFO] [stdout] 
[INFO] [stdout] 
[INFO] [stdout] error[E0609]: no field `low_frequency_boost` on type `Mut<'_, BloomSettings>`
[INFO] [stdout]    --> examples/2d/bloom.rs:146:32
[INFO] [stdout]     |
[INFO] [stdout] 146 |                 bloom_settings.low_frequency_boost += dt / 10.0;
[INFO] [stdout]     |                                ^^^^^^^^^^^^^^^^^^^ unknown field
[INFO] [stdout]     |
[INFO] [stdout]     = note: available fields are: `threshold`, `knee`, `scale`, `intensity`
[INFO] [stdout] 
[INFO] [stdout] 
[INFO] [stdout] error[E0609]: no field `low_frequency_boost` on type `Mut<'_, BloomSettings>`
[INFO] [stdout]    --> examples/2d/bloom.rs:148:28
[INFO] [stdout]     |
[INFO] [stdout] 148 |             bloom_settings.low_frequency_boost = bloom_settings.low_frequency_boost.clamp(0.0, 1.0);
[INFO] [stdout]     |                            ^^^^^^^^^^^^^^^^^^^ unknown field
[INFO] [stdout]     |
[INFO] [stdout]     = note: available fields are: `threshold`, `knee`, `scale`, `intensity`
[INFO] [stdout] 
[INFO] [stdout] 
[INFO] [stdout] error[E0609]: no field `low_frequency_boost` on type `Mut<'_, BloomSettings>`
[INFO] [stdout]    --> examples/2d/bloom.rs:148:65
[INFO] [stdout]     |
[INFO] [stdout] 148 |             bloom_settings.low_frequency_boost = bloom_settings.low_frequency_boost.clamp(0.0, 1.0);
[INFO] [stdout]     |                                                                 ^^^^^^^^^^^^^^^^^^^ unknown field
[INFO] [stdout]     |
[INFO] [stdout]     = note: available fields are: `threshold`, `knee`, `scale`, `intensity`
[INFO] [stdout] 
[INFO] [stdout] 
[INFO] [stdout] error[E0609]: no field `low_frequency_boost_curvature` on type `Mut<'_, BloomSettings>`
[INFO] [stdout]    --> examples/2d/bloom.rs:151:32
[INFO] [stdout]     |
[INFO] [stdout] 151 |                 bloom_settings.low_frequency_boost_curvature -= dt / 10.0;
[INFO] [stdout]     |                                ^^^^^^^^^^^^^^^^^^^^^^^^^^^^^ unknown field
[INFO] [stdout]     |
[INFO] [stdout]     = note: available fields are: `threshold`, `knee`, `scale`, `intensity`
[INFO] [stdout] 
[INFO] [stdout] 
[INFO] [stdout] error[E0609]: no field `low_frequency_boost_curvature` on type `Mut<'_, BloomSettings>`
[INFO] [stdout]    --> examples/2d/bloom.rs:154:32
[INFO] [stdout]     |
[INFO] [stdout] 154 |                 bloom_settings.low_frequency_boost_curvature += dt / 10.0;
[INFO] [stdout]     |                                ^^^^^^^^^^^^^^^^^^^^^^^^^^^^^ unknown field
[INFO] [stdout]     |
[INFO] [stdout]     = note: available fields are: `threshold`, `knee`, `scale`, `intensity`
[INFO] [stdout] 
[INFO] [stdout] 
[INFO] [stdout] error[E0609]: no field `low_frequency_boost_curvature` on type `Mut<'_, BloomSettings>`
[INFO] [stdout]    --> examples/2d/bloom.rs:156:28
[INFO] [stdout]     |
[INFO] [stdout] 156 |             bloom_settings.low_frequency_boost_curvature =
[INFO] [stdout]     |                            ^^^^^^^^^^^^^^^^^^^^^^^^^^^^^ unknown field
[INFO] [stdout]     |
[INFO] [stdout]     = note: available fields are: `threshold`, `knee`, `scale`, `intensity`
[INFO] [stdout] 
[INFO] [stdout] 
[INFO] [stdout] error[E0609]: no field `low_frequency_boost_curvature` on type `Mut<'_, BloomSettings>`
[INFO] [stdout]    --> examples/2d/bloom.rs:157:32
[INFO] [stdout]     |
[INFO] [stdout] 157 |                 bloom_settings.low_frequency_boost_curvature.clamp(0.0, 1.0);
[INFO] [stdout]     |                                ^^^^^^^^^^^^^^^^^^^^^^^^^^^^^ unknown field
[INFO] [stdout]     |
[INFO] [stdout]     = note: available fields are: `threshold`, `knee`, `scale`, `intensity`
[INFO] [stdout] 
[INFO] [stdout] 
[INFO] [stdout] error[E0609]: no field `high_pass_frequency` on type `Mut<'_, BloomSettings>`
[INFO] [stdout]    --> examples/2d/bloom.rs:160:32
[INFO] [stdout]     |
[INFO] [stdout] 160 |                 bloom_settings.high_pass_frequency -= dt / 10.0;
[INFO] [stdout]     |                                ^^^^^^^^^^^^^^^^^^^ unknown field
[INFO] [stdout]     |
[INFO] [stdout]     = note: available fields are: `threshold`, `knee`, `scale`, `intensity`
[INFO] [stdout] 
[INFO] [stdout] 
[INFO] [stdout] error[E0609]: no field `high_pass_frequency` on type `Mut<'_, BloomSettings>`
[INFO] [stdout]    --> examples/2d/bloom.rs:163:32
[INFO] [stdout]     |
[INFO] [stdout] 163 |                 bloom_settings.high_pass_frequency += dt / 10.0;
[INFO] [stdout]     |                                ^^^^^^^^^^^^^^^^^^^ unknown field
[INFO] [stdout]     |
[INFO] [stdout]     = note: available fields are: `threshold`, `knee`, `scale`, `intensity`
[INFO] [stdout] 
[INFO] [stdout] 
[INFO] [stdout] error[E0609]: no field `high_pass_frequency` on type `Mut<'_, BloomSettings>`
[INFO] [stdout]    --> examples/2d/bloom.rs:165:28
[INFO] [stdout]     |
[INFO] [stdout] 165 |             bloom_settings.high_pass_frequency = bloom_settings.high_pass_frequency.clamp(0.0, 1.0);
[INFO] [stdout]     |                            ^^^^^^^^^^^^^^^^^^^ unknown field
[INFO] [stdout]     |
[INFO] [stdout]     = note: available fields are: `threshold`, `knee`, `scale`, `intensity`
[INFO] [stdout] 
[INFO] [stdout] 
[INFO] [stdout] error[E0609]: no field `high_pass_frequency` on type `Mut<'_, BloomSettings>`
[INFO] [stdout]    --> examples/2d/bloom.rs:165:65
[INFO] [stdout]     |
[INFO] [stdout] 165 |             bloom_settings.high_pass_frequency = bloom_settings.high_pass_frequency.clamp(0.0, 1.0);
[INFO] [stdout]     |                                                                 ^^^^^^^^^^^^^^^^^^^ unknown field
[INFO] [stdout]     |
[INFO] [stdout]     = note: available fields are: `threshold`, `knee`, `scale`, `intensity`
[INFO] [stdout] 
[INFO] [stdout] 
[INFO] [stdout] error[E0609]: no field `composite_mode` on type `Mut<'_, BloomSettings>`
[INFO] [stdout]    --> examples/2d/bloom.rs:168:32
[INFO] [stdout]     |
[INFO] [stdout] 168 |                 bloom_settings.composite_mode = BloomCompositeMode::Additive;
[INFO] [stdout]     |                                ^^^^^^^^^^^^^^ unknown field
[INFO] [stdout]     |
[INFO] [stdout]     = note: available fields are: `threshold`, `knee`, `scale`, `intensity`
[INFO] [stdout] 
[INFO] [stdout] 
[INFO] [stdout] error[E0609]: no field `composite_mode` on type `Mut<'_, BloomSettings>`
[INFO] [stdout]    --> examples/2d/bloom.rs:171:32
[INFO] [stdout]     |
[INFO] [stdout] 171 |                 bloom_settings.composite_mode = BloomCompositeMode::EnergyConserving;
[INFO] [stdout]     |                                ^^^^^^^^^^^^^^ unknown field
[INFO] [stdout]     |
[INFO] [stdout]     = note: available fields are: `threshold`, `knee`, `scale`, `intensity`
[INFO] [stdout] 
[INFO] [stdout] 
[INFO] [stdout] error[E0609]: no field `prefilter_settings` on type `Mut<'_, BloomSettings>`
[INFO] [stdout]    --> examples/2d/bloom.rs:175:32
[INFO] [stdout]     |
[INFO] [stdout] 175 |                 bloom_settings.prefilter_settings.threshold -= dt;
[INFO] [stdout]     |                                ^^^^^^^^^^^^^^^^^^ unknown field
[INFO] [stdout]     |
[INFO] [stdout]     = note: available fields are: `threshold`, `knee`, `scale`, `intensity`
[INFO] [stdout] 
[INFO] [stdout] 
[INFO] [stdout] error[E0609]: no field `prefilter_settings` on type `Mut<'_, BloomSettings>`
[INFO] [stdout]    --> examples/2d/bloom.rs:178:32
[INFO] [stdout]     |
[INFO] [stdout] 178 |                 bloom_settings.prefilter_settings.threshold += dt;
[INFO] [stdout]     |                                ^^^^^^^^^^^^^^^^^^ unknown field
[INFO] [stdout]     |
[INFO] [stdout]     = note: available fields are: `threshold`, `knee`, `scale`, `intensity`
[INFO] [stdout] 
[INFO] [stdout] 
[INFO] [stdout] error[E0609]: no field `prefilter_settings` on type `Mut<'_, BloomSettings>`
[INFO] [stdout]    --> examples/2d/bloom.rs:180:28
[INFO] [stdout]     |
[INFO] [stdout] 180 |             bloom_settings.prefilter_settings.threshold =
[INFO] [stdout]     |                            ^^^^^^^^^^^^^^^^^^ unknown field
[INFO] [stdout]     |
[INFO] [stdout]     = note: available fields are: `threshold`, `knee`, `scale`, `intensity`
[INFO] [stdout] 
[INFO] [stdout] 
[INFO] [stdout] error[E0609]: no field `prefilter_settings` on type `Mut<'_, BloomSettings>`
[INFO] [stdout]    --> examples/2d/bloom.rs:181:32
[INFO] [stdout]     |
[INFO] [stdout] 181 |                 bloom_settings.prefilter_settings.threshold.max(0.0);
[INFO] [stdout]     |                                ^^^^^^^^^^^^^^^^^^ unknown field
[INFO] [stdout]     |
[INFO] [stdout]     = note: available fields are: `threshold`, `knee`, `scale`, `intensity`
[INFO] [stdout] 
[INFO] [stdout] 
[INFO] [stdout] error[E0609]: no field `prefilter_settings` on type `Mut<'_, BloomSettings>`
[INFO] [stdout]    --> examples/2d/bloom.rs:184:32
[INFO] [stdout]     |
[INFO] [stdout] 184 |                 bloom_settings.prefilter_settings.threshold_softness -= dt / 10.0;
[INFO] [stdout]     |                                ^^^^^^^^^^^^^^^^^^ unknown field
[INFO] [stdout]     |
[INFO] [stdout]     = note: available fields are: `threshold`, `knee`, `scale`, `intensity`
[INFO] [stdout] 
[INFO] [stdout] 
[INFO] [stdout] error[E0609]: no field `prefilter_settings` on type `Mut<'_, BloomSettings>`
[INFO] [stdout]    --> examples/2d/bloom.rs:187:32
[INFO] [stdout]     |
[INFO] [stdout] 187 |                 bloom_settings.prefilter_settings.threshold_softness += dt / 10.0;
[INFO] [stdout]     |                                ^^^^^^^^^^^^^^^^^^ unknown field
[INFO] [stdout]     |
[INFO] [stdout]     = note: available fields are: `threshold`, `knee`, `scale`, `intensity`
[INFO] [stdout] 
[INFO] [stdout] 
[INFO] [stdout] error[E0609]: no field `prefilter_settings` on type `Mut<'_, BloomSettings>`
[INFO] [stdout]    --> examples/2d/bloom.rs:189:28
[INFO] [stdout]     |
[INFO] [stdout] 189 |             bloom_settings.prefilter_settings.threshold_softness =
[INFO] [stdout]     |                            ^^^^^^^^^^^^^^^^^^ unknown field
[INFO] [stdout]     |
[INFO] [stdout]     = note: available fields are: `threshold`, `knee`, `scale`, `intensity`
[INFO] [stdout] 
[INFO] [stdout] 
[INFO] [stdout] error[E0609]: no field `prefilter_settings` on type `Mut<'_, BloomSettings>`
[INFO] [stdout]    --> examples/2d/bloom.rs:190:32
[INFO] [stdout]     |
[INFO] [stdout] 190 |                 bloom_settings.prefilter_settings.threshold_softness.clamp(0.0, 1.0);
[INFO] [stdout]     |                                ^^^^^^^^^^^^^^^^^^ unknown field
[INFO] [stdout]     |
[INFO] [stdout]     = note: available fields are: `threshold`, `knee`, `scale`, `intensity`
[INFO] [stdout] 
[INFO] [stdout] 
[INFO] [stdout] Some errors have detailed explanations: E0308, E0432, E0599, E0609.
[INFO] [stdout] 
[INFO] [stdout] For more information about an error, try `rustc --explain E0308`.
[INFO] [stdout] 
[INFO] [stderr] error: could not compile `hello_bevy` (example "bloom") due to 34 previous errors
[INFO] [stderr] warning: build failed, waiting for other jobs to finish...
[ERROR] error running command: no output for 300 seconds
[INFO] running `Command { std: "docker" "inspect" "94334d0f3370db012a0a935ec3654b2019592e9c1db51ed76c04084cabecc16f", kill_on_drop: false }`
[INFO] running `Command { std: "docker" "rm" "-f" "94334d0f3370db012a0a935ec3654b2019592e9c1db51ed76c04084cabecc16f", kill_on_drop: false }`
[INFO] [stdout] 94334d0f3370db012a0a935ec3654b2019592e9c1db51ed76c04084cabecc16f
