[INFO] cloning repository https://github.com/jorgenpt/hermes_urls
[INFO] running `Command { std: "git" "-c" "credential.helper=" "-c" "credential.helper=/workspace/cargo-home/bin/git-credential-null" "clone" "--bare" "https://github.com/jorgenpt/hermes_urls" "/workspace/cache/git-repos/https%3A%2F%2Fgithub.com%2Fjorgenpt%2Fhermes_urls", kill_on_drop: false }`
[INFO] [stderr] Cloning into bare repository '/workspace/cache/git-repos/https%3A%2F%2Fgithub.com%2Fjorgenpt%2Fhermes_urls'...
[INFO] running `Command { std: "git" "rev-parse" "HEAD", kill_on_drop: false }`
[INFO] [stdout] 0310fc9d0e98d7ac0e5453711d25b7c72d67ee61
[INFO] testing jorgenpt/hermes_urls against 1.98.0-beta.1 for beta-1.98-2
[INFO] running `Command { std: "git" "clone" "/workspace/cache/git-repos/https%3A%2F%2Fgithub.com%2Fjorgenpt%2Fhermes_urls" "/workspace/builds/worker-1-tc2/source", kill_on_drop: false }`
[INFO] [stderr] Cloning into '/workspace/builds/worker-1-tc2/source'...
[INFO] [stderr] done.
[INFO] started tweaking git repo https://github.com/jorgenpt/hermes_urls
[INFO] finished tweaking git repo https://github.com/jorgenpt/hermes_urls
[INFO] tweaked toml for git repo https://github.com/jorgenpt/hermes_urls written to /workspace/builds/worker-1-tc2/source/Cargo.toml
[INFO] validating manifest of git repo https://github.com/jorgenpt/hermes_urls on toolchain 1.98.0-beta.1
[INFO] running `Command { std: CARGO_HOME="/workspace/cargo-home" RUSTUP_HOME="/workspace/rustup-home" "/workspace/cargo-home/bin/cargo" "+1.98.0-beta.1" "metadata" "--manifest-path" "Cargo.toml" "--no-deps", kill_on_drop: false }`
[INFO] crate git repo https://github.com/jorgenpt/hermes_urls already has a lockfile, it will not be regenerated
[INFO] running `Command { std: CARGO_HOME="/workspace/cargo-home" RUSTUP_HOME="/workspace/rustup-home" "/workspace/cargo-home/bin/cargo" "+1.98.0-beta.1" "fetch" "--manifest-path" "Cargo.toml", kill_on_drop: false }`
[INFO] [stderr]     Blocking waiting for file lock on package cache
[INFO] running `Command { std: "docker" "create" "-v" "/var/lib/crater-agent-workspace/builds/worker-1-tc2/source:/opt/rustwide/workdir:ro,Z" "-v" "/var/lib/crater-agent-workspace/builds/worker-1-tc2/target:/opt/rustwide/target:rw,Z" "-v" "/var/lib/crater-agent-workspace/cargo-home:/opt/rustwide/cargo-home:ro,Z" "-v" "/var/lib/crater-agent-workspace/rustup-home:/opt/rustwide/rustup-home:ro,Z" "-m" "1610612736" "--network" "none" "ghcr.io/rust-lang/crates-build-env/linux@sha256:3d5ced03c013a94a2f102a4510f48a6e9184255caf5fd8244f58017bde7f5210" "sleep" "infinity", kill_on_drop: false }`
[INFO] [stdout] c6ae087e0107899bd3f1f5be0dc39f7740e09ba7e6e3a8fcf033ccb1f3127cd9
[INFO] running `Command { std: "docker" "start" "c6ae087e0107899bd3f1f5be0dc39f7740e09ba7e6e3a8fcf033ccb1f3127cd9", kill_on_drop: false }`
[INFO] running `Command { std: "docker" "inspect" "c6ae087e0107899bd3f1f5be0dc39f7740e09ba7e6e3a8fcf033ccb1f3127cd9", kill_on_drop: false }`
[INFO] running `Command { std: "docker" "exec" "-e" "SOURCE_DIR=/opt/rustwide/workdir" "-e" "CARGO_HOME=/opt/rustwide/cargo-home" "-e" "RUSTUP_HOME=/opt/rustwide/rustup-home" "-e" "CARGO_TARGET_DIR=/opt/rustwide/target" "-w" "/opt/rustwide/workdir" "--user" "0:0" "c6ae087e0107899bd3f1f5be0dc39f7740e09ba7e6e3a8fcf033ccb1f3127cd9" "/opt/rustwide/cargo-home/bin/cargo" "+1.98.0-beta.1" "metadata" "--no-deps" "--format-version=1", kill_on_drop: false }`
[INFO] running `Command { std: "docker" "inspect" "c6ae087e0107899bd3f1f5be0dc39f7740e09ba7e6e3a8fcf033ccb1f3127cd9", kill_on_drop: false }`
[INFO] running `Command { std: "docker" "exec" "-e" "SOURCE_DIR=/opt/rustwide/workdir" "-e" "CARGO_HOME=/opt/rustwide/cargo-home" "-e" "RUSTUP_HOME=/opt/rustwide/rustup-home" "-e" "CARGO_TARGET_DIR=/opt/rustwide/target" "-e" "CARGO_INCREMENTAL=0" "-e" "RUST_BACKTRACE=full" "-e" "RUSTFLAGS=--cap-lints=warn" "-e" "RUSTDOCFLAGS=--cap-lints=warn" "-w" "/opt/rustwide/workdir" "--user" "0:0" "c6ae087e0107899bd3f1f5be0dc39f7740e09ba7e6e3a8fcf033ccb1f3127cd9" "/opt/rustwide/cargo-home/bin/cargo" "+1.98.0-beta.1" "build" "--frozen" "--message-format=json", kill_on_drop: false }`
[INFO] [stderr]    Compiling proc-macro2 v1.0.37
[INFO] [stderr]    Compiling unicode-xid v0.2.2
[INFO] [stderr]    Compiling libc v0.2.122
[INFO] [stderr]    Compiling syn v1.0.91
[INFO] [stderr]    Compiling tinyvec_macros v0.1.0
[INFO] [stderr]    Compiling winapi v0.3.9
[INFO] [stderr]    Compiling num-traits v0.2.14
[INFO] [stderr]    Compiling proc-macro-error-attr v1.0.4
[INFO] [stderr]    Compiling proc-macro-error v1.0.4
[INFO] [stderr]    Compiling num-integer v0.1.44
[INFO] [stderr]    Compiling tinyvec v1.5.1
[INFO] [stderr]    Compiling unicode-width v0.1.9
[INFO] [stderr]    Compiling unicode-segmentation v1.9.0
[INFO] [stderr]    Compiling matches v0.1.9
[INFO] [stderr]    Compiling log v0.4.16
[INFO] [stderr]    Compiling textwrap v0.11.0
[INFO] [stderr]    Compiling ansi_term v0.12.1
[INFO] [stderr]    Compiling percent-encoding v2.1.0
[INFO] [stderr]    Compiling anyhow v1.0.56
[INFO] [stderr]    Compiling vec_map v0.8.2
[INFO] [stderr]    Compiling strsim v0.8.0
[INFO] [stderr]    Compiling unicode-bidi v0.3.7
[INFO] [stderr]    Compiling heck v0.3.3
[INFO] [stderr]    Compiling atty v0.2.14
[INFO] [stderr]    Compiling time v0.1.44
[INFO] [stderr]    Compiling quote v1.0.17
[INFO] [stderr]    Compiling clap v2.34.0
[INFO] [stderr]    Compiling chrono v0.4.19
[INFO] [stderr]    Compiling unicode-normalization v0.1.19
[INFO] [stderr]    Compiling form_urlencoded v1.0.1
[INFO] [stderr]    Compiling termcolor v1.1.3
[INFO] [stderr]    Compiling mail_slot v0.1.3
[INFO] [stdout] error[E0433]: cannot find `windows` in `os`
[INFO] [stdout]   --> /opt/rustwide/cargo-home/registry/src/index.crates.io-1949cf8c6b5b557f/mail_slot-0.1.3/src/lib.rs:19:39
[INFO] [stdout]    |
[INFO] [stdout] 19 | use std::{ffi::OsStr, iter::once, os::windows::ffi::OsStrExt};
[INFO] [stdout]    |                                       ^^^^^^^ could not find `windows` in `os`
[INFO] [stdout] 
[INFO] [stdout] 
[INFO] [stdout] error[E0433]: cannot find `windows` in `os`
[INFO] [stdout]  --> /opt/rustwide/cargo-home/registry/src/index.crates.io-1949cf8c6b5b557f/mail_slot-0.1.3/src/server.rs:5:9
[INFO] [stdout]   |
[INFO] [stdout] 5 |     os::windows::io::{AsRawHandle, FromRawHandle},
[INFO] [stdout]   |         ^^^^^^^ could not find `windows` in `os`
[INFO] [stdout] 
[INFO] [stdout] 
[INFO] [stdout] error[E0433]: cannot find `um` in `winapi`
[INFO] [stdout]  --> /opt/rustwide/cargo-home/registry/src/index.crates.io-1949cf8c6b5b557f/mail_slot-0.1.3/src/server.rs:7:13
[INFO] [stdout]   |
[INFO] [stdout] 7 | use winapi::um::{
[INFO] [stdout]   |             ^^ could not find `um` in `winapi`
[INFO] [stdout] 
[INFO] [stdout] 
[INFO] [stdout] error[E0599]: no method named `as_raw_handle` found for struct `File` in the current scope
[INFO] [stdout]   --> /opt/rustwide/cargo-home/registry/src/index.crates.io-1949cf8c6b5b557f/mail_slot-0.1.3/src/server.rs:41:29
[INFO] [stdout]    |
[INFO] [stdout] 41 |                 self.handle.as_raw_handle() as _,
[INFO] [stdout]    |                             ^^^^^^^^^^^^^
[INFO] [stdout]    |
[INFO] [stdout] help: there is a method `as_raw_fd` with a similar name
[INFO] [stdout]    |
[INFO] [stdout] 41 -                 self.handle.as_raw_handle() as _,
[INFO] [stdout] 41 +                 self.handle.as_raw_fd() as _,
[INFO] [stdout]    |
[INFO] [stdout] 
[INFO] [stdout] 
[INFO] [stdout] error[E0599]: no associated function or constant named `from_raw_handle` found for struct `File` in the current scope
[INFO] [stdout]   --> /opt/rustwide/cargo-home/registry/src/index.crates.io-1949cf8c6b5b557f/mail_slot-0.1.3/src/server.rs:69:31
[INFO] [stdout]    |
[INFO] [stdout] 69 |             Ok(std::fs::File::from_raw_handle(slot as _))
[INFO] [stdout]    |                               ^^^^^^^^^^^^^^^ associated function or constant not found in `File`
[INFO] [stdout]    |
[INFO] [stdout] note: if you're trying to build a new `File` consider using one of the following associated functions:
[INFO] [stdout]       File::open
[INFO] [stdout]       File::create
[INFO] [stdout]       File::create_new
[INFO] [stdout]   --> /rustc/6b3fa26749ab40e159b2dd5cf577acaaf5902772/library/std/src/fs.rs:569:4
[INFO] [stdout] help: there is an associated function `from_raw_fd` with a similar name
[INFO] [stdout]    |
[INFO] [stdout] 69 -             Ok(std::fs::File::from_raw_handle(slot as _))
[INFO] [stdout] 69 +             Ok(std::fs::File::from_raw_fd(slot as _))
[INFO] [stdout]    |
[INFO] [stdout] 
[INFO] [stdout] 
[INFO] [stdout] error[E0599]: no method named `encode_wide` found for reference `&OsStr` in the current scope
[INFO] [stdout]   --> /opt/rustwide/cargo-home/registry/src/index.crates.io-1949cf8c6b5b557f/mail_slot-0.1.3/src/lib.rs:86:19
[INFO] [stdout]    |
[INFO] [stdout] 86 |     OsStr::new(s).encode_wide().chain(once(0)).collect()
[INFO] [stdout]    |                   ^^^^^^^^^^^ method not found in `&OsStr`
[INFO] [stdout] 
[INFO] [stdout] 
[INFO] [stdout] Some errors have detailed explanations: E0433, E0599.
[INFO] [stdout] 
[INFO] [stdout] For more information about an error, try `rustc --explain E0433`.
[INFO] [stdout] 
[INFO] [stderr] error: could not compile `mail_slot` (lib) due to 6 previous errors
[INFO] [stderr] warning: build failed, waiting for other jobs to finish...
[INFO] running `Command { std: "docker" "inspect" "c6ae087e0107899bd3f1f5be0dc39f7740e09ba7e6e3a8fcf033ccb1f3127cd9", kill_on_drop: false }`
[INFO] running `Command { std: "docker" "rm" "-f" "c6ae087e0107899bd3f1f5be0dc39f7740e09ba7e6e3a8fcf033ccb1f3127cd9", kill_on_drop: false }`
[INFO] [stdout] c6ae087e0107899bd3f1f5be0dc39f7740e09ba7e6e3a8fcf033ccb1f3127cd9
