[INFO] cloning repository https://github.com/jonathanrtuck/kernel
[INFO] running `Command { std: "git" "-c" "credential.helper=" "-c" "credential.helper=/workspace/cargo-home/bin/git-credential-null" "clone" "--bare" "https://github.com/jonathanrtuck/kernel" "/workspace/cache/git-repos/https%3A%2F%2Fgithub.com%2Fjonathanrtuck%2Fkernel", kill_on_drop: false }`
[INFO] [stderr] Cloning into bare repository '/workspace/cache/git-repos/https%3A%2F%2Fgithub.com%2Fjonathanrtuck%2Fkernel'...
[INFO] running `Command { std: "git" "rev-parse" "HEAD", kill_on_drop: false }`
[INFO] [stdout] 13355ee73abcd9c54d29341cdad201dadfc1dcfb
[INFO] testing jonathanrtuck/kernel against 1.97.0-beta.6 for beta-1.98-2
[INFO] running `Command { std: "git" "clone" "/workspace/cache/git-repos/https%3A%2F%2Fgithub.com%2Fjonathanrtuck%2Fkernel" "/workspace/builds/worker-6-tc1/source", kill_on_drop: false }`
[INFO] [stderr] Cloning into '/workspace/builds/worker-6-tc1/source'...
[INFO] [stderr] done.
[INFO] removed /workspace/builds/worker-6-tc1/source/.cargo/config.toml
[INFO] removed /workspace/builds/worker-6-tc1/source/rust-toolchain.toml
[INFO] started tweaking git repo https://github.com/jonathanrtuck/kernel
[INFO] finished tweaking git repo https://github.com/jonathanrtuck/kernel
[INFO] tweaked toml for git repo https://github.com/jonathanrtuck/kernel written to /workspace/builds/worker-6-tc1/source/Cargo.toml
[INFO] validating manifest of git repo https://github.com/jonathanrtuck/kernel on toolchain 1.97.0-beta.6
[INFO] running `Command { std: CARGO_HOME="/workspace/cargo-home" RUSTUP_HOME="/workspace/rustup-home" "/workspace/cargo-home/bin/cargo" "+1.97.0-beta.6" "metadata" "--manifest-path" "Cargo.toml" "--no-deps", kill_on_drop: false }`
[INFO] crate git repo https://github.com/jonathanrtuck/kernel already has a lockfile, it will not be regenerated
[INFO] running `Command { std: CARGO_HOME="/workspace/cargo-home" RUSTUP_HOME="/workspace/rustup-home" "/workspace/cargo-home/bin/cargo" "+1.97.0-beta.6" "fetch" "--manifest-path" "Cargo.toml", kill_on_drop: false }`
[INFO] [stderr]     Updating crates.io index
[INFO] [stderr]  Downloading crates ...
[INFO] [stderr]   Downloaded wit-bindgen-rust-macro v0.51.0
[INFO] [stderr]   Downloaded bitflags v2.11.1
[INFO] [stderr]   Downloaded scoped-tls v1.0.1
[INFO] [stderr]   Downloaded windows-result v0.4.1
[INFO] [stderr]   Downloaded unicode-xid v0.2.6
[INFO] [stderr]   Downloaded id-arena v2.3.0
[INFO] [stderr]   Downloaded leb128fmt v0.1.0
[INFO] [stderr]   Downloaded zmij v1.0.21
[INFO] [stderr]   Downloaded wasm-metadata v0.244.0
[INFO] [stderr]   Downloaded quote v1.0.45
[INFO] [stderr]   Downloaded foldhash v0.1.5
[INFO] [stderr]   Downloaded getrandom v0.4.2
[INFO] [stderr]   Downloaded wasip3 v0.4.0+wasi-0.3.0-rc-2026-01-06
[INFO] [stderr]   Downloaded generator v0.8.8
[INFO] [stderr]   Downloaded semver v1.0.28
[INFO] [stderr]   Downloaded wit-bindgen-core v0.51.0
[INFO] [stderr]   Downloaded wit-bindgen-rust v0.51.0
[INFO] [stderr]   Downloaded prettyplease v0.2.37
[INFO] [stderr]   Downloaded r-efi v6.0.0
[INFO] [stderr]   Downloaded wit-bindgen v0.57.1
[INFO] [stderr]   Downloaded cc v1.2.61
[INFO] [stderr]   Downloaded wasm-encoder v0.244.0
[INFO] [stderr]   Downloaded loom v0.7.2
[INFO] [stderr]   Downloaded memchr v2.8.0
[INFO] [stderr]   Downloaded rand v0.9.4
[INFO] [stderr]   Downloaded zerocopy-derive v0.8.48
[INFO] [stderr]   Downloaded wasip2 v1.0.3+wasi-0.2.9
[INFO] [stderr]   Downloaded hashbrown v0.15.5
[INFO] [stderr]   Downloaded wit-parser v0.244.0
[INFO] [stderr]   Downloaded hashbrown v0.17.0
[INFO] [stderr]   Downloaded proptest v1.11.0
[INFO] [stderr]   Downloaded tracing-subscriber v0.3.23
[INFO] [stderr]   Downloaded wit-component v0.244.0
[INFO] [stderr]   Downloaded wasmparser v0.244.0
[INFO] [stderr]   Downloaded syn v2.0.117
[INFO] [stderr]   Downloaded zerocopy v0.8.48
[INFO] [stderr]   Downloaded regex-syntax v0.8.10
[INFO] [stderr]   Downloaded regex-automata v0.4.14
[INFO] running `Command { std: "docker" "create" "-v" "/var/lib/crater-agent-workspace/builds/worker-6-tc1/source:/opt/rustwide/workdir:ro,Z" "-v" "/var/lib/crater-agent-workspace/builds/worker-6-tc1/target:/opt/rustwide/target:rw,Z" "-v" "/var/lib/crater-agent-workspace/cargo-home:/opt/rustwide/cargo-home:ro,Z" "-v" "/var/lib/crater-agent-workspace/rustup-home:/opt/rustwide/rustup-home:ro,Z" "-m" "1610612736" "--network" "none" "ghcr.io/rust-lang/crates-build-env/linux@sha256:3d5ced03c013a94a2f102a4510f48a6e9184255caf5fd8244f58017bde7f5210" "sleep" "infinity", kill_on_drop: false }`
[INFO] [stdout] 35d0c5d8cf01129d8871160726fe92c974060e5ac2ab1adc2ad847d5fcdc4a55
[INFO] running `Command { std: "docker" "start" "35d0c5d8cf01129d8871160726fe92c974060e5ac2ab1adc2ad847d5fcdc4a55", kill_on_drop: false }`
[INFO] running `Command { std: "docker" "inspect" "35d0c5d8cf01129d8871160726fe92c974060e5ac2ab1adc2ad847d5fcdc4a55", kill_on_drop: false }`
[INFO] running `Command { std: "docker" "exec" "-e" "SOURCE_DIR=/opt/rustwide/workdir" "-e" "CARGO_HOME=/opt/rustwide/cargo-home" "-e" "RUSTUP_HOME=/opt/rustwide/rustup-home" "-e" "CARGO_TARGET_DIR=/opt/rustwide/target" "-w" "/opt/rustwide/workdir" "--user" "0:0" "35d0c5d8cf01129d8871160726fe92c974060e5ac2ab1adc2ad847d5fcdc4a55" "/opt/rustwide/cargo-home/bin/cargo" "+1.97.0-beta.6" "metadata" "--no-deps" "--format-version=1", kill_on_drop: false }`
[INFO] running `Command { std: "docker" "inspect" "35d0c5d8cf01129d8871160726fe92c974060e5ac2ab1adc2ad847d5fcdc4a55", kill_on_drop: false }`
[INFO] running `Command { std: "docker" "exec" "-e" "SOURCE_DIR=/opt/rustwide/workdir" "-e" "CARGO_HOME=/opt/rustwide/cargo-home" "-e" "RUSTUP_HOME=/opt/rustwide/rustup-home" "-e" "CARGO_TARGET_DIR=/opt/rustwide/target" "-e" "CARGO_INCREMENTAL=0" "-e" "RUST_BACKTRACE=full" "-e" "RUSTFLAGS=--cap-lints=warn" "-e" "RUSTDOCFLAGS=--cap-lints=warn" "-w" "/opt/rustwide/workdir" "--user" "0:0" "35d0c5d8cf01129d8871160726fe92c974060e5ac2ab1adc2ad847d5fcdc4a55" "/opt/rustwide/cargo-home/bin/cargo" "+1.97.0-beta.6" "build" "--frozen" "--message-format=json", kill_on_drop: false }`
[INFO] [stderr]    Compiling kernel v0.1.0 (/opt/rustwide/workdir)
[INFO] [stdout] error[E0432]: unresolved import `kernel::frame::arch`
[INFO] [stdout]   --> src/main.rs:10:5
[INFO] [stdout]    |
[INFO] [stdout] 10 | use kernel::frame::arch;
[INFO] [stdout]    |     ^^^^^^^^^^^^^^^^^^^ no `arch` in `frame`
[INFO] [stdout]    |
[INFO] [stdout] note: found an item that was configured out
[INFO] [stdout]   --> src/frame/mod.rs:8:9
[INFO] [stdout]    |
[INFO] [stdout]  7 | #[cfg(any(target_os = "none", test))]
[INFO] [stdout]    |          -------------------------- the item is gated here
[INFO] [stdout]  8 | pub mod arch;
[INFO] [stdout]    |         ^^^^
[INFO] [stdout] help: consider importing this module instead
[INFO] [stdout]    |
[INFO] [stdout] 10 - use kernel::frame::arch;
[INFO] [stdout] 10 + use core::arch;
[INFO] [stdout]    |
[INFO] [stdout] 
[INFO] [stdout] 
[INFO] [stdout] error[E0432]: unresolved import `kernel::println`
[INFO] [stdout]   --> src/main.rs:12:5
[INFO] [stdout]    |
[INFO] [stdout] 12 | use kernel::println;
[INFO] [stdout]    |     ^^^^^^^^^^^^^^^ no `println` in the root
[INFO] [stdout] 
[INFO] [stdout] 
[INFO] [stdout] error[E0433]: cannot find `boot` in `frame`
[INFO] [stdout]   --> src/main.rs:85:24
[INFO] [stdout]    |
[INFO] [stdout] 85 |         kernel::frame::boot::enter_first_observer(ks);
[INFO] [stdout]    |                        ^^^^ could not find `boot` in `frame`
[INFO] [stdout]    |
[INFO] [stdout] note: found an item that was configured out
[INFO] [stdout]   --> src/frame/mod.rs:10:9
[INFO] [stdout]    |
[INFO] [stdout]  9 | #[cfg(target_os = "none")]
[INFO] [stdout]    |       ------------------ the item is gated behind the `none` feature
[INFO] [stdout] 10 | pub mod boot;
[INFO] [stdout]    |         ^^^^
[INFO] [stdout] 
[INFO] [stdout] 
[INFO] [stdout] Some errors have detailed explanations: E0432, E0433.
[INFO] [stdout] 
[INFO] [stdout] For more information about an error, try `rustc --explain E0432`.
[INFO] [stdout] 
[INFO] [stderr] error: could not compile `kernel` (bin "kernel") due to 3 previous errors
[INFO] running `Command { std: "docker" "inspect" "35d0c5d8cf01129d8871160726fe92c974060e5ac2ab1adc2ad847d5fcdc4a55", kill_on_drop: false }`
[INFO] running `Command { std: "docker" "rm" "-f" "35d0c5d8cf01129d8871160726fe92c974060e5ac2ab1adc2ad847d5fcdc4a55", kill_on_drop: false }`
[INFO] [stdout] 35d0c5d8cf01129d8871160726fe92c974060e5ac2ab1adc2ad847d5fcdc4a55
