[INFO] cloning repository https://github.com/johnrees/lunatic-example
[INFO] running `Command { std: "git" "-c" "credential.helper=" "-c" "credential.helper=/workspace/cargo-home/bin/git-credential-null" "clone" "--bare" "https://github.com/johnrees/lunatic-example" "/workspace/cache/git-repos/https%3A%2F%2Fgithub.com%2Fjohnrees%2Flunatic-example", kill_on_drop: false }`
[INFO] [stderr] Cloning into bare repository '/workspace/cache/git-repos/https%3A%2F%2Fgithub.com%2Fjohnrees%2Flunatic-example'...
[INFO] running `Command { std: "git" "rev-parse" "HEAD", kill_on_drop: false }`
[INFO] [stdout] 716a831c6bf7d80d0bce4bf83848c666272b3fdd
[INFO] testing johnrees/lunatic-example against 1.97.0-beta.6 for beta-1.98-2
[INFO] running `Command { std: "git" "clone" "/workspace/cache/git-repos/https%3A%2F%2Fgithub.com%2Fjohnrees%2Flunatic-example" "/workspace/builds/worker-5-tc1/source", kill_on_drop: false }`
[INFO] [stderr] Cloning into '/workspace/builds/worker-5-tc1/source'...
[INFO] [stderr] done.
[INFO] started tweaking git repo https://github.com/johnrees/lunatic-example
[INFO] finished tweaking git repo https://github.com/johnrees/lunatic-example
[INFO] tweaked toml for git repo https://github.com/johnrees/lunatic-example written to /workspace/builds/worker-5-tc1/source/Cargo.toml
[INFO] validating manifest of git repo https://github.com/johnrees/lunatic-example on toolchain 1.97.0-beta.6
[INFO] running `Command { std: CARGO_HOME="/workspace/cargo-home" RUSTUP_HOME="/workspace/rustup-home" "/workspace/cargo-home/bin/cargo" "+1.97.0-beta.6" "metadata" "--manifest-path" "Cargo.toml" "--no-deps", kill_on_drop: false }`
[INFO] crate git repo https://github.com/johnrees/lunatic-example already has a lockfile, it will not be regenerated
[INFO] running `Command { std: CARGO_HOME="/workspace/cargo-home" RUSTUP_HOME="/workspace/rustup-home" "/workspace/cargo-home/bin/cargo" "+1.97.0-beta.6" "fetch" "--manifest-path" "Cargo.toml", kill_on_drop: false }`
[INFO] [stderr]     Updating crates.io index
[INFO] [stderr]  Downloading crates ...
[INFO] [stderr]   Downloaded thiserror-impl v1.0.25
[INFO] [stderr]   Downloaded proc-macro2 v1.0.27
[INFO] [stderr]   Downloaded lunatic v0.3.10
[INFO] [stderr]   Downloaded thiserror v1.0.25
[INFO] [stderr]   Downloaded serde v1.0.126
[INFO] [stderr]   Downloaded serde_derive v1.0.126
[INFO] [stderr]   Downloaded syn v1.0.72
[INFO] running `Command { std: "docker" "create" "-v" "/var/lib/crater-agent-workspace/builds/worker-5-tc1/source:/opt/rustwide/workdir:ro,Z" "-v" "/var/lib/crater-agent-workspace/builds/worker-5-tc1/target:/opt/rustwide/target:rw,Z" "-v" "/var/lib/crater-agent-workspace/cargo-home:/opt/rustwide/cargo-home:ro,Z" "-v" "/var/lib/crater-agent-workspace/rustup-home:/opt/rustwide/rustup-home:ro,Z" "-m" "1610612736" "--network" "none" "ghcr.io/rust-lang/crates-build-env/linux@sha256:3d5ced03c013a94a2f102a4510f48a6e9184255caf5fd8244f58017bde7f5210" "sleep" "infinity", kill_on_drop: false }`
[INFO] [stdout] e94326477c121e5411a47ffe473f470240170a9937d326177dc05ec6e695e907
[INFO] running `Command { std: "docker" "start" "e94326477c121e5411a47ffe473f470240170a9937d326177dc05ec6e695e907", kill_on_drop: false }`
[INFO] running `Command { std: "docker" "inspect" "e94326477c121e5411a47ffe473f470240170a9937d326177dc05ec6e695e907", kill_on_drop: false }`
[INFO] running `Command { std: "docker" "exec" "-e" "SOURCE_DIR=/opt/rustwide/workdir" "-e" "CARGO_HOME=/opt/rustwide/cargo-home" "-e" "RUSTUP_HOME=/opt/rustwide/rustup-home" "-e" "CARGO_TARGET_DIR=/opt/rustwide/target" "-w" "/opt/rustwide/workdir" "--user" "0:0" "e94326477c121e5411a47ffe473f470240170a9937d326177dc05ec6e695e907" "/opt/rustwide/cargo-home/bin/cargo" "+1.97.0-beta.6" "metadata" "--no-deps" "--format-version=1", kill_on_drop: false }`
[INFO] running `Command { std: "docker" "inspect" "e94326477c121e5411a47ffe473f470240170a9937d326177dc05ec6e695e907", kill_on_drop: false }`
[INFO] running `Command { std: "docker" "exec" "-e" "SOURCE_DIR=/opt/rustwide/workdir" "-e" "CARGO_HOME=/opt/rustwide/cargo-home" "-e" "RUSTUP_HOME=/opt/rustwide/rustup-home" "-e" "CARGO_TARGET_DIR=/opt/rustwide/target" "-e" "CARGO_INCREMENTAL=0" "-e" "RUST_BACKTRACE=full" "-e" "RUSTFLAGS=--cap-lints=warn" "-e" "RUSTDOCFLAGS=--cap-lints=warn" "-w" "/opt/rustwide/workdir" "--user" "0:0" "e94326477c121e5411a47ffe473f470240170a9937d326177dc05ec6e695e907" "/opt/rustwide/cargo-home/bin/cargo" "+1.97.0-beta.6" "build" "--frozen" "--message-format=json", kill_on_drop: false }`
[INFO] [stderr]    Compiling proc-macro2 v1.0.27
[INFO] [stderr]    Compiling unicode-xid v0.2.2
[INFO] [stderr]    Compiling syn v1.0.72
[INFO] [stderr]    Compiling serde_derive v1.0.126
[INFO] [stderr]    Compiling serde v1.0.126
[INFO] [stderr]    Compiling anyhow v1.0.40
[INFO] [stderr]    Compiling quote v1.0.9
[INFO] [stderr]    Compiling thiserror-impl v1.0.25
[INFO] [stderr]    Compiling thiserror v1.0.25
[INFO] [stderr]    Compiling bincode v1.3.3
[INFO] [stderr]    Compiling lunatic v0.3.10
[INFO] [stderr]    Compiling example v0.1.0 (/opt/rustwide/workdir)
[INFO] [stdout] error: linking with `cc` failed: exit status: 1
[INFO] [stdout]   |
[INFO] [stdout]   = note:  "cc" "-m64" "/opt/rustwide/target/debug/deps/rustcNagxQg/symbols.o" "<2 object files omitted>" "-Wl,--as-needed" "-Wl,-Bstatic" "/opt/rustwide/target/debug/deps/{liblunatic-4ae741d0c82fad05,libbincode-ad6698dfa74afe04,libanyhow-f7cded71caf5a29a,libthiserror-d5d534aa4c77097c,libserde-e3a8c4176f4fe675}.rlib" "<sysroot>/lib/rustlib/x86_64-unknown-linux-gnu/lib/{libstd-*,libpanic_unwind-*,libobject-*,libmemchr-*,libaddr2line-*,libgimli-*,libcfg_if-*,librustc_demangle-*,libstd_detect-*,libhashbrown-*,librustc_std_workspace_alloc-*,libminiz_oxide-*,libadler2-*,libunwind-*,liblibc-*,librustc_std_workspace_core-*,liballoc-*,libcore-*,libcompiler_builtins-*}.rlib" "-Wl,-Bdynamic" "-lgcc_s" "-lutil" "-lrt" "-lpthread" "-lm" "-ldl" "-lc" "-L" "/opt/rustwide/target/debug/deps/rustcNagxQg/raw-dylibs" "-B<sysroot>/lib/rustlib/x86_64-unknown-linux-gnu/bin/gcc-ld" "-fuse-ld=lld" "-Wl,--eh-frame-hdr" "-Wl,-z,noexecstack" "-L" "<sysroot>/lib/rustlib/x86_64-unknown-linux-gnu/lib" "-o" "/opt/rustwide/target/debug/deps/example-fa11f634f7ad209a" "-Wl,--gc-sections" "-pie" "-Wl,-z,relro,-z,now" "-nodefaultlibs"
[INFO] [stdout]   = note: some arguments are omitted. use `--verbose` to show all linker arguments
[INFO] [stdout]   = note: rust-lld: error: undefined symbol: join
[INFO] [stdout]           >>> referenced by process.rs:93 (src/process.rs:93)
[INFO] [stdout]           >>>               lunatic-4ae741d0c82fad05.lunatic.4c1e78e8041865da-cgu.0.rcgu.o:(<lunatic::process::Process>::join) in archive /opt/rustwide/target/debug/deps/liblunatic-4ae741d0c82fad05.rlib
[INFO] [stdout]           
[INFO] [stdout]           rust-lld: error: undefined symbol: cancel_process
[INFO] [stdout]           >>> referenced by process.rs:34 (src/process.rs:34)
[INFO] [stdout]           >>>               lunatic-4ae741d0c82fad05.lunatic.4c1e78e8041865da-cgu.0.rcgu.o:(<lunatic::process::Process as core::ops::drop::Drop>::drop) in archive /opt/rustwide/target/debug/deps/liblunatic-4ae741d0c82fad05.rlib
[INFO] [stdout]           
[INFO] [stdout]           rust-lld: error: undefined symbol: close_receiver
[INFO] [stdout]           >>> referenced by receiver.rs:51 (src/channel/receiver.rs:51)
[INFO] [stdout]           >>>               lunatic-4ae741d0c82fad05.lunatic.4c1e78e8041865da-cgu.0.rcgu.o:(<lunatic::channel::receiver::ReceiverInner as core::ops::drop::Drop>::drop) in archive /opt/rustwide/target/debug/deps/liblunatic-4ae741d0c82fad05.rlib
[INFO] [stdout]           
[INFO] [stdout]           rust-lld: error: undefined symbol: spawn_with_context
[INFO] [stdout]           >>> referenced by process.rs:72 (/opt/rustwide/cargo-home/registry/src/index.crates.io-1949cf8c6b5b557f/lunatic-0.3.10/src/process.rs:72)
[INFO] [stdout]           >>>               /opt/rustwide/target/debug/deps/example-fa11f634f7ad209a.example.ff99acd8da42e33e-cgu.0.rcgu.o:(<lunatic::process::Process>::spawn_with::<()>)
[INFO] [stdout]           
[INFO] [stdout]           rust-lld: error: undefined symbol: channel_receive_prepare
[INFO] [stdout]           >>> referenced by receiver.rs:75 (/opt/rustwide/cargo-home/registry/src/index.crates.io-1949cf8c6b5b557f/lunatic-0.3.10/src/channel/receiver.rs:75)
[INFO] [stdout]           >>>               /opt/rustwide/target/debug/deps/example-fa11f634f7ad209a.example.ff99acd8da42e33e-cgu.0.rcgu.o:(<lunatic::channel::receiver::Receiver<lunatic::process::Context<()>>>::receive)
[INFO] [stdout]           
[INFO] [stdout]           rust-lld: error: undefined symbol: channel_receive
[INFO] [stdout]           >>> referenced by receiver.rs:86 (/opt/rustwide/cargo-home/registry/src/index.crates.io-1949cf8c6b5b557f/lunatic-0.3.10/src/channel/receiver.rs:86)
[INFO] [stdout]           >>>               /opt/rustwide/target/debug/deps/example-fa11f634f7ad209a.example.ff99acd8da42e33e-cgu.0.rcgu.o:(<lunatic::channel::receiver::Receiver<lunatic::process::Context<()>>>::receive)
[INFO] [stdout]           
[INFO] [stdout]           rust-lld: error: undefined symbol: drop_last_message
[INFO] [stdout]           >>> referenced by receiver.rs:96 (/opt/rustwide/cargo-home/registry/src/index.crates.io-1949cf8c6b5b557f/lunatic-0.3.10/src/channel/receiver.rs:96)
[INFO] [stdout]           >>>               /opt/rustwide/target/debug/deps/example-fa11f634f7ad209a.example.ff99acd8da42e33e-cgu.0.rcgu.o:(<lunatic::channel::receiver::Receiver<lunatic::process::Context<()>>>::receive)
[INFO] [stdout]           collect2: error: ld returned 1 exit status
[INFO] [stdout]           
[INFO] [stdout] 
[INFO] [stdout] 
[INFO] [stderr] error: could not compile `example` (bin "example") due to 1 previous error
[INFO] running `Command { std: "docker" "inspect" "e94326477c121e5411a47ffe473f470240170a9937d326177dc05ec6e695e907", kill_on_drop: false }`
[INFO] running `Command { std: "docker" "rm" "-f" "e94326477c121e5411a47ffe473f470240170a9937d326177dc05ec6e695e907", kill_on_drop: false }`
[INFO] [stdout] e94326477c121e5411a47ffe473f470240170a9937d326177dc05ec6e695e907
