[INFO] cloning repository https://github.com/jjfishtank/exploring_rust
[INFO] running `Command { std: "git" "-c" "credential.helper=" "-c" "credential.helper=/workspace/cargo-home/bin/git-credential-null" "clone" "--bare" "https://github.com/jjfishtank/exploring_rust" "/workspace/cache/git-repos/https%3A%2F%2Fgithub.com%2Fjjfishtank%2Fexploring_rust", kill_on_drop: false }`
[INFO] [stderr] Cloning into bare repository '/workspace/cache/git-repos/https%3A%2F%2Fgithub.com%2Fjjfishtank%2Fexploring_rust'...
[INFO] running `Command { std: "git" "rev-parse" "HEAD", kill_on_drop: false }`
[INFO] [stdout] 3c2df7ca39cc951709958c03081b4555d4a75ea3
[INFO] testing jjfishtank/exploring_rust against 1.98.0-beta.1 for beta-1.98-2
[INFO] running `Command { std: "git" "clone" "/workspace/cache/git-repos/https%3A%2F%2Fgithub.com%2Fjjfishtank%2Fexploring_rust" "/workspace/builds/worker-3-tc2/source", kill_on_drop: false }`
[INFO] [stderr] Cloning into '/workspace/builds/worker-3-tc2/source'...
[INFO] [stderr] done.
[INFO] started tweaking git repo https://github.com/jjfishtank/exploring_rust
[INFO] finished tweaking git repo https://github.com/jjfishtank/exploring_rust
[INFO] tweaked toml for git repo https://github.com/jjfishtank/exploring_rust written to /workspace/builds/worker-3-tc2/source/Cargo.toml
[INFO] validating manifest of git repo https://github.com/jjfishtank/exploring_rust on toolchain 1.98.0-beta.1
[INFO] running `Command { std: CARGO_HOME="/workspace/cargo-home" RUSTUP_HOME="/workspace/rustup-home" "/workspace/cargo-home/bin/cargo" "+1.98.0-beta.1" "metadata" "--manifest-path" "Cargo.toml" "--no-deps", kill_on_drop: false }`
[INFO] crate git repo https://github.com/jjfishtank/exploring_rust already has a lockfile, it will not be regenerated
[INFO] running `Command { std: CARGO_HOME="/workspace/cargo-home" RUSTUP_HOME="/workspace/rustup-home" "/workspace/cargo-home/bin/cargo" "+1.98.0-beta.1" "fetch" "--manifest-path" "Cargo.toml", kill_on_drop: false }`
[INFO] running `Command { std: "docker" "create" "-v" "/var/lib/crater-agent-workspace/builds/worker-3-tc2/source:/opt/rustwide/workdir:ro,Z" "-v" "/var/lib/crater-agent-workspace/builds/worker-3-tc2/target:/opt/rustwide/target:rw,Z" "-v" "/var/lib/crater-agent-workspace/cargo-home:/opt/rustwide/cargo-home:ro,Z" "-v" "/var/lib/crater-agent-workspace/rustup-home:/opt/rustwide/rustup-home:ro,Z" "-m" "1610612736" "--network" "none" "ghcr.io/rust-lang/crates-build-env/linux@sha256:3d5ced03c013a94a2f102a4510f48a6e9184255caf5fd8244f58017bde7f5210" "sleep" "infinity", kill_on_drop: false }`
[INFO] [stdout] b9d534139f8020aaf3a63da58e738bef03179a058a3155da5d1ba6a277cbe349
[INFO] running `Command { std: "docker" "start" "b9d534139f8020aaf3a63da58e738bef03179a058a3155da5d1ba6a277cbe349", kill_on_drop: false }`
[INFO] running `Command { std: "docker" "inspect" "b9d534139f8020aaf3a63da58e738bef03179a058a3155da5d1ba6a277cbe349", kill_on_drop: false }`
[INFO] running `Command { std: "docker" "exec" "-e" "SOURCE_DIR=/opt/rustwide/workdir" "-e" "CARGO_HOME=/opt/rustwide/cargo-home" "-e" "RUSTUP_HOME=/opt/rustwide/rustup-home" "-e" "CARGO_TARGET_DIR=/opt/rustwide/target" "-w" "/opt/rustwide/workdir" "--user" "0:0" "b9d534139f8020aaf3a63da58e738bef03179a058a3155da5d1ba6a277cbe349" "/opt/rustwide/cargo-home/bin/cargo" "+1.98.0-beta.1" "metadata" "--no-deps" "--format-version=1", kill_on_drop: false }`
[INFO] running `Command { std: "docker" "inspect" "b9d534139f8020aaf3a63da58e738bef03179a058a3155da5d1ba6a277cbe349", kill_on_drop: false }`
[INFO] running `Command { std: "docker" "exec" "-e" "SOURCE_DIR=/opt/rustwide/workdir" "-e" "CARGO_HOME=/opt/rustwide/cargo-home" "-e" "RUSTUP_HOME=/opt/rustwide/rustup-home" "-e" "CARGO_TARGET_DIR=/opt/rustwide/target" "-e" "CARGO_INCREMENTAL=0" "-e" "RUST_BACKTRACE=full" "-e" "RUSTFLAGS=--cap-lints=warn" "-e" "RUSTDOCFLAGS=--cap-lints=warn" "-w" "/opt/rustwide/workdir" "--user" "0:0" "b9d534139f8020aaf3a63da58e738bef03179a058a3155da5d1ba6a277cbe349" "/opt/rustwide/cargo-home/bin/cargo" "+1.98.0-beta.1" "build" "--frozen" "--message-format=json", kill_on_drop: false }`
[INFO] [stderr]    Compiling autocfg v1.1.0
[INFO] [stderr]    Compiling log v0.4.20
[INFO] [stderr]    Compiling cfg-if v1.0.0
[INFO] [stderr]    Compiling libc v0.2.151
[INFO] [stderr]    Compiling bitflags v1.3.2
[INFO] [stderr]    Compiling xml-rs v0.8.19
[INFO] [stderr]    Compiling proc-macro2 v1.0.70
[INFO] [stderr]    Compiling pkg-config v0.3.27
[INFO] [stderr]    Compiling unicode-ident v1.0.12
[INFO] [stderr]    Compiling rand_core v0.4.2
[INFO] [stderr]    Compiling bitflags v0.7.0
[INFO] [stderr]    Compiling siphasher v0.2.3
[INFO] [stderr]    Compiling lazy_static v1.4.0
[INFO] [stderr]    Compiling scopeguard v1.2.0
[INFO] [stderr]    Compiling khronos_api v3.1.0
[INFO] [stderr]    Compiling crossbeam-utils v0.8.16
[INFO] [stderr]    Compiling once_cell v1.19.0
[INFO] [stderr]    Compiling dtoa v0.4.8
[INFO] [stderr]    Compiling autocfg v0.1.8
[INFO] [stderr]    Compiling log v0.3.9
[INFO] [stderr]    Compiling simd-adler32 v0.3.7
[INFO] [stderr]    Compiling itoa v0.3.4
[INFO] [stderr]    Compiling serde v0.9.15
[INFO] [stderr]    Compiling rand_pcg v0.1.2
[INFO] [stderr]    Compiling rand_chacha v0.1.1
[INFO] [stderr]    Compiling rand v0.6.5
[INFO] [stderr]    Compiling phf_shared v0.7.24
[INFO] [stderr]    Compiling rand_core v0.3.1
[INFO] [stderr]    Compiling rand_jitter v0.1.4
[INFO] [stderr]    Compiling num-traits v0.2.17
[INFO] [stderr]    Compiling memoffset v0.9.0
[INFO] [stderr]    Compiling rand_hc v0.1.0
[INFO] [stderr]    Compiling rand_isaac v0.1.1
[INFO] [stderr]    Compiling rand_xorshift v0.1.1
[INFO] [stderr]    Compiling crossbeam-epoch v0.9.15
[INFO] [stderr]    Compiling memoffset v0.6.5
[INFO] [stderr]    Compiling phf v0.7.24
[INFO] [stderr]    Compiling libloading v0.8.1
[INFO] [stderr]    Compiling rayon-core v1.12.0
[INFO] [stderr]    Compiling num-integer v0.1.45
[INFO] [stderr]    Compiling crc32fast v1.3.2
[INFO] [stderr]    Compiling adler v1.0.2
[INFO] [stderr]    Compiling smallvec v1.11.2
[INFO] [stderr]    Compiling wayland-sys v0.29.5
[INFO] [stderr]    Compiling x11-dl v2.21.0
[INFO] [stderr]    Compiling bitflags v0.9.1
[INFO] [stderr]    Compiling miniz_oxide v0.7.1
[INFO] [stderr]    Compiling dlib v0.5.2
[INFO] [stderr]    Compiling xml-rs v0.6.1
[INFO] [stderr]    Compiling xml-rs v0.3.6
[INFO] [stderr]    Compiling rand_os v0.1.3
[INFO] [stderr]    Compiling either v1.9.0
[INFO] [stderr]    Compiling lazy_static v0.2.11
[INFO] [stderr]    Compiling piston-float v0.3.0
[INFO] [stderr]    Compiling khronos_api v1.0.1
[INFO] [stderr]    Compiling cfg_aliases v0.1.1
[INFO] [stderr]    Compiling winapi-build v0.1.1
[INFO] [stderr]    Compiling gl_generator v0.14.0
[INFO] [stderr]    Compiling version_check v0.9.4
[INFO] [stderr]    Compiling quote v1.0.33
[INFO] [stderr]    Compiling kernel32-sys v0.2.2
[INFO] [stderr]    Compiling piston-float v1.0.1
[INFO] [stderr]    Compiling crossbeam-deque v0.8.3
[INFO] [stderr]    Compiling bytemuck v1.14.0
[INFO] [stderr]    Compiling wayland-scanner v0.29.5
[INFO] [stderr]    Compiling syn v2.0.40
[INFO] [stderr]    Compiling piston-viewport v0.3.0
[INFO] [stderr]    Compiling slotmap v1.0.7
[INFO] [stderr]    Compiling flate2 v1.0.28
[INFO] [stderr]    Compiling fdeflate v0.3.1
[INFO] [stderr]    Compiling winapi v0.2.8
[INFO] [stderr]    Compiling ab_glyph_rasterizer v0.1.8
[INFO] [stderr]    Compiling wayland-scanner v0.7.8
[INFO] [stderr]    Compiling nix v0.24.3
[INFO] [stderr]    Compiling gl_generator v0.5.5
[INFO] [stderr]    Compiling downcast-rs v1.2.0
[INFO] [stderr]    Compiling wayland-client v0.7.8
[INFO] [stderr]    Compiling khronos_api v2.2.0
[INFO] [stderr]    Compiling color_quant v1.1.0
[INFO] [stderr]    Compiling num-traits v0.1.43
[INFO] [stderr]    Compiling scoped-tls v1.0.1
[INFO] [stderr]    Compiling thiserror v1.0.50
[INFO] [stderr]    Compiling rayon v1.8.0
[INFO] [stderr]    Compiling png v0.17.10
[INFO] [stderr]    Compiling rand v0.4.6
[INFO] [stderr]    Compiling piston-viewport v1.0.2
[INFO] [stderr]    Compiling lock_api v0.4.11
[INFO] [stderr]    Compiling num-iter v0.1.43
[INFO] [stderr]    Compiling phf_generator v0.7.24
[INFO] [stderr]    Compiling phf_codegen v0.7.24
[INFO] [stderr]    Compiling bitflags v0.6.0
[INFO] [stderr]    Compiling serde v1.0.193
[INFO] [stderr]    Compiling draw_state v0.6.0
[INFO] [stderr]    Compiling target_build_utils v0.3.1
[INFO] [stderr]    Compiling fs2 v0.2.5
[INFO] [stderr]    Compiling nix v0.25.1
[INFO] [stderr]    Compiling smithay-client-toolkit v0.16.1
[INFO] [stderr]    Compiling xml-rs v0.7.0
[INFO] [stderr]    Compiling strict-num v0.1.1
[INFO] [stderr]    Compiling vec_map v0.8.2
[INFO] [stderr]    Compiling xcursor v0.3.5
[INFO] [stderr]    Compiling arrayref v0.3.7
[INFO] [stderr]    Compiling adler32 v1.2.0
[INFO] [stderr]    Compiling rand v0.3.23
[INFO] [stderr]    Compiling shader_version v0.2.2
[INFO] [stderr]    Compiling rustc-serialize v0.3.25
[INFO] [stderr]    Compiling ttf-parser v0.20.0
[INFO] [stderr]    Compiling piston-graphics_api_version v1.0.1
[INFO] [stderr]    Compiling wayland-client v0.29.5
[INFO] [stderr]    Compiling wayland-protocols v0.29.5
[INFO] [stderr]    Compiling deflate v0.7.20
[INFO] [stderr]    Compiling serde_json v0.9.10
[INFO] [stderr]    Compiling gl_generator v0.6.1
[INFO] [stderr]    Compiling tempfile v2.2.0
[INFO] [stderr]    Compiling tiny-skia-path v0.8.4
[INFO] [stderr]    Compiling wayland-commons v0.29.5
[INFO] [stderr]    Compiling memmap v0.4.0
[INFO] [stderr]    Compiling gfx_core v0.6.1
[INFO] [stderr]    Compiling glutin_glx_sys v0.4.0
[INFO] [stderr]    Compiling glutin_egl_sys v0.5.1
[INFO] [stderr]    Compiling memmap2 v0.5.10
[INFO] [stderr]    Compiling shared_library v0.1.9
[INFO] [stderr]    Compiling wayland-sys v0.30.1
[INFO] [stderr]    Compiling gl_generator v0.13.1
[INFO] [stderr]    Compiling arrayvec v0.4.12
[INFO] [stderr]    Compiling lzw v0.10.0
[INFO] [stderr]    Compiling arrayvec v0.7.4
[INFO] [stderr]    Compiling inflate v0.1.1
[INFO] [stderr]    Compiling tiny-skia v0.8.4
[INFO] [stderr]    Compiling jpeg-decoder v0.1.22
[INFO] [stderr]    Compiling gif v0.9.2
[INFO] [stderr]    Compiling spin v0.9.8
[INFO] [stderr]    Compiling pistoncore-input v0.17.1
[INFO] [stdout] error: cannot find derive macro `RustcDecodable` in this scope
[INFO] [stdout]  --> /opt/rustwide/cargo-home/registry/src/index.crates.io-1949cf8c6b5b557f/pistoncore-input-0.17.1/src/controller.rs:8:23
[INFO] [stdout]   |
[INFO] [stdout] 8 | #[derive(Copy, Clone, RustcDecodable, RustcEncodable, PartialEq, Eq, Debug, Hash)]
[INFO] [stdout]   |                       ^^^^^^^^^^^^^^
[INFO] [stdout] 
[INFO] [stdout] 
[INFO] [stdout] error: cannot find derive macro `RustcEncodable` in this scope
[INFO] [stdout]  --> /opt/rustwide/cargo-home/registry/src/index.crates.io-1949cf8c6b5b557f/pistoncore-input-0.17.1/src/controller.rs:8:39
[INFO] [stdout]   |
[INFO] [stdout] 8 | #[derive(Copy, Clone, RustcDecodable, RustcEncodable, PartialEq, Eq, Debug, Hash)]
[INFO] [stdout]   |                                       ^^^^^^^^^^^^^^
[INFO] [stdout] 
[INFO] [stdout] 
[INFO] [stdout] error: cannot find derive macro `RustcDecodable` in this scope
[INFO] [stdout]   --> /opt/rustwide/cargo-home/registry/src/index.crates.io-1949cf8c6b5b557f/pistoncore-input-0.17.1/src/controller.rs:29:23
[INFO] [stdout]    |
[INFO] [stdout] 29 | #[derive(Copy, Clone, RustcDecodable, RustcEncodable, PartialEq, Debug)]
[INFO] [stdout]    |                       ^^^^^^^^^^^^^^
[INFO] [stdout] 
[INFO] [stdout] 
[INFO] [stdout] error: cannot find derive macro `RustcEncodable` in this scope
[INFO] [stdout]   --> /opt/rustwide/cargo-home/registry/src/index.crates.io-1949cf8c6b5b557f/pistoncore-input-0.17.1/src/controller.rs:29:39
[INFO] [stdout]    |
[INFO] [stdout] 29 | #[derive(Copy, Clone, RustcDecodable, RustcEncodable, PartialEq, Debug)]
[INFO] [stdout]    |                                       ^^^^^^^^^^^^^^
[INFO] [stdout] 
[INFO] [stdout] 
[INFO] [stdout] error: cannot find derive macro `RustcDecodable` in this scope
[INFO] [stdout]   --> /opt/rustwide/cargo-home/registry/src/index.crates.io-1949cf8c6b5b557f/pistoncore-input-0.17.1/src/keyboard.rs:12:14
[INFO] [stdout]    |
[INFO] [stdout] 12 |     #[derive(RustcDecodable, RustcEncodable)]
[INFO] [stdout]    |              ^^^^^^^^^^^^^^
[INFO] [stdout] 
[INFO] [stdout] 
[INFO] [stdout] error: cannot find derive macro `RustcEncodable` in this scope
[INFO] [stdout]   --> /opt/rustwide/cargo-home/registry/src/index.crates.io-1949cf8c6b5b557f/pistoncore-input-0.17.1/src/keyboard.rs:12:30
[INFO] [stdout]    |
[INFO] [stdout] 12 |     #[derive(RustcDecodable, RustcEncodable)]
[INFO] [stdout]    |                              ^^^^^^^^^^^^^^
[INFO] [stdout] 
[INFO] [stdout] 
[INFO] [stdout] error: cannot find derive macro `RustcDecodable` in this scope
[INFO] [stdout]    --> /opt/rustwide/cargo-home/registry/src/index.crates.io-1949cf8c6b5b557f/pistoncore-input-0.17.1/src/keyboard.rs:108:23
[INFO] [stdout]     |
[INFO] [stdout] 108 | #[derive(Copy, Clone, RustcDecodable, RustcEncodable, Debug, Hash)]
[INFO] [stdout]     |                       ^^^^^^^^^^^^^^
[INFO] [stdout] 
[INFO] [stdout] 
[INFO] [stdout] error: cannot find derive macro `RustcEncodable` in this scope
[INFO] [stdout]    --> /opt/rustwide/cargo-home/registry/src/index.crates.io-1949cf8c6b5b557f/pistoncore-input-0.17.1/src/keyboard.rs:108:39
[INFO] [stdout]     |
[INFO] [stdout] 108 | #[derive(Copy, Clone, RustcDecodable, RustcEncodable, Debug, Hash)]
[INFO] [stdout]     |                                       ^^^^^^^^^^^^^^
[INFO] [stdout] 
[INFO] [stdout] 
[INFO] [stdout] error: cannot find derive macro `RustcDecodable` in this scope
[INFO] [stdout]  --> /opt/rustwide/cargo-home/registry/src/index.crates.io-1949cf8c6b5b557f/pistoncore-input-0.17.1/src/mouse.rs:7:23
[INFO] [stdout]   |
[INFO] [stdout] 7 | #[derive(Copy, Clone, RustcDecodable, RustcEncodable, PartialEq,
[INFO] [stdout]   |                       ^^^^^^^^^^^^^^
[INFO] [stdout] 
[INFO] [stdout] 
[INFO] [stdout] error: cannot find derive macro `RustcEncodable` in this scope
[INFO] [stdout]  --> /opt/rustwide/cargo-home/registry/src/index.crates.io-1949cf8c6b5b557f/pistoncore-input-0.17.1/src/mouse.rs:7:39
[INFO] [stdout]   |
[INFO] [stdout] 7 | #[derive(Copy, Clone, RustcDecodable, RustcEncodable, PartialEq,
[INFO] [stdout]   |                                       ^^^^^^^^^^^^^^
[INFO] [stdout] 
[INFO] [stdout] 
[INFO] [stdout] error: cannot find derive macro `RustcDecodable` in this scope
[INFO] [stdout]  --> /opt/rustwide/cargo-home/registry/src/index.crates.io-1949cf8c6b5b557f/pistoncore-input-0.17.1/src/after_render.rs:4:41
[INFO] [stdout]   |
[INFO] [stdout] 4 | #[derive(Copy, Clone, PartialEq, Debug, RustcDecodable, RustcEncodable)]
[INFO] [stdout]   |                                         ^^^^^^^^^^^^^^
[INFO] [stdout] 
[INFO] [stdout] 
[INFO] [stdout] error: cannot find derive macro `RustcEncodable` in this scope
[INFO] [stdout]  --> /opt/rustwide/cargo-home/registry/src/index.crates.io-1949cf8c6b5b557f/pistoncore-input-0.17.1/src/after_render.rs:4:57
[INFO] [stdout]   |
[INFO] [stdout] 4 | #[derive(Copy, Clone, PartialEq, Debug, RustcDecodable, RustcEncodable)]
[INFO] [stdout]   |                                                         ^^^^^^^^^^^^^^
[INFO] [stdout] 
[INFO] [stdout] 
[INFO] [stdout] error: cannot find derive macro `RustcDecodable` in this scope
[INFO] [stdout]  --> /opt/rustwide/cargo-home/registry/src/index.crates.io-1949cf8c6b5b557f/pistoncore-input-0.17.1/src/close.rs:4:41
[INFO] [stdout]   |
[INFO] [stdout] 4 | #[derive(Copy, Clone, PartialEq, Debug, RustcDecodable, RustcEncodable)]
[INFO] [stdout]   |                                         ^^^^^^^^^^^^^^
[INFO] [stdout] 
[INFO] [stdout] 
[INFO] [stdout] error: cannot find derive macro `RustcEncodable` in this scope
[INFO] [stdout]  --> /opt/rustwide/cargo-home/registry/src/index.crates.io-1949cf8c6b5b557f/pistoncore-input-0.17.1/src/close.rs:4:57
[INFO] [stdout]   |
[INFO] [stdout] 4 | #[derive(Copy, Clone, PartialEq, Debug, RustcDecodable, RustcEncodable)]
[INFO] [stdout]   |                                                         ^^^^^^^^^^^^^^
[INFO] [stdout] 
[INFO] [stdout] 
[INFO] [stdout] error: cannot find derive macro `RustcDecodable` in this scope
[INFO] [stdout]  --> /opt/rustwide/cargo-home/registry/src/index.crates.io-1949cf8c6b5b557f/pistoncore-input-0.17.1/src/idle.rs:4:41
[INFO] [stdout]   |
[INFO] [stdout] 4 | #[derive(Copy, Clone, PartialEq, Debug, RustcDecodable, RustcEncodable)]
[INFO] [stdout]   |                                         ^^^^^^^^^^^^^^
[INFO] [stdout] 
[INFO] [stdout] 
[INFO] [stdout] error: cannot find derive macro `RustcEncodable` in this scope
[INFO] [stdout]  --> /opt/rustwide/cargo-home/registry/src/index.crates.io-1949cf8c6b5b557f/pistoncore-input-0.17.1/src/idle.rs:4:57
[INFO] [stdout]   |
[INFO] [stdout] 4 | #[derive(Copy, Clone, PartialEq, Debug, RustcDecodable, RustcEncodable)]
[INFO] [stdout]   |                                                         ^^^^^^^^^^^^^^
[INFO] [stdout] 
[INFO] [stdout] 
[INFO] [stdout] error: cannot find derive macro `RustcDecodable` in this scope
[INFO] [stdout]  --> /opt/rustwide/cargo-home/registry/src/index.crates.io-1949cf8c6b5b557f/pistoncore-input-0.17.1/src/render.rs:6:41
[INFO] [stdout]   |
[INFO] [stdout] 6 | #[derive(Copy, Clone, PartialEq, Debug, RustcDecodable, RustcEncodable)]
[INFO] [stdout]   |                                         ^^^^^^^^^^^^^^
[INFO] [stdout] 
[INFO] [stdout] 
[INFO] [stdout] error: cannot find derive macro `RustcEncodable` in this scope
[INFO] [stdout]  --> /opt/rustwide/cargo-home/registry/src/index.crates.io-1949cf8c6b5b557f/pistoncore-input-0.17.1/src/render.rs:6:57
[INFO] [stdout]   |
[INFO] [stdout] 6 | #[derive(Copy, Clone, PartialEq, Debug, RustcDecodable, RustcEncodable)]
[INFO] [stdout]   |                                                         ^^^^^^^^^^^^^^
[INFO] [stdout] 
[INFO] [stdout] 
[INFO] [stdout] error: cannot find derive macro `RustcDecodable` in this scope
[INFO] [stdout]  --> /opt/rustwide/cargo-home/registry/src/index.crates.io-1949cf8c6b5b557f/pistoncore-input-0.17.1/src/touch.rs:4:23
[INFO] [stdout]   |
[INFO] [stdout] 4 | #[derive(Copy, Clone, RustcDecodable, RustcEncodable, PartialEq, Debug)]
[INFO] [stdout]   |                       ^^^^^^^^^^^^^^
[INFO] [stdout] 
[INFO] [stdout] 
[INFO] [stdout] error: cannot find derive macro `RustcEncodable` in this scope
[INFO] [stdout]  --> /opt/rustwide/cargo-home/registry/src/index.crates.io-1949cf8c6b5b557f/pistoncore-input-0.17.1/src/touch.rs:4:39
[INFO] [stdout]   |
[INFO] [stdout] 4 | #[derive(Copy, Clone, RustcDecodable, RustcEncodable, PartialEq, Debug)]
[INFO] [stdout]   |                                       ^^^^^^^^^^^^^^
[INFO] [stdout] 
[INFO] [stdout] 
[INFO] [stdout] error: cannot find derive macro `RustcDecodable` in this scope
[INFO] [stdout]   --> /opt/rustwide/cargo-home/registry/src/index.crates.io-1949cf8c6b5b557f/pistoncore-input-0.17.1/src/touch.rs:30:23
[INFO] [stdout]    |
[INFO] [stdout] 30 | #[derive(Copy, Clone, RustcDecodable, RustcEncodable, PartialEq, Debug)]
[INFO] [stdout]    |                       ^^^^^^^^^^^^^^
[INFO] [stdout] 
[INFO] [stdout] 
[INFO] [stdout] error: cannot find derive macro `RustcEncodable` in this scope
[INFO] [stdout]   --> /opt/rustwide/cargo-home/registry/src/index.crates.io-1949cf8c6b5b557f/pistoncore-input-0.17.1/src/touch.rs:30:39
[INFO] [stdout]    |
[INFO] [stdout] 30 | #[derive(Copy, Clone, RustcDecodable, RustcEncodable, PartialEq, Debug)]
[INFO] [stdout]    |                                       ^^^^^^^^^^^^^^
[INFO] [stdout] 
[INFO] [stdout] 
[INFO] [stdout] error: cannot find derive macro `RustcDecodable` in this scope
[INFO] [stdout]  --> /opt/rustwide/cargo-home/registry/src/index.crates.io-1949cf8c6b5b557f/pistoncore-input-0.17.1/src/update.rs:4:41
[INFO] [stdout]   |
[INFO] [stdout] 4 | #[derive(Copy, Clone, PartialEq, Debug, RustcDecodable, RustcEncodable)]
[INFO] [stdout]   |                                         ^^^^^^^^^^^^^^
[INFO] [stdout] 
[INFO] [stdout] 
[INFO] [stdout] error: cannot find derive macro `RustcEncodable` in this scope
[INFO] [stdout]  --> /opt/rustwide/cargo-home/registry/src/index.crates.io-1949cf8c6b5b557f/pistoncore-input-0.17.1/src/update.rs:4:57
[INFO] [stdout]   |
[INFO] [stdout] 4 | #[derive(Copy, Clone, PartialEq, Debug, RustcDecodable, RustcEncodable)]
[INFO] [stdout]   |                                                         ^^^^^^^^^^^^^^
[INFO] [stdout] 
[INFO] [stdout] 
[INFO] [stdout] error: cannot find derive macro `RustcDecodable` in this scope
[INFO] [stdout]   --> /opt/rustwide/cargo-home/registry/src/index.crates.io-1949cf8c6b5b557f/pistoncore-input-0.17.1/src/lib.rs:80:23
[INFO] [stdout]    |
[INFO] [stdout] 80 | #[derive(Copy, Clone, RustcDecodable, RustcEncodable, PartialEq, Eq, Hash, Debug)]
[INFO] [stdout]    |                       ^^^^^^^^^^^^^^
[INFO] [stdout] 
[INFO] [stdout] 
[INFO] [stdout] error: cannot find derive macro `RustcEncodable` in this scope
[INFO] [stdout]   --> /opt/rustwide/cargo-home/registry/src/index.crates.io-1949cf8c6b5b557f/pistoncore-input-0.17.1/src/lib.rs:80:39
[INFO] [stdout]    |
[INFO] [stdout] 80 | #[derive(Copy, Clone, RustcDecodable, RustcEncodable, PartialEq, Eq, Hash, Debug)]
[INFO] [stdout]    |                                       ^^^^^^^^^^^^^^
[INFO] [stdout] 
[INFO] [stdout] 
[INFO] [stdout] error: cannot find derive macro `RustcDecodable` in this scope
[INFO] [stdout]   --> /opt/rustwide/cargo-home/registry/src/index.crates.io-1949cf8c6b5b557f/pistoncore-input-0.17.1/src/lib.rs:91:23
[INFO] [stdout]    |
[INFO] [stdout] 91 | #[derive(Copy, Clone, RustcDecodable, RustcEncodable, PartialEq, Debug)]
[INFO] [stdout]    |                       ^^^^^^^^^^^^^^
[INFO] [stdout] 
[INFO] [stdout] 
[INFO] [stdout] error: cannot find derive macro `RustcEncodable` in this scope
[INFO] [stdout]   --> /opt/rustwide/cargo-home/registry/src/index.crates.io-1949cf8c6b5b557f/pistoncore-input-0.17.1/src/lib.rs:91:39
[INFO] [stdout]    |
[INFO] [stdout] 91 | #[derive(Copy, Clone, RustcDecodable, RustcEncodable, PartialEq, Debug)]
[INFO] [stdout]    |                                       ^^^^^^^^^^^^^^
[INFO] [stdout] 
[INFO] [stdout] 
[INFO] [stderr]    Compiling thiserror-impl v1.0.50
[INFO] [stdout] error[E0599]: no variant, associated function, or constant named `decode` found for enum `Button` in the current scope
[INFO] [stdout]    --> /opt/rustwide/cargo-home/registry/src/index.crates.io-1949cf8c6b5b557f/pistoncore-input-0.17.1/src/lib.rs:198:83
[INFO] [stdout]     |
[INFO] [stdout]  81 | pub enum Button {
[INFO] [stdout]     | --------------- variant, associated function, or constant `decode` not found for this enum
[INFO] [stdout] ...
[INFO] [stdout] 198 |                     0 => Input::Press(try!(d.read_enum_variant_arg(0, |d| Button::decode(d)))),
[INFO] [stdout]     |                                                                                   ^^^^^^ variant, associated function, or constant not found in `Button`
[INFO] [stdout]     |
[INFO] [stdout]     = help: items from traits can only be used if the trait is implemented and in scope
[INFO] [stdout]     = note: the following trait defines an item `decode`, perhaps you need to implement it:
[INFO] [stdout]             candidate #1: `Decodable`
[INFO] [stdout] 
[INFO] [stdout] 
[INFO] [stdout] error[E0599]: no variant, associated function, or constant named `decode` found for enum `Button` in the current scope
[INFO] [stdout]    --> /opt/rustwide/cargo-home/registry/src/index.crates.io-1949cf8c6b5b557f/pistoncore-input-0.17.1/src/lib.rs:199:85
[INFO] [stdout]     |
[INFO] [stdout]  81 | pub enum Button {
[INFO] [stdout]     | --------------- variant, associated function, or constant `decode` not found for this enum
[INFO] [stdout] ...
[INFO] [stdout] 199 |                     1 => Input::Release(try!(d.read_enum_variant_arg(0, |d| Button::decode(d)))),
[INFO] [stdout]     |                                                                                     ^^^^^^ variant, associated function, or constant not found in `Button`
[INFO] [stdout]     |
[INFO] [stdout]     = help: items from traits can only be used if the trait is implemented and in scope
[INFO] [stdout]     = note: the following trait defines an item `decode`, perhaps you need to implement it:
[INFO] [stdout]             candidate #1: `Decodable`
[INFO] [stdout] 
[INFO] [stdout] 
[INFO] [stdout] error[E0599]: no variant, associated function, or constant named `decode` found for enum `Motion` in the current scope
[INFO] [stdout]    --> /opt/rustwide/cargo-home/registry/src/index.crates.io-1949cf8c6b5b557f/pistoncore-input-0.17.1/src/lib.rs:200:82
[INFO] [stdout]     |
[INFO] [stdout]  92 | pub enum Motion {
[INFO] [stdout]     | --------------- variant, associated function, or constant `decode` not found for this enum
[INFO] [stdout] ...
[INFO] [stdout] 200 |                     2 => Input::Move(try!(d.read_enum_variant_arg(0, |d| Motion::decode(d)))),
[INFO] [stdout]     |                                                                                  ^^^^^^ variant, associated function, or constant not found in `Motion`
[INFO] [stdout]     |
[INFO] [stdout]     = help: items from traits can only be used if the trait is implemented and in scope
[INFO] [stdout]     = note: the following trait defines an item `decode`, perhaps you need to implement it:
[INFO] [stdout]             candidate #1: `Decodable`
[INFO] [stdout] 
[INFO] [stdout] 
[INFO] [stdout] error[E0599]: no associated function or constant named `decode` found for struct `CloseArgs` in the current scope
[INFO] [stdout]    --> /opt/rustwide/cargo-home/registry/src/index.crates.io-1949cf8c6b5b557f/pistoncore-input-0.17.1/src/lib.rs:208:86
[INFO] [stdout]     |
[INFO] [stdout] 208 |                     7 => Input::Close(try!(d.read_enum_variant_arg(0, |d| CloseArgs::decode(d)))),
[INFO] [stdout]     |                                                                                      ^^^^^^ associated function or constant not found in `CloseArgs`
[INFO] [stdout]     |
[INFO] [stdout]    ::: /opt/rustwide/cargo-home/registry/src/index.crates.io-1949cf8c6b5b557f/pistoncore-input-0.17.1/src/close.rs:5:1
[INFO] [stdout]     |
[INFO] [stdout]   5 | pub struct CloseArgs;
[INFO] [stdout]     | -------------------- associated function or constant `decode` not found for this struct
[INFO] [stdout]     |
[INFO] [stdout]     = help: items from traits can only be used if the trait is implemented and in scope
[INFO] [stdout]     = note: the following trait defines an item `decode`, perhaps you need to implement it:
[INFO] [stdout]             candidate #1: `Decodable`
[INFO] [stdout] 
[INFO] [stdout] 
[INFO] [stdout] error[E0599]: no associated function or constant named `decode` found for struct `RenderArgs` in the current scope
[INFO] [stdout]    --> /opt/rustwide/cargo-home/registry/src/index.crates.io-1949cf8c6b5b557f/pistoncore-input-0.17.1/src/lib.rs:209:88
[INFO] [stdout]     |
[INFO] [stdout] 209 |                     8 => Input::Render(try!(d.read_enum_variant_arg(0, |d| RenderArgs::decode(d)))),
[INFO] [stdout]     |                                                                                        ^^^^^^ associated function or constant not found in `RenderArgs`
[INFO] [stdout]     |
[INFO] [stdout]    ::: /opt/rustwide/cargo-home/registry/src/index.crates.io-1949cf8c6b5b557f/pistoncore-input-0.17.1/src/render.rs:7:1
[INFO] [stdout]     |
[INFO] [stdout]   7 | pub struct RenderArgs {
[INFO] [stdout]     | --------------------- associated function or constant `decode` not found for this struct
[INFO] [stdout]     |
[INFO] [stdout]     = help: items from traits can only be used if the trait is implemented and in scope
[INFO] [stdout]     = note: the following trait defines an item `decode`, perhaps you need to implement it:
[INFO] [stdout]             candidate #1: `Decodable`
[INFO] [stdout] 
[INFO] [stdout] 
[INFO] [stderr]    Compiling serde_derive v1.0.193
[INFO] [stdout] error[E0599]: no associated function or constant named `decode` found for struct `AfterRenderArgs` in the current scope
[INFO] [stdout]    --> /opt/rustwide/cargo-home/registry/src/index.crates.io-1949cf8c6b5b557f/pistoncore-input-0.17.1/src/lib.rs:212:73
[INFO] [stdout]     |
[INFO] [stdout] 212 |                         d.read_enum_variant_arg(0, |d| AfterRenderArgs::decode(d))))
[INFO] [stdout]     |                                                                         ^^^^^^ associated function or constant not found in `AfterRenderArgs`
[INFO] [stdout]     |
[INFO] [stdout]    ::: /opt/rustwide/cargo-home/registry/src/index.crates.io-1949cf8c6b5b557f/pistoncore-input-0.17.1/src/after_render.rs:5:1
[INFO] [stdout]     |
[INFO] [stdout]   5 | pub struct AfterRenderArgs;
[INFO] [stdout]     | -------------------------- associated function or constant `decode` not found for this struct
[INFO] [stdout]     |
[INFO] [stdout]     = help: items from traits can only be used if the trait is implemented and in scope
[INFO] [stdout]     = note: the following trait defines an item `decode`, perhaps you need to implement it:
[INFO] [stdout]             candidate #1: `Decodable`
[INFO] [stdout] 
[INFO] [stdout] 
[INFO] [stdout] error[E0599]: no associated function or constant named `decode` found for struct `UpdateArgs` in the current scope
[INFO] [stdout]    --> /opt/rustwide/cargo-home/registry/src/index.crates.io-1949cf8c6b5b557f/pistoncore-input-0.17.1/src/lib.rs:215:87
[INFO] [stdout]     |
[INFO] [stdout] 215 |                         Input::Update(try!(d.read_enum_variant_arg(0, |d| UpdateArgs::decode(d))))
[INFO] [stdout]     |                                                                                       ^^^^^^ associated function or constant not found in `UpdateArgs`
[INFO] [stdout]     |
[INFO] [stdout]    ::: /opt/rustwide/cargo-home/registry/src/index.crates.io-1949cf8c6b5b557f/pistoncore-input-0.17.1/src/update.rs:5:1
[INFO] [stdout]     |
[INFO] [stdout]   5 | pub struct UpdateArgs {
[INFO] [stdout]     | --------------------- associated function or constant `decode` not found for this struct
[INFO] [stdout]     |
[INFO] [stdout]     = help: items from traits can only be used if the trait is implemented and in scope
[INFO] [stdout]     = note: the following trait defines an item `decode`, perhaps you need to implement it:
[INFO] [stdout]             candidate #1: `Decodable`
[INFO] [stdout] 
[INFO] [stdout] 
[INFO] [stderr]    Compiling gl v0.13.0
[INFO] [stdout] error[E0599]: no associated function or constant named `decode` found for struct `IdleArgs` in the current scope
[INFO] [stdout]    --> /opt/rustwide/cargo-home/registry/src/index.crates.io-1949cf8c6b5b557f/pistoncore-input-0.17.1/src/lib.rs:217:85
[INFO] [stdout]     |
[INFO] [stdout] 217 |                     11 => Input::Idle(try!(d.read_enum_variant_arg(0, |d| IdleArgs::decode(d)))),
[INFO] [stdout]     |                                                                                     ^^^^^^ associated function or constant not found in `IdleArgs`
[INFO] [stdout]     |
[INFO] [stdout]    ::: /opt/rustwide/cargo-home/registry/src/index.crates.io-1949cf8c6b5b557f/pistoncore-input-0.17.1/src/idle.rs:5:1
[INFO] [stdout]     |
[INFO] [stdout]   5 | pub struct IdleArgs {
[INFO] [stdout]     | ------------------- associated function or constant `decode` not found for this struct
[INFO] [stdout]     |
[INFO] [stdout]     = help: items from traits can only be used if the trait is implemented and in scope
[INFO] [stdout]     = note: the following trait defines an item `decode`, perhaps you need to implement it:
[INFO] [stdout]             candidate #1: `Decodable`
[INFO] [stdout] 
[INFO] [stdout] 
[INFO] [stdout] error[E0599]: the method `encode` exists for reference `&Button`, but its trait bounds were not satisfied
[INFO] [stdout]    --> /opt/rustwide/cargo-home/registry/src/index.crates.io-1949cf8c6b5b557f/pistoncore-input-0.17.1/src/lib.rs:232:79
[INFO] [stdout]     |
[INFO] [stdout]  81 | pub enum Button {
[INFO] [stdout]     | --------------- doesn't satisfy `Button: Encodable`
[INFO] [stdout] ...
[INFO] [stdout] 232 |                                     |s| s.emit_enum_variant_arg(0, |s| button.encode(s)))
[INFO] [stdout]     |                                                                               ^^^^^^ method cannot be called on `&Button` due to unsatisfied trait bounds
[INFO] [stdout]     |
[INFO] [stdout]     = note: the following trait bounds were not satisfied:
[INFO] [stdout]             `Button: Encodable`
[INFO] [stdout]             which is required by `&Button: Encodable`
[INFO] [stdout] note: the trait `Encodable` must be implemented
[INFO] [stdout]    --> /opt/rustwide/cargo-home/registry/src/index.crates.io-1949cf8c6b5b557f/rustc-serialize-0.3.25/src/serialize.rs:851:1
[INFO] [stdout]     |
[INFO] [stdout] 851 | pub trait Encodable {
[INFO] [stdout]     | ^^^^^^^^^^^^^^^^^^^
[INFO] [stdout]     = help: items from traits can only be used if the trait is implemented and in scope
[INFO] [stdout]     = note: the following trait defines an item `encode`, perhaps you need to implement it:
[INFO] [stdout]             candidate #1: `Encodable`
[INFO] [stdout] 
[INFO] [stdout] 
[INFO] [stdout] error[E0599]: the method `encode` exists for reference `&Button`, but its trait bounds were not satisfied
[INFO] [stdout]    --> /opt/rustwide/cargo-home/registry/src/index.crates.io-1949cf8c6b5b557f/pistoncore-input-0.17.1/src/lib.rs:238:79
[INFO] [stdout]     |
[INFO] [stdout]  81 | pub enum Button {
[INFO] [stdout]     | --------------- doesn't satisfy `Button: Encodable`
[INFO] [stdout] ...
[INFO] [stdout] 238 |                                     |s| s.emit_enum_variant_arg(0, |s| button.encode(s)))
[INFO] [stdout]     |                                                                               ^^^^^^ method cannot be called on `&Button` due to unsatisfied trait bounds
[INFO] [stdout]     |
[INFO] [stdout]     = note: the following trait bounds were not satisfied:
[INFO] [stdout]             `Button: Encodable`
[INFO] [stdout]             which is required by `&Button: Encodable`
[INFO] [stdout] note: the trait `Encodable` must be implemented
[INFO] [stdout]    --> /opt/rustwide/cargo-home/registry/src/index.crates.io-1949cf8c6b5b557f/rustc-serialize-0.3.25/src/serialize.rs:851:1
[INFO] [stdout]     |
[INFO] [stdout] 851 | pub trait Encodable {
[INFO] [stdout]     | ^^^^^^^^^^^^^^^^^^^
[INFO] [stdout]     = help: items from traits can only be used if the trait is implemented and in scope
[INFO] [stdout]     = note: the following trait defines an item `encode`, perhaps you need to implement it:
[INFO] [stdout]             candidate #1: `Encodable`
[INFO] [stdout] 
[INFO] [stdout] 
[INFO] [stdout] error[E0599]: the method `encode` exists for reference `&Motion`, but its trait bounds were not satisfied
[INFO] [stdout]    --> /opt/rustwide/cargo-home/registry/src/index.crates.io-1949cf8c6b5b557f/pistoncore-input-0.17.1/src/lib.rs:244:79
[INFO] [stdout]     |
[INFO] [stdout]  92 | pub enum Motion {
[INFO] [stdout]     | --------------- doesn't satisfy `Motion: Encodable`
[INFO] [stdout] ...
[INFO] [stdout] 244 |                                     |s| s.emit_enum_variant_arg(0, |s| motion.encode(s)))
[INFO] [stdout]     |                                                                               ^^^^^^ method cannot be called on `&Motion` due to unsatisfied trait bounds
[INFO] [stdout]     |
[INFO] [stdout]     = note: the following trait bounds were not satisfied:
[INFO] [stdout]             `Motion: Encodable`
[INFO] [stdout]             which is required by `&Motion: Encodable`
[INFO] [stdout] note: the trait `Encodable` must be implemented
[INFO] [stdout]    --> /opt/rustwide/cargo-home/registry/src/index.crates.io-1949cf8c6b5b557f/rustc-serialize-0.3.25/src/serialize.rs:851:1
[INFO] [stdout]     |
[INFO] [stdout] 851 | pub trait Encodable {
[INFO] [stdout]     | ^^^^^^^^^^^^^^^^^^^
[INFO] [stdout]     = help: items from traits can only be used if the trait is implemented and in scope
[INFO] [stdout]     = note: the following trait defines an item `encode`, perhaps you need to implement it:
[INFO] [stdout]             candidate #1: `Encodable`
[INFO] [stdout] 
[INFO] [stdout] 
[INFO] [stdout] error[E0599]: the method `encode` exists for reference `&CloseArgs`, but its trait bounds were not satisfied
[INFO] [stdout]    --> /opt/rustwide/cargo-home/registry/src/index.crates.io-1949cf8c6b5b557f/pistoncore-input-0.17.1/src/lib.rs:275:83
[INFO] [stdout]     |
[INFO] [stdout] 275 | ...                   |s| s.emit_enum_variant_arg(0, |s| close_args.encode(s)))
[INFO] [stdout]     |                                                                     ^^^^^^ method cannot be called on `&CloseArgs` due to unsatisfied trait bounds
[INFO] [stdout]     |
[INFO] [stdout]    ::: /opt/rustwide/cargo-home/registry/src/index.crates.io-1949cf8c6b5b557f/pistoncore-input-0.17.1/src/close.rs:5:1
[INFO] [stdout]     |
[INFO] [stdout]   5 | pub struct CloseArgs;
[INFO] [stdout]     | -------------------- doesn't satisfy `CloseArgs: Encodable`
[INFO] [stdout]     |
[INFO] [stdout]     = note: the following trait bounds were not satisfied:
[INFO] [stdout]             `CloseArgs: Encodable`
[INFO] [stdout]             which is required by `&CloseArgs: Encodable`
[INFO] [stdout] note: the trait `Encodable` must be implemented
[INFO] [stdout]    --> /opt/rustwide/cargo-home/registry/src/index.crates.io-1949cf8c6b5b557f/rustc-serialize-0.3.25/src/serialize.rs:851:1
[INFO] [stdout]     |
[INFO] [stdout] 851 | pub trait Encodable {
[INFO] [stdout]     | ^^^^^^^^^^^^^^^^^^^
[INFO] [stdout]     = help: items from traits can only be used if the trait is implemented and in scope
[INFO] [stdout]     = note: the following trait defines an item `encode`, perhaps you need to implement it:
[INFO] [stdout]             candidate #1: `Encodable`
[INFO] [stdout] 
[INFO] [stdout] 
[INFO] [stdout] error[E0599]: the method `encode` exists for reference `&RenderArgs`, but its trait bounds were not satisfied
[INFO] [stdout]    --> /opt/rustwide/cargo-home/registry/src/index.crates.io-1949cf8c6b5b557f/pistoncore-input-0.17.1/src/lib.rs:281:84
[INFO] [stdout]     |
[INFO] [stdout] 281 | ...                   |s| s.emit_enum_variant_arg(0, |s| render_args.encode(s)))
[INFO] [stdout]     |                                                                      ^^^^^^ method cannot be called on `&RenderArgs` due to unsatisfied trait bounds
[INFO] [stdout]     |
[INFO] [stdout]    ::: /opt/rustwide/cargo-home/registry/src/index.crates.io-1949cf8c6b5b557f/pistoncore-input-0.17.1/src/render.rs:7:1
[INFO] [stdout]     |
[INFO] [stdout]   7 | pub struct RenderArgs {
[INFO] [stdout]     | --------------------- doesn't satisfy `RenderArgs: Encodable`
[INFO] [stdout]     |
[INFO] [stdout]     = note: the following trait bounds were not satisfied:
[INFO] [stdout]             `RenderArgs: Encodable`
[INFO] [stdout]             which is required by `&RenderArgs: Encodable`
[INFO] [stdout] note: the trait `Encodable` must be implemented
[INFO] [stdout]    --> /opt/rustwide/cargo-home/registry/src/index.crates.io-1949cf8c6b5b557f/rustc-serialize-0.3.25/src/serialize.rs:851:1
[INFO] [stdout]     |
[INFO] [stdout] 851 | pub trait Encodable {
[INFO] [stdout]     | ^^^^^^^^^^^^^^^^^^^
[INFO] [stdout]     = help: items from traits can only be used if the trait is implemented and in scope
[INFO] [stdout]     = note: the following trait defines an item `encode`, perhaps you need to implement it:
[INFO] [stdout]             candidate #1: `Encodable`
[INFO] [stdout] 
[INFO] [stdout] 
[INFO] [stderr]    Compiling enum_primitive v0.1.1
[INFO] [stdout] error[E0599]: the method `encode` exists for reference `&AfterRenderArgs`, but its trait bounds were not satisfied
[INFO] [stdout]    --> /opt/rustwide/cargo-home/registry/src/index.crates.io-1949cf8c6b5b557f/pistoncore-input-0.17.1/src/lib.rs:287:90
[INFO] [stdout]     |
[INFO] [stdout] 287 | ...                   |s| s.emit_enum_variant_arg(0, |s| after_render_args.encode(s)))
[INFO] [stdout]     |                                                                            ^^^^^^ method cannot be called on `&AfterRenderArgs` due to unsatisfied trait bounds
[INFO] [stdout]     |
[INFO] [stdout]    ::: /opt/rustwide/cargo-home/registry/src/index.crates.io-1949cf8c6b5b557f/pistoncore-input-0.17.1/src/after_render.rs:5:1
[INFO] [stdout]     |
[INFO] [stdout]   5 | pub struct AfterRenderArgs;
[INFO] [stdout]     | -------------------------- doesn't satisfy `AfterRenderArgs: Encodable`
[INFO] [stdout]     |
[INFO] [stdout]     = note: the following trait bounds were not satisfied:
[INFO] [stdout]             `AfterRenderArgs: Encodable`
[INFO] [stdout]             which is required by `&AfterRenderArgs: Encodable`
[INFO] [stdout] note: the trait `Encodable` must be implemented
[INFO] [stdout]    --> /opt/rustwide/cargo-home/registry/src/index.crates.io-1949cf8c6b5b557f/rustc-serialize-0.3.25/src/serialize.rs:851:1
[INFO] [stdout]     |
[INFO] [stdout] 851 | pub trait Encodable {
[INFO] [stdout]     | ^^^^^^^^^^^^^^^^^^^
[INFO] [stdout]     = help: items from traits can only be used if the trait is implemented and in scope
[INFO] [stdout]     = note: the following trait defines an item `encode`, perhaps you need to implement it:
[INFO] [stdout]             candidate #1: `Encodable`
[INFO] [stdout] 
[INFO] [stdout] 
[INFO] [stdout] error[E0599]: the method `encode` exists for reference `&UpdateArgs`, but its trait bounds were not satisfied
[INFO] [stdout]    --> /opt/rustwide/cargo-home/registry/src/index.crates.io-1949cf8c6b5b557f/pistoncore-input-0.17.1/src/lib.rs:293:84
[INFO] [stdout]     |
[INFO] [stdout] 293 | ...                   |s| s.emit_enum_variant_arg(0, |s| update_args.encode(s)))
[INFO] [stdout]     |                                                                      ^^^^^^ method cannot be called on `&UpdateArgs` due to unsatisfied trait bounds
[INFO] [stdout]     |
[INFO] [stdout]    ::: /opt/rustwide/cargo-home/registry/src/index.crates.io-1949cf8c6b5b557f/pistoncore-input-0.17.1/src/update.rs:5:1
[INFO] [stdout]     |
[INFO] [stdout]   5 | pub struct UpdateArgs {
[INFO] [stdout]     | --------------------- doesn't satisfy `UpdateArgs: Encodable`
[INFO] [stdout]     |
[INFO] [stdout]     = note: the following trait bounds were not satisfied:
[INFO] [stdout]             `UpdateArgs: Encodable`
[INFO] [stdout]             which is required by `&UpdateArgs: Encodable`
[INFO] [stdout] note: the trait `Encodable` must be implemented
[INFO] [stdout]    --> /opt/rustwide/cargo-home/registry/src/index.crates.io-1949cf8c6b5b557f/rustc-serialize-0.3.25/src/serialize.rs:851:1
[INFO] [stdout]     |
[INFO] [stdout] 851 | pub trait Encodable {
[INFO] [stdout]     | ^^^^^^^^^^^^^^^^^^^
[INFO] [stdout]     = help: items from traits can only be used if the trait is implemented and in scope
[INFO] [stdout]     = note: the following trait defines an item `encode`, perhaps you need to implement it:
[INFO] [stdout]             candidate #1: `Encodable`
[INFO] [stdout] 
[INFO] [stdout] 
[INFO] [stdout] error[E0599]: the method `encode` exists for reference `&IdleArgs`, but its trait bounds were not satisfied
[INFO] [stdout]    --> /opt/rustwide/cargo-home/registry/src/index.crates.io-1949cf8c6b5b557f/pistoncore-input-0.17.1/src/lib.rs:299:82
[INFO] [stdout]     |
[INFO] [stdout] 299 | ...                   |s| s.emit_enum_variant_arg(0, |s| idle_args.encode(s)))
[INFO] [stdout]     |                                                                    ^^^^^^ method cannot be called on `&IdleArgs` due to unsatisfied trait bounds
[INFO] [stdout]     |
[INFO] [stdout]    ::: /opt/rustwide/cargo-home/registry/src/index.crates.io-1949cf8c6b5b557f/pistoncore-input-0.17.1/src/idle.rs:5:1
[INFO] [stdout]     |
[INFO] [stdout]   5 | pub struct IdleArgs {
[INFO] [stdout]     | ------------------- doesn't satisfy `IdleArgs: Encodable`
[INFO] [stdout]     |
[INFO] [stdout]     = note: the following trait bounds were not satisfied:
[INFO] [stdout]             `IdleArgs: Encodable`
[INFO] [stdout]             which is required by `&IdleArgs: Encodable`
[INFO] [stdout] note: the trait `Encodable` must be implemented
[INFO] [stdout]    --> /opt/rustwide/cargo-home/registry/src/index.crates.io-1949cf8c6b5b557f/rustc-serialize-0.3.25/src/serialize.rs:851:1
[INFO] [stdout]     |
[INFO] [stdout] 851 | pub trait Encodable {
[INFO] [stdout]     | ^^^^^^^^^^^^^^^^^^^
[INFO] [stdout]     = help: items from traits can only be used if the trait is implemented and in scope
[INFO] [stdout]     = note: the following trait defines an item `encode`, perhaps you need to implement it:
[INFO] [stdout]             candidate #1: `Encodable`
[INFO] [stdout] 
[INFO] [stdout] 
[INFO] [stderr]    Compiling gl v0.6.5
[INFO] [stdout] For more information about this error, try `rustc --explain E0599`.
[INFO] [stdout] 
[INFO] [stderr] error: could not compile `pistoncore-input` (lib) due to 44 previous errors
[INFO] [stderr] warning: build failed, waiting for other jobs to finish...
[INFO] running `Command { std: "docker" "inspect" "b9d534139f8020aaf3a63da58e738bef03179a058a3155da5d1ba6a277cbe349", kill_on_drop: false }`
[INFO] running `Command { std: "docker" "rm" "-f" "b9d534139f8020aaf3a63da58e738bef03179a058a3155da5d1ba6a277cbe349", kill_on_drop: false }`
[INFO] [stdout] b9d534139f8020aaf3a63da58e738bef03179a058a3155da5d1ba6a277cbe349
