[INFO] cloning repository https://github.com/jguhlin/toxicmethyl
[INFO] running `Command { std: "git" "-c" "credential.helper=" "-c" "credential.helper=/workspace/cargo-home/bin/git-credential-null" "clone" "--bare" "https://github.com/jguhlin/toxicmethyl" "/workspace/cache/git-repos/https%3A%2F%2Fgithub.com%2Fjguhlin%2Ftoxicmethyl", kill_on_drop: false }`
[INFO] [stderr] Cloning into bare repository '/workspace/cache/git-repos/https%3A%2F%2Fgithub.com%2Fjguhlin%2Ftoxicmethyl'...
[INFO] running `Command { std: "git" "rev-parse" "HEAD", kill_on_drop: false }`
[INFO] [stdout] 489cbf4cdd765df8924a36789455f8b48b12b47b
[INFO] testing jguhlin/toxicmethyl against 1.98.0-beta.1 for beta-1.98-2
[INFO] running `Command { std: "git" "clone" "/workspace/cache/git-repos/https%3A%2F%2Fgithub.com%2Fjguhlin%2Ftoxicmethyl" "/workspace/builds/worker-2-tc2/source", kill_on_drop: false }`
[INFO] [stderr] Cloning into '/workspace/builds/worker-2-tc2/source'...
[INFO] [stderr] done.
[INFO] started tweaking git repo https://github.com/jguhlin/toxicmethyl
[INFO] finished tweaking git repo https://github.com/jguhlin/toxicmethyl
[INFO] tweaked toml for git repo https://github.com/jguhlin/toxicmethyl written to /workspace/builds/worker-2-tc2/source/Cargo.toml
[INFO] validating manifest of git repo https://github.com/jguhlin/toxicmethyl on toolchain 1.98.0-beta.1
[INFO] running `Command { std: CARGO_HOME="/workspace/cargo-home" RUSTUP_HOME="/workspace/rustup-home" "/workspace/cargo-home/bin/cargo" "+1.98.0-beta.1" "metadata" "--manifest-path" "Cargo.toml" "--no-deps", kill_on_drop: false }`
[INFO] crate git repo https://github.com/jguhlin/toxicmethyl already has a lockfile, it will not be regenerated
[INFO] running `Command { std: CARGO_HOME="/workspace/cargo-home" RUSTUP_HOME="/workspace/rustup-home" "/workspace/cargo-home/bin/cargo" "+1.98.0-beta.1" "fetch" "--manifest-path" "Cargo.toml", kill_on_drop: false }`
[INFO] [stderr]     Updating crates.io index
[INFO] [stderr]      Locking 170 packages to latest compatible versions
[INFO] [stderr]       Adding ahash v0.8.12
[INFO] [stderr]       Adding android_system_properties v0.1.5
[INFO] [stderr]       Adding array-init-cursor v0.2.1
[INFO] [stderr]       Adding arrow-format v0.8.1
[INFO] [stderr]       Adding arrow2 v0.17.4
[INFO] [stderr]       Adding async-trait v0.1.89
[INFO] [stderr]       Adding atoi v2.0.0
[INFO] [stderr]       Adding autocfg v1.5.1
[INFO] [stderr]       Adding bitflags v2.13.0
[INFO] [stderr]       Adding bumpalo v3.20.3
[INFO] [stderr]       Adding bytemuck v1.25.1
[INFO] [stderr]       Adding bytemuck_derive v1.11.0
[INFO] [stderr]       Adding bytes v1.12.1
[INFO] [stderr]     Updating cc v1.0.79 -> v1.2.67
[INFO] [stderr]       Adding cfg-if v1.0.4
[INFO] [stderr]       Adding chrono v0.4.45
[INFO] [stderr]       Adding comfy-table v6.2.0
[INFO] [stderr]       Adding core-foundation-sys v0.8.7
[INFO] [stderr]       Adding crossbeam-channel v0.5.16
[INFO] [stderr]       Adding crossbeam-deque v0.8.7
[INFO] [stderr]       Adding crossbeam-epoch v0.9.20
[INFO] [stderr]       Adding crossbeam-utils v0.8.22
[INFO] [stderr]       Adding crossterm v0.26.1
[INFO] [stderr]       Adding crossterm_winapi v0.9.1
[INFO] [stderr]       Adding dirs v4.0.0
[INFO] [stderr]       Adding dirs-sys v0.3.7
[INFO] [stderr]       Adding dyn-clone v1.0.20
[INFO] [stderr]       Adding either v1.16.0
[INFO] [stderr]       Adding enum_dispatch v0.3.13
[INFO] [stderr]       Adding ethnum v1.5.3
[INFO] [stderr]       Adding fast-float v0.2.0
[INFO] [stderr]       Adding find-msvc-tools v0.1.9
[INFO] [stderr]       Adding foreign_vec v0.1.0
[INFO] [stderr]       Adding futures v0.3.32
[INFO] [stderr]       Adding futures-channel v0.3.32
[INFO] [stderr]       Adding futures-core v0.3.32
[INFO] [stderr]       Adding futures-executor v0.3.32
[INFO] [stderr]       Adding futures-io v0.3.32
[INFO] [stderr]       Adding futures-macro v0.3.32
[INFO] [stderr]       Adding futures-sink v0.3.32
[INFO] [stderr]       Adding futures-task v0.3.32
[INFO] [stderr]       Adding futures-util v0.3.32
[INFO] [stderr]       Adding getrandom v0.2.17
[INFO] [stderr]       Adding getrandom v0.3.4
[INFO] [stderr]       Adding getrandom v0.4.3
[INFO] [stderr]       Adding hash_hasher v2.0.4
[INFO] [stderr]       Adding hashbrown v0.12.3
[INFO] [stderr]       Adding hashbrown v0.13.2
[INFO] [stderr]       Adding iana-time-zone v0.1.65
[INFO] [stderr]       Adding iana-time-zone-haiku v0.1.2
[INFO] [stderr]       Adding indexmap v1.9.3
[INFO] [stderr]       Adding indoc v1.0.9
[INFO] [stderr]       Adding instant v0.1.13
[INFO] [stderr]     Updating jobserver v0.1.26 -> v0.1.35
[INFO] [stderr]       Adding js-sys v0.3.103
[INFO] [stderr]       Adding lexical v6.1.1
[INFO] [stderr]       Adding lexical-core v0.8.5
[INFO] [stderr]       Adding lexical-parse-float v0.8.5
[INFO] [stderr]       Adding lexical-parse-integer v0.8.6
[INFO] [stderr]       Adding lexical-util v0.8.5
[INFO] [stderr]       Adding lexical-write-float v0.8.5
[INFO] [stderr]       Adding lexical-write-integer v0.8.5
[INFO] [stderr]     Updating libc v0.2.146 -> v0.2.186
[INFO] [stderr]       Adding libm v0.2.16
[INFO] [stderr]       Adding libmimalloc-sys v0.1.49
[INFO] [stderr]       Adding libredox v0.1.18
[INFO] [stderr]       Adding lock_api v0.4.14
[INFO] [stderr]       Adding log v0.4.33
[INFO] [stderr]       Adding lz4 v1.28.1
[INFO] [stderr]       Adding lz4-sys v1.11.1+lz4-1.10.0
[INFO] [stderr]       Adding memmap2 v0.5.10
[INFO] [stderr]       Adding memoffset v0.8.0
[INFO] [stderr]       Adding mimalloc v0.1.52
[INFO] [stderr]       Adding mio v0.8.11
[INFO] [stderr]       Adding mio v1.2.2
[INFO] [stderr]       Adding multiversion v0.7.4
[INFO] [stderr]       Adding multiversion-macros v0.7.4
[INFO] [stderr]       Adding now v0.1.3
[INFO] [stderr]       Adding ntapi v0.4.3
[INFO] [stderr]       Adding num-traits v0.2.19
[INFO] [stderr]       Adding once_cell v1.21.4
[INFO] [stderr]       Adding parking_lot v0.11.2
[INFO] [stderr]       Adding parking_lot v0.12.5
[INFO] [stderr]       Adding parking_lot_core v0.8.6
[INFO] [stderr]       Adding parking_lot_core v0.9.12
[INFO] [stderr]       Adding pin-project-lite v0.2.17
[INFO] [stderr]       Adding pin-utils v0.1.0
[INFO] [stderr]     Updating pkg-config v0.3.27 -> v0.3.33
[INFO] [stderr]       Adding planus v0.3.1
[INFO] [stderr]       Adding polars v0.28.0 (available: v0.54.4)
[INFO] [stderr]       Adding polars-arrow v0.28.0
[INFO] [stderr]       Adding polars-core v0.28.0
[INFO] [stderr]       Adding polars-error v0.28.0
[INFO] [stderr]       Adding polars-io v0.28.0
[INFO] [stderr]       Adding polars-lazy v0.28.0
[INFO] [stderr]       Adding polars-ops v0.28.0
[INFO] [stderr]       Adding polars-pipe v0.28.0
[INFO] [stderr]       Adding polars-plan v0.28.0
[INFO] [stderr]       Adding polars-row v0.28.0
[INFO] [stderr]       Adding polars-time v0.28.0
[INFO] [stderr]       Adding polars-utils v0.28.0
[INFO] [stderr]       Adding ppv-lite86 v0.2.21
[INFO] [stderr]     Updating proc-macro2 v1.0.60 -> v1.0.106
[INFO] [stderr]       Adding pyo3 v0.18.3 (available: v0.29.0)
[INFO] [stderr]       Adding pyo3-build-config v0.18.3
[INFO] [stderr]       Adding pyo3-ffi v0.18.3
[INFO] [stderr]       Adding pyo3-macros v0.18.3
[INFO] [stderr]       Adding pyo3-macros-backend v0.18.3
[INFO] [stderr]       Adding pyo3-polars v0.2.1 (available: v0.27.0)
[INFO] [stderr]     Updating quote v1.0.28 -> v1.0.46
[INFO] [stderr]       Adding r-efi v5.3.0
[INFO] [stderr]       Adding r-efi v6.0.0
[INFO] [stderr]       Adding rand v0.8.7
[INFO] [stderr]       Adding rand_chacha v0.3.1
[INFO] [stderr]       Adding rand_core v0.6.4
[INFO] [stderr]       Adding rand_distr v0.4.3
[INFO] [stderr]       Adding rayon v1.12.0
[INFO] [stderr]       Adding rayon-core v1.13.0
[INFO] [stderr]       Adding redox_syscall v0.2.16
[INFO] [stderr]       Adding redox_syscall v0.5.18
[INFO] [stderr]       Adding redox_users v0.4.6
[INFO] [stderr]       Adding rustc_version v0.4.1
[INFO] [stderr]       Adding scopeguard v1.2.0
[INFO] [stderr]       Adding semver v1.0.28
[INFO] [stderr]       Adding serde v1.0.228
[INFO] [stderr]       Adding serde_core v1.0.228
[INFO] [stderr]       Adding serde_derive v1.0.228
[INFO] [stderr]       Adding shlex v2.0.1
[INFO] [stderr]       Adding signal-hook v0.3.18
[INFO] [stderr]       Adding signal-hook-mio v0.2.5
[INFO] [stderr]       Adding signal-hook-registry v1.4.8
[INFO] [stderr]       Adding simdutf8 v0.1.5
[INFO] [stderr]       Adding slab v0.4.12
[INFO] [stderr]       Adding smallvec v1.15.2
[INFO] [stderr]       Adding smartstring v1.0.1
[INFO] [stderr]       Adding socket2 v0.6.5
[INFO] [stderr]       Adding static_assertions v1.1.0
[INFO] [stderr]       Adding strength_reduce v0.2.4
[INFO] [stderr]       Adding strum v0.24.1
[INFO] [stderr]     Updating syn v2.0.18 -> v2.0.118
[INFO] [stderr]       Adding sysinfo v0.28.4
[INFO] [stderr]       Adding target-features v0.1.6
[INFO] [stderr]       Adding target-lexicon v0.12.16
[INFO] [stderr]       Adding tokio v1.52.3
[INFO] [stderr]       Adding unicode-width v0.1.14
[INFO] [stderr]       Adding unindent v0.1.11
[INFO] [stderr]       Adding version_check v0.9.5
[INFO] [stderr]       Adding wasi v0.11.1+wasi-snapshot-preview1
[INFO] [stderr]       Adding wasip2 v1.0.4+wasi-0.2.12
[INFO] [stderr]       Adding wasm-bindgen v0.2.126
[INFO] [stderr]       Adding wasm-bindgen-futures v0.4.76
[INFO] [stderr]       Adding wasm-bindgen-macro v0.2.126
[INFO] [stderr]       Adding wasm-bindgen-macro-support v0.2.126
[INFO] [stderr]       Adding wasm-bindgen-shared v0.2.126
[INFO] [stderr]       Adding wasm-timer v0.2.5
[INFO] [stderr]       Adding web-sys v0.3.103
[INFO] [stderr]       Adding windows-core v0.62.2
[INFO] [stderr]       Adding windows-implement v0.60.2
[INFO] [stderr]       Adding windows-interface v0.59.3
[INFO] [stderr]       Adding windows-link v0.2.1
[INFO] [stderr]       Adding windows-result v0.4.1
[INFO] [stderr]       Adding windows-strings v0.5.1
[INFO] [stderr]       Adding windows-sys v0.61.2
[INFO] [stderr]       Adding wit-bindgen v0.57.1
[INFO] [stderr]       Adding xxhash-rust v0.8.16
[INFO] [stderr]       Adding zerocopy v0.8.54
[INFO] [stderr]       Adding zerocopy-derive v0.8.54
[INFO] [stderr]       Adding zstd v0.12.4
[INFO] [stderr]       Adding zstd-safe v6.0.6
[INFO] [stderr]       Adding zstd-sys v2.0.16+zstd.1.5.7
[INFO] running `Command { std: "docker" "create" "-v" "/var/lib/crater-agent-workspace/builds/worker-2-tc2/source:/opt/rustwide/workdir:ro,Z" "-v" "/var/lib/crater-agent-workspace/builds/worker-2-tc2/target:/opt/rustwide/target:rw,Z" "-v" "/var/lib/crater-agent-workspace/cargo-home:/opt/rustwide/cargo-home:ro,Z" "-v" "/var/lib/crater-agent-workspace/rustup-home:/opt/rustwide/rustup-home:ro,Z" "-m" "1610612736" "--network" "none" "ghcr.io/rust-lang/crates-build-env/linux@sha256:3d5ced03c013a94a2f102a4510f48a6e9184255caf5fd8244f58017bde7f5210" "sleep" "infinity", kill_on_drop: false }`
[INFO] [stdout] 3d79ef3a34314e5bddb09cb7dbdf18197d63978b52693a86f12a906a46ea9219
[INFO] running `Command { std: "docker" "start" "3d79ef3a34314e5bddb09cb7dbdf18197d63978b52693a86f12a906a46ea9219", kill_on_drop: false }`
[INFO] running `Command { std: "docker" "inspect" "3d79ef3a34314e5bddb09cb7dbdf18197d63978b52693a86f12a906a46ea9219", kill_on_drop: false }`
[INFO] running `Command { std: "docker" "exec" "-e" "SOURCE_DIR=/opt/rustwide/workdir" "-e" "CARGO_HOME=/opt/rustwide/cargo-home" "-e" "RUSTUP_HOME=/opt/rustwide/rustup-home" "-e" "CARGO_TARGET_DIR=/opt/rustwide/target" "-w" "/opt/rustwide/workdir" "--user" "0:0" "3d79ef3a34314e5bddb09cb7dbdf18197d63978b52693a86f12a906a46ea9219" "/opt/rustwide/cargo-home/bin/cargo" "+1.98.0-beta.1" "metadata" "--no-deps" "--format-version=1", kill_on_drop: false }`
[INFO] running `Command { std: "docker" "inspect" "3d79ef3a34314e5bddb09cb7dbdf18197d63978b52693a86f12a906a46ea9219", kill_on_drop: false }`
[INFO] running `Command { std: "docker" "exec" "-e" "SOURCE_DIR=/opt/rustwide/workdir" "-e" "CARGO_HOME=/opt/rustwide/cargo-home" "-e" "RUSTUP_HOME=/opt/rustwide/rustup-home" "-e" "CARGO_TARGET_DIR=/opt/rustwide/target" "-e" "CARGO_INCREMENTAL=0" "-e" "RUST_BACKTRACE=full" "-e" "RUSTFLAGS=--cap-lints=warn" "-e" "RUSTDOCFLAGS=--cap-lints=warn" "-w" "/opt/rustwide/workdir" "--user" "0:0" "3d79ef3a34314e5bddb09cb7dbdf18197d63978b52693a86f12a906a46ea9219" "/opt/rustwide/cargo-home/bin/cargo" "+1.98.0-beta.1" "build" "--frozen" "--message-format=json", kill_on_drop: false }`
[INFO] [stderr]    Compiling libc v0.2.186
[INFO] [stderr]    Compiling shlex v2.0.1
[INFO] [stderr]    Compiling unicode-ident v1.0.9
[INFO] [stderr]    Compiling quote v1.0.46
[INFO] [stderr]    Compiling autocfg v1.5.1
[INFO] [stderr]    Compiling syn v1.0.109
[INFO] [stderr]    Compiling memchr v2.5.0
[INFO] [stderr]    Compiling zerocopy v0.8.54
[INFO] [stderr]    Compiling libm v0.2.16
[INFO] [stderr]    Compiling crossbeam-utils v0.8.22
[INFO] [stderr]    Compiling lexical-util v0.8.5
[INFO] [stderr]    Compiling crossbeam-epoch v0.9.20
[INFO] [stderr]    Compiling crossbeam-deque v0.8.7
[INFO] [stderr]    Compiling serde_core v1.0.228
[INFO] [stderr]    Compiling getrandom v0.3.4
[INFO] [stderr]    Compiling futures-core v0.3.32
[INFO] [stderr]    Compiling proc-macro2 v1.0.106
[INFO] [stderr]    Compiling futures-sink v0.3.32
[INFO] [stderr]    Compiling target-features v0.1.6
[INFO] [stderr]    Compiling ahash v0.8.12
[INFO] [stderr]    Compiling zstd-safe v6.0.6
[INFO] [stderr]    Compiling either v1.16.0
[INFO] [stderr]    Compiling thiserror v1.0.40
[INFO] [stderr]    Compiling futures-channel v0.3.32
[INFO] [stderr]    Compiling semver v1.0.28
[INFO] [stderr]    Compiling serde v1.0.228
[INFO] [stderr]    Compiling rayon-core v1.13.0
[INFO] [stderr]    Compiling regex-syntax v0.7.2
[INFO] [stderr]    Compiling rustc_version v0.4.1
[INFO] [stderr]    Compiling rustversion v1.0.12
[INFO] [stderr]    Compiling array-init-cursor v0.2.1
[INFO] [stderr]    Compiling errno v0.3.1
[INFO] [stderr]    Compiling signal-hook v0.3.18
[INFO] [stderr]    Compiling planus v0.3.1
[INFO] [stderr]    Compiling smallvec v1.15.2
[INFO] [stderr]    Compiling lexical-parse-integer v0.8.6
[INFO] [stderr]    Compiling lexical-write-integer v0.8.5
[INFO] [stderr]    Compiling num-traits v0.2.19
[INFO] [stderr]    Compiling syn v2.0.118
[INFO] [stderr]    Compiling lexical-parse-float v0.8.5
[INFO] [stderr]    Compiling parking_lot_core v0.9.12
[INFO] [stderr]    Compiling aho-corasick v1.0.2
[INFO] [stderr]    Compiling lexical-write-float v0.8.5
[INFO] [stderr]    Compiling arrow2 v0.17.4
[INFO] [stderr]    Compiling smartstring v1.0.1
[INFO] [stderr]    Compiling signal-hook-registry v1.4.8
[INFO] [stderr]    Compiling getrandom v0.2.17
[INFO] [stderr]    Compiling foreign_vec v0.1.0
[INFO] [stderr]    Compiling log v0.4.33
[INFO] [stderr]    Compiling ethnum v1.5.3
[INFO] [stderr]    Compiling heck v0.4.1
[INFO] [stderr]    Compiling strength_reduce v0.2.4
[INFO] [stderr]    Compiling simdutf8 v0.1.5
[INFO] [stderr]    Compiling hash_hasher v2.0.4
[INFO] [stderr]    Compiling rand_core v0.6.4
[INFO] [stderr]    Compiling mio v0.8.11
[INFO] [stderr]    Compiling parking_lot v0.12.5
[INFO] [stderr]    Compiling jobserver v0.1.35
[INFO] [stderr]    Compiling lexical-core v0.8.5
[INFO] [stderr]    Compiling target-lexicon v0.12.16
[INFO] [stderr]    Compiling chrono v0.4.45
[INFO] [stderr]    Compiling indexmap v1.9.3
[INFO] [stderr]    Compiling sysinfo v0.28.4
[INFO] [stderr]    Compiling unicode-width v0.1.14
[INFO] [stderr]    Compiling hashbrown v0.12.3
[INFO] [stderr]    Compiling cc v1.2.67
[INFO] [stderr]    Compiling signal-hook-mio v0.2.5
[INFO] [stderr]    Compiling crossterm v0.26.1
[INFO] [stderr]    Compiling strum v0.24.1
[INFO] [stderr]    Compiling xxhash-rust v0.8.16
[INFO] [stderr]    Compiling atoi v2.0.0
[INFO] [stderr]    Compiling rayon v1.12.0
[INFO] [stderr]    Compiling dirs-sys v0.3.7
[INFO] [stderr]    Compiling pyo3-build-config v0.18.3
[INFO] [stderr]    Compiling mio v1.2.2
[INFO] [stderr]    Compiling socket2 v0.6.5
[INFO] [stderr]    Compiling glob v0.3.1
[INFO] [stderr]    Compiling regex v1.8.4
[INFO] [stderr]    Compiling openssl-src v111.26.0+1.1.1u
[INFO] [stderr]    Compiling cmake v0.1.50
[INFO] [stderr]    Compiling io-lifetimes v1.0.11
[INFO] [stderr]    Compiling tokio v1.52.3
[INFO] [stderr]    Compiling now v0.1.3
[INFO] [stderr]    Compiling dirs v4.0.0
[INFO] [stderr]    Compiling lexical v6.1.1
[INFO] [stderr]    Compiling memmap2 v0.5.10
[INFO] [stderr]    Compiling rustix v0.37.20
[INFO] [stderr]    Compiling bytes v1.12.1
[INFO] [stderr]    Compiling fast-float v0.2.0
[INFO] [stderr]    Compiling semver v0.1.20
[INFO] [stderr]    Compiling zstd-sys v2.0.16+zstd.1.5.7
[INFO] [stderr]    Compiling lz4-sys v1.11.1+lz4-1.10.0
[INFO] [stderr]    Compiling openssl-sys v0.9.88
[INFO] [stderr]    Compiling libz-sys v1.1.9
[INFO] [stderr]    Compiling lzma-sys v0.1.20
[INFO] [stderr]    Compiling bzip2-sys v0.1.11+1.0.8
[INFO] [stderr]    Compiling curl-sys v0.4.63+curl-8.1.2
[INFO] [stderr]    Compiling quick-error v1.2.3
[INFO] [stderr]    Compiling linux-raw-sys v0.3.8
[INFO] [stderr]    Compiling tinyvec v1.6.0
[INFO] [stderr]    Compiling fs-utils v1.1.4
[INFO] [stderr]    Compiling pyo3-ffi v0.18.3
[INFO] [stderr]    Compiling rustc_version v0.1.7
[INFO] [stderr]    Compiling ppv-lite86 v0.2.21
[INFO] [stderr]    Compiling hashbrown v0.13.2
[INFO] [stderr]    Compiling polars-utils v0.28.0
[INFO] [stderr]    Compiling crossbeam-channel v0.5.16
[INFO] [stderr]    Compiling memoffset v0.8.0
[INFO] [stderr]    Compiling utf8parse v0.2.1
[INFO] [stderr]    Compiling anstyle-parse v0.2.0
[INFO] [stderr]    Compiling unicode-normalization v0.1.22
[INFO] [stderr]    Compiling pyo3-macros-backend v0.18.3
[INFO] [stderr]    Compiling newtype_derive v0.1.6
[INFO] [stderr]    Compiling rand_chacha v0.3.1
[INFO] [stderr]    Compiling hts-sys v2.1.1
[INFO] [stderr]    Compiling pyo3 v0.18.3
[INFO] [stderr]    Compiling libmimalloc-sys v0.1.49
[INFO] [stderr]    Compiling polars v0.28.0
[INFO] [stderr]    Compiling rand v0.8.7
[INFO] [stderr]    Compiling anstyle v1.0.0
[INFO] [stderr]    Compiling percent-encoding v2.3.0
[INFO] [stderr]    Compiling colorchoice v1.0.0
[INFO] [stderr]    Compiling anstyle-query v1.0.0
[INFO] [stderr]    Compiling unicode-bidi v0.3.13
[INFO] [stderr]    Compiling form_urlencoded v1.2.0
[INFO] [stderr]    Compiling clap_lex v0.5.0
[INFO] [stderr]    Compiling lazy_static v1.4.0
[INFO] [stderr]    Compiling is-terminal v0.4.7
[INFO] [stderr]    Compiling futures-macro v0.3.32
[INFO] [stderr]    Compiling serde_derive v1.0.228
[INFO] [stderr]    Compiling thiserror-impl v1.0.40
[INFO] [stderr]    Compiling bytemuck_derive v1.11.0
[INFO] [stderr]    Compiling async-trait v0.1.89
[INFO] [stderr]    Compiling enum_dispatch v0.3.13
[INFO] [stderr]    Compiling rand_distr v0.4.3
[INFO] [stderr]    Compiling idna v0.4.0
[INFO] [stderr]    Compiling futures-util v0.3.32
[INFO] [stderr]    Compiling multiversion-macros v0.7.4
[INFO] [stderr]    Compiling strum_macros v0.24.3
[INFO] [stderr]    Compiling derive-new v0.5.9
[INFO] [stderr]    Compiling anstream v0.3.2
[INFO] [stderr]    Compiling unindent v0.1.11
[INFO] [stderr]    Compiling indoc v1.0.9
[INFO] [stderr]    Compiling strsim v0.10.0
[INFO] [stderr]    Compiling url v2.4.0
[INFO] [stderr]    Compiling bytemuck v1.25.1
[INFO] [stderr]    Compiling clap_builder v4.3.4
[INFO] [stderr]    Compiling linear-map v1.2.0
[INFO] [stderr]    Compiling ieee754 v0.2.6
[INFO] [stderr]    Compiling custom_derive v0.1.7
[INFO] [stderr]    Compiling byteorder v1.4.3
[INFO] [stderr]    Compiling mimalloc v0.1.52
[INFO] [stderr]    Compiling multiversion v0.7.4
[INFO] [stderr]    Compiling pyo3-macros v0.18.3
[INFO] [stderr]    Compiling comfy-table v6.2.0
[INFO] [stderr]    Compiling bio-types v1.0.0
[INFO] [stderr]    Compiling futures-executor v0.3.32
[INFO] [stderr]    Compiling clap v4.3.4
[INFO] [stderr]    Compiling futures v0.3.32
[INFO] [stderr]    Compiling arrow-format v0.8.1
[INFO] [stderr]    Compiling zstd v0.12.4
[INFO] [stderr]    Compiling lz4 v1.28.1
[INFO] [stderr]    Compiling rust-htslib v0.41.1
[INFO] [stderr]    Compiling polars-error v0.28.0
[INFO] [stderr]    Compiling polars-row v0.28.0
[INFO] [stderr]    Compiling polars-arrow v0.28.0
[INFO] [stdout] error[E0034]: multiple applicable items in scope
[INFO] [stdout]   --> /opt/rustwide/cargo-home/registry/src/index.crates.io-1949cf8c6b5b557f/polars-arrow-0.28.0/src/array/get.rs:31:17
[INFO] [stdout]    |
[INFO] [stdout] 31 |         if self.is_null_unchecked(item) {
[INFO] [stdout]    |                 ^^^^^^^^^^^^^^^^^ multiple `is_null_unchecked` found
[INFO] [stdout]    |
[INFO] [stdout] note: candidate #1 is defined in an impl of the trait `IsValid` for the type `A`
[INFO] [stdout]   --> /opt/rustwide/cargo-home/registry/src/index.crates.io-1949cf8c6b5b557f/polars-arrow-0.28.0/src/is_valid.rs:31:5
[INFO] [stdout]    |
[INFO] [stdout] 31 |     unsafe fn is_null_unchecked(&self, i: usize) -> bool {
[INFO] [stdout]    |     ^^^^^^^^^^^^^^^^^^^^^^^^^^^^^^^^^^^^^^^^^^^^^^^^^^^^
[INFO] [stdout]    = note: candidate #2 is defined in an impl of the trait `arrow2::array::Array` for the type `arrow2::array::PrimitiveArray<T>`
[INFO] [stdout] help: disambiguate the method for candidate #1
[INFO] [stdout]    |
[INFO] [stdout] 31 -         if self.is_null_unchecked(item) {
[INFO] [stdout] 31 +         if IsValid::is_null_unchecked(&self, item) {
[INFO] [stdout]    |
[INFO] [stdout] help: disambiguate the method for candidate #2
[INFO] [stdout]    |
[INFO] [stdout] 31 -         if self.is_null_unchecked(item) {
[INFO] [stdout] 31 +         if arrow2::array::Array::is_null_unchecked(&self, item) {
[INFO] [stdout]    |
[INFO] [stdout] 
[INFO] [stdout] 
[INFO] [stdout] error[E0034]: multiple applicable items in scope
[INFO] [stdout]   --> /opt/rustwide/cargo-home/registry/src/index.crates.io-1949cf8c6b5b557f/polars-arrow-0.28.0/src/array/get.rs:54:17
[INFO] [stdout]    |
[INFO] [stdout] 54 |         if self.is_null_unchecked(item) {
[INFO] [stdout]    |                 ^^^^^^^^^^^^^^^^^ multiple `is_null_unchecked` found
[INFO] [stdout]    |
[INFO] [stdout] note: candidate #1 is defined in an impl of the trait `IsValid` for the type `A`
[INFO] [stdout]   --> /opt/rustwide/cargo-home/registry/src/index.crates.io-1949cf8c6b5b557f/polars-arrow-0.28.0/src/is_valid.rs:31:5
[INFO] [stdout]    |
[INFO] [stdout] 31 |     unsafe fn is_null_unchecked(&self, i: usize) -> bool {
[INFO] [stdout]    |     ^^^^^^^^^^^^^^^^^^^^^^^^^^^^^^^^^^^^^^^^^^^^^^^^^^^^
[INFO] [stdout]    = note: candidate #2 is defined in an impl of the trait `arrow2::array::Array` for the type `arrow2::array::BooleanArray`
[INFO] [stdout] help: disambiguate the method for candidate #1
[INFO] [stdout]    |
[INFO] [stdout] 54 -         if self.is_null_unchecked(item) {
[INFO] [stdout] 54 +         if IsValid::is_null_unchecked(&self, item) {
[INFO] [stdout]    |
[INFO] [stdout] help: disambiguate the method for candidate #2
[INFO] [stdout]    |
[INFO] [stdout] 54 -         if self.is_null_unchecked(item) {
[INFO] [stdout] 54 +         if arrow2::array::Array::is_null_unchecked(&self, item) {
[INFO] [stdout]    |
[INFO] [stdout] 
[INFO] [stdout] 
[INFO] [stdout] error[E0034]: multiple applicable items in scope
[INFO] [stdout]   --> /opt/rustwide/cargo-home/registry/src/index.crates.io-1949cf8c6b5b557f/polars-arrow-0.28.0/src/array/get.rs:77:17
[INFO] [stdout]    |
[INFO] [stdout] 77 |         if self.is_null_unchecked(item) {
[INFO] [stdout]    |                 ^^^^^^^^^^^^^^^^^ multiple `is_null_unchecked` found
[INFO] [stdout]    |
[INFO] [stdout] note: candidate #1 is defined in an impl of the trait `IsValid` for the type `A`
[INFO] [stdout]   --> /opt/rustwide/cargo-home/registry/src/index.crates.io-1949cf8c6b5b557f/polars-arrow-0.28.0/src/is_valid.rs:31:5
[INFO] [stdout]    |
[INFO] [stdout] 31 |     unsafe fn is_null_unchecked(&self, i: usize) -> bool {
[INFO] [stdout]    |     ^^^^^^^^^^^^^^^^^^^^^^^^^^^^^^^^^^^^^^^^^^^^^^^^^^^^
[INFO] [stdout]    = note: candidate #2 is defined in an impl of the trait `arrow2::array::Array` for the type `arrow2::array::Utf8Array<O>`
[INFO] [stdout] help: disambiguate the method for candidate #1
[INFO] [stdout]    |
[INFO] [stdout] 77 -         if self.is_null_unchecked(item) {
[INFO] [stdout] 77 +         if IsValid::is_null_unchecked(&self, item) {
[INFO] [stdout]    |
[INFO] [stdout] help: disambiguate the method for candidate #2
[INFO] [stdout]    |
[INFO] [stdout] 77 -         if self.is_null_unchecked(item) {
[INFO] [stdout] 77 +         if arrow2::array::Array::is_null_unchecked(&self, item) {
[INFO] [stdout]    |
[INFO] [stdout] 
[INFO] [stdout] 
[INFO] [stdout] error[E0034]: multiple applicable items in scope
[INFO] [stdout]    --> /opt/rustwide/cargo-home/registry/src/index.crates.io-1949cf8c6b5b557f/polars-arrow-0.28.0/src/array/get.rs:100:17
[INFO] [stdout]     |
[INFO] [stdout] 100 |         if self.is_null_unchecked(item) {
[INFO] [stdout]     |                 ^^^^^^^^^^^^^^^^^ multiple `is_null_unchecked` found
[INFO] [stdout]     |
[INFO] [stdout] note: candidate #1 is defined in an impl of the trait `IsValid` for the type `A`
[INFO] [stdout]    --> /opt/rustwide/cargo-home/registry/src/index.crates.io-1949cf8c6b5b557f/polars-arrow-0.28.0/src/is_valid.rs:31:5
[INFO] [stdout]     |
[INFO] [stdout]  31 |     unsafe fn is_null_unchecked(&self, i: usize) -> bool {
[INFO] [stdout]     |     ^^^^^^^^^^^^^^^^^^^^^^^^^^^^^^^^^^^^^^^^^^^^^^^^^^^^
[INFO] [stdout]     = note: candidate #2 is defined in an impl of the trait `arrow2::array::Array` for the type `arrow2::array::BinaryArray<O>`
[INFO] [stdout] help: disambiguate the method for candidate #1
[INFO] [stdout]     |
[INFO] [stdout] 100 -         if self.is_null_unchecked(item) {
[INFO] [stdout] 100 +         if IsValid::is_null_unchecked(&self, item) {
[INFO] [stdout]     |
[INFO] [stdout] help: disambiguate the method for candidate #2
[INFO] [stdout]     |
[INFO] [stdout] 100 -         if self.is_null_unchecked(item) {
[INFO] [stdout] 100 +         if arrow2::array::Array::is_null_unchecked(&self, item) {
[INFO] [stdout]     |
[INFO] [stdout] 
[INFO] [stdout] 
[INFO] [stdout] error[E0034]: multiple applicable items in scope
[INFO] [stdout]    --> /opt/rustwide/cargo-home/registry/src/index.crates.io-1949cf8c6b5b557f/polars-arrow-0.28.0/src/array/get.rs:124:17
[INFO] [stdout]     |
[INFO] [stdout] 124 |         if self.is_null_unchecked(item) {
[INFO] [stdout]     |                 ^^^^^^^^^^^^^^^^^ multiple `is_null_unchecked` found
[INFO] [stdout]     |
[INFO] [stdout] note: candidate #1 is defined in an impl of the trait `IsValid` for the type `A`
[INFO] [stdout]    --> /opt/rustwide/cargo-home/registry/src/index.crates.io-1949cf8c6b5b557f/polars-arrow-0.28.0/src/is_valid.rs:31:5
[INFO] [stdout]     |
[INFO] [stdout]  31 |     unsafe fn is_null_unchecked(&self, i: usize) -> bool {
[INFO] [stdout]     |     ^^^^^^^^^^^^^^^^^^^^^^^^^^^^^^^^^^^^^^^^^^^^^^^^^^^^
[INFO] [stdout]     = note: candidate #2 is defined in an impl of the trait `arrow2::array::Array` for the type `arrow2::array::ListArray<O>`
[INFO] [stdout] help: disambiguate the method for candidate #1
[INFO] [stdout]     |
[INFO] [stdout] 124 -         if self.is_null_unchecked(item) {
[INFO] [stdout] 124 +         if IsValid::is_null_unchecked(&self, item) {
[INFO] [stdout]     |
[INFO] [stdout] help: disambiguate the method for candidate #2
[INFO] [stdout]     |
[INFO] [stdout] 124 -         if self.is_null_unchecked(item) {
[INFO] [stdout] 124 +         if arrow2::array::Array::is_null_unchecked(&self, item) {
[INFO] [stdout]     |
[INFO] [stdout] 
[INFO] [stdout] 
[INFO] [stdout] For more information about this error, try `rustc --explain E0034`.
[INFO] [stdout] 
[INFO] [stderr] error: could not compile `polars-arrow` (lib) due to 5 previous errors
[INFO] [stderr] warning: build failed, waiting for other jobs to finish...
[INFO] running `Command { std: "docker" "inspect" "3d79ef3a34314e5bddb09cb7dbdf18197d63978b52693a86f12a906a46ea9219", kill_on_drop: false }`
[INFO] running `Command { std: "docker" "rm" "-f" "3d79ef3a34314e5bddb09cb7dbdf18197d63978b52693a86f12a906a46ea9219", kill_on_drop: false }`
[INFO] [stdout] 3d79ef3a34314e5bddb09cb7dbdf18197d63978b52693a86f12a906a46ea9219
