[INFO] cloning repository https://github.com/jeromychu23/hello-rust
[INFO] running `Command { std: "git" "-c" "credential.helper=" "-c" "credential.helper=/workspace/cargo-home/bin/git-credential-null" "clone" "--bare" "https://github.com/jeromychu23/hello-rust" "/workspace/cache/git-repos/https%3A%2F%2Fgithub.com%2Fjeromychu23%2Fhello-rust", kill_on_drop: false }`
[INFO] [stderr] Cloning into bare repository '/workspace/cache/git-repos/https%3A%2F%2Fgithub.com%2Fjeromychu23%2Fhello-rust'...
[INFO] running `Command { std: "git" "rev-parse" "HEAD", kill_on_drop: false }`
[INFO] [stdout] fdff1f4622a0437e924d22449a11efe80f492163
[INFO] testing jeromychu23/hello-rust against 1.97.0-beta.6 for beta-1.98-2
[INFO] running `Command { std: "git" "clone" "/workspace/cache/git-repos/https%3A%2F%2Fgithub.com%2Fjeromychu23%2Fhello-rust" "/workspace/builds/worker-1-tc1/source", kill_on_drop: false }`
[INFO] [stderr] Cloning into '/workspace/builds/worker-1-tc1/source'...
[INFO] [stderr] done.
[INFO] started tweaking git repo https://github.com/jeromychu23/hello-rust
[INFO] finished tweaking git repo https://github.com/jeromychu23/hello-rust
[INFO] tweaked toml for git repo https://github.com/jeromychu23/hello-rust written to /workspace/builds/worker-1-tc1/source/Cargo.toml
[INFO] validating manifest of git repo https://github.com/jeromychu23/hello-rust on toolchain 1.97.0-beta.6
[INFO] running `Command { std: CARGO_HOME="/workspace/cargo-home" RUSTUP_HOME="/workspace/rustup-home" "/workspace/cargo-home/bin/cargo" "+1.97.0-beta.6" "metadata" "--manifest-path" "Cargo.toml" "--no-deps", kill_on_drop: false }`
[INFO] crate git repo https://github.com/jeromychu23/hello-rust already has a lockfile, it will not be regenerated
[INFO] running `Command { std: CARGO_HOME="/workspace/cargo-home" RUSTUP_HOME="/workspace/rustup-home" "/workspace/cargo-home/bin/cargo" "+1.97.0-beta.6" "fetch" "--manifest-path" "Cargo.toml", kill_on_drop: false }`
[INFO] [stderr]  Downloading crates ...
[INFO] [stderr]   Downloaded pyo3-macros v0.27.2
[INFO] [stderr]   Downloaded pyo3-build-config v0.27.2
[INFO] [stderr]   Downloaded pyo3-macros-backend v0.27.2
[INFO] [stderr]   Downloaded unindent v0.2.4
[INFO] [stderr]   Downloaded pyo3-ffi v0.27.2
[INFO] [stderr]   Downloaded pyo3 v0.27.2
[INFO] running `Command { std: "docker" "create" "-v" "/var/lib/crater-agent-workspace/builds/worker-1-tc1/source:/opt/rustwide/workdir:ro,Z" "-v" "/var/lib/crater-agent-workspace/builds/worker-1-tc1/target:/opt/rustwide/target:rw,Z" "-v" "/var/lib/crater-agent-workspace/cargo-home:/opt/rustwide/cargo-home:ro,Z" "-v" "/var/lib/crater-agent-workspace/rustup-home:/opt/rustwide/rustup-home:ro,Z" "-m" "1610612736" "--network" "none" "ghcr.io/rust-lang/crates-build-env/linux@sha256:3d5ced03c013a94a2f102a4510f48a6e9184255caf5fd8244f58017bde7f5210" "sleep" "infinity", kill_on_drop: false }`
[INFO] [stdout] c9b18b8ac24e9370f6556e9b37c76c36ac995c97a2330e257e6be7673f66ce79
[INFO] running `Command { std: "docker" "start" "c9b18b8ac24e9370f6556e9b37c76c36ac995c97a2330e257e6be7673f66ce79", kill_on_drop: false }`
[INFO] running `Command { std: "docker" "inspect" "c9b18b8ac24e9370f6556e9b37c76c36ac995c97a2330e257e6be7673f66ce79", kill_on_drop: false }`
[INFO] running `Command { std: "docker" "exec" "-e" "SOURCE_DIR=/opt/rustwide/workdir" "-e" "CARGO_HOME=/opt/rustwide/cargo-home" "-e" "RUSTUP_HOME=/opt/rustwide/rustup-home" "-e" "CARGO_TARGET_DIR=/opt/rustwide/target" "-w" "/opt/rustwide/workdir" "--user" "0:0" "c9b18b8ac24e9370f6556e9b37c76c36ac995c97a2330e257e6be7673f66ce79" "/opt/rustwide/cargo-home/bin/cargo" "+1.97.0-beta.6" "metadata" "--no-deps" "--format-version=1", kill_on_drop: false }`
[INFO] running `Command { std: "docker" "inspect" "c9b18b8ac24e9370f6556e9b37c76c36ac995c97a2330e257e6be7673f66ce79", kill_on_drop: false }`
[INFO] running `Command { std: "docker" "exec" "-e" "SOURCE_DIR=/opt/rustwide/workdir" "-e" "CARGO_HOME=/opt/rustwide/cargo-home" "-e" "RUSTUP_HOME=/opt/rustwide/rustup-home" "-e" "CARGO_TARGET_DIR=/opt/rustwide/target" "-e" "CARGO_INCREMENTAL=0" "-e" "RUST_BACKTRACE=full" "-e" "RUSTFLAGS=--cap-lints=warn" "-e" "RUSTDOCFLAGS=--cap-lints=warn" "-w" "/opt/rustwide/workdir" "--user" "0:0" "c9b18b8ac24e9370f6556e9b37c76c36ac995c97a2330e257e6be7673f66ce79" "/opt/rustwide/cargo-home/bin/cargo" "+1.97.0-beta.6" "build" "--frozen" "--message-format=json", kill_on_drop: false }`
[INFO] [stderr]    Compiling target-lexicon v0.13.5
[INFO] [stderr]    Compiling proc-macro2 v1.0.106
[INFO] [stderr]    Compiling quote v1.0.44
[INFO] [stderr]    Compiling libc v0.2.182
[INFO] [stderr]    Compiling unindent v0.2.4
[INFO] [stderr]    Compiling memoffset v0.9.1
[INFO] [stderr]    Compiling pyo3-build-config v0.27.2
[INFO] [stderr]    Compiling syn v2.0.117
[INFO] [stderr]    Compiling pyo3-macros-backend v0.27.2
[INFO] [stderr]    Compiling pyo3-ffi v0.27.2
[INFO] [stderr]    Compiling pyo3 v0.27.2
[INFO] [stderr]    Compiling pyo3-macros v0.27.2
[INFO] [stderr]    Compiling hello_rust v0.1.6 (/opt/rustwide/workdir)
[INFO] [stderr]     Finished `dev` profile [unoptimized + debuginfo] target(s) in 19.42s
[INFO] running `Command { std: "docker" "inspect" "c9b18b8ac24e9370f6556e9b37c76c36ac995c97a2330e257e6be7673f66ce79", kill_on_drop: false }`
[INFO] running `Command { std: "docker" "exec" "-e" "SOURCE_DIR=/opt/rustwide/workdir" "-e" "CARGO_HOME=/opt/rustwide/cargo-home" "-e" "RUSTUP_HOME=/opt/rustwide/rustup-home" "-e" "CARGO_TARGET_DIR=/opt/rustwide/target" "-e" "CARGO_INCREMENTAL=0" "-e" "RUST_BACKTRACE=full" "-e" "RUSTFLAGS=--cap-lints=warn" "-e" "RUSTDOCFLAGS=--cap-lints=warn" "-w" "/opt/rustwide/workdir" "--user" "0:0" "c9b18b8ac24e9370f6556e9b37c76c36ac995c97a2330e257e6be7673f66ce79" "/opt/rustwide/cargo-home/bin/cargo" "+1.97.0-beta.6" "test" "--frozen" "--no-run" "--message-format=json", kill_on_drop: false }`
[INFO] [stderr]    Compiling hello_rust v0.1.6 (/opt/rustwide/workdir)
[INFO] [stdout] error: linking with `cc` failed: exit status: 1
[INFO] [stdout]   |
[INFO] [stdout]   = note:  "cc" "-m64" "/opt/rustwide/target/debug/deps/rustcqxLscu/symbols.o" "<6 object files omitted>" "-Wl,--as-needed" "-Wl,-Bstatic" "<sysroot>/lib/rustlib/x86_64-unknown-linux-gnu/lib/{libtest-*,libgetopts-*,librustc_std_workspace_std-*}.rlib" "/opt/rustwide/target/debug/deps/{libpyo3-b6438c37f4079a67,libonce_cell-e9252a7b5119f3eb,libpyo3_ffi-d70099e9e5f20be3,liblibc-4fc9a7ee991d175f,libmemoffset-d5728f86d1484854,libunindent-0763687dc454374b}.rlib" "<sysroot>/lib/rustlib/x86_64-unknown-linux-gnu/lib/{libstd-*,libpanic_unwind-*,libobject-*,libmemchr-*,libaddr2line-*,libgimli-*,libcfg_if-*,librustc_demangle-*,libstd_detect-*,libhashbrown-*,librustc_std_workspace_alloc-*,libminiz_oxide-*,libadler2-*,libunwind-*,liblibc-*,librustc_std_workspace_core-*,liballoc-*,libcore-*,libcompiler_builtins-*}.rlib" "-Wl,-Bdynamic" "-lgcc_s" "-lutil" "-lrt" "-lpthread" "-lm" "-ldl" "-lc" "-L" "/opt/rustwide/target/debug/deps/rustcqxLscu/raw-dylibs" "-B<sysroot>/lib/rustlib/x86_64-unknown-linux-gnu/bin/gcc-ld" "-fuse-ld=lld" "-Wl,--eh-frame-hdr" "-Wl,-z,noexecstack" "-L" "<sysroot>/lib/rustlib/x86_64-unknown-linux-gnu/lib" "-o" "/opt/rustwide/target/debug/deps/hello_rust-58e4fda9df46ad2e" "-Wl,--gc-sections" "-pie" "-Wl,-z,relro,-z,now" "-nodefaultlibs"
[INFO] [stdout]   = note: some arguments are omitted. use `--verbose` to show all linker arguments
[INFO] [stdout]   = note: rust-lld: error: undefined symbol: PyExc_KeyError
[INFO] [stdout]           >>> referenced by exceptions.rs:242 (/opt/rustwide/cargo-home/registry/src/index.crates.io-1949cf8c6b5b557f/pyo3-0.27.2/src/exceptions.rs:242)
[INFO] [stdout]           >>>               /opt/rustwide/target/debug/deps/hello_rust-58e4fda9df46ad2e.hello_rust.cb6623d8becc98a8-cgu.0.rcgu.o:(<pyo3::exceptions::PyKeyError as pyo3::type_object::PyTypeInfo>::type_object_raw::{closure#0})
[INFO] [stdout]           >>> referenced by exceptions.rs:242 (/opt/rustwide/cargo-home/registry/src/index.crates.io-1949cf8c6b5b557f/pyo3-0.27.2/src/exceptions.rs:242)
[INFO] [stdout]           >>>               /opt/rustwide/target/debug/deps/hello_rust-58e4fda9df46ad2e.hello_rust.cb6623d8becc98a8-cgu.0.rcgu.o:(<pyo3::exceptions::PyKeyError as pyo3::type_object::PyTypeInfo>::type_object_raw::{closure#0})
[INFO] [stdout]           
[INFO] [stdout]           rust-lld: error: undefined symbol: _Py_NoneStruct
[INFO] [stdout]           >>> referenced by object.rs:627 (/opt/rustwide/cargo-home/registry/src/index.crates.io-1949cf8c6b5b557f/pyo3-ffi-0.27.2/src/object.rs:627)
[INFO] [stdout]           >>>               /opt/rustwide/target/debug/deps/hello_rust-58e4fda9df46ad2e.hello_rust.cb6623d8becc98a8-cgu.0.rcgu.o:(pyo3_ffi::object::Py_None)
[INFO] [stdout]           
[INFO] [stdout]           rust-lld: error: undefined symbol: _Py_Dealloc
[INFO] [stdout]           >>> referenced by refcount.rs:305 (/opt/rustwide/cargo-home/registry/src/index.crates.io-1949cf8c6b5b557f/pyo3-ffi-0.27.2/src/refcount.rs:305)
[INFO] [stdout]           >>>               /opt/rustwide/target/debug/deps/hello_rust-58e4fda9df46ad2e.hello_rust.cb6623d8becc98a8-cgu.2.rcgu.o:(<pyo3::instance::Py<_> as core::ops::drop::Drop>::drop::inner)
[INFO] [stdout]           >>> referenced by refcount.rs:305 (/opt/rustwide/cargo-home/registry/src/index.crates.io-1949cf8c6b5b557f/pyo3-ffi-0.27.2/src/refcount.rs:305)
[INFO] [stdout]           >>>               pyo3-b6438c37f4079a67.pyo3.aa7aa249174a0a4a-cgu.02.rcgu.o:(<pyo3::internal::state::ReferencePool>::drop_deferred_references) in archive /opt/rustwide/target/debug/deps/libpyo3-b6438c37f4079a67.rlib
[INFO] [stdout]           >>> referenced by refcount.rs:305 (/opt/rustwide/cargo-home/registry/src/index.crates.io-1949cf8c6b5b557f/pyo3-ffi-0.27.2/src/refcount.rs:305)
[INFO] [stdout]           >>>               pyo3-b6438c37f4079a67.pyo3.aa7aa249174a0a4a-cgu.00.rcgu.o:(<pyo3::instance::Py<_> as core::ops::drop::Drop>::drop::inner) in archive /opt/rustwide/target/debug/deps/libpyo3-b6438c37f4079a67.rlib
[INFO] [stdout]           >>> referenced 9 more times
[INFO] [stdout]           
[INFO] [stdout]           rust-lld: error: undefined symbol: PyLong_Type
[INFO] [stdout]           >>> referenced by object.rs:213 (/opt/rustwide/cargo-home/registry/src/index.crates.io-1949cf8c6b5b557f/pyo3-ffi-0.27.2/src/object.rs:213)
[INFO] [stdout]           >>>               pyo3-b6438c37f4079a67.pyo3.aa7aa249174a0a4a-cgu.03.rcgu.o:(pyo3_ffi::object::Py_SIZE) in archive /opt/rustwide/target/debug/deps/libpyo3-b6438c37f4079a67.rlib
[INFO] [stdout]           
[INFO] [stdout]           rust-lld: error: undefined symbol: PyBool_Type
[INFO] [stdout]           >>> referenced by object.rs:214 (/opt/rustwide/cargo-home/registry/src/index.crates.io-1949cf8c6b5b557f/pyo3-ffi-0.27.2/src/object.rs:214)
[INFO] [stdout]           >>>               pyo3-b6438c37f4079a67.pyo3.aa7aa249174a0a4a-cgu.03.rcgu.o:(pyo3_ffi::object::Py_SIZE) in archive /opt/rustwide/target/debug/deps/libpyo3-b6438c37f4079a67.rlib
[INFO] [stdout]           
[INFO] [stdout]           rust-lld: error: undefined symbol: PyTuple_Type
[INFO] [stdout]           >>> referenced by mod.rs:144 (src/types/mod.rs:144)
[INFO] [stdout]           >>>               pyo3-b6438c37f4079a67.pyo3.aa7aa249174a0a4a-cgu.02.rcgu.o:(<pyo3::types::tuple::PyTuple as pyo3::type_object::PyTypeInfo>::type_object_raw::{closure#0}) in archive /opt/rustwide/target/debug/deps/libpyo3-b6438c37f4079a67.rlib
[INFO] [stdout]           
[INFO] [stdout]           rust-lld: error: undefined symbol: Py_IsInitialized
[INFO] [stdout]           >>> referenced by state.rs:98 (src/internal/state.rs:98)
[INFO] [stdout]           >>>               pyo3-b6438c37f4079a67.pyo3.aa7aa249174a0a4a-cgu.02.rcgu.o:(<pyo3::internal::state::AttachGuard>::try_attach) in archive /opt/rustwide/target/debug/deps/libpyo3-b6438c37f4079a67.rlib
[INFO] [stdout]           >>> referenced by interpreter_lifecycle.rs:13 (src/interpreter_lifecycle.rs:13)
[INFO] [stdout]           >>>               pyo3-b6438c37f4079a67.pyo3.aa7aa249174a0a4a-cgu.09.rcgu.o:(pyo3::interpreter_lifecycle::initialize::{closure#0}) in archive /opt/rustwide/target/debug/deps/libpyo3-b6438c37f4079a67.rlib
[INFO] [stdout]           >>> referenced by interpreter_lifecycle.rs:118 (src/interpreter_lifecycle.rs:118)
[INFO] [stdout]           >>>               pyo3-b6438c37f4079a67.pyo3.aa7aa249174a0a4a-cgu.09.rcgu.o:(pyo3::interpreter_lifecycle::ensure_initialized::{closure#0}) in archive /opt/rustwide/target/debug/deps/libpyo3-b6438c37f4079a67.rlib
[INFO] [stdout]           
[INFO] [stdout]           rust-lld: error: undefined symbol: PyEval_SaveThread
[INFO] [stdout]           >>> referenced by state.rs:246 (src/internal/state.rs:246)
[INFO] [stdout]           >>>               pyo3-b6438c37f4079a67.pyo3.aa7aa249174a0a4a-cgu.02.rcgu.o:(<pyo3::internal::state::SuspendAttach>::new) in archive /opt/rustwide/target/debug/deps/libpyo3-b6438c37f4079a67.rlib
[INFO] [stdout]           >>> referenced by interpreter_lifecycle.rs:17 (src/interpreter_lifecycle.rs:17)
[INFO] [stdout]           >>>               pyo3-b6438c37f4079a67.pyo3.aa7aa249174a0a4a-cgu.09.rcgu.o:(pyo3::interpreter_lifecycle::initialize::{closure#0}) in archive /opt/rustwide/target/debug/deps/libpyo3-b6438c37f4079a67.rlib
[INFO] [stdout]           
[INFO] [stdout]           rust-lld: error: undefined symbol: PyBytes_AsString
[INFO] [stdout]           >>> referenced by bytes.rs:152 (src/types/bytes.rs:152)
[INFO] [stdout]           >>>               pyo3-b6438c37f4079a67.pyo3.aa7aa249174a0a4a-cgu.00.rcgu.o:(<pyo3::instance::Borrowed<pyo3::types::bytes::PyBytes>>::as_bytes) in archive /opt/rustwide/target/debug/deps/libpyo3-b6438c37f4079a67.rlib
[INFO] [stdout]           
[INFO] [stdout]           rust-lld: error: undefined symbol: PyBytes_Size
[INFO] [stdout]           >>> referenced by bytes.rs:153 (src/types/bytes.rs:153)
[INFO] [stdout]           >>>               pyo3-b6438c37f4079a67.pyo3.aa7aa249174a0a4a-cgu.00.rcgu.o:(<pyo3::instance::Borrowed<pyo3::types::bytes::PyBytes>>::as_bytes) in archive /opt/rustwide/target/debug/deps/libpyo3-b6438c37f4079a67.rlib
[INFO] [stdout]           
[INFO] [stdout]           rust-lld: error: undefined symbol: PyUnicode_AsEncodedString
[INFO] [stdout]           >>> referenced by string.rs:374 (src/types/string.rs:374)
[INFO] [stdout]           >>>               pyo3-b6438c37f4079a67.pyo3.aa7aa249174a0a4a-cgu.00.rcgu.o:(<pyo3::instance::Borrowed<pyo3::types::string::PyString>>::to_string_lossy) in archive /opt/rustwide/target/debug/deps/libpyo3-b6438c37f4079a67.rlib
[INFO] [stdout]           
[INFO] [stdout]           rust-lld: error: undefined symbol: PyUnicode_AsUTF8AndSize
[INFO] [stdout]           >>> referenced by string.rs:335 (src/types/string.rs:335)
[INFO] [stdout]           >>>               pyo3-b6438c37f4079a67.pyo3.aa7aa249174a0a4a-cgu.00.rcgu.o:(<pyo3::instance::Borrowed<pyo3::types::string::PyString>>::to_str) in archive /opt/rustwide/target/debug/deps/libpyo3-b6438c37f4079a67.rlib
[INFO] [stdout]           
[INFO] [stdout]           rust-lld: error: undefined symbol: PyEval_RestoreThread
[INFO] [stdout]           >>> referenced by state.rs:256 (src/internal/state.rs:256)
[INFO] [stdout]           >>>               pyo3-b6438c37f4079a67.pyo3.aa7aa249174a0a4a-cgu.02.rcgu.o:(<pyo3::internal::state::SuspendAttach as core::ops::drop::Drop>::drop) in archive /opt/rustwide/target/debug/deps/libpyo3-b6438c37f4079a67.rlib
[INFO] [stdout]           
[INFO] [stdout]           rust-lld: error: undefined symbol: PyGILState_Release
[INFO] [stdout]           >>> referenced by state.rs:171 (src/internal/state.rs:171)
[INFO] [stdout]           >>>               pyo3-b6438c37f4079a67.pyo3.aa7aa249174a0a4a-cgu.02.rcgu.o:(<pyo3::internal::state::AttachGuard as core::ops::drop::Drop>::drop) in archive /opt/rustwide/target/debug/deps/libpyo3-b6438c37f4079a67.rlib
[INFO] [stdout]           
[INFO] [stdout]           rust-lld: error: undefined symbol: PyTraceBack_Print
[INFO] [stdout]           >>> referenced by traceback.rs:69 (src/types/traceback.rs:69)
[INFO] [stdout]           >>>               pyo3-b6438c37f4079a67.pyo3.aa7aa249174a0a4a-cgu.00.rcgu.o:(<pyo3::instance::Bound<pyo3::types::traceback::PyTraceback> as pyo3::types::traceback::PyTracebackMethods>::format) in archive /opt/rustwide/target/debug/deps/libpyo3-b6438c37f4079a67.rlib
[INFO] [stdout]           
[INFO] [stdout]           rust-lld: error: undefined symbol: PyType_GetName
[INFO] [stdout]           >>> referenced by typeobject.rs:113 (src/types/typeobject.rs:113)
[INFO] [stdout]           >>>               pyo3-b6438c37f4079a67.pyo3.aa7aa249174a0a4a-cgu.00.rcgu.o:(<pyo3::instance::Bound<pyo3::types::typeobject::PyType> as pyo3::types::typeobject::PyTypeMethods>::name) in archive /opt/rustwide/target/debug/deps/libpyo3-b6438c37f4079a67.rlib
[INFO] [stdout]           
[INFO] [stdout]           rust-lld: error: undefined symbol: PyType_GetQualName
[INFO] [stdout]           >>> referenced by typeobject.rs:132 (src/types/typeobject.rs:132)
[INFO] [stdout]           >>>               pyo3-b6438c37f4079a67.pyo3.aa7aa249174a0a4a-cgu.00.rcgu.o:(<pyo3::instance::Bound<pyo3::types::typeobject::PyType> as pyo3::types::typeobject::PyTypeMethods>::qualname) in archive /opt/rustwide/target/debug/deps/libpyo3-b6438c37f4079a67.rlib
[INFO] [stdout]           
[INFO] [stdout]           rust-lld: error: undefined symbol: PyObject_Str
[INFO] [stdout]           >>> referenced by any.rs:1544 (src/types/any.rs:1544)
[INFO] [stdout]           >>>               pyo3-b6438c37f4079a67.pyo3.aa7aa249174a0a4a-cgu.00.rcgu.o:(<pyo3::instance::Bound<pyo3::types::any::PyAny> as pyo3::types::any::PyAnyMethods>::str) in archive /opt/rustwide/target/debug/deps/libpyo3-b6438c37f4079a67.rlib
[INFO] [stdout]           
[INFO] [stdout]           rust-lld: error: undefined symbol: PyObject_Repr
[INFO] [stdout]           >>> referenced by any.rs:1536 (src/types/any.rs:1536)
[INFO] [stdout]           >>>               pyo3-b6438c37f4079a67.pyo3.aa7aa249174a0a4a-cgu.00.rcgu.o:(<pyo3::instance::Bound<pyo3::types::any::PyAny> as pyo3::types::any::PyAnyMethods>::repr) in archive /opt/rustwide/target/debug/deps/libpyo3-b6438c37f4079a67.rlib
[INFO] [stdout]           
[INFO] [stdout]           rust-lld: error: undefined symbol: PyObject_CallNoArgs
[INFO] [stdout]           >>> referenced by any.rs:1310 (src/types/any.rs:1310)
[INFO] [stdout]           >>>               pyo3-b6438c37f4079a67.pyo3.aa7aa249174a0a4a-cgu.00.rcgu.o:(<pyo3::instance::Bound<pyo3::types::any::PyAny> as pyo3::types::any::PyAnyMethods>::call0) in archive /opt/rustwide/target/debug/deps/libpyo3-b6438c37f4079a67.rlib
[INFO] [stdout]           
[INFO] [stdout]           rust-lld: error: too many errors emitted, stopping now (use --error-limit=0 to see all errors)
[INFO] [stdout]           collect2: error: ld returned 1 exit status
[INFO] [stdout]           
[INFO] [stdout] 
[INFO] [stdout] 
[INFO] [stderr] error: could not compile `hello_rust` (lib test) due to 1 previous error
[INFO] running `Command { std: "docker" "inspect" "c9b18b8ac24e9370f6556e9b37c76c36ac995c97a2330e257e6be7673f66ce79", kill_on_drop: false }`
[INFO] running `Command { std: "docker" "rm" "-f" "c9b18b8ac24e9370f6556e9b37c76c36ac995c97a2330e257e6be7673f66ce79", kill_on_drop: false }`
[INFO] [stdout] c9b18b8ac24e9370f6556e9b37c76c36ac995c97a2330e257e6be7673f66ce79
