[INFO] cloning repository https://github.com/jennieewen/scheduler
[INFO] running `Command { std: "git" "-c" "credential.helper=" "-c" "credential.helper=/workspace/cargo-home/bin/git-credential-null" "clone" "--bare" "https://github.com/jennieewen/scheduler" "/workspace/cache/git-repos/https%3A%2F%2Fgithub.com%2Fjennieewen%2Fscheduler", kill_on_drop: false }`
[INFO] [stderr] Cloning into bare repository '/workspace/cache/git-repos/https%3A%2F%2Fgithub.com%2Fjennieewen%2Fscheduler'...
[INFO] running `Command { std: "git" "rev-parse" "HEAD", kill_on_drop: false }`
[INFO] [stdout] d590323ff6786bb40076530bae7e1d96fd919083
[INFO] testing jennieewen/scheduler/d590323ff6786bb40076530bae7e1d96fd919083 against 1.97.0-beta.6 for beta-1.98-2
[INFO] running `Command { std: "git" "clone" "/workspace/cache/git-repos/https%3A%2F%2Fgithub.com%2Fjennieewen%2Fscheduler" "/workspace/builds/worker-1-tc1/source", kill_on_drop: false }`
[INFO] [stderr] Cloning into '/workspace/builds/worker-1-tc1/source'...
[INFO] [stderr] done.
[INFO] started tweaking git repo https://github.com/jennieewen/scheduler
[INFO] finished tweaking git repo https://github.com/jennieewen/scheduler
[INFO] tweaked toml for git repo https://github.com/jennieewen/scheduler written to /workspace/builds/worker-1-tc1/source/Cargo.toml
[INFO] validating manifest of git repo https://github.com/jennieewen/scheduler on toolchain 1.97.0-beta.6
[INFO] running `Command { std: CARGO_HOME="/workspace/cargo-home" RUSTUP_HOME="/workspace/rustup-home" "/workspace/cargo-home/bin/cargo" "+1.97.0-beta.6" "metadata" "--manifest-path" "Cargo.toml" "--no-deps", kill_on_drop: false }`
[INFO] crate git repo https://github.com/jennieewen/scheduler already has a lockfile, it will not be regenerated
[INFO] running `Command { std: CARGO_HOME="/workspace/cargo-home" RUSTUP_HOME="/workspace/rustup-home" "/workspace/cargo-home/bin/cargo" "+1.97.0-beta.6" "fetch" "--manifest-path" "Cargo.toml", kill_on_drop: false }`
[INFO] running `Command { std: "docker" "create" "-v" "/var/lib/crater-agent-workspace/builds/worker-1-tc1/source:/opt/rustwide/workdir:ro,Z" "-v" "/var/lib/crater-agent-workspace/builds/worker-1-tc1/target:/opt/rustwide/target:rw,Z" "-v" "/var/lib/crater-agent-workspace/cargo-home:/opt/rustwide/cargo-home:ro,Z" "-v" "/var/lib/crater-agent-workspace/rustup-home:/opt/rustwide/rustup-home:ro,Z" "-m" "1610612736" "--network" "none" "ghcr.io/rust-lang/crates-build-env/linux@sha256:3d5ced03c013a94a2f102a4510f48a6e9184255caf5fd8244f58017bde7f5210" "sleep" "infinity", kill_on_drop: false }`
[INFO] [stdout] ad02770957b833a1ed5516d66bd932ed20dfac13ccb4a4f2f89c066c24f61bd2
[INFO] running `Command { std: "docker" "start" "ad02770957b833a1ed5516d66bd932ed20dfac13ccb4a4f2f89c066c24f61bd2", kill_on_drop: false }`
[INFO] running `Command { std: "docker" "inspect" "ad02770957b833a1ed5516d66bd932ed20dfac13ccb4a4f2f89c066c24f61bd2", kill_on_drop: false }`
[INFO] running `Command { std: "docker" "exec" "-e" "SOURCE_DIR=/opt/rustwide/workdir" "-e" "CARGO_HOME=/opt/rustwide/cargo-home" "-e" "RUSTUP_HOME=/opt/rustwide/rustup-home" "-e" "CARGO_TARGET_DIR=/opt/rustwide/target" "-w" "/opt/rustwide/workdir" "--user" "0:0" "ad02770957b833a1ed5516d66bd932ed20dfac13ccb4a4f2f89c066c24f61bd2" "/opt/rustwide/cargo-home/bin/cargo" "+1.97.0-beta.6" "metadata" "--no-deps" "--format-version=1", kill_on_drop: false }`
[INFO] running `Command { std: "docker" "inspect" "ad02770957b833a1ed5516d66bd932ed20dfac13ccb4a4f2f89c066c24f61bd2", kill_on_drop: false }`
[INFO] running `Command { std: "docker" "exec" "-e" "SOURCE_DIR=/opt/rustwide/workdir" "-e" "CARGO_HOME=/opt/rustwide/cargo-home" "-e" "RUSTUP_HOME=/opt/rustwide/rustup-home" "-e" "CARGO_TARGET_DIR=/opt/rustwide/target" "-e" "CARGO_INCREMENTAL=0" "-e" "RUST_BACKTRACE=full" "-e" "RUSTFLAGS=--cap-lints=warn" "-e" "RUSTDOCFLAGS=--cap-lints=warn" "-w" "/opt/rustwide/workdir" "--user" "0:0" "ad02770957b833a1ed5516d66bd932ed20dfac13ccb4a4f2f89c066c24f61bd2" "/opt/rustwide/cargo-home/bin/cargo" "+1.97.0-beta.6" "build" "--frozen" "--message-format=json", kill_on_drop: false }`
[INFO] [stderr]    Compiling libc v0.2.175
[INFO] [stderr]    Compiling log v0.4.28
[INFO] [stderr]    Compiling futures-task v0.3.31
[INFO] [stderr]    Compiling cfg-if v1.0.3
[INFO] [stderr]    Compiling regex-syntax v0.8.6
[INFO] [stderr]    Compiling quote v1.0.40
[INFO] [stderr]    Compiling http-body v1.0.1
[INFO] [stderr]    Compiling serde_json v1.0.143
[INFO] [stderr]    Compiling sync_wrapper v1.0.2
[INFO] [stderr]    Compiling nu-ansi-term v0.50.1
[INFO] [stderr]    Compiling thread_local v1.1.9
[INFO] [stderr]    Compiling futures-util v0.3.31
[INFO] [stderr]    Compiling tracing-log v0.2.0
[INFO] [stderr]    Compiling syn v2.0.106
[INFO] [stderr]    Compiling http-body-util v0.1.3
[INFO] [stderr]    Compiling socket2 v0.6.0
[INFO] [stderr]    Compiling mio v1.0.4
[INFO] [stderr]    Compiling parking_lot_core v0.9.11
[INFO] [stderr]    Compiling parking_lot v0.12.4
[INFO] [stderr]    Compiling regex-automata v0.4.10
[INFO] [stderr]    Compiling matchers v0.2.0
[INFO] [stderr]    Compiling tokio-macros v2.5.0
[INFO] [stderr]    Compiling serde_derive v1.0.219
[INFO] [stderr]    Compiling tracing-attributes v0.1.30
[INFO] [stderr]    Compiling async-trait v0.1.89
[INFO] [stderr]    Compiling thiserror-impl v1.0.69
[INFO] [stderr]    Compiling tokio v1.47.1
[INFO] [stderr]    Compiling thiserror v1.0.69
[INFO] [stderr]    Compiling tracing v0.1.41
[INFO] [stderr]    Compiling axum-core v0.4.5
[INFO] [stderr]    Compiling tracing-subscriber v0.3.20
[INFO] [stderr]    Compiling serde v1.0.219
[INFO] [stderr]    Compiling hyper v1.7.0
[INFO] [stderr]    Compiling tower v0.5.2
[INFO] [stderr]    Compiling hyper-util v0.1.16
[INFO] [stderr]    Compiling serde_urlencoded v0.7.1
[INFO] [stderr]    Compiling serde_path_to_error v0.1.17
[INFO] [stderr]    Compiling axum v0.7.9
[INFO] [stderr]    Compiling scheduler v0.1.0 (/opt/rustwide/workdir)
[INFO] [stdout] error[E0432]: unresolved import `crate::validate`
[INFO] [stdout]   --> src/api.rs:11:12
[INFO] [stdout]    |
[INFO] [stdout] 11 | use crate::validate::validate; // if you added validate.rs as shown
[INFO] [stdout]    |            ^^^^^^^^ could not find `validate` in the crate root
[INFO] [stdout] 
[INFO] [stdout] 
[INFO] [stdout] error[E0609]: no field `assignments` on type `SolveOutcome`
[INFO] [stdout]   --> src/api.rs:37:25
[INFO] [stdout]    |
[INFO] [stdout] 37 |         assigned = resp.assignments.len(),
[INFO] [stdout]    |                         ^^^^^^^^^^^ unknown field
[INFO] [stdout] 
[INFO] [stdout] 
[INFO] [stdout] error[E0609]: no field `score` on type `SolveOutcome`
[INFO] [stdout]   --> src/api.rs:38:22
[INFO] [stdout]    |
[INFO] [stdout] 38 |         score = resp.score,
[INFO] [stdout]    |                      ^^^^^ unknown field
[INFO] [stdout] 
[INFO] [stdout] 
[INFO] [stdout] error[E0308]: mismatched types
[INFO] [stdout]   --> src/api.rs:42:13
[INFO] [stdout]    |
[INFO] [stdout] 42 |     Ok(Json(resp))
[INFO] [stdout]    |        ---- ^^^^ expected `SolveResponse`, found `SolveOutcome`
[INFO] [stdout]    |        |
[INFO] [stdout]    |        arguments to this struct are incorrect
[INFO] [stdout]    |
[INFO] [stdout] help: the type constructed contains `SolveOutcome` due to the type of the argument passed
[INFO] [stdout]   --> src/api.rs:42:8
[INFO] [stdout]    |
[INFO] [stdout] 42 |     Ok(Json(resp))
[INFO] [stdout]    |        ^^^^^----^
[INFO] [stdout]    |             |
[INFO] [stdout]    |             this argument influences the type of `Json`
[INFO] [stdout] note: tuple struct defined here
[INFO] [stdout]   --> /opt/rustwide/cargo-home/registry/src/index.crates.io-1949cf8c6b5b557f/axum-0.7.9/src/json.rs:97:12
[INFO] [stdout]    |
[INFO] [stdout] 97 | pub struct Json<T>(pub T);
[INFO] [stdout]    |            ^^^^
[INFO] [stdout] 
[INFO] [stdout] 
[INFO] [stdout] Some errors have detailed explanations: E0308, E0432, E0609.
[INFO] [stdout] 
[INFO] [stdout] For more information about an error, try `rustc --explain E0308`.
[INFO] [stdout] 
[INFO] [stderr] error: could not compile `scheduler` (bin "scheduler") due to 4 previous errors
[INFO] running `Command { std: "docker" "inspect" "ad02770957b833a1ed5516d66bd932ed20dfac13ccb4a4f2f89c066c24f61bd2", kill_on_drop: false }`
[INFO] running `Command { std: "docker" "rm" "-f" "ad02770957b833a1ed5516d66bd932ed20dfac13ccb4a4f2f89c066c24f61bd2", kill_on_drop: false }`
[INFO] [stdout] ad02770957b833a1ed5516d66bd932ed20dfac13ccb4a4f2f89c066c24f61bd2
