[INFO] cloning repository https://github.com/jdrivas/rlt
[INFO] running `Command { std: "git" "-c" "credential.helper=" "-c" "credential.helper=/workspace/cargo-home/bin/git-credential-null" "clone" "--bare" "https://github.com/jdrivas/rlt" "/workspace/cache/git-repos/https%3A%2F%2Fgithub.com%2Fjdrivas%2Frlt", kill_on_drop: false }`
[INFO] [stderr] Cloning into bare repository '/workspace/cache/git-repos/https%3A%2F%2Fgithub.com%2Fjdrivas%2Frlt'...
[INFO] running `Command { std: "git" "rev-parse" "HEAD", kill_on_drop: false }`
[INFO] [stdout] 7ecd87bb6a5aa42b64dae24070babe47c72c7611
[INFO] testing jdrivas/rlt against 1.97.0-beta.6 for beta-1.98-2
[INFO] running `Command { std: "git" "clone" "/workspace/cache/git-repos/https%3A%2F%2Fgithub.com%2Fjdrivas%2Frlt" "/workspace/builds/worker-6-tc1/source", kill_on_drop: false }`
[INFO] [stderr] Cloning into '/workspace/builds/worker-6-tc1/source'...
[INFO] [stderr] done.
[INFO] [stderr] Updating files:  98% (65/66)
Updating files: 100% (66/66)
Updating files: 100% (66/66), done.
[INFO] started tweaking git repo https://github.com/jdrivas/rlt
[INFO] finished tweaking git repo https://github.com/jdrivas/rlt
[INFO] tweaked toml for git repo https://github.com/jdrivas/rlt written to /workspace/builds/worker-6-tc1/source/Cargo.toml
[INFO] validating manifest of git repo https://github.com/jdrivas/rlt on toolchain 1.97.0-beta.6
[INFO] running `Command { std: CARGO_HOME="/workspace/cargo-home" RUSTUP_HOME="/workspace/rustup-home" "/workspace/cargo-home/bin/cargo" "+1.97.0-beta.6" "metadata" "--manifest-path" "Cargo.toml" "--no-deps", kill_on_drop: false }`
[INFO] crate git repo https://github.com/jdrivas/rlt already has a lockfile, it will not be regenerated
[INFO] running `Command { std: CARGO_HOME="/workspace/cargo-home" RUSTUP_HOME="/workspace/rustup-home" "/workspace/cargo-home/bin/cargo" "+1.97.0-beta.6" "fetch" "--manifest-path" "Cargo.toml", kill_on_drop: false }`
[INFO] [stderr]     Updating crates.io index
[INFO] [stderr]     Updating git repository `https://github.com/mozilla/mp4parse-rust`
[INFO] [stderr]     Updating git submodule `https://github.com/AOMediaCodec/av1-avif.git`
[INFO] [stderr]  Downloading crates ...
[INFO] [stderr]   Downloaded version_check v0.9.2
[INFO] [stderr]   Downloaded proc-macro2 v1.0.17
[INFO] [stderr]   Downloaded quote v1.0.6
[INFO] [stderr]   Downloaded hermit-abi v0.1.13
[INFO] [stderr]   Downloaded redox_users v0.3.4
[INFO] [stderr]   Downloaded num-derive v0.3.0
[INFO] [stderr]   Downloaded static_assertions v0.3.4
[INFO] [stderr]   Downloaded hex v0.4.2
[INFO] [stderr]   Downloaded autocfg v1.0.0
[INFO] [stderr]   Downloaded metaflac v0.2.3
[INFO] [stderr]   Downloaded bitreader v0.3.2
[INFO] [stderr]   Downloaded dirs-sys v0.3.4
[INFO] [stderr]   Downloaded encoding-index-singlebyte v1.20141219.5
[INFO] [stderr]   Downloaded dirs v1.0.5
[INFO] [stderr]   Downloaded itoa v0.4.5
[INFO] [stderr]   Downloaded proc-macro-hack v0.5.16
[INFO] [stderr]   Downloaded siphasher v0.3.3
[INFO] [stderr]   Downloaded git-version-macro v0.3.4
[INFO] [stderr]   Downloaded adler32 v1.0.4
[INFO] [stderr]   Downloaded dirs v2.0.2
[INFO] [stderr]   Downloaded git-version v0.3.4
[INFO] [stderr]   Downloaded encoding_index_tests v0.1.4
[INFO] [stderr]   Downloaded byteorder v1.3.4
[INFO] [stderr]   Downloaded bitstream-io v0.8.5
[INFO] [stderr]   Downloaded smallstr v0.2.0
[INFO] [stderr]   Downloaded arrayvec v0.5.1
[INFO] [stderr]   Downloaded ppv-lite86 v0.2.8
[INFO] [stderr]   Downloaded rust-argon2 v0.7.0
[INFO] [stderr]   Downloaded memchr v2.3.3
[INFO] [stderr]   Downloaded arrayvec v0.4.12
[INFO] [stderr]   Downloaded smallvec v1.4.0
[INFO] [stderr]   Downloaded num-integer v0.1.42
[INFO] [stderr]   Downloaded getrandom v0.1.14
[INFO] [stderr]   Downloaded redox_syscall v0.1.56
[INFO] [stderr]   Downloaded term v0.5.2
[INFO] [stderr]   Downloaded ryu v1.0.4
[INFO] [stderr]   Downloaded num-traits v0.2.11
[INFO] [stderr]   Downloaded prettytable-rs v0.8.0
[INFO] [stderr]   Downloaded bytes v0.5.4
[INFO] [stderr]   Downloaded blake2b_simd v0.5.10
[INFO] [stderr]   Downloaded crc32fast v1.2.0
[INFO] [stderr]   Downloaded ahash v0.3.5
[INFO] [stderr]   Downloaded id3 v0.5.1
[INFO] [stderr]   Downloaded base64 v0.11.0
[INFO] [stderr]   Downloaded terminfo v0.7.3
[INFO] [stderr]   Downloaded mortal v0.2.2
[INFO] [stderr]   Downloaded num-format v0.4.0
[INFO] [stderr]   Downloaded miniz_oxide v0.3.6
[INFO] [stderr]   Downloaded hound v3.4.0
[INFO] [stderr]   Downloaded serde v1.0.110
[INFO] [stderr]   Downloaded cc v1.0.54
[INFO] [stderr]   Downloaded hashbrown v0.7.2
[INFO] [stderr]   Downloaded linefeed v0.6.0
[INFO] [stderr]   Downloaded unicode-normalization v0.1.12
[INFO] [stderr]   Downloaded flate2 v1.0.14
[INFO] [stderr]   Downloaded encoding v0.2.33
[INFO] [stderr]   Downloaded encoding-index-japanese v1.20141219.5
[INFO] [stderr]   Downloaded regex-automata v0.1.9
[INFO] [stderr]   Downloaded encoding-index-tradchinese v1.20141219.5
[INFO] [stderr]   Downloaded encoding-index-korean v1.20141219.5
[INFO] [stderr]   Downloaded puremp3 v0.1.0
[INFO] [stderr]   Downloaded clap v2.33.1
[INFO] [stderr]   Downloaded encoding-index-simpchinese v1.20141219.5
[INFO] [stderr]   Downloaded syn v1.0.28
[INFO] [stderr]   Downloaded nom v5.1.1
[INFO] [stderr]   Downloaded chrono v0.4.11
[INFO] [stderr]   Downloaded bstr v0.2.13
[INFO] [stderr]   Downloaded mp3-metadata v0.3.3
[INFO] [stderr]   Downloaded libc v0.2.71
[INFO] [stderr]   Downloaded lexical-core v0.6.2
[INFO] [stderr]   Downloaded csv v1.1.3
[INFO] running `Command { std: "docker" "create" "-v" "/var/lib/crater-agent-workspace/builds/worker-6-tc1/source:/opt/rustwide/workdir:ro,Z" "-v" "/var/lib/crater-agent-workspace/builds/worker-6-tc1/target:/opt/rustwide/target:rw,Z" "-v" "/var/lib/crater-agent-workspace/cargo-home:/opt/rustwide/cargo-home:ro,Z" "-v" "/var/lib/crater-agent-workspace/rustup-home:/opt/rustwide/rustup-home:ro,Z" "-m" "1610612736" "--network" "none" "ghcr.io/rust-lang/crates-build-env/linux@sha256:3d5ced03c013a94a2f102a4510f48a6e9184255caf5fd8244f58017bde7f5210" "sleep" "infinity", kill_on_drop: false }`
[INFO] [stdout] be0ede3e9ed51ed02e1998af6e775ff9aba6ae896396e7a003ae6b391ec7424f
[INFO] running `Command { std: "docker" "start" "be0ede3e9ed51ed02e1998af6e775ff9aba6ae896396e7a003ae6b391ec7424f", kill_on_drop: false }`
[INFO] running `Command { std: "docker" "inspect" "be0ede3e9ed51ed02e1998af6e775ff9aba6ae896396e7a003ae6b391ec7424f", kill_on_drop: false }`
[INFO] running `Command { std: "docker" "exec" "-e" "SOURCE_DIR=/opt/rustwide/workdir" "-e" "CARGO_HOME=/opt/rustwide/cargo-home" "-e" "RUSTUP_HOME=/opt/rustwide/rustup-home" "-e" "CARGO_TARGET_DIR=/opt/rustwide/target" "-w" "/opt/rustwide/workdir" "--user" "0:0" "be0ede3e9ed51ed02e1998af6e775ff9aba6ae896396e7a003ae6b391ec7424f" "/opt/rustwide/cargo-home/bin/cargo" "+1.97.0-beta.6" "metadata" "--no-deps" "--format-version=1", kill_on_drop: false }`
[INFO] running `Command { std: "docker" "inspect" "be0ede3e9ed51ed02e1998af6e775ff9aba6ae896396e7a003ae6b391ec7424f", kill_on_drop: false }`
[INFO] running `Command { std: "docker" "exec" "-e" "SOURCE_DIR=/opt/rustwide/workdir" "-e" "CARGO_HOME=/opt/rustwide/cargo-home" "-e" "RUSTUP_HOME=/opt/rustwide/rustup-home" "-e" "CARGO_TARGET_DIR=/opt/rustwide/target" "-e" "CARGO_INCREMENTAL=0" "-e" "RUST_BACKTRACE=full" "-e" "RUSTFLAGS=--cap-lints=warn" "-e" "RUSTDOCFLAGS=--cap-lints=warn" "-w" "/opt/rustwide/workdir" "--user" "0:0" "be0ede3e9ed51ed02e1998af6e775ff9aba6ae896396e7a003ae6b391ec7424f" "/opt/rustwide/cargo-home/bin/cargo" "+1.97.0-beta.6" "build" "--frozen" "--message-format=json", kill_on_drop: false }`
[INFO] [stderr]    Compiling libc v0.2.71
[INFO] [stderr]    Compiling version_check v0.9.2
[INFO] [stderr]    Compiling proc-macro2 v1.0.17
[INFO] [stderr]    Compiling getrandom v0.1.14
[INFO] [stderr]    Compiling syn v1.0.28
[INFO] [stderr]    Compiling byteorder v1.3.4
[INFO] [stderr]    Compiling autocfg v1.0.0
[INFO] [stderr]    Compiling memchr v2.3.3
[INFO] [stderr]    Compiling ryu v1.0.4
[INFO] [stderr]    Compiling ppv-lite86 v0.2.8
[INFO] [stderr]    Compiling siphasher v0.3.3
[INFO] [stderr]    Compiling semver-parser v0.7.0
[INFO] [stderr]    Compiling arrayvec v0.4.12
[INFO] [stderr]    Compiling encoding_index_tests v0.1.4
[INFO] [stderr]    Compiling nodrop v0.1.14
[INFO] [stderr]    Compiling static_assertions v0.3.4
[INFO] [stderr]    Compiling serde v1.0.110
[INFO] [stderr]    Compiling crc32fast v1.2.0
[INFO] [stderr]    Compiling smallvec v1.4.0
[INFO] [stderr]    Compiling adler32 v1.0.4
[INFO] [stderr]    Compiling phf_shared v0.8.0
[INFO] [stderr]    Compiling semver v0.9.0
[INFO] [stderr]    Compiling itoa v0.4.5
[INFO] [stderr]    Compiling phf v0.8.0
[INFO] [stderr]    Compiling regex-automata v0.1.9
[INFO] [stderr]    Compiling unicode-normalization v0.1.12
[INFO] [stderr]    Compiling smallstr v0.2.0
[INFO] [stderr]    Compiling miniz_oxide v0.3.6
[INFO] [stderr]    Compiling nom v5.1.1
[INFO] [stderr]    Compiling rustc_version v0.2.3
[INFO] [stderr]    Compiling proc-macro-error-attr v1.0.2
[INFO] [stderr]    Compiling proc-macro-error v1.0.2
[INFO] [stderr]    Compiling encoding-index-japanese v1.20141219.5
[INFO] [stderr]    Compiling encoding-index-korean v1.20141219.5
[INFO] [stderr]    Compiling encoding-index-singlebyte v1.20141219.5
[INFO] [stderr]    Compiling encoding-index-tradchinese v1.20141219.5
[INFO] [stderr]    Compiling encoding-index-simpchinese v1.20141219.5
[INFO] [stderr]    Compiling ahash v0.3.5
[INFO] [stderr]    Compiling lexical-core v0.6.2
[INFO] [stderr]    Compiling csv-core v0.1.10
[INFO] [stderr]    Compiling num-traits v0.2.11
[INFO] [stderr]    Compiling hashbrown v0.7.2
[INFO] [stderr]    Compiling num-integer v0.1.42
[INFO] [stderr]    Compiling proc-macro-hack v0.5.16
[INFO] [stderr]    Compiling bitreader v0.3.2
[INFO] [stderr]    Compiling encode_unicode v0.3.6
[INFO] [stderr]    Compiling bitstream-io v0.8.5
[INFO] [stderr]    Compiling encoding v0.2.33
[INFO] [stderr]    Compiling hex v0.4.2
[INFO] [stderr]    Compiling num-format v0.4.0
[INFO] [stderr]    Compiling bytes v0.5.4
[INFO] [stderr]    Compiling mp3-metadata v0.3.3
[INFO] [stderr]    Compiling quote v1.0.6
[INFO] [stderr]    Compiling puremp3 v0.1.0
[INFO] [stderr]    Compiling metaflac v0.2.3
[INFO] [stderr]    Compiling hound v3.4.0
[INFO] [stdout] error[E0308]: mismatched types
[INFO] [stdout]   --> /opt/rustwide/cargo-home/registry/src/index.crates.io-1949cf8c6b5b557f/lexical-core-0.6.2/src/atof/algorithm/bhcomp.rs:62:24
[INFO] [stdout]    |
[INFO] [stdout] 62 |     let bytes = bits / Limb::BITS;
[INFO] [stdout]    |                        ^^^^^^^^^^ expected `usize`, found `u32`
[INFO] [stdout] 
[INFO] [stdout] 
[INFO] [stdout] error[E0277]: cannot divide `usize` by `u32`
[INFO] [stdout]   --> /opt/rustwide/cargo-home/registry/src/index.crates.io-1949cf8c6b5b557f/lexical-core-0.6.2/src/atof/algorithm/bhcomp.rs:62:22
[INFO] [stdout]    |
[INFO] [stdout] 62 |     let bytes = bits / Limb::BITS;
[INFO] [stdout]    |                      ^ no implementation for `usize / u32`
[INFO] [stdout]    |
[INFO] [stdout]    = help: the trait `Div<u32>` is not implemented for `usize`
[INFO] [stdout]    = help: the following other types implement trait `Div<Rhs>`:
[INFO] [stdout]              `&usize` implements `Div<usize>`
[INFO] [stdout]              `&usize` implements `Div`
[INFO] [stdout]              `usize` implements `Div<&usize>`
[INFO] [stdout]              `usize` implements `Div<NonZero<usize>>`
[INFO] [stdout]              `usize` implements `Div`
[INFO] [stdout] 
[INFO] [stdout] 
[INFO] [stdout] error[E0308]: mismatched types
[INFO] [stdout]    --> /opt/rustwide/cargo-home/registry/src/index.crates.io-1949cf8c6b5b557f/lexical-core-0.6.2/src/atof/algorithm/bigcomp.rs:158:55
[INFO] [stdout]     |
[INFO] [stdout] 158 |     let nlz = den.leading_zeros().wrapping_sub(wlz) & (u32::BITS - 1);
[INFO] [stdout]     |                                                       ^^^^^^^^^^^^^^^ expected `usize`, found `u32`
[INFO] [stdout] 
[INFO] [stdout] 
[INFO] [stdout] error[E0277]: no implementation for `usize & u32`
[INFO] [stdout]    --> /opt/rustwide/cargo-home/registry/src/index.crates.io-1949cf8c6b5b557f/lexical-core-0.6.2/src/atof/algorithm/bigcomp.rs:158:53
[INFO] [stdout]     |
[INFO] [stdout] 158 |     let nlz = den.leading_zeros().wrapping_sub(wlz) & (u32::BITS - 1);
[INFO] [stdout]     |                                                     ^ no implementation for `usize & u32`
[INFO] [stdout]     |
[INFO] [stdout]     = help: the trait `BitAnd<u32>` is not implemented for `usize`
[INFO] [stdout] help: the following other types implement trait `BitAnd<Rhs>`
[INFO] [stdout]    --> /rustc/b2282dd5646a57d570fc86fbe8df0e8826665ef6/library/core/src/ops/bit.rs:174:8
[INFO] [stdout]     |
[INFO] [stdout]     = note: `usize` implements `BitAnd`
[INFO] [stdout]    ::: /rustc/b2282dd5646a57d570fc86fbe8df0e8826665ef6/library/core/src/ops/bit.rs:187:0
[INFO] [stdout]     |
[INFO] [stdout]     = note: in this macro invocation
[INFO] [stdout]    --> /rustc/b2282dd5646a57d570fc86fbe8df0e8826665ef6/library/core/src/internal_macros.rs:22:8
[INFO] [stdout]     |
[INFO] [stdout]     = note: `&usize` implements `BitAnd<usize>`
[INFO] [stdout]    ::: /rustc/b2282dd5646a57d570fc86fbe8df0e8826665ef6/library/core/src/internal_macros.rs:33:8
[INFO] [stdout]     |
[INFO] [stdout]     = note: `usize` implements `BitAnd<&usize>`
[INFO] [stdout]    ::: /rustc/b2282dd5646a57d570fc86fbe8df0e8826665ef6/library/core/src/internal_macros.rs:44:8
[INFO] [stdout]     |
[INFO] [stdout]     = note: `&usize` implements `BitAnd`
[INFO] [stdout]     = note: this error originates in the macro `bitand_impl` (in Nightly builds, run with -Z macro-backtrace for more info)
[INFO] [stdout] 
[INFO] [stdout] 
[INFO] [stderr]    Compiling dirs-sys v0.3.4
[INFO] [stdout] error[E0308]: mismatched types
[INFO] [stdout]    --> /opt/rustwide/cargo-home/registry/src/index.crates.io-1949cf8c6b5b557f/lexical-core-0.6.2/src/atof/algorithm/bigcomp.rs:176:40
[INFO] [stdout]     |
[INFO] [stdout] 176 |         let (q, r) = shift.ceil_divmod(Limb::BITS);
[INFO] [stdout]     |                            ----------- ^^^^^^^^^^ expected `usize`, found `u32`
[INFO] [stdout]     |                            |
[INFO] [stdout]     |                            arguments to this method are incorrect
[INFO] [stdout]     |
[INFO] [stdout] help: the return type of this call is `u32` due to the type of the argument passed
[INFO] [stdout]    --> /opt/rustwide/cargo-home/registry/src/index.crates.io-1949cf8c6b5b557f/lexical-core-0.6.2/src/atof/algorithm/bigcomp.rs:176:22
[INFO] [stdout]     |
[INFO] [stdout] 176 |         let (q, r) = shift.ceil_divmod(Limb::BITS);
[INFO] [stdout]     |                      ^^^^^^^^^^^^^^^^^^----------^
[INFO] [stdout]     |                                        |
[INFO] [stdout]     |                                        this argument influences the return type of `ceil_divmod`
[INFO] [stdout] note: method defined here
[INFO] [stdout]    --> /opt/rustwide/cargo-home/registry/src/index.crates.io-1949cf8c6b5b557f/lexical-core-0.6.2/src/util/num.rs:209:8
[INFO] [stdout]     |
[INFO] [stdout] 209 |     fn ceil_divmod(self, y: Self) -> (Self, i32) {
[INFO] [stdout]     |        ^^^^^^^^^^^       -------
[INFO] [stdout] help: you can convert a `u32` to a `usize` and panic if the converted value doesn't fit
[INFO] [stdout]     |
[INFO] [stdout] 176 |         let (q, r) = shift.ceil_divmod(Limb::BITS.try_into().unwrap());
[INFO] [stdout]     |                                                  ++++++++++++++++++++
[INFO] [stdout] 
[INFO] [stdout] 
[INFO] [stdout] error[E0308]: mismatched types
[INFO] [stdout]     --> /opt/rustwide/cargo-home/registry/src/index.crates.io-1949cf8c6b5b557f/lexical-core-0.6.2/src/atof/algorithm/math.rs:1049:42
[INFO] [stdout]      |
[INFO] [stdout] 1049 |     let mut count = index.saturating_mul(Limb::BITS);
[INFO] [stdout]      |                           -------------- ^^^^^^^^^^ expected `usize`, found `u32`
[INFO] [stdout]      |                           |
[INFO] [stdout]      |                           arguments to this method are incorrect
[INFO] [stdout]      |
[INFO] [stdout] note: method defined here
[INFO] [stdout]     --> /rustc/b2282dd5646a57d570fc86fbe8df0e8826665ef6/library/core/src/num/uint_macros.rs:2516:21
[INFO] [stdout]     --> /rustc/b2282dd5646a57d570fc86fbe8df0e8826665ef6/library/core/src/num/mod.rs:1448:4
[INFO] [stdout]     ::: /rustc/b2282dd5646a57d570fc86fbe8df0e8826665ef6/library/core/src/num/mod.rs:1472:5
[INFO] [stdout]      |
[INFO] [stdout]      = note: in this macro invocation
[INFO] [stdout]      = note: this error originates in the macro `uint_impl` (in Nightly builds, run with -Z macro-backtrace for more info)
[INFO] [stdout] help: you can convert a `u32` to a `usize` and panic if the converted value doesn't fit
[INFO] [stdout]      |
[INFO] [stdout] 1049 |     let mut count = index.saturating_mul(Limb::BITS.try_into().unwrap());
[INFO] [stdout]      |                                                    ++++++++++++++++++++
[INFO] [stdout] 
[INFO] [stdout] 
[INFO] [stderr]    Compiling atty v0.2.14
[INFO] [stderr]    Compiling dirs v1.0.5
[INFO] [stdout] error[E0308]: mismatched types
[INFO] [stdout]     --> /opt/rustwide/cargo-home/registry/src/index.crates.io-1949cf8c6b5b557f/lexical-core-0.6.2/src/atof/algorithm/math.rs:1064:28
[INFO] [stdout]      |
[INFO] [stdout] 1064 |     Limb::BITS.checked_mul(x.len())
[INFO] [stdout]      |                ----------- ^^^^^^^ expected `u32`, found `usize`
[INFO] [stdout]      |                |
[INFO] [stdout]      |                arguments to this method are incorrect
[INFO] [stdout]      |
[INFO] [stdout] note: method defined here
[INFO] [stdout]     --> /rustc/b2282dd5646a57d570fc86fbe8df0e8826665ef6/library/core/src/num/uint_macros.rs:1287:21
[INFO] [stdout]     --> /rustc/b2282dd5646a57d570fc86fbe8df0e8826665ef6/library/core/src/num/mod.rs:1286:4
[INFO] [stdout]     ::: /rustc/b2282dd5646a57d570fc86fbe8df0e8826665ef6/library/core/src/num/mod.rs:1310:5
[INFO] [stdout]      |
[INFO] [stdout]      = note: in this macro invocation
[INFO] [stdout]      = note: this error originates in the macro `uint_impl` (in Nightly builds, run with -Z macro-backtrace for more info)
[INFO] [stdout] help: you can convert a `usize` to a `u32` and panic if the converted value doesn't fit
[INFO] [stdout]      |
[INFO] [stdout] 1064 |     Limb::BITS.checked_mul(x.len().try_into().unwrap())
[INFO] [stdout]      |                                   ++++++++++++++++++++
[INFO] [stdout] 
[INFO] [stdout] 
[INFO] [stdout] error[E0308]: mismatched types
[INFO] [stdout]     --> /opt/rustwide/cargo-home/registry/src/index.crates.io-1949cf8c6b5b557f/lexical-core-0.6.2/src/atof/algorithm/math.rs:1065:22
[INFO] [stdout]      |
[INFO] [stdout] 1065 |         .map(|v| v - nlz)
[INFO] [stdout]      |                      ^^^ expected `u32`, found `usize`
[INFO] [stdout] 
[INFO] [stdout] 
[INFO] [stdout] error[E0277]: cannot subtract `usize` from `u32`
[INFO] [stdout]     --> /opt/rustwide/cargo-home/registry/src/index.crates.io-1949cf8c6b5b557f/lexical-core-0.6.2/src/atof/algorithm/math.rs:1065:20
[INFO] [stdout]      |
[INFO] [stdout] 1065 |         .map(|v| v - nlz)
[INFO] [stdout]      |                    ^ no implementation for `u32 - usize`
[INFO] [stdout]      |
[INFO] [stdout]      = help: the trait `Sub<usize>` is not implemented for `u32`
[INFO] [stdout] help: the following other types implement trait `Sub<Rhs>`
[INFO] [stdout]     --> /rustc/b2282dd5646a57d570fc86fbe8df0e8826665ef6/library/core/src/ops/arith.rs:210:8
[INFO] [stdout]      |
[INFO] [stdout]      = note: `u32` implements `Sub`
[INFO] [stdout]     ::: /rustc/b2282dd5646a57d570fc86fbe8df0e8826665ef6/library/core/src/ops/arith.rs:225:0
[INFO] [stdout]      |
[INFO] [stdout]      = note: in this macro invocation
[INFO] [stdout]     --> /rustc/b2282dd5646a57d570fc86fbe8df0e8826665ef6/library/core/src/internal_macros.rs:22:8
[INFO] [stdout]      |
[INFO] [stdout]      = note: `&u32` implements `Sub<u32>`
[INFO] [stdout]     ::: /rustc/b2282dd5646a57d570fc86fbe8df0e8826665ef6/library/core/src/internal_macros.rs:33:8
[INFO] [stdout]      |
[INFO] [stdout]      = note: `u32` implements `Sub<&u32>`
[INFO] [stdout]     ::: /rustc/b2282dd5646a57d570fc86fbe8df0e8826665ef6/library/core/src/internal_macros.rs:44:8
[INFO] [stdout]      |
[INFO] [stdout]      = note: `&u32` implements `Sub`
[INFO] [stdout]      = note: this error originates in the macro `sub_impl` (in Nightly builds, run with -Z macro-backtrace for more info)
[INFO] [stdout] 
[INFO] [stdout] 
[INFO] [stdout] error[E0308]: mismatched types
[INFO] [stdout]     --> /opt/rustwide/cargo-home/registry/src/index.crates.io-1949cf8c6b5b557f/lexical-core-0.6.2/src/atof/algorithm/math.rs:1066:20
[INFO] [stdout]      |
[INFO] [stdout] 1060 | pub fn bit_length(x: &[Limb]) -> usize {
[INFO] [stdout]      |                                  ----- this return type influences the call expression's return type
[INFO] [stdout] ...
[INFO] [stdout] 1066 |         .unwrap_or(usize::max_value())
[INFO] [stdout]      |          --------- ^^^^^^^^^^^^^^^^^^ expected `u32`, found `usize`
[INFO] [stdout]      |          |
[INFO] [stdout]      |          arguments to this method are incorrect
[INFO] [stdout]      |
[INFO] [stdout] help: the return type of this call is `usize` due to the type of the argument passed
[INFO] [stdout]     --> /opt/rustwide/cargo-home/registry/src/index.crates.io-1949cf8c6b5b557f/lexical-core-0.6.2/src/atof/algorithm/math.rs:1064:5
[INFO] [stdout]      |
[INFO] [stdout] 1064 | /     Limb::BITS.checked_mul(x.len())
[INFO] [stdout] 1065 | |         .map(|v| v - nlz)
[INFO] [stdout] 1066 | |         .unwrap_or(usize::max_value())
[INFO] [stdout]      | |____________________------------------^
[INFO] [stdout]      |                      |
[INFO] [stdout]      |                      this argument influences the return type of `unwrap_or`
[INFO] [stdout] note: method defined here
[INFO] [stdout]     --> /rustc/b2282dd5646a57d570fc86fbe8df0e8826665ef6/library/core/src/option.rs:1035:17
[INFO] [stdout] help: you can convert a `usize` to a `u32` and panic if the converted value doesn't fit
[INFO] [stdout]      |
[INFO] [stdout] 1066 |         .unwrap_or(usize::max_value().try_into().unwrap())
[INFO] [stdout]      |                                      ++++++++++++++++++++
[INFO] [stdout] 
[INFO] [stdout] 
[INFO] [stdout] error[E0308]: mismatched types
[INFO] [stdout]     --> /opt/rustwide/cargo-home/registry/src/index.crates.io-1949cf8c6b5b557f/lexical-core-0.6.2/src/atof/algorithm/math.rs:1064:5
[INFO] [stdout]      |
[INFO] [stdout] 1060 |   pub fn bit_length(x: &[Limb]) -> usize {
[INFO] [stdout]      |                                    ----- expected `usize` because of return type
[INFO] [stdout] ...
[INFO] [stdout] 1064 | /     Limb::BITS.checked_mul(x.len())
[INFO] [stdout] 1065 | |         .map(|v| v - nlz)
[INFO] [stdout] 1066 | |         .unwrap_or(usize::max_value())
[INFO] [stdout]      | |______________________________________^ expected `usize`, found `u32`
[INFO] [stdout]      |
[INFO] [stdout] help: you can convert a `u32` to a `usize` and panic if the converted value doesn't fit
[INFO] [stdout]      |
[INFO] [stdout] 1066 |         .unwrap_or(usize::max_value()).try_into().unwrap()
[INFO] [stdout]      |                                       ++++++++++++++++++++
[INFO] [stdout] 
[INFO] [stdout] 
[INFO] [stdout] error[E0308]: mismatched types
[INFO] [stdout]     --> /opt/rustwide/cargo-home/registry/src/index.crates.io-1949cf8c6b5b557f/lexical-core-0.6.2/src/atof/algorithm/math.rs:1091:23
[INFO] [stdout]      |
[INFO] [stdout] 1091 |     debug_assert!(n < bits && n != 0);
[INFO] [stdout]      |                   -   ^^^^ expected `usize`, found `u32`
[INFO] [stdout]      |                   |
[INFO] [stdout]      |                   expected because this is `usize`
[INFO] [stdout]      |
[INFO] [stdout] help: you can convert a `u32` to a `usize` and panic if the converted value doesn't fit
[INFO] [stdout]      |
[INFO] [stdout] 1091 |     debug_assert!(n < bits.try_into().unwrap() && n != 0);
[INFO] [stdout]      |                           ++++++++++++++++++++
[INFO] [stdout] 
[INFO] [stdout] 
[INFO] [stdout] error[E0308]: mismatched types
[INFO] [stdout]     --> /opt/rustwide/cargo-home/registry/src/index.crates.io-1949cf8c6b5b557f/lexical-core-0.6.2/src/atof/algorithm/math.rs:1098:25
[INFO] [stdout]      |
[INFO] [stdout] 1098 |     let lshift = bits - n;
[INFO] [stdout]      |                         ^ expected `u32`, found `usize`
[INFO] [stdout] 
[INFO] [stdout] 
[INFO] [stdout] error[E0277]: cannot subtract `usize` from `u32`
[INFO] [stdout]     --> /opt/rustwide/cargo-home/registry/src/index.crates.io-1949cf8c6b5b557f/lexical-core-0.6.2/src/atof/algorithm/math.rs:1098:23
[INFO] [stdout]      |
[INFO] [stdout] 1098 |     let lshift = bits - n;
[INFO] [stdout]      |                       ^ no implementation for `u32 - usize`
[INFO] [stdout]      |
[INFO] [stdout]      = help: the trait `Sub<usize>` is not implemented for `u32`
[INFO] [stdout] help: the following other types implement trait `Sub<Rhs>`
[INFO] [stdout]     --> /rustc/b2282dd5646a57d570fc86fbe8df0e8826665ef6/library/core/src/ops/arith.rs:210:8
[INFO] [stdout]      |
[INFO] [stdout]      = note: `u32` implements `Sub`
[INFO] [stdout]     ::: /rustc/b2282dd5646a57d570fc86fbe8df0e8826665ef6/library/core/src/ops/arith.rs:225:0
[INFO] [stdout]      |
[INFO] [stdout]      = note: in this macro invocation
[INFO] [stdout]     --> /rustc/b2282dd5646a57d570fc86fbe8df0e8826665ef6/library/core/src/internal_macros.rs:22:8
[INFO] [stdout]      |
[INFO] [stdout]      = note: `&u32` implements `Sub<u32>`
[INFO] [stdout]     ::: /rustc/b2282dd5646a57d570fc86fbe8df0e8826665ef6/library/core/src/internal_macros.rs:33:8
[INFO] [stdout]      |
[INFO] [stdout]      = note: `u32` implements `Sub<&u32>`
[INFO] [stdout]     ::: /rustc/b2282dd5646a57d570fc86fbe8df0e8826665ef6/library/core/src/internal_macros.rs:44:8
[INFO] [stdout]      |
[INFO] [stdout]      = note: `&u32` implements `Sub`
[INFO] [stdout]      = note: this error originates in the macro `sub_impl` (in Nightly builds, run with -Z macro-backtrace for more info)
[INFO] [stdout] 
[INFO] [stdout] 
[INFO] [stdout] error[E0308]: mismatched types
[INFO] [stdout]     --> /opt/rustwide/cargo-home/registry/src/index.crates.io-1949cf8c6b5b557f/lexical-core-0.6.2/src/atof/algorithm/math.rs:1140:19
[INFO] [stdout]      |
[INFO] [stdout] 1140 |     let rem = n % bits;
[INFO] [stdout]      |                   ^^^^ expected `usize`, found `u32`
[INFO] [stdout] 
[INFO] [stdout] 
[INFO] [stdout] error[E0277]: cannot calculate the remainder of `usize` divided by `u32`
[INFO] [stdout]     --> /opt/rustwide/cargo-home/registry/src/index.crates.io-1949cf8c6b5b557f/lexical-core-0.6.2/src/atof/algorithm/math.rs:1140:17
[INFO] [stdout]      |
[INFO] [stdout] 1140 |     let rem = n % bits;
[INFO] [stdout]      |                 ^ no implementation for `usize % u32`
[INFO] [stdout]      |
[INFO] [stdout]      = help: the trait `Rem<u32>` is not implemented for `usize`
[INFO] [stdout]      = help: the following other types implement trait `Rem<Rhs>`:
[INFO] [stdout]                `&usize` implements `Rem<usize>`
[INFO] [stdout]                `&usize` implements `Rem`
[INFO] [stdout]                `usize` implements `Rem<&usize>`
[INFO] [stdout]                `usize` implements `Rem<NonZero<usize>>`
[INFO] [stdout]                `usize` implements `Rem`
[INFO] [stdout] 
[INFO] [stdout] 
[INFO] [stdout] error[E0308]: mismatched types
[INFO] [stdout]     --> /opt/rustwide/cargo-home/registry/src/index.crates.io-1949cf8c6b5b557f/lexical-core-0.6.2/src/atof/algorithm/math.rs:1141:19
[INFO] [stdout]      |
[INFO] [stdout] 1141 |     let div = n / bits;
[INFO] [stdout]      |                   ^^^^ expected `usize`, found `u32`
[INFO] [stdout] 
[INFO] [stdout] 
[INFO] [stdout] error[E0277]: cannot divide `usize` by `u32`
[INFO] [stdout]     --> /opt/rustwide/cargo-home/registry/src/index.crates.io-1949cf8c6b5b557f/lexical-core-0.6.2/src/atof/algorithm/math.rs:1141:17
[INFO] [stdout]      |
[INFO] [stdout] 1141 |     let div = n / bits;
[INFO] [stdout]      |                 ^ no implementation for `usize / u32`
[INFO] [stdout]      |
[INFO] [stdout]      = help: the trait `Div<u32>` is not implemented for `usize`
[INFO] [stdout]      = help: the following other types implement trait `Div<Rhs>`:
[INFO] [stdout]                `&usize` implements `Div<usize>`
[INFO] [stdout]                `&usize` implements `Div`
[INFO] [stdout]                `usize` implements `Div<&usize>`
[INFO] [stdout]                `usize` implements `Div<NonZero<usize>>`
[INFO] [stdout]                `usize` implements `Div`
[INFO] [stdout] 
[INFO] [stdout] 
[INFO] [stdout] error[E0308]: mismatched types
[INFO] [stdout]     --> /opt/rustwide/cargo-home/registry/src/index.crates.io-1949cf8c6b5b557f/lexical-core-0.6.2/src/atof/algorithm/math.rs:1197:23
[INFO] [stdout]      |
[INFO] [stdout] 1197 |     debug_assert!(n < bits);
[INFO] [stdout]      |                   -   ^^^^ expected `usize`, found `u32`
[INFO] [stdout]      |                   |
[INFO] [stdout]      |                   expected because this is `usize`
[INFO] [stdout]      |
[INFO] [stdout] help: you can convert a `u32` to a `usize` and panic if the converted value doesn't fit
[INFO] [stdout]      |
[INFO] [stdout] 1197 |     debug_assert!(n < bits.try_into().unwrap());
[INFO] [stdout]      |                           ++++++++++++++++++++
[INFO] [stdout] 
[INFO] [stdout] 
[INFO] [stdout] error[E0308]: mismatched types
[INFO] [stdout]     --> /opt/rustwide/cargo-home/registry/src/index.crates.io-1949cf8c6b5b557f/lexical-core-0.6.2/src/atof/algorithm/math.rs:1207:25
[INFO] [stdout]      |
[INFO] [stdout] 1207 |     let rshift = bits - n;
[INFO] [stdout]      |                         ^ expected `u32`, found `usize`
[INFO] [stdout] 
[INFO] [stdout] 
[INFO] [stdout] error[E0277]: cannot subtract `usize` from `u32`
[INFO] [stdout]     --> /opt/rustwide/cargo-home/registry/src/index.crates.io-1949cf8c6b5b557f/lexical-core-0.6.2/src/atof/algorithm/math.rs:1207:23
[INFO] [stdout]      |
[INFO] [stdout] 1207 |     let rshift = bits - n;
[INFO] [stdout]      |                       ^ no implementation for `u32 - usize`
[INFO] [stdout]      |
[INFO] [stdout]      = help: the trait `Sub<usize>` is not implemented for `u32`
[INFO] [stdout] help: the following other types implement trait `Sub<Rhs>`
[INFO] [stdout]     --> /rustc/b2282dd5646a57d570fc86fbe8df0e8826665ef6/library/core/src/ops/arith.rs:210:8
[INFO] [stdout]      |
[INFO] [stdout]      = note: `u32` implements `Sub`
[INFO] [stdout]     ::: /rustc/b2282dd5646a57d570fc86fbe8df0e8826665ef6/library/core/src/ops/arith.rs:225:0
[INFO] [stdout]      |
[INFO] [stdout]      = note: in this macro invocation
[INFO] [stdout]     --> /rustc/b2282dd5646a57d570fc86fbe8df0e8826665ef6/library/core/src/internal_macros.rs:22:8
[INFO] [stdout]      |
[INFO] [stdout]      = note: `&u32` implements `Sub<u32>`
[INFO] [stdout]     ::: /rustc/b2282dd5646a57d570fc86fbe8df0e8826665ef6/library/core/src/internal_macros.rs:33:8
[INFO] [stdout]      |
[INFO] [stdout]      = note: `u32` implements `Sub<&u32>`
[INFO] [stdout]     ::: /rustc/b2282dd5646a57d570fc86fbe8df0e8826665ef6/library/core/src/internal_macros.rs:44:8
[INFO] [stdout]      |
[INFO] [stdout]      = note: `&u32` implements `Sub`
[INFO] [stdout]      = note: this error originates in the macro `sub_impl` (in Nightly builds, run with -Z macro-backtrace for more info)
[INFO] [stdout] 
[INFO] [stdout] 
[INFO] [stdout] error[E0308]: mismatched types
[INFO] [stdout]     --> /opt/rustwide/cargo-home/registry/src/index.crates.io-1949cf8c6b5b557f/lexical-core-0.6.2/src/atof/algorithm/math.rs:1259:19
[INFO] [stdout]      |
[INFO] [stdout] 1259 |     let rem = n % bits;
[INFO] [stdout]      |                   ^^^^ expected `usize`, found `u32`
[INFO] [stdout] 
[INFO] [stdout] 
[INFO] [stdout] error[E0277]: cannot calculate the remainder of `usize` divided by `u32`
[INFO] [stdout]     --> /opt/rustwide/cargo-home/registry/src/index.crates.io-1949cf8c6b5b557f/lexical-core-0.6.2/src/atof/algorithm/math.rs:1259:17
[INFO] [stdout]      |
[INFO] [stdout] 1259 |     let rem = n % bits;
[INFO] [stdout]      |                 ^ no implementation for `usize % u32`
[INFO] [stdout]      |
[INFO] [stdout]      = help: the trait `Rem<u32>` is not implemented for `usize`
[INFO] [stdout]      = help: the following other types implement trait `Rem<Rhs>`:
[INFO] [stdout]                `&usize` implements `Rem<usize>`
[INFO] [stdout]                `&usize` implements `Rem`
[INFO] [stdout]                `usize` implements `Rem<&usize>`
[INFO] [stdout]                `usize` implements `Rem<NonZero<usize>>`
[INFO] [stdout]                `usize` implements `Rem`
[INFO] [stdout] 
[INFO] [stdout] 
[INFO] [stdout] error[E0308]: mismatched types
[INFO] [stdout]     --> /opt/rustwide/cargo-home/registry/src/index.crates.io-1949cf8c6b5b557f/lexical-core-0.6.2/src/atof/algorithm/math.rs:1260:19
[INFO] [stdout]      |
[INFO] [stdout] 1260 |     let div = n / bits;
[INFO] [stdout]      |                   ^^^^ expected `usize`, found `u32`
[INFO] [stdout] 
[INFO] [stdout] 
[INFO] [stdout] error[E0277]: cannot divide `usize` by `u32`
[INFO] [stdout]     --> /opt/rustwide/cargo-home/registry/src/index.crates.io-1949cf8c6b5b557f/lexical-core-0.6.2/src/atof/algorithm/math.rs:1260:17
[INFO] [stdout]      |
[INFO] [stdout] 1260 |     let div = n / bits;
[INFO] [stdout]      |                 ^ no implementation for `usize / u32`
[INFO] [stdout]      |
[INFO] [stdout]      = help: the trait `Div<u32>` is not implemented for `usize`
[INFO] [stdout]      = help: the following other types implement trait `Div<Rhs>`:
[INFO] [stdout]                `&usize` implements `Div<usize>`
[INFO] [stdout]                `&usize` implements `Div`
[INFO] [stdout]                `usize` implements `Div<&usize>`
[INFO] [stdout]                `usize` implements `Div<NonZero<usize>>`
[INFO] [stdout]                `usize` implements `Div`
[INFO] [stdout] 
[INFO] [stdout] 
[INFO] [stdout] error[E0308]: mismatched types
[INFO] [stdout]     --> /opt/rustwide/cargo-home/registry/src/index.crates.io-1949cf8c6b5b557f/lexical-core-0.6.2/src/atof/algorithm/math.rs:2071:27
[INFO] [stdout]      |
[INFO] [stdout] 2071 |     let rs = Limb::BITS - s;
[INFO] [stdout]      |                           ^ expected `u32`, found `usize`
[INFO] [stdout] 
[INFO] [stdout] 
[INFO] [stdout] error[E0277]: cannot subtract `usize` from `u32`
[INFO] [stdout]     --> /opt/rustwide/cargo-home/registry/src/index.crates.io-1949cf8c6b5b557f/lexical-core-0.6.2/src/atof/algorithm/math.rs:2071:25
[INFO] [stdout]      |
[INFO] [stdout] 2071 |     let rs = Limb::BITS - s;
[INFO] [stdout]      |                         ^ no implementation for `u32 - usize`
[INFO] [stdout]      |
[INFO] [stdout]      = help: the trait `Sub<usize>` is not implemented for `u32`
[INFO] [stdout] help: the following other types implement trait `Sub<Rhs>`
[INFO] [stdout]     --> /rustc/b2282dd5646a57d570fc86fbe8df0e8826665ef6/library/core/src/ops/arith.rs:210:8
[INFO] [stdout]      |
[INFO] [stdout]      = note: `u32` implements `Sub`
[INFO] [stdout]     ::: /rustc/b2282dd5646a57d570fc86fbe8df0e8826665ef6/library/core/src/ops/arith.rs:225:0
[INFO] [stdout]      |
[INFO] [stdout]      = note: in this macro invocation
[INFO] [stdout]     --> /rustc/b2282dd5646a57d570fc86fbe8df0e8826665ef6/library/core/src/internal_macros.rs:22:8
[INFO] [stdout]      |
[INFO] [stdout]      = note: `&u32` implements `Sub<u32>`
[INFO] [stdout]     ::: /rustc/b2282dd5646a57d570fc86fbe8df0e8826665ef6/library/core/src/internal_macros.rs:33:8
[INFO] [stdout]      |
[INFO] [stdout]      = note: `u32` implements `Sub<&u32>`
[INFO] [stdout]     ::: /rustc/b2282dd5646a57d570fc86fbe8df0e8826665ef6/library/core/src/internal_macros.rs:44:8
[INFO] [stdout]      |
[INFO] [stdout]      = note: `&u32` implements `Sub`
[INFO] [stdout]      = note: this error originates in the macro `sub_impl` (in Nightly builds, run with -Z macro-backtrace for more info)
[INFO] [stdout] 
[INFO] [stdout] 
[INFO] [stderr]    Compiling nix v0.17.0
[INFO] [stderr]    Compiling time v0.1.43
[INFO] [stderr]    Compiling flate2 v1.0.14
[INFO] [stderr]    Compiling clap v2.33.1
[INFO] [stderr]    Compiling dirs v2.0.2
[INFO] [stderr]    Compiling term v0.5.2
[INFO] [stderr]    Compiling mp4parse v0.11.4 (https://github.com/mozilla/mp4parse-rust#309b9b8a)
[INFO] [stderr]    Compiling rand_core v0.5.1
[INFO] [stderr]    Compiling id3 v0.5.1
[INFO] [stderr]    Compiling rand_pcg v0.2.1
[INFO] [stderr]    Compiling rand_chacha v0.2.2
[INFO] [stderr]    Compiling chrono v0.4.11
[INFO] [stdout] Some errors have detailed explanations: E0277, E0308.
[INFO] [stdout] 
[INFO] [stdout] For more information about an error, try `rustc --explain E0277`.
[INFO] [stdout] 
[INFO] [stderr] error: could not compile `lexical-core` (lib) due to 27 previous errors
[INFO] [stderr] warning: build failed, waiting for other jobs to finish...
[INFO] running `Command { std: "docker" "inspect" "be0ede3e9ed51ed02e1998af6e775ff9aba6ae896396e7a003ae6b391ec7424f", kill_on_drop: false }`
[INFO] running `Command { std: "docker" "rm" "-f" "be0ede3e9ed51ed02e1998af6e775ff9aba6ae896396e7a003ae6b391ec7424f", kill_on_drop: false }`
[INFO] [stdout] be0ede3e9ed51ed02e1998af6e775ff9aba6ae896396e7a003ae6b391ec7424f
