[INFO] cloning repository https://github.com/jbiason/tu
[INFO] running `Command { std: "git" "-c" "credential.helper=" "-c" "credential.helper=/workspace/cargo-home/bin/git-credential-null" "clone" "--bare" "https://github.com/jbiason/tu" "/workspace/cache/git-repos/https%3A%2F%2Fgithub.com%2Fjbiason%2Ftu", kill_on_drop: false }`
[INFO] [stderr] Cloning into bare repository '/workspace/cache/git-repos/https%3A%2F%2Fgithub.com%2Fjbiason%2Ftu'...
[INFO] running `Command { std: "git" "rev-parse" "HEAD", kill_on_drop: false }`
[INFO] [stdout] f635f4c901f5e911fdb0606fb7dde9b07fc8daf9
[INFO] testing jbiason/tu against 1.97.0-beta.6 for beta-1.98-2
[INFO] running `Command { std: "git" "clone" "/workspace/cache/git-repos/https%3A%2F%2Fgithub.com%2Fjbiason%2Ftu" "/workspace/builds/worker-1-tc1/source", kill_on_drop: false }`
[INFO] [stderr] Cloning into '/workspace/builds/worker-1-tc1/source'...
[INFO] [stderr] done.
[INFO] started tweaking git repo https://github.com/jbiason/tu
[INFO] finished tweaking git repo https://github.com/jbiason/tu
[INFO] tweaked toml for git repo https://github.com/jbiason/tu written to /workspace/builds/worker-1-tc1/source/Cargo.toml
[INFO] validating manifest of git repo https://github.com/jbiason/tu on toolchain 1.97.0-beta.6
[INFO] running `Command { std: CARGO_HOME="/workspace/cargo-home" RUSTUP_HOME="/workspace/rustup-home" "/workspace/cargo-home/bin/cargo" "+1.97.0-beta.6" "metadata" "--manifest-path" "Cargo.toml" "--no-deps", kill_on_drop: false }`
[INFO] crate git repo https://github.com/jbiason/tu already has a lockfile, it will not be regenerated
[INFO] running `Command { std: CARGO_HOME="/workspace/cargo-home" RUSTUP_HOME="/workspace/rustup-home" "/workspace/cargo-home/bin/cargo" "+1.97.0-beta.6" "fetch" "--manifest-path" "Cargo.toml", kill_on_drop: false }`
[INFO] [stderr]  Downloading crates ...
[INFO] [stderr]   Downloaded wasi v0.10.1+wasi-snapshot-preview1
[INFO] [stderr]   Downloaded wasm-bindgen-shared v0.2.82
[INFO] [stderr]   Downloaded hermit-abi v0.1.8
[INFO] [stderr]   Downloaded redox_users v0.4.0
[INFO] [stderr]   Downloaded iana-time-zone v0.1.44
[INFO] [stderr]   Downloaded thread_local v1.0.1
[INFO] [stderr]   Downloaded dirs-sys v0.3.6
[INFO] [stderr]   Downloaded getrandom v0.2.1
[INFO] [stderr]   Downloaded quote v1.0.3
[INFO] [stderr]   Downloaded once_cell v1.13.0
[INFO] [stderr]   Downloaded humantime v2.0.1
[INFO] [stderr]   Downloaded redox_syscall v0.2.6
[INFO] [stderr]   Downloaded wasm-bindgen-macro-support v0.2.82
[INFO] [stderr]   Downloaded num-integer v0.1.42
[INFO] [stderr]   Downloaded memchr v2.3.3
[INFO] [stderr]   Downloaded wasm-bindgen-macro v0.2.82
[INFO] [stderr]   Downloaded wasm-bindgen-backend v0.2.82
[INFO] [stderr]   Downloaded env_logger v0.9.1
[INFO] [stderr]   Downloaded serde_derive v1.0.145
[INFO] [stderr]   Downloaded uuid v1.1.2
[INFO] [stderr]   Downloaded textwrap v0.15.1
[INFO] [stderr]   Downloaded bumpalo v3.10.0
[INFO] [stderr]   Downloaded js-sys v0.3.59
[INFO] [stderr]   Downloaded aho-corasick v0.7.10
[INFO] [stderr]   Downloaded wasm-bindgen v0.2.82
[INFO] [stderr]   Downloaded chrono v0.4.22
[INFO] [stderr]   Downloaded clap v3.2.22
[INFO] [stderr]   Downloaded regex v1.3.7
[INFO] [stderr]   Downloaded syn v1.0.92
[INFO] [stderr]   Downloaded regex-syntax v0.6.17
[INFO] [stderr]   Downloaded libc v0.2.131
[INFO] running `Command { std: "docker" "create" "-v" "/var/lib/crater-agent-workspace/builds/worker-1-tc1/source:/opt/rustwide/workdir:ro,Z" "-v" "/var/lib/crater-agent-workspace/builds/worker-1-tc1/target:/opt/rustwide/target:rw,Z" "-v" "/var/lib/crater-agent-workspace/cargo-home:/opt/rustwide/cargo-home:ro,Z" "-v" "/var/lib/crater-agent-workspace/rustup-home:/opt/rustwide/rustup-home:ro,Z" "-m" "1610612736" "--network" "none" "ghcr.io/rust-lang/crates-build-env/linux@sha256:3d5ced03c013a94a2f102a4510f48a6e9184255caf5fd8244f58017bde7f5210" "sleep" "infinity", kill_on_drop: false }`
[INFO] [stdout] c87992924b6968e3d148768371f23bcd49005ffe80b625811ae6808fe270585e
[INFO] running `Command { std: "docker" "start" "c87992924b6968e3d148768371f23bcd49005ffe80b625811ae6808fe270585e", kill_on_drop: false }`
[INFO] running `Command { std: "docker" "inspect" "c87992924b6968e3d148768371f23bcd49005ffe80b625811ae6808fe270585e", kill_on_drop: false }`
[INFO] running `Command { std: "docker" "exec" "-e" "SOURCE_DIR=/opt/rustwide/workdir" "-e" "CARGO_HOME=/opt/rustwide/cargo-home" "-e" "RUSTUP_HOME=/opt/rustwide/rustup-home" "-e" "CARGO_TARGET_DIR=/opt/rustwide/target" "-w" "/opt/rustwide/workdir" "--user" "0:0" "c87992924b6968e3d148768371f23bcd49005ffe80b625811ae6808fe270585e" "/opt/rustwide/cargo-home/bin/cargo" "+1.97.0-beta.6" "metadata" "--no-deps" "--format-version=1", kill_on_drop: false }`
[INFO] running `Command { std: "docker" "inspect" "c87992924b6968e3d148768371f23bcd49005ffe80b625811ae6808fe270585e", kill_on_drop: false }`
[INFO] running `Command { std: "docker" "exec" "-e" "SOURCE_DIR=/opt/rustwide/workdir" "-e" "CARGO_HOME=/opt/rustwide/cargo-home" "-e" "RUSTUP_HOME=/opt/rustwide/rustup-home" "-e" "CARGO_TARGET_DIR=/opt/rustwide/target" "-e" "CARGO_INCREMENTAL=0" "-e" "RUST_BACKTRACE=full" "-e" "RUSTFLAGS=--cap-lints=warn" "-e" "RUSTDOCFLAGS=--cap-lints=warn" "-w" "/opt/rustwide/workdir" "--user" "0:0" "c87992924b6968e3d148768371f23bcd49005ffe80b625811ae6808fe270585e" "/opt/rustwide/cargo-home/bin/cargo" "+1.97.0-beta.6" "build" "--frozen" "--message-format=json", kill_on_drop: false }`
[INFO] [stderr]    Compiling autocfg v1.0.0
[INFO] [stderr]    Compiling libc v0.2.131
[INFO] [stderr]    Compiling memchr v2.3.3
[INFO] [stderr]    Compiling proc-macro2 v1.0.36
[INFO] [stderr]    Compiling unicode-xid v0.2.0
[INFO] [stderr]    Compiling serde v1.0.145
[INFO] [stderr]    Compiling syn v1.0.92
[INFO] [stderr]    Compiling bitflags v1.2.1
[INFO] [stderr]    Compiling log v0.4.17
[INFO] [stderr]    Compiling getrandom v0.2.1
[INFO] [stderr]    Compiling termcolor v1.1.3
[INFO] [stderr]    Compiling os_str_bytes v6.3.0
[INFO] [stderr]    Compiling regex-syntax v0.6.17
[INFO] [stderr]    Compiling thread_local v1.0.1
[INFO] [stderr]    Compiling serde_derive v1.0.145
[INFO] [stderr]    Compiling strsim v0.10.0
[INFO] [stderr]    Compiling humantime v2.0.1
[INFO] [stderr]    Compiling textwrap v0.15.1
[INFO] [stderr]    Compiling iana-time-zone v0.1.44
[INFO] [stderr]    Compiling num-traits v0.2.11
[INFO] [stderr]    Compiling indexmap v1.9.1
[INFO] [stderr]    Compiling num-integer v0.1.42
[INFO] [stderr]    Compiling clap_lex v0.2.4
[INFO] [stderr]    Compiling aho-corasick v0.7.10
[INFO] [stderr]    Compiling atty v0.2.14
[INFO] [stderr]    Compiling dirs-sys v0.3.6
[INFO] [stderr]    Compiling time v0.1.43
[INFO] [stderr]    Compiling quote v1.0.3
[INFO] [stderr]    Compiling uuid v1.1.2
[INFO] [stderr]    Compiling dirs v4.0.0
[INFO] [stderr]    Compiling clap v3.2.22
[INFO] [stderr]    Compiling regex v1.3.7
[INFO] [stderr]    Compiling toml v0.5.9
[INFO] [stderr]    Compiling chrono v0.4.22
[INFO] [stderr]    Compiling env_logger v0.9.1
[INFO] [stderr]    Compiling tu v0.1.0 (/opt/rustwide/workdir)
[INFO] [stdout] error[E0432]: unresolved import `clap::crate_authors`
[INFO] [stdout]   --> src/args.rs:19:5
[INFO] [stdout]    |
[INFO] [stdout] 19 | use clap::crate_authors;
[INFO] [stdout]    |     ^^^^^^^^^^^^^^^^^^^ no `crate_authors` in the root
[INFO] [stdout] 
[INFO] [stdout] 
[INFO] [stdout] error[E0432]: unresolved import `clap::crate_description`
[INFO] [stdout]   --> src/args.rs:20:5
[INFO] [stdout]    |
[INFO] [stdout] 20 | use clap::crate_description;
[INFO] [stdout]    |     ^^^^^^^^^^^^^^^^^^^^^^^ no `crate_description` in the root
[INFO] [stdout] 
[INFO] [stdout] 
[INFO] [stdout] error[E0432]: unresolved import `clap::crate_name`
[INFO] [stdout]   --> src/args.rs:21:5
[INFO] [stdout]    |
[INFO] [stdout] 21 | use clap::crate_name;
[INFO] [stdout]    |     ^^^^^^^^^^^^^^^^ no `crate_name` in the root
[INFO] [stdout] 
[INFO] [stdout] 
[INFO] [stdout] error[E0432]: unresolved import `clap::crate_version`
[INFO] [stdout]   --> src/args.rs:22:5
[INFO] [stdout]    |
[INFO] [stdout] 22 | use clap::crate_version;
[INFO] [stdout]    |     ^^^^^^^^^^^^^^^^^^^ no `crate_version` in the root
[INFO] [stdout] 
[INFO] [stdout] 
[INFO] [stdout] error[E0308]: mismatched types
[INFO] [stdout]    --> src/args.rs:80:32
[INFO] [stdout]     |
[INFO] [stdout]  80 |                         .short("t")
[INFO] [stdout]     |                          ----- ^^^ expected `char`, found `&str`
[INFO] [stdout]     |                          |
[INFO] [stdout]     |                          arguments to this method are incorrect
[INFO] [stdout]     |
[INFO] [stdout] note: method defined here
[INFO] [stdout]    --> /opt/rustwide/cargo-home/registry/src/index.crates.io-1949cf8c6b5b557f/clap-3.2.22/src/builder/arg.rs:180:12
[INFO] [stdout]     |
[INFO] [stdout] 180 |     pub fn short(mut self, s: char) -> Self {
[INFO] [stdout]     |            ^^^^^
[INFO] [stdout] help: if you meant to write a `char` literal, use single quotes
[INFO] [stdout]     |
[INFO] [stdout]  80 -                         .short("t")
[INFO] [stdout]  80 +                         .short('t')
[INFO] [stdout]     |
[INFO] [stdout] 
[INFO] [stdout] 
[INFO] [stdout] error[E0308]: mismatched types
[INFO] [stdout]    --> src/args.rs:100:32
[INFO] [stdout]     |
[INFO] [stdout] 100 |                         .short("o")
[INFO] [stdout]     |                          ----- ^^^ expected `char`, found `&str`
[INFO] [stdout]     |                          |
[INFO] [stdout]     |                          arguments to this method are incorrect
[INFO] [stdout]     |
[INFO] [stdout] note: method defined here
[INFO] [stdout]    --> /opt/rustwide/cargo-home/registry/src/index.crates.io-1949cf8c6b5b557f/clap-3.2.22/src/builder/arg.rs:180:12
[INFO] [stdout]     |
[INFO] [stdout] 180 |     pub fn short(mut self, s: char) -> Self {
[INFO] [stdout]     |            ^^^^^
[INFO] [stdout] help: if you meant to write a `char` literal, use single quotes
[INFO] [stdout]     |
[INFO] [stdout] 100 -                         .short("o")
[INFO] [stdout] 100 +                         .short('o')
[INFO] [stdout]     |
[INFO] [stdout] 
[INFO] [stdout] 
[INFO] [stdout] error[E0308]: mismatched types
[INFO] [stdout]    --> src/args.rs:110:9
[INFO] [stdout]     |
[INFO] [stdout] 109 |     match matches.subcommand() {
[INFO] [stdout]     |           -------------------- this expression has type `std::option::Option<(&str, &ArgMatches)>`
[INFO] [stdout] 110 |         ("", _) => Ok(Action::List),
[INFO] [stdout]     |         ^^^^^^^ expected `Option<(&str, &ArgMatches)>`, found `(_, _)`
[INFO] [stdout]     |
[INFO] [stdout]     = note: expected enum `std::option::Option<(&str, &ArgMatches)>`
[INFO] [stdout]               found tuple `(_, _)`
[INFO] [stdout] help: try wrapping the pattern in `Some`
[INFO] [stdout]     |
[INFO] [stdout] 110 |         Some(("", _)) => Ok(Action::List),
[INFO] [stdout]     |         +++++       +
[INFO] [stdout] 
[INFO] [stdout] 
[INFO] [stdout] error[E0308]: mismatched types
[INFO] [stdout]    --> src/args.rs:111:9
[INFO] [stdout]     |
[INFO] [stdout] 109 |     match matches.subcommand() {
[INFO] [stdout]     |           -------------------- this expression has type `std::option::Option<(&str, &ArgMatches)>`
[INFO] [stdout] 110 |         ("", _) => Ok(Action::List),
[INFO] [stdout] 111 |         ("add", Some(arguments)) => parse_add(arguments),
[INFO] [stdout]     |         ^^^^^^^^^^^^^^^^^^^^^^^^ expected `Option<(&str, &ArgMatches)>`, found `(_, _)`
[INFO] [stdout]     |
[INFO] [stdout]     = note: expected enum `std::option::Option<(&str, &ArgMatches)>`
[INFO] [stdout]               found tuple `(_, _)`
[INFO] [stdout] help: try wrapping the pattern in `Some`
[INFO] [stdout]     |
[INFO] [stdout] 111 |         Some(("add", Some(arguments))) => parse_add(arguments),
[INFO] [stdout]     |         +++++                        +
[INFO] [stdout] 
[INFO] [stdout] 
[INFO] [stdout] error[E0308]: mismatched types
[INFO] [stdout]    --> src/args.rs:112:9
[INFO] [stdout]     |
[INFO] [stdout] 109 |     match matches.subcommand() {
[INFO] [stdout]     |           -------------------- this expression has type `std::option::Option<(&str, &ArgMatches)>`
[INFO] [stdout] ...
[INFO] [stdout] 112 |         ("rm", Some(arguments)) => parse_rm(arguments),
[INFO] [stdout]     |         ^^^^^^^^^^^^^^^^^^^^^^^ expected `Option<(&str, &ArgMatches)>`, found `(_, _)`
[INFO] [stdout]     |
[INFO] [stdout]     = note: expected enum `std::option::Option<(&str, &ArgMatches)>`
[INFO] [stdout]               found tuple `(_, _)`
[INFO] [stdout] help: try wrapping the pattern in `Some`
[INFO] [stdout]     |
[INFO] [stdout] 112 |         Some(("rm", Some(arguments))) => parse_rm(arguments),
[INFO] [stdout]     |         +++++                       +
[INFO] [stdout] 
[INFO] [stdout] 
[INFO] [stdout] error[E0308]: mismatched types
[INFO] [stdout]    --> src/args.rs:113:9
[INFO] [stdout]     |
[INFO] [stdout] 109 |     match matches.subcommand() {
[INFO] [stdout]     |           -------------------- this expression has type `std::option::Option<(&str, &ArgMatches)>`
[INFO] [stdout] ...
[INFO] [stdout] 113 |         (_, _) => Err(ParseError::UnknownOption),
[INFO] [stdout]     |         ^^^^^^ expected `Option<(&str, &ArgMatches)>`, found `(_, _)`
[INFO] [stdout]     |
[INFO] [stdout]     = note: expected enum `std::option::Option<(&str, &ArgMatches)>`
[INFO] [stdout]               found tuple `(_, _)`
[INFO] [stdout] help: try wrapping the pattern in `Some`
[INFO] [stdout]     |
[INFO] [stdout] 113 |         Some((_, _)) => Err(ParseError::UnknownOption),
[INFO] [stdout]     |         +++++      +
[INFO] [stdout] 
[INFO] [stdout] 
[INFO] [stdout] Some errors have detailed explanations: E0308, E0432.
[INFO] [stdout] 
[INFO] [stdout] For more information about an error, try `rustc --explain E0308`.
[INFO] [stdout] 
[INFO] [stderr] error: could not compile `tu` (bin "tu") due to 10 previous errors
[INFO] running `Command { std: "docker" "inspect" "c87992924b6968e3d148768371f23bcd49005ffe80b625811ae6808fe270585e", kill_on_drop: false }`
[INFO] running `Command { std: "docker" "rm" "-f" "c87992924b6968e3d148768371f23bcd49005ffe80b625811ae6808fe270585e", kill_on_drop: false }`
[INFO] [stdout] c87992924b6968e3d148768371f23bcd49005ffe80b625811ae6808fe270585e
