[INFO] cloning repository https://github.com/jaybosamiya/verus-pest
[INFO] running `Command { std: "git" "-c" "credential.helper=" "-c" "credential.helper=/workspace/cargo-home/bin/git-credential-null" "clone" "--bare" "https://github.com/jaybosamiya/verus-pest" "/workspace/cache/git-repos/https%3A%2F%2Fgithub.com%2Fjaybosamiya%2Fverus-pest", kill_on_drop: false }`
[INFO] [stderr] Cloning into bare repository '/workspace/cache/git-repos/https%3A%2F%2Fgithub.com%2Fjaybosamiya%2Fverus-pest'...
[INFO] running `Command { std: "git" "rev-parse" "HEAD", kill_on_drop: false }`
[INFO] [stdout] 7b3b79d92633fb295c7fa51d516bc5dba4fb7daa
[INFO] testing jaybosamiya/verus-pest against 1.97.0-beta.6 for beta-1.98-2
[INFO] running `Command { std: "git" "clone" "/workspace/cache/git-repos/https%3A%2F%2Fgithub.com%2Fjaybosamiya%2Fverus-pest" "/workspace/builds/worker-4-tc1/source", kill_on_drop: false }`
[INFO] [stderr] Cloning into '/workspace/builds/worker-4-tc1/source'...
[INFO] [stderr] done.
[INFO] started tweaking git repo https://github.com/jaybosamiya/verus-pest
[INFO] finished tweaking git repo https://github.com/jaybosamiya/verus-pest
[INFO] tweaked toml for git repo https://github.com/jaybosamiya/verus-pest written to /workspace/builds/worker-4-tc1/source/Cargo.toml
[INFO] validating manifest of git repo https://github.com/jaybosamiya/verus-pest on toolchain 1.97.0-beta.6
[INFO] running `Command { std: CARGO_HOME="/workspace/cargo-home" RUSTUP_HOME="/workspace/rustup-home" "/workspace/cargo-home/bin/cargo" "+1.97.0-beta.6" "metadata" "--manifest-path" "Cargo.toml" "--no-deps", kill_on_drop: false }`
[INFO] crate git repo https://github.com/jaybosamiya/verus-pest already has a lockfile, it will not be regenerated
[INFO] running `Command { std: CARGO_HOME="/workspace/cargo-home" RUSTUP_HOME="/workspace/rustup-home" "/workspace/cargo-home/bin/cargo" "+1.97.0-beta.6" "fetch" "--manifest-path" "Cargo.toml", kill_on_drop: false }`
[INFO] [stderr]     Blocking waiting for file lock on package cache
[INFO] [stderr]     Updating crates.io index
[INFO] [stderr]     Blocking waiting for file lock on package cache
[INFO] [stderr]  Downloading crates ...
[INFO] [stderr]   Downloaded quote v1.0.28
[INFO] [stderr]   Downloaded pest_derive v2.6.0
[INFO] [stderr]   Downloaded cpufeatures v0.2.7
[INFO] [stderr]   Downloaded thiserror-impl v1.0.40
[INFO] [stderr]   Downloaded pest_generator v2.6.0
[INFO] [stderr]   Downloaded thiserror v1.0.40
[INFO] [stderr]   Downloaded unicode-ident v1.0.9
[INFO] [stderr]   Downloaded pest_meta v2.6.0
[INFO] [stderr]   Downloaded ucd-trie v0.1.5
[INFO] [stderr]   Downloaded once_cell v1.18.0
[INFO] [stderr]   Downloaded proc-macro2 v1.0.60
[INFO] [stderr]   Downloaded typenum v1.16.0
[INFO] [stderr]   Downloaded anyhow v1.0.71
[INFO] [stderr]   Downloaded pest v2.6.0
[INFO] [stderr]   Downloaded syn v2.0.18
[INFO] [stderr]   Downloaded libc v0.2.146
[INFO] running `Command { std: "docker" "create" "-v" "/var/lib/crater-agent-workspace/builds/worker-4-tc1/source:/opt/rustwide/workdir:ro,Z" "-v" "/var/lib/crater-agent-workspace/builds/worker-4-tc1/target:/opt/rustwide/target:rw,Z" "-v" "/var/lib/crater-agent-workspace/cargo-home:/opt/rustwide/cargo-home:ro,Z" "-v" "/var/lib/crater-agent-workspace/rustup-home:/opt/rustwide/rustup-home:ro,Z" "-m" "1610612736" "--network" "none" "ghcr.io/rust-lang/crates-build-env/linux@sha256:3d5ced03c013a94a2f102a4510f48a6e9184255caf5fd8244f58017bde7f5210" "sleep" "infinity", kill_on_drop: false }`
[INFO] [stdout] 043ff47754cf14343f098e1cd34bdfb0f621c72a00db2a0b233eec379eba878f
[INFO] running `Command { std: "docker" "start" "043ff47754cf14343f098e1cd34bdfb0f621c72a00db2a0b233eec379eba878f", kill_on_drop: false }`
[INFO] running `Command { std: "docker" "inspect" "043ff47754cf14343f098e1cd34bdfb0f621c72a00db2a0b233eec379eba878f", kill_on_drop: false }`
[INFO] running `Command { std: "docker" "exec" "-e" "SOURCE_DIR=/opt/rustwide/workdir" "-e" "CARGO_HOME=/opt/rustwide/cargo-home" "-e" "RUSTUP_HOME=/opt/rustwide/rustup-home" "-e" "CARGO_TARGET_DIR=/opt/rustwide/target" "-w" "/opt/rustwide/workdir" "--user" "0:0" "043ff47754cf14343f098e1cd34bdfb0f621c72a00db2a0b233eec379eba878f" "/opt/rustwide/cargo-home/bin/cargo" "+1.97.0-beta.6" "metadata" "--no-deps" "--format-version=1", kill_on_drop: false }`
[INFO] running `Command { std: "docker" "inspect" "043ff47754cf14343f098e1cd34bdfb0f621c72a00db2a0b233eec379eba878f", kill_on_drop: false }`
[INFO] running `Command { std: "docker" "exec" "-e" "SOURCE_DIR=/opt/rustwide/workdir" "-e" "CARGO_HOME=/opt/rustwide/cargo-home" "-e" "RUSTUP_HOME=/opt/rustwide/rustup-home" "-e" "CARGO_TARGET_DIR=/opt/rustwide/target" "-e" "CARGO_INCREMENTAL=0" "-e" "RUST_BACKTRACE=full" "-e" "RUSTFLAGS=--cap-lints=warn" "-e" "RUSTDOCFLAGS=--cap-lints=warn" "-w" "/opt/rustwide/workdir" "--user" "0:0" "043ff47754cf14343f098e1cd34bdfb0f621c72a00db2a0b233eec379eba878f" "/opt/rustwide/cargo-home/bin/cargo" "+1.97.0-beta.6" "build" "--frozen" "--message-format=json", kill_on_drop: false }`
[INFO] [stderr]    Compiling proc-macro2 v1.0.60
[INFO] [stderr]    Compiling unicode-ident v1.0.9
[INFO] [stderr]    Compiling quote v1.0.28
[INFO] [stderr]    Compiling thiserror v1.0.40
[INFO] [stderr]    Compiling ucd-trie v0.1.5
[INFO] [stderr]    Compiling once_cell v1.18.0
[INFO] [stderr]    Compiling anyhow v1.0.71
[INFO] [stderr]    Compiling syn v2.0.18
[INFO] [stderr]    Compiling thiserror-impl v1.0.40
[INFO] [stderr]    Compiling pest v2.6.0
[INFO] [stderr]    Compiling pest_meta v2.6.0
[INFO] [stderr]    Compiling pest_generator v2.6.0
[INFO] [stderr]    Compiling pest_derive v2.6.0
[INFO] [stderr]    Compiling verus_pest v0.1.0 (/opt/rustwide/workdir)
[INFO] [stderr]     Finished `dev` profile [unoptimized + debuginfo] target(s) in 14.42s
[INFO] running `Command { std: "docker" "inspect" "043ff47754cf14343f098e1cd34bdfb0f621c72a00db2a0b233eec379eba878f", kill_on_drop: false }`
[INFO] running `Command { std: "docker" "exec" "-e" "SOURCE_DIR=/opt/rustwide/workdir" "-e" "CARGO_HOME=/opt/rustwide/cargo-home" "-e" "RUSTUP_HOME=/opt/rustwide/rustup-home" "-e" "CARGO_TARGET_DIR=/opt/rustwide/target" "-e" "CARGO_INCREMENTAL=0" "-e" "RUST_BACKTRACE=full" "-e" "RUSTFLAGS=--cap-lints=warn" "-e" "RUSTDOCFLAGS=--cap-lints=warn" "-w" "/opt/rustwide/workdir" "--user" "0:0" "043ff47754cf14343f098e1cd34bdfb0f621c72a00db2a0b233eec379eba878f" "/opt/rustwide/cargo-home/bin/cargo" "+1.97.0-beta.6" "test" "--frozen" "--no-run" "--message-format=json", kill_on_drop: false }`
[INFO] [stderr]    Compiling verus_pest v0.1.0 (/opt/rustwide/workdir)
[INFO] [stdout] error[E0432]: unresolved import `builtin_macros`
[INFO] [stdout]  --> examples/syntax.rs:2:5
[INFO] [stdout]   |
[INFO] [stdout] 2 | use builtin_macros::*;
[INFO] [stdout]   |     ^^^^^^^^^^^^^^ use of unresolved module or unlinked crate `builtin_macros`
[INFO] [stdout]   |
[INFO] [stdout]   = help: if you wanted to use a crate named `builtin_macros`, use `cargo add builtin_macros` to add it to your `Cargo.toml`
[INFO] [stdout] 
[INFO] [stdout] 
[INFO] [stdout] error[E0432]: unresolved import `builtin`
[INFO] [stdout]  --> examples/syntax.rs:3:5
[INFO] [stdout]   |
[INFO] [stdout] 3 | use builtin::*;
[INFO] [stdout]   |     ^^^^^^^ use of unresolved module or unlinked crate `builtin`
[INFO] [stdout]   |
[INFO] [stdout]   = help: if you wanted to use a crate named `builtin`, use `cargo add builtin` to add it to your `Cargo.toml`
[INFO] [stdout] 
[INFO] [stdout] 
[INFO] [stdout] error[E0433]: cannot find module or crate `vstd` in this scope
[INFO] [stdout]  --> examples/syntax.rs:4:5
[INFO] [stdout]   |
[INFO] [stdout] 4 | use vstd::{*, prelude::*, seq::*, modes::*};
[INFO] [stdout]   |     ^^^^ use of unresolved module or unlinked crate `vstd`
[INFO] [stdout]   |
[INFO] [stdout] help: there is a crate or module with a similar name
[INFO] [stdout]   |
[INFO] [stdout] 4 - use vstd::{*, prelude::*, seq::*, modes::*};
[INFO] [stdout] 4 + use std::{*, prelude::*, seq::*, modes::*};
[INFO] [stdout]   |
[INFO] [stdout] 
[INFO] [stdout] 
[INFO] [stdout] error[E0432]: unresolved import `vstd`
[INFO] [stdout]  --> examples/syntax.rs:4:5
[INFO] [stdout]   |
[INFO] [stdout] 4 | use vstd::{*, prelude::*, seq::*, modes::*};
[INFO] [stdout]   |     ^^^^ use of unresolved module or unlinked crate `vstd`
[INFO] [stdout]   |
[INFO] [stdout] help: there is a crate or module with a similar name
[INFO] [stdout]   |
[INFO] [stdout] 4 - use vstd::{*, prelude::*, seq::*, modes::*};
[INFO] [stdout] 4 + use std::{*, prelude::*, seq::*, modes::*};
[INFO] [stdout]   |
[INFO] [stdout] 
[INFO] [stdout] 
[INFO] [stdout] error[E0433]: cannot find module or crate `verifier` in this scope
[INFO] [stdout]  --> examples/syntax.rs:6:3
[INFO] [stdout]   |
[INFO] [stdout] 6 | #[verifier::external]
[INFO] [stdout]   |   ^^^^^^^^ use of unresolved module or unlinked crate `verifier`
[INFO] [stdout] 
[INFO] [stdout] 
[INFO] [stdout] error: cannot find macro `verus` in this scope
[INFO] [stdout]   --> examples/syntax.rs:10:1
[INFO] [stdout]    |
[INFO] [stdout] 10 | verus! {
[INFO] [stdout]    | ^^^^^
[INFO] [stdout] 
[INFO] [stdout] 
[INFO] [stdout] Some errors have detailed explanations: E0432, E0433.
[INFO] [stdout] 
[INFO] [stdout] For more information about an error, try `rustc --explain E0432`.
[INFO] [stdout] 
[INFO] [stderr] error: could not compile `verus_pest` (example "syntax") due to 6 previous errors
[INFO] [stderr] warning: build failed, waiting for other jobs to finish...
[INFO] running `Command { std: "docker" "inspect" "043ff47754cf14343f098e1cd34bdfb0f621c72a00db2a0b233eec379eba878f", kill_on_drop: false }`
[INFO] running `Command { std: "docker" "rm" "-f" "043ff47754cf14343f098e1cd34bdfb0f621c72a00db2a0b233eec379eba878f", kill_on_drop: false }`
[INFO] [stdout] 043ff47754cf14343f098e1cd34bdfb0f621c72a00db2a0b233eec379eba878f
